[INFO] fetching crate async-scoped 0.8.0...
[INFO] testing async-scoped-0.8.0 against 1.75.0 for beta-1.76-1
[INFO] extracting crate async-scoped 0.8.0 into /workspace/builds/worker-6-tc1/source
[INFO] validating manifest of crates.io crate async-scoped 0.8.0 on toolchain 1.75.0
[INFO] running `Command { std: CARGO_HOME="/workspace/cargo-home" RUSTUP_HOME="/workspace/rustup-home" "/workspace/cargo-home/bin/cargo" "+1.75.0" "metadata" "--manifest-path" "Cargo.toml" "--no-deps", kill_on_drop: false }`
[INFO] started tweaking crates.io crate async-scoped 0.8.0
[INFO] finished tweaking crates.io crate async-scoped 0.8.0
[INFO] tweaked toml for crates.io crate async-scoped 0.8.0 written to /workspace/builds/worker-6-tc1/source/Cargo.toml
[INFO] running `Command { std: CARGO_HOME="/workspace/cargo-home" RUSTUP_HOME="/workspace/rustup-home" "/workspace/cargo-home/bin/cargo" "+1.75.0" "generate-lockfile" "--manifest-path" "Cargo.toml", kill_on_drop: false }`
[INFO] [stderr]     Updating crates.io index
[INFO] running `Command { std: CARGO_HOME="/workspace/cargo-home" RUSTUP_HOME="/workspace/rustup-home" "/workspace/cargo-home/bin/cargo" "+1.75.0" "fetch" "--manifest-path" "Cargo.toml", kill_on_drop: false }`
[INFO] [stderr]  Downloading crates ...
[INFO] [stderr]   Downloaded gloo-timers v0.2.6
[INFO] [stderr]   Downloaded async-log-attributes v1.0.1
[INFO] [stderr]   Downloaded console v0.7.7
[INFO] [stderr]   Downloaded kv-log-macro v1.0.7
[INFO] [stderr]   Downloaded clicolors-control v1.0.1
[INFO] [stderr]   Downloaded async-attributes v1.1.2
[INFO] [stderr]   Downloaded value-bag v1.4.3
[INFO] [stderr]   Downloaded async-std v1.12.0
[INFO] [stderr]   Downloaded termios v0.3.3
[INFO] [stderr]   Downloaded async-log v1.1.0
[INFO] [stderr]   Downloaded femme v1.3.0
[INFO] running `Command { std: "docker" "create" "-v" "/var/lib/crater-agent-workspace/builds/worker-6-tc1/target:/opt/rustwide/target:rw,Z" "-v" "/var/lib/crater-agent-workspace/builds/worker-6-tc1/source:/opt/rustwide/workdir:ro,Z" "-v" "/var/lib/crater-agent-workspace/cargo-home:/opt/rustwide/cargo-home:ro,Z" "-v" "/var/lib/crater-agent-workspace/rustup-home:/opt/rustwide/rustup-home:ro,Z" "-e" "SOURCE_DIR=/opt/rustwide/workdir" "-e" "CARGO_TARGET_DIR=/opt/rustwide/target" "-e" "CARGO_HOME=/opt/rustwide/cargo-home" "-e" "RUSTUP_HOME=/opt/rustwide/rustup-home" "-w" "/opt/rustwide/workdir" "-m" "1610612736" "--user" "0:0" "--network" "none" "ghcr.io/rust-lang/crates-build-env/linux@sha256:2788e3201cd34a07e3172128adcd8b3090168a8e3bcc40d7c032b9dda1df7d1c" "/opt/rustwide/cargo-home/bin/cargo" "+1.75.0" "metadata" "--no-deps" "--format-version=1", kill_on_drop: false }`
[INFO] [stdout] 0089f0d6e0fe302196147f183632ac4e47e3848a1f13f9c66c3779901ca19a3d
[INFO] running `Command { std: "docker" "start" "-a" "0089f0d6e0fe302196147f183632ac4e47e3848a1f13f9c66c3779901ca19a3d", kill_on_drop: false }`
[INFO] running `Command { std: "docker" "inspect" "0089f0d6e0fe302196147f183632ac4e47e3848a1f13f9c66c3779901ca19a3d", kill_on_drop: false }`
[INFO] running `Command { std: "docker" "rm" "-f" "0089f0d6e0fe302196147f183632ac4e47e3848a1f13f9c66c3779901ca19a3d", kill_on_drop: false }`
[INFO] [stdout] 0089f0d6e0fe302196147f183632ac4e47e3848a1f13f9c66c3779901ca19a3d
[INFO] running `Command { std: "docker" "create" "-v" "/var/lib/crater-agent-workspace/builds/worker-6-tc1/target:/opt/rustwide/target:rw,Z" "-v" "/var/lib/crater-agent-workspace/builds/worker-6-tc1/source:/opt/rustwide/workdir:ro,Z" "-v" "/var/lib/crater-agent-workspace/cargo-home:/opt/rustwide/cargo-home:ro,Z" "-v" "/var/lib/crater-agent-workspace/rustup-home:/opt/rustwide/rustup-home:ro,Z" "-e" "SOURCE_DIR=/opt/rustwide/workdir" "-e" "CARGO_TARGET_DIR=/opt/rustwide/target" "-e" "CARGO_INCREMENTAL=0" "-e" "RUST_BACKTRACE=full" "-e" "RUSTFLAGS=--cap-lints=warn" "-e" "RUSTDOCFLAGS=--cap-lints=warn" "-e" "CARGO_HOME=/opt/rustwide/cargo-home" "-e" "RUSTUP_HOME=/opt/rustwide/rustup-home" "-w" "/opt/rustwide/workdir" "-m" "1610612736" "--user" "0:0" "--network" "none" "ghcr.io/rust-lang/crates-build-env/linux@sha256:2788e3201cd34a07e3172128adcd8b3090168a8e3bcc40d7c032b9dda1df7d1c" "/opt/rustwide/cargo-home/bin/cargo" "+1.75.0" "build" "--frozen" "--message-format=json", kill_on_drop: false }`
[INFO] [stdout] 1cdc40eeaa2d2c218cd226d3f69848e5cab29f713fcc52366f80a9420ea9fbad
[INFO] running `Command { std: "docker" "start" "-a" "1cdc40eeaa2d2c218cd226d3f69848e5cab29f713fcc52366f80a9420ea9fbad", kill_on_drop: false }`
[INFO] [stderr]    Compiling futures-sink v0.3.30
[INFO] [stderr]    Compiling futures-channel v0.3.30
[INFO] [stderr]    Compiling futures-util v0.3.30
[INFO] [stderr]    Compiling futures-executor v0.3.30
[INFO] [stderr]    Compiling futures v0.3.30
[INFO] [stderr]    Compiling async-scoped v0.8.0 (/opt/rustwide/workdir)
[INFO] [stdout] warning: unused macro definition: `cfg_async_std`
[INFO] [stdout]  --> src/utils.rs:1:14
[INFO] [stdout]   |
[INFO] [stdout] 1 | macro_rules! cfg_async_std {
[INFO] [stdout]   |              ^^^^^^^^^^^^^
[INFO] [stdout]   |
[INFO] [stdout]   = note: `#[warn(unused_macros)]` on by default
[INFO] [stdout] 
[INFO] [stdout] 
[INFO] [stdout] warning: unused macro definition: `cfg_tokio`
[INFO] [stdout]   --> src/utils.rs:20:14
[INFO] [stdout]    |
[INFO] [stdout] 20 | macro_rules! cfg_tokio {
[INFO] [stdout]    |              ^^^^^^^^^
[INFO] [stdout] 
[INFO] [stdout] 
[INFO] [stdout] warning: unused macro definition: `cfg_any_spawner`
[INFO] [stdout]   --> src/utils.rs:29:14
[INFO] [stdout]    |
[INFO] [stdout] 29 | macro_rules! cfg_any_spawner {
[INFO] [stdout]    |              ^^^^^^^^^^^^^^^
[INFO] [stdout] 
[INFO] [stdout] 
[INFO] [stdout] warning: 3 warnings emitted
[INFO] [stdout] 
[INFO] [stdout] 
[INFO] [stderr]     Finished dev [unoptimized + debuginfo] target(s) in 3.09s
[INFO] running `Command { std: "docker" "inspect" "1cdc40eeaa2d2c218cd226d3f69848e5cab29f713fcc52366f80a9420ea9fbad", kill_on_drop: false }`
[INFO] running `Command { std: "docker" "rm" "-f" "1cdc40eeaa2d2c218cd226d3f69848e5cab29f713fcc52366f80a9420ea9fbad", kill_on_drop: false }`
[INFO] [stdout] 1cdc40eeaa2d2c218cd226d3f69848e5cab29f713fcc52366f80a9420ea9fbad
[INFO] running `Command { std: "docker" "create" "-v" "/var/lib/crater-agent-workspace/builds/worker-6-tc1/target:/opt/rustwide/target:rw,Z" "-v" "/var/lib/crater-agent-workspace/builds/worker-6-tc1/source:/opt/rustwide/workdir:ro,Z" "-v" "/var/lib/crater-agent-workspace/cargo-home:/opt/rustwide/cargo-home:ro,Z" "-v" "/var/lib/crater-agent-workspace/rustup-home:/opt/rustwide/rustup-home:ro,Z" "-e" "SOURCE_DIR=/opt/rustwide/workdir" "-e" "CARGO_TARGET_DIR=/opt/rustwide/target" "-e" "CARGO_INCREMENTAL=0" "-e" "RUST_BACKTRACE=full" "-e" "RUSTFLAGS=--cap-lints=warn" "-e" "RUSTDOCFLAGS=--cap-lints=warn" "-e" "CARGO_HOME=/opt/rustwide/cargo-home" "-e" "RUSTUP_HOME=/opt/rustwide/rustup-home" "-w" "/opt/rustwide/workdir" "-m" "1610612736" "--user" "0:0" "--network" "none" "ghcr.io/rust-lang/crates-build-env/linux@sha256:2788e3201cd34a07e3172128adcd8b3090168a8e3bcc40d7c032b9dda1df7d1c" "/opt/rustwide/cargo-home/bin/cargo" "+1.75.0" "test" "--frozen" "--no-run" "--message-format=json", kill_on_drop: false }`
[INFO] [stdout] 8518c29b4114824eb3294d42e4ab2ff9d28b72f59e4d9bafbdf93f272fd97f22
[INFO] running `Command { std: "docker" "start" "-a" "8518c29b4114824eb3294d42e4ab2ff9d28b72f59e4d9bafbdf93f272fd97f22", kill_on_drop: false }`
[INFO] [stderr]    Compiling proc-macro2 v0.4.30
[INFO] [stderr]    Compiling value-bag v1.4.3
[INFO] [stderr]    Compiling tracing-core v0.1.32
[INFO] [stderr]    Compiling rustix v0.38.28
[INFO] [stderr]    Compiling syn v0.15.44
[INFO] [stderr]    Compiling backtrace v0.3.69
[INFO] [stderr]    Compiling serde v1.0.194
[INFO] [stderr]    Compiling gimli v0.28.1
[INFO] [stderr]    Compiling log v0.4.20
[INFO] [stderr]    Compiling miniz_oxide v0.7.1
[INFO] [stderr]    Compiling object v0.32.2
[INFO] [stderr]    Compiling rustc-demangle v0.1.23
[INFO] [stderr]    Compiling tracing v0.1.40
[INFO] [stderr]    Compiling quote v0.6.13
[INFO] [stderr]    Compiling polling v2.8.0
[INFO] [stderr]    Compiling clicolors-control v1.0.1
[INFO] [stderr]    Compiling blocking v1.5.1
[INFO] [stderr]    Compiling termios v0.3.3
[INFO] [stderr]    Compiling async-io v1.13.0
[INFO] [stderr]    Compiling console v0.7.7
[INFO] [stderr]    Compiling async-attributes v1.1.2
[INFO] [stderr]    Compiling kv-log-macro v1.0.7
[INFO] [stderr]    Compiling async-channel v1.9.0
[INFO] [stdout] warning: unused macro definition: `cfg_async_std`
[INFO] [stdout]  --> src/utils.rs:1:14
[INFO] [stdout]   |
[INFO] [stdout] 1 | macro_rules! cfg_async_std {
[INFO] [stdout]   |              ^^^^^^^^^^^^^
[INFO] [stdout]   |
[INFO] [stdout]   = note: `#[warn(unused_macros)]` on by default
[INFO] [stdout] 
[INFO] [stdout] 
[INFO] [stdout] warning: unused macro definition: `cfg_tokio`
[INFO] [stdout]   --> src/utils.rs:20:14
[INFO] [stdout]    |
[INFO] [stdout] 20 | macro_rules! cfg_tokio {
[INFO] [stdout]    |              ^^^^^^^^^
[INFO] [stdout] 
[INFO] [stdout] 
[INFO] [stdout] warning: unused macro definition: `cfg_any_spawner`
[INFO] [stdout]   --> src/utils.rs:29:14
[INFO] [stdout]    |
[INFO] [stdout] 29 | macro_rules! cfg_any_spawner {
[INFO] [stdout]    |              ^^^^^^^^^^^^^^^
[INFO] [stdout] 
[INFO] [stdout] 
[INFO] [stdout] warning: 3 warnings emitted
[INFO] [stdout] 
[INFO] [stdout] 
[INFO] [stderr]    Compiling addr2line v0.21.0
[INFO] [stderr]    Compiling async-log-attributes v1.0.1
[INFO] [stderr]    Compiling polling v3.3.1
[INFO] [stderr]    Compiling async-io v2.2.2
[INFO] [stderr]    Compiling async-log v1.1.0
[INFO] [stderr]    Compiling serde_json v1.0.111
[INFO] [stderr]    Compiling async-global-executor v2.4.1
[INFO] [stderr]    Compiling async-std v1.12.0
[INFO] [stderr]    Compiling femme v1.3.0
[INFO] [stderr]    Compiling async-scoped v0.8.0 (/opt/rustwide/workdir)
[INFO] [stdout] error[E0433]: failed to resolve: use of undeclared type `Scope`
[INFO] [stdout]   --> src/tests.rs:31:36
[INFO] [stdout]    |
[INFO] [stdout] 31 |         let (stream, _) = unsafe { Scope::scope(|s| {
[INFO] [stdout]    |                                    ^^^^^ use of undeclared type `Scope`
[INFO] [stdout]    |
[INFO] [stdout] help: consider importing one of these items
[INFO] [stdout]    |
[INFO] [stdout] 1  + use crate::Scope;
[INFO] [stdout]    |
[INFO] [stdout] 1  + use std::thread::Scope;
[INFO] [stdout]    |
[INFO] [stdout] 
[INFO] [stdout] 
[INFO] [stdout] error[E0433]: failed to resolve: use of undeclared type `Scope`
[INFO] [stdout]   --> src/tests.rs:62:35
[INFO] [stdout]    |
[INFO] [stdout] 62 |         let ((), vals) = unsafe { Scope::scope_and_collect(|s| {
[INFO] [stdout]    |                                   ^^^^^ use of undeclared type `Scope`
[INFO] [stdout]    |
[INFO] [stdout] help: consider importing one of these items
[INFO] [stdout]    |
[INFO] [stdout] 1  + use crate::Scope;
[INFO] [stdout]    |
[INFO] [stdout] 1  + use std::thread::Scope;
[INFO] [stdout]    |
[INFO] [stdout] 
[INFO] [stdout] 
[INFO] [stdout] error[E0433]: failed to resolve: use of undeclared type `Scope`
[INFO] [stdout]   --> src/tests.rs:81:25
[INFO] [stdout]    |
[INFO] [stdout] 81 |             let mut s = Scope::create(Default::default());
[INFO] [stdout]    |                         ^^^^^ use of undeclared type `Scope`
[INFO] [stdout]    |
[INFO] [stdout] help: consider importing one of these items
[INFO] [stdout]    |
[INFO] [stdout] 1  + use crate::Scope;
[INFO] [stdout]    |
[INFO] [stdout] 1  + use std::thread::Scope;
[INFO] [stdout]    |
[INFO] [stdout] 
[INFO] [stdout] 
[INFO] [stdout] error[E0433]: failed to resolve: use of undeclared type `Scope`
[INFO] [stdout]    --> src/tests.rs:111:34
[INFO] [stdout]     |
[INFO] [stdout] 111 |         let (_, vals) = unsafe { Scope::scope_and_collect(|s| {
[INFO] [stdout]     |                                  ^^^^^ use of undeclared type `Scope`
[INFO] [stdout]     |
[INFO] [stdout] help: consider importing one of these items
[INFO] [stdout]     |
[INFO] [stdout] 1   + use crate::Scope;
[INFO] [stdout]     |
[INFO] [stdout] 1   + use std::thread::Scope;
[INFO] [stdout]     |
[INFO] [stdout] 
[INFO] [stdout] 
[INFO] [stdout] error[E0433]: failed to resolve: use of undeclared type `Scope`
[INFO] [stdout]    --> src/tests.rs:126:26
[INFO] [stdout]     |
[INFO] [stdout] 126 |         let ((), vals) = Scope::scope_and_block(|s| {
[INFO] [stdout]     |                          ^^^^^ use of undeclared type `Scope`
[INFO] [stdout]     |
[INFO] [stdout] help: consider importing one of these items
[INFO] [stdout]     |
[INFO] [stdout] 1   + use crate::Scope;
[INFO] [stdout]     |
[INFO] [stdout] 1   + use std::thread::Scope;
[INFO] [stdout]     |
[INFO] [stdout] 
[INFO] [stdout] 
[INFO] [stdout] error[E0433]: failed to resolve: use of undeclared type `Scope`
[INFO] [stdout]    --> src/tests.rs:142:26
[INFO] [stdout]     |
[INFO] [stdout] 142 |         let ((), vals) = Scope::scope_and_block(|s| {
[INFO] [stdout]     |                          ^^^^^ use of undeclared type `Scope`
[INFO] [stdout]     |
[INFO] [stdout] help: consider importing one of these items
[INFO] [stdout]     |
[INFO] [stdout] 1   + use crate::Scope;
[INFO] [stdout]     |
[INFO] [stdout] 1   + use std::thread::Scope;
[INFO] [stdout]     |
[INFO] [stdout] 
[INFO] [stdout] 
[INFO] [stdout] error[E0433]: failed to resolve: use of undeclared type `Scope`
[INFO] [stdout]    --> src/tests.rs:167:27
[INFO] [stdout]     |
[INFO] [stdout] 167 |         let ((), items) = Scope::scope_and_block(|scope| {
[INFO] [stdout]     |                           ^^^^^ use of undeclared type `Scope`
[INFO] [stdout]     |
[INFO] [stdout] help: consider importing one of these items
[INFO] [stdout]     |
[INFO] [stdout] 1   + use crate::Scope;
[INFO] [stdout]     |
[INFO] [stdout] 1   + use std::thread::Scope;
[INFO] [stdout]     |
[INFO] [stdout] 
[INFO] [stdout] 
[INFO] [stdout] error[E0433]: failed to resolve: use of undeclared type `Scope`
[INFO] [stdout]    --> src/tests.rs:189:27
[INFO] [stdout]     |
[INFO] [stdout] 189 |         let ((), items) = Scope::scope_and_block(|scope| {
[INFO] [stdout]     |                           ^^^^^ use of undeclared type `Scope`
[INFO] [stdout]     |
[INFO] [stdout] help: consider importing one of these items
[INFO] [stdout]     |
[INFO] [stdout] 1   + use crate::Scope;
[INFO] [stdout]     |
[INFO] [stdout] 1   + use std::thread::Scope;
[INFO] [stdout]     |
[INFO] [stdout] 
[INFO] [stdout] 
[INFO] [stdout] error[E0433]: failed to resolve: use of undeclared type `Scope`
[INFO] [stdout]    --> src/tests.rs:218:26
[INFO] [stdout]     |
[INFO] [stdout] 218 |                 unsafe { Scope::scope_and_collect(|scope| {
[INFO] [stdout]     |                          ^^^^^ use of undeclared type `Scope`
[INFO] [stdout]     |
[INFO] [stdout] help: consider importing one of these items
[INFO] [stdout]     |
[INFO] [stdout] 1   + use crate::Scope;
[INFO] [stdout]     |
[INFO] [stdout] 1   + use std::thread::Scope;
[INFO] [stdout]     |
[INFO] [stdout] 
[INFO] [stdout] 
[INFO] [stdout] error[E0433]: failed to resolve: use of undeclared type `Scope`
[INFO] [stdout]    --> src/tests.rs:257:30
[INFO] [stdout]     |
[INFO] [stdout] 257 |         let mut s = unsafe { Scope::create(Default::default()) };
[INFO] [stdout]     |                              ^^^^^ use of undeclared type `Scope`
[INFO] [stdout]     |
[INFO] [stdout] help: consider importing one of these items
[INFO] [stdout]     |
[INFO] [stdout] 1   + use crate::Scope;
[INFO] [stdout]     |
[INFO] [stdout] 1   + use std::thread::Scope;
[INFO] [stdout]     |
[INFO] [stdout] 
[INFO] [stdout] 
[INFO] [stdout] error[E0433]: failed to resolve: use of undeclared type `Scope`
[INFO] [stdout]    --> src/tests.rs:312:17
[INFO] [stdout]     |
[INFO] [stdout] 312 |                 Scope::scope_and_block(|scope| {
[INFO] [stdout]     |                 ^^^^^ use of undeclared type `Scope`
[INFO] [stdout]     |
[INFO] [stdout] help: consider importing one of these items
[INFO] [stdout]     |
[INFO] [stdout] 1   + use crate::Scope;
[INFO] [stdout]     |
[INFO] [stdout] 1   + use std::thread::Scope;
[INFO] [stdout]     |
[INFO] [stdout] 
[INFO] [stdout] 
[INFO] [stdout] warning: unused macro definition: `cfg_tokio`
[INFO] [stdout]   --> src/utils.rs:20:14
[INFO] [stdout]    |
[INFO] [stdout] 20 | macro_rules! cfg_tokio {
[INFO] [stdout]    |              ^^^^^^^^^
[INFO] [stdout]    |
[INFO] [stdout]    = note: `#[warn(unused_macros)]` on by default
[INFO] [stdout] 
[INFO] [stdout] 
[INFO] [stdout] warning: unused macro definition: `cfg_any_spawner`
[INFO] [stdout]   --> src/utils.rs:29:14
[INFO] [stdout]    |
[INFO] [stdout] 29 | macro_rules! cfg_any_spawner {
[INFO] [stdout]    |              ^^^^^^^^^^^^^^^
[INFO] [stdout] 
[INFO] [stdout] 
[INFO] [stdout] error[E0425]: cannot find function `future_value` in this scope
[INFO] [stdout]    --> src/tests.rs:172:24
[INFO] [stdout]     |
[INFO] [stdout] 172 |             assert_eq!(future_value(i), true);
[INFO] [stdout]     |                        ^^^^^^^^^^^^ not found in this scope
[INFO] [stdout] 
[INFO] [stdout] 
[INFO] [stdout] error[E0425]: cannot find function `future_value` in this scope
[INFO] [stdout]    --> src/tests.rs:195:24
[INFO] [stdout]     |
[INFO] [stdout] 195 |             assert_eq!(future_value(i), false);
[INFO] [stdout]     |                        ^^^^^^^^^^^^ not found in this scope
[INFO] [stdout] 
[INFO] [stdout] 
[INFO] [stdout] warning: unused import: `futures::StreamExt`
[INFO] [stdout]    --> src/tests.rs:276:21
[INFO] [stdout]     |
[INFO] [stdout] 276 |                 use futures::StreamExt;
[INFO] [stdout]     |                     ^^^^^^^^^^^^^^^^^^
[INFO] [stdout]     |
[INFO] [stdout]     = note: `#[warn(unused_imports)]` on by default
[INFO] [stdout] 
[INFO] [stdout] 
[INFO] [stdout] warning: unused import: `futures::StreamExt`
[INFO] [stdout]   --> src/tests.rs:98:13
[INFO] [stdout]    |
[INFO] [stdout] 98 |         use futures::StreamExt;
[INFO] [stdout]    |             ^^^^^^^^^^^^^^^^^^
[INFO] [stdout] 
[INFO] [stdout] 
[INFO] [stdout] warning: unused import: `futures::StreamExt`
[INFO] [stdout]   --> src/tests.rs:44:13
[INFO] [stdout]    |
[INFO] [stdout] 44 |         use futures::StreamExt;
[INFO] [stdout]    |             ^^^^^^^^^^^^^^^^^^
[INFO] [stdout] 
[INFO] [stdout] 
[INFO] [stdout] error: aborting due to 13 previous errors; 5 warnings emitted
[INFO] [stdout] 
[INFO] [stdout] 
[INFO] [stdout] Some errors have detailed explanations: E0425, E0433.
[INFO] [stdout] 
[INFO] [stdout] For more information about an error, try `rustc --explain E0425`.
[INFO] [stdout] 
[INFO] [stderr] error: could not compile `async-scoped` (lib test) due to 14 previous errors; 5 warnings emitted
[INFO] running `Command { std: "docker" "inspect" "8518c29b4114824eb3294d42e4ab2ff9d28b72f59e4d9bafbdf93f272fd97f22", kill_on_drop: false }`
[INFO] running `Command { std: "docker" "rm" "-f" "8518c29b4114824eb3294d42e4ab2ff9d28b72f59e4d9bafbdf93f272fd97f22", kill_on_drop: false }`
[INFO] [stdout] 8518c29b4114824eb3294d42e4ab2ff9d28b72f59e4d9bafbdf93f272fd97f22
[INFO] testing async-scoped-0.8.0 against beta-2023-12-22 for beta-1.76-1
[INFO] extracting crate async-scoped 0.8.0 into /workspace/builds/worker-6-tc2/source
[INFO] validating manifest of crates.io crate async-scoped 0.8.0 on toolchain beta-2023-12-22
[INFO] running `Command { std: CARGO_HOME="/workspace/cargo-home" RUSTUP_HOME="/workspace/rustup-home" "/workspace/cargo-home/bin/cargo" "+beta-2023-12-22" "metadata" "--manifest-path" "Cargo.toml" "--no-deps", kill_on_drop: false }`
[INFO] started tweaking crates.io crate async-scoped 0.8.0
[INFO] finished tweaking crates.io crate async-scoped 0.8.0
[INFO] tweaked toml for crates.io crate async-scoped 0.8.0 written to /workspace/builds/worker-6-tc2/source/Cargo.toml
[INFO] running `Command { std: CARGO_HOME="/workspace/cargo-home" RUSTUP_HOME="/workspace/rustup-home" "/workspace/cargo-home/bin/cargo" "+beta-2023-12-22" "generate-lockfile" "--manifest-path" "Cargo.toml", kill_on_drop: false }`
[INFO] [stderr]     Updating crates.io index
[INFO] running `Command { std: CARGO_HOME="/workspace/cargo-home" RUSTUP_HOME="/workspace/rustup-home" "/workspace/cargo-home/bin/cargo" "+beta-2023-12-22" "fetch" "--manifest-path" "Cargo.toml", kill_on_drop: false }`
[INFO] running `Command { std: "docker" "create" "-v" "/var/lib/crater-agent-workspace/builds/worker-6-tc2/target:/opt/rustwide/target:rw,Z" "-v" "/var/lib/crater-agent-workspace/builds/worker-6-tc2/source:/opt/rustwide/workdir:ro,Z" "-v" "/var/lib/crater-agent-workspace/cargo-home:/opt/rustwide/cargo-home:ro,Z" "-v" "/var/lib/crater-agent-workspace/rustup-home:/opt/rustwide/rustup-home:ro,Z" "-e" "SOURCE_DIR=/opt/rustwide/workdir" "-e" "CARGO_TARGET_DIR=/opt/rustwide/target" "-e" "CARGO_HOME=/opt/rustwide/cargo-home" "-e" "RUSTUP_HOME=/opt/rustwide/rustup-home" "-w" "/opt/rustwide/workdir" "-m" "1610612736" "--user" "0:0" "--network" "none" "ghcr.io/rust-lang/crates-build-env/linux@sha256:2788e3201cd34a07e3172128adcd8b3090168a8e3bcc40d7c032b9dda1df7d1c" "/opt/rustwide/cargo-home/bin/cargo" "+beta-2023-12-22" "metadata" "--no-deps" "--format-version=1", kill_on_drop: false }`
[INFO] [stdout] 38a773fd1457e39620bf47052345386366ebe74cb4077eab1b63bb59d5b95acc
[INFO] running `Command { std: "docker" "start" "-a" "38a773fd1457e39620bf47052345386366ebe74cb4077eab1b63bb59d5b95acc", kill_on_drop: false }`
[INFO] running `Command { std: "docker" "inspect" "38a773fd1457e39620bf47052345386366ebe74cb4077eab1b63bb59d5b95acc", kill_on_drop: false }`
[INFO] running `Command { std: "docker" "rm" "-f" "38a773fd1457e39620bf47052345386366ebe74cb4077eab1b63bb59d5b95acc", kill_on_drop: false }`
[INFO] [stdout] 38a773fd1457e39620bf47052345386366ebe74cb4077eab1b63bb59d5b95acc
[INFO] running `Command { std: "docker" "create" "-v" "/var/lib/crater-agent-workspace/builds/worker-6-tc2/target:/opt/rustwide/target:rw,Z" "-v" "/var/lib/crater-agent-workspace/builds/worker-6-tc2/source:/opt/rustwide/workdir:ro,Z" "-v" "/var/lib/crater-agent-workspace/cargo-home:/opt/rustwide/cargo-home:ro,Z" "-v" "/var/lib/crater-agent-workspace/rustup-home:/opt/rustwide/rustup-home:ro,Z" "-e" "SOURCE_DIR=/opt/rustwide/workdir" "-e" "CARGO_TARGET_DIR=/opt/rustwide/target" "-e" "CARGO_INCREMENTAL=0" "-e" "RUST_BACKTRACE=full" "-e" "RUSTFLAGS=--cap-lints=warn" "-e" "RUSTDOCFLAGS=--cap-lints=warn" "-e" "CARGO_HOME=/opt/rustwide/cargo-home" "-e" "RUSTUP_HOME=/opt/rustwide/rustup-home" "-w" "/opt/rustwide/workdir" "-m" "1610612736" "--user" "0:0" "--network" "none" "ghcr.io/rust-lang/crates-build-env/linux@sha256:2788e3201cd34a07e3172128adcd8b3090168a8e3bcc40d7c032b9dda1df7d1c" "/opt/rustwide/cargo-home/bin/cargo" "+beta-2023-12-22" "build" "--frozen" "--message-format=json", kill_on_drop: false }`
[INFO] [stdout] 9c630c07026cae19c1924939b9fe50a7d3b6e645f66f256a6cff693d415a6e37
[INFO] running `Command { std: "docker" "start" "-a" "9c630c07026cae19c1924939b9fe50a7d3b6e645f66f256a6cff693d415a6e37", kill_on_drop: false }`
[INFO] [stderr]    Compiling futures-sink v0.3.30
[INFO] [stderr]    Compiling futures-channel v0.3.30
[INFO] [stderr]    Compiling futures-util v0.3.30
[INFO] [stderr]    Compiling futures-executor v0.3.30
[INFO] [stderr]    Compiling futures v0.3.30
[INFO] [stderr]    Compiling async-scoped v0.8.0 (/opt/rustwide/workdir)
[INFO] [stdout] warning: unused macro definition: `cfg_async_std`
[INFO] [stdout]  --> src/utils.rs:1:14
[INFO] [stdout]   |
[INFO] [stdout] 1 | macro_rules! cfg_async_std {
[INFO] [stdout]   |              ^^^^^^^^^^^^^
[INFO] [stdout]   |
[INFO] [stdout]   = note: `#[warn(unused_macros)]` on by default
[INFO] [stdout] 
[INFO] [stdout] 
[INFO] [stdout] warning: unused macro definition: `cfg_tokio`
[INFO] [stdout]   --> src/utils.rs:20:14
[INFO] [stdout]    |
[INFO] [stdout] 20 | macro_rules! cfg_tokio {
[INFO] [stdout]    |              ^^^^^^^^^
[INFO] [stdout] 
[INFO] [stdout] 
[INFO] [stdout] warning: unused macro definition: `cfg_any_spawner`
[INFO] [stdout]   --> src/utils.rs:29:14
[INFO] [stdout]    |
[INFO] [stdout] 29 | macro_rules! cfg_any_spawner {
[INFO] [stdout]    |              ^^^^^^^^^^^^^^^
[INFO] [stdout] 
[INFO] [stdout] 
[INFO] [stdout] warning: 3 warnings emitted
[INFO] [stdout] 
[INFO] [stdout] 
[INFO] [stderr]     Finished dev [unoptimized + debuginfo] target(s) in 3.48s
[INFO] running `Command { std: "docker" "inspect" "9c630c07026cae19c1924939b9fe50a7d3b6e645f66f256a6cff693d415a6e37", kill_on_drop: false }`
[INFO] running `Command { std: "docker" "rm" "-f" "9c630c07026cae19c1924939b9fe50a7d3b6e645f66f256a6cff693d415a6e37", kill_on_drop: false }`
[INFO] [stdout] 9c630c07026cae19c1924939b9fe50a7d3b6e645f66f256a6cff693d415a6e37
[INFO] running `Command { std: "docker" "create" "-v" "/var/lib/crater-agent-workspace/builds/worker-6-tc2/target:/opt/rustwide/target:rw,Z" "-v" "/var/lib/crater-agent-workspace/builds/worker-6-tc2/source:/opt/rustwide/workdir:ro,Z" "-v" "/var/lib/crater-agent-workspace/cargo-home:/opt/rustwide/cargo-home:ro,Z" "-v" "/var/lib/crater-agent-workspace/rustup-home:/opt/rustwide/rustup-home:ro,Z" "-e" "SOURCE_DIR=/opt/rustwide/workdir" "-e" "CARGO_TARGET_DIR=/opt/rustwide/target" "-e" "CARGO_INCREMENTAL=0" "-e" "RUST_BACKTRACE=full" "-e" "RUSTFLAGS=--cap-lints=warn" "-e" "RUSTDOCFLAGS=--cap-lints=warn" "-e" "CARGO_HOME=/opt/rustwide/cargo-home" "-e" "RUSTUP_HOME=/opt/rustwide/rustup-home" "-w" "/opt/rustwide/workdir" "-m" "1610612736" "--user" "0:0" "--network" "none" "ghcr.io/rust-lang/crates-build-env/linux@sha256:2788e3201cd34a07e3172128adcd8b3090168a8e3bcc40d7c032b9dda1df7d1c" "/opt/rustwide/cargo-home/bin/cargo" "+beta-2023-12-22" "test" "--frozen" "--no-run" "--message-format=json", kill_on_drop: false }`
[INFO] [stdout] e91a408deb975c89795492a1902b50b568c4793d536eff5ac46268644c023f49
[INFO] running `Command { std: "docker" "start" "-a" "e91a408deb975c89795492a1902b50b568c4793d536eff5ac46268644c023f49", kill_on_drop: false }`
[INFO] [stderr]    Compiling value-bag v1.4.3
[INFO] [stderr]    Compiling proc-macro2 v0.4.30
[INFO] [stderr]    Compiling rustix v0.38.28
[INFO] [stderr]    Compiling tracing-core v0.1.32
[INFO] [stderr]    Compiling syn v0.15.44
[INFO] [stderr]    Compiling backtrace v0.3.69
[INFO] [stderr]    Compiling serde v1.0.194
[INFO] [stderr]    Compiling gimli v0.28.1
[INFO] [stderr]    Compiling log v0.4.20
[INFO] [stderr]    Compiling miniz_oxide v0.7.1
[INFO] [stderr]    Compiling tracing v0.1.40
[INFO] [stderr]    Compiling object v0.32.2
[INFO] [stderr]    Compiling rustc-demangle v0.1.23
[INFO] [stderr]    Compiling clicolors-control v1.0.1
[INFO] [stderr]    Compiling blocking v1.5.1
[INFO] [stderr]    Compiling polling v2.8.0
[INFO] [stderr]    Compiling quote v0.6.13
[INFO] [stderr]    Compiling termios v0.3.3
[INFO] [stderr]    Compiling async-io v1.13.0
[INFO] [stderr]    Compiling async-attributes v1.1.2
[INFO] [stderr]    Compiling console v0.7.7
[INFO] [stderr]    Compiling kv-log-macro v1.0.7
[INFO] [stderr]    Compiling async-channel v1.9.0
[INFO] [stdout] warning: unused macro definition: `cfg_async_std`
[INFO] [stdout]  --> src/utils.rs:1:14
[INFO] [stdout]   |
[INFO] [stdout] 1 | macro_rules! cfg_async_std {
[INFO] [stdout]   |              ^^^^^^^^^^^^^
[INFO] [stdout]   |
[INFO] [stdout]   = note: `#[warn(unused_macros)]` on by default
[INFO] [stdout] 
[INFO] [stdout] 
[INFO] [stdout] warning: unused macro definition: `cfg_tokio`
[INFO] [stdout]   --> src/utils.rs:20:14
[INFO] [stdout]    |
[INFO] [stdout] 20 | macro_rules! cfg_tokio {
[INFO] [stdout]    |              ^^^^^^^^^
[INFO] [stdout] 
[INFO] [stdout] 
[INFO] [stdout] warning: unused macro definition: `cfg_any_spawner`
[INFO] [stdout]   --> src/utils.rs:29:14
[INFO] [stdout]    |
[INFO] [stdout] 29 | macro_rules! cfg_any_spawner {
[INFO] [stdout]    |              ^^^^^^^^^^^^^^^
[INFO] [stdout] 
[INFO] [stdout] 
[INFO] [stdout] warning: 3 warnings emitted
[INFO] [stdout] 
[INFO] [stdout] 
[INFO] [stderr]    Compiling addr2line v0.21.0
[INFO] [stderr]    Compiling async-log-attributes v1.0.1
[INFO] [stderr]    Compiling polling v3.3.1
[INFO] [stderr]    Compiling async-io v2.2.2
[INFO] [stderr]    Compiling serde_json v1.0.111
[INFO] [stderr]    Compiling async-global-executor v2.4.1
[INFO] [stderr]    Compiling async-log v1.1.0
[INFO] [stderr]    Compiling async-std v1.12.0
[INFO] [stderr]    Compiling femme v1.3.0
[INFO] [stderr]    Compiling async-scoped v0.8.0 (/opt/rustwide/workdir)
[INFO] [stdout] error[E0433]: failed to resolve: use of undeclared type `Scope`
[INFO] [stdout]   --> src/tests.rs:31:36
[INFO] [stdout]    |
[INFO] [stdout] 31 |         let (stream, _) = unsafe { Scope::scope(|s| {
[INFO] [stdout]    |                                    ^^^^^ use of undeclared type `Scope`
[INFO] [stdout]    |
[INFO] [stdout] help: consider importing one of these items
[INFO] [stdout]    |
[INFO] [stdout] 1  + use crate::Scope;
[INFO] [stdout]    |
[INFO] [stdout] 1  + use std::thread::Scope;
[INFO] [stdout]    |
[INFO] [stdout] 
[INFO] [stdout] 
[INFO] [stdout] error[E0433]: failed to resolve: use of undeclared type `Scope`
[INFO] [stdout]   --> src/tests.rs:62:35
[INFO] [stdout]    |
[INFO] [stdout] 62 |         let ((), vals) = unsafe { Scope::scope_and_collect(|s| {
[INFO] [stdout]    |                                   ^^^^^ use of undeclared type `Scope`
[INFO] [stdout]    |
[INFO] [stdout] help: consider importing one of these items
[INFO] [stdout]    |
[INFO] [stdout] 1  + use crate::Scope;
[INFO] [stdout]    |
[INFO] [stdout] 1  + use std::thread::Scope;
[INFO] [stdout]    |
[INFO] [stdout] 
[INFO] [stdout] 
[INFO] [stdout] error[E0433]: failed to resolve: use of undeclared type `Scope`
[INFO] [stdout]   --> src/tests.rs:81:25
[INFO] [stdout]    |
[INFO] [stdout] 81 |             let mut s = Scope::create(Default::default());
[INFO] [stdout]    |                         ^^^^^ use of undeclared type `Scope`
[INFO] [stdout]    |
[INFO] [stdout] help: consider importing one of these items
[INFO] [stdout]    |
[INFO] [stdout] 1  + use crate::Scope;
[INFO] [stdout]    |
[INFO] [stdout] 1  + use std::thread::Scope;
[INFO] [stdout]    |
[INFO] [stdout] 
[INFO] [stdout] 
[INFO] [stdout] error[E0433]: failed to resolve: use of undeclared type `Scope`
[INFO] [stdout]    --> src/tests.rs:111:34
[INFO] [stdout]     |
[INFO] [stdout] 111 |         let (_, vals) = unsafe { Scope::scope_and_collect(|s| {
[INFO] [stdout]     |                                  ^^^^^ use of undeclared type `Scope`
[INFO] [stdout]     |
[INFO] [stdout] help: consider importing one of these items
[INFO] [stdout]     |
[INFO] [stdout] 1   + use crate::Scope;
[INFO] [stdout]     |
[INFO] [stdout] 1   + use std::thread::Scope;
[INFO] [stdout]     |
[INFO] [stdout] 
[INFO] [stdout] 
[INFO] [stdout] error[E0433]: failed to resolve: use of undeclared type `Scope`
[INFO] [stdout]    --> src/tests.rs:126:26
[INFO] [stdout]     |
[INFO] [stdout] 126 |         let ((), vals) = Scope::scope_and_block(|s| {
[INFO] [stdout]     |                          ^^^^^ use of undeclared type `Scope`
[INFO] [stdout]     |
[INFO] [stdout] help: consider importing one of these items
[INFO] [stdout]     |
[INFO] [stdout] 1   + use crate::Scope;
[INFO] [stdout]     |
[INFO] [stdout] 1   + use std::thread::Scope;
[INFO] [stdout]     |
[INFO] [stdout] 
[INFO] [stdout] 
[INFO] [stdout] error[E0433]: failed to resolve: use of undeclared type `Scope`
[INFO] [stdout]    --> src/tests.rs:142:26
[INFO] [stdout]     |
[INFO] [stdout] 142 |         let ((), vals) = Scope::scope_and_block(|s| {
[INFO] [stdout]     |                          ^^^^^ use of undeclared type `Scope`
[INFO] [stdout]     |
[INFO] [stdout] help: consider importing one of these items
[INFO] [stdout]     |
[INFO] [stdout] 1   + use crate::Scope;
[INFO] [stdout]     |
[INFO] [stdout] 1   + use std::thread::Scope;
[INFO] [stdout]     |
[INFO] [stdout] 
[INFO] [stdout] 
[INFO] [stdout] error[E0433]: failed to resolve: use of undeclared type `Scope`
[INFO] [stdout]    --> src/tests.rs:167:27
[INFO] [stdout]     |
[INFO] [stdout] 167 |         let ((), items) = Scope::scope_and_block(|scope| {
[INFO] [stdout]     |                           ^^^^^ use of undeclared type `Scope`
[INFO] [stdout]     |
[INFO] [stdout] help: consider importing one of these items
[INFO] [stdout]     |
[INFO] [stdout] 1   + use crate::Scope;
[INFO] [stdout]     |
[INFO] [stdout] 1   + use std::thread::Scope;
[INFO] [stdout]     |
[INFO] [stdout] 
[INFO] [stdout] 
[INFO] [stdout] error[E0433]: failed to resolve: use of undeclared type `Scope`
[INFO] [stdout]    --> src/tests.rs:189:27
[INFO] [stdout]     |
[INFO] [stdout] 189 |         let ((), items) = Scope::scope_and_block(|scope| {
[INFO] [stdout]     |                           ^^^^^ use of undeclared type `Scope`
[INFO] [stdout]     |
[INFO] [stdout] help: consider importing one of these items
[INFO] [stdout]     |
[INFO] [stdout] 1   + use crate::Scope;
[INFO] [stdout]     |
[INFO] [stdout] 1   + use std::thread::Scope;
[INFO] [stdout]     |
[INFO] [stdout] 
[INFO] [stdout] 
[INFO] [stdout] error[E0433]: failed to resolve: use of undeclared type `Scope`
[INFO] [stdout]    --> src/tests.rs:218:26
[INFO] [stdout]     |
[INFO] [stdout] 218 |                 unsafe { Scope::scope_and_collect(|scope| {
[INFO] [stdout]     |                          ^^^^^ use of undeclared type `Scope`
[INFO] [stdout]     |
[INFO] [stdout] help: consider importing one of these items
[INFO] [stdout]     |
[INFO] [stdout] 1   + use crate::Scope;
[INFO] [stdout]     |
[INFO] [stdout] 1   + use std::thread::Scope;
[INFO] [stdout]     |
[INFO] [stdout] 
[INFO] [stdout] 
[INFO] [stdout] error[E0433]: failed to resolve: use of undeclared type `Scope`
[INFO] [stdout]    --> src/tests.rs:257:30
[INFO] [stdout]     |
[INFO] [stdout] 257 |         let mut s = unsafe { Scope::create(Default::default()) };
[INFO] [stdout]     |                              ^^^^^ use of undeclared type `Scope`
[INFO] [stdout]     |
[INFO] [stdout] help: consider importing one of these items
[INFO] [stdout]     |
[INFO] [stdout] 1   + use crate::Scope;
[INFO] [stdout]     |
[INFO] [stdout] 1   + use std::thread::Scope;
[INFO] [stdout]     |
[INFO] [stdout] 
[INFO] [stdout] 
[INFO] [stdout] error[E0433]: failed to resolve: use of undeclared type `Scope`
[INFO] [stdout]    --> src/tests.rs:312:17
[INFO] [stdout]     |
[INFO] [stdout] 312 |                 Scope::scope_and_block(|scope| {
[INFO] [stdout]     |                 ^^^^^ use of undeclared type `Scope`
[INFO] [stdout]     |
[INFO] [stdout] help: consider importing one of these items
[INFO] [stdout]     |
[INFO] [stdout] 1   + use crate::Scope;
[INFO] [stdout]     |
[INFO] [stdout] 1   + use std::thread::Scope;
[INFO] [stdout]     |
[INFO] [stdout] 
[INFO] [stdout] 
[INFO] [stdout] warning: unused macro definition: `cfg_tokio`
[INFO] [stdout]   --> src/utils.rs:20:14
[INFO] [stdout]    |
[INFO] [stdout] 20 | macro_rules! cfg_tokio {
[INFO] [stdout]    |              ^^^^^^^^^
[INFO] [stdout]    |
[INFO] [stdout]    = note: `#[warn(unused_macros)]` on by default
[INFO] [stdout] 
[INFO] [stdout] 
[INFO] [stdout] warning: unused macro definition: `cfg_any_spawner`
[INFO] [stdout]   --> src/utils.rs:29:14
[INFO] [stdout]    |
[INFO] [stdout] 29 | macro_rules! cfg_any_spawner {
[INFO] [stdout]    |              ^^^^^^^^^^^^^^^
[INFO] [stdout] 
[INFO] [stdout] 
[INFO] [stdout] error[E0425]: cannot find function `future_value` in this scope
[INFO] [stdout]    --> src/tests.rs:172:24
[INFO] [stdout]     |
[INFO] [stdout] 172 |             assert_eq!(future_value(i), true);
[INFO] [stdout]     |                        ^^^^^^^^^^^^ not found in this scope
[INFO] [stdout] 
[INFO] [stdout] 
[INFO] [stdout] error[E0425]: cannot find function `future_value` in this scope
[INFO] [stdout]    --> src/tests.rs:195:24
[INFO] [stdout]     |
[INFO] [stdout] 195 |             assert_eq!(future_value(i), false);
[INFO] [stdout]     |                        ^^^^^^^^^^^^ not found in this scope
[INFO] [stdout] 
[INFO] [stdout] 
[INFO] [stdout] warning: unused import: `futures::StreamExt`
[INFO] [stdout]    --> src/tests.rs:276:21
[INFO] [stdout]     |
[INFO] [stdout] 276 |                 use futures::StreamExt;
[INFO] [stdout]     |                     ^^^^^^^^^^^^^^^^^^
[INFO] [stdout]     |
[INFO] [stdout]     = note: `#[warn(unused_imports)]` on by default
[INFO] [stdout] 
[INFO] [stdout] 
[INFO] [stdout] warning: unused import: `futures::StreamExt`
[INFO] [stdout]   --> src/tests.rs:98:13
[INFO] [stdout]    |
[INFO] [stdout] 98 |         use futures::StreamExt;
[INFO] [stdout]    |             ^^^^^^^^^^^^^^^^^^
[INFO] [stdout] 
[INFO] [stdout] 
[INFO] [stdout] warning: unused import: `futures::StreamExt`
[INFO] [stdout]   --> src/tests.rs:44:13
[INFO] [stdout]    |
[INFO] [stdout] 44 |         use futures::StreamExt;
[INFO] [stdout]    |             ^^^^^^^^^^^^^^^^^^
[INFO] [stdout] 
[INFO] [stdout] 
[INFO] [stdout] error: aborting due to 13 previous errors; 5 warnings emitted
[INFO] [stdout] 
[INFO] [stdout] 
[INFO] [stdout] Some errors have detailed explanations: E0425, E0433.
[INFO] [stdout] 
[INFO] [stdout] For more information about an error, try `rustc --explain E0425`.
[INFO] [stdout] 
[INFO] [stderr] error: could not compile `async-scoped` (lib test) due to 14 previous errors; 5 warnings emitted
[INFO] running `Command { std: "docker" "inspect" "e91a408deb975c89795492a1902b50b568c4793d536eff5ac46268644c023f49", kill_on_drop: false }`
[INFO] running `Command { std: "docker" "rm" "-f" "e91a408deb975c89795492a1902b50b568c4793d536eff5ac46268644c023f49", kill_on_drop: false }`
[INFO] [stdout] e91a408deb975c89795492a1902b50b568c4793d536eff5ac46268644c023f49
