[INFO] fetching crate async-native-tls-alpn 0.4.1-alpha.0...
[INFO] testing async-native-tls-alpn-0.4.1-alpha.0 against 1.75.0 for beta-1.76-1
[INFO] extracting crate async-native-tls-alpn 0.4.1-alpha.0 into /workspace/builds/worker-2-tc1/source
[INFO] validating manifest of crates.io crate async-native-tls-alpn 0.4.1-alpha.0 on toolchain 1.75.0
[INFO] running `Command { std: CARGO_HOME="/workspace/cargo-home" RUSTUP_HOME="/workspace/rustup-home" "/workspace/cargo-home/bin/cargo" "+1.75.0" "metadata" "--manifest-path" "Cargo.toml" "--no-deps", kill_on_drop: false }`
[INFO] started tweaking crates.io crate async-native-tls-alpn 0.4.1-alpha.0
[INFO] removed 0 missing tests
[INFO] finished tweaking crates.io crate async-native-tls-alpn 0.4.1-alpha.0
[INFO] tweaked toml for crates.io crate async-native-tls-alpn 0.4.1-alpha.0 written to /workspace/builds/worker-2-tc1/source/Cargo.toml
[INFO] running `Command { std: CARGO_HOME="/workspace/cargo-home" RUSTUP_HOME="/workspace/rustup-home" "/workspace/cargo-home/bin/cargo" "+1.75.0" "generate-lockfile" "--manifest-path" "Cargo.toml", kill_on_drop: false }`
[INFO] [stderr]     Updating crates.io index
[INFO] running `Command { std: CARGO_HOME="/workspace/cargo-home" RUSTUP_HOME="/workspace/rustup-home" "/workspace/cargo-home/bin/cargo" "+1.75.0" "fetch" "--manifest-path" "Cargo.toml", kill_on_drop: false }`
[INFO] [stderr]  Downloading crates ...
[INFO] [stderr]   Downloaded blocking v1.5.1
[INFO] [stderr]   Downloaded kv-log-macro v1.0.7
[INFO] [stderr]   Downloaded waker-fn v1.1.1
[INFO] [stderr]   Downloaded value-bag v1.4.3
[INFO] [stderr]   Downloaded async-global-executor v2.4.1
[INFO] [stderr]   Downloaded async-attributes v1.1.2
[INFO] [stderr]   Downloaded async-channel v2.1.1
[INFO] [stderr]   Downloaded piper v0.2.1
[INFO] [stderr]   Downloaded async-lock v2.8.0
[INFO] [stderr]   Downloaded atomic-waker v1.1.2
[INFO] [stderr]   Downloaded async-executor v1.8.0
[INFO] [stderr]   Downloaded async-task v4.7.0
[INFO] [stderr]   Downloaded async-std v1.12.0
[INFO] [stderr]   Downloaded linux-raw-sys v0.3.8
[INFO] [stderr]   Downloaded rustix v0.37.27
[INFO] running `Command { std: "docker" "create" "-v" "/var/lib/crater-agent-workspace/builds/worker-2-tc1/target:/opt/rustwide/target:rw,Z" "-v" "/var/lib/crater-agent-workspace/builds/worker-2-tc1/source:/opt/rustwide/workdir:ro,Z" "-v" "/var/lib/crater-agent-workspace/cargo-home:/opt/rustwide/cargo-home:ro,Z" "-v" "/var/lib/crater-agent-workspace/rustup-home:/opt/rustwide/rustup-home:ro,Z" "-e" "SOURCE_DIR=/opt/rustwide/workdir" "-e" "CARGO_TARGET_DIR=/opt/rustwide/target" "-e" "CARGO_HOME=/opt/rustwide/cargo-home" "-e" "RUSTUP_HOME=/opt/rustwide/rustup-home" "-w" "/opt/rustwide/workdir" "-m" "1610612736" "--user" "0:0" "--network" "none" "ghcr.io/rust-lang/crates-build-env/linux@sha256:2788e3201cd34a07e3172128adcd8b3090168a8e3bcc40d7c032b9dda1df7d1c" "/opt/rustwide/cargo-home/bin/cargo" "+1.75.0" "metadata" "--no-deps" "--format-version=1", kill_on_drop: false }`
[INFO] [stdout] 1c3855e986392c14c58e14662e51921999a752975bad50f8a9542114ec44d32e
[INFO] running `Command { std: "docker" "start" "-a" "1c3855e986392c14c58e14662e51921999a752975bad50f8a9542114ec44d32e", kill_on_drop: false }`
[INFO] running `Command { std: "docker" "inspect" "1c3855e986392c14c58e14662e51921999a752975bad50f8a9542114ec44d32e", kill_on_drop: false }`
[INFO] running `Command { std: "docker" "rm" "-f" "1c3855e986392c14c58e14662e51921999a752975bad50f8a9542114ec44d32e", kill_on_drop: false }`
[INFO] [stdout] 1c3855e986392c14c58e14662e51921999a752975bad50f8a9542114ec44d32e
[INFO] running `Command { std: "docker" "create" "-v" "/var/lib/crater-agent-workspace/builds/worker-2-tc1/target:/opt/rustwide/target:rw,Z" "-v" "/var/lib/crater-agent-workspace/builds/worker-2-tc1/source:/opt/rustwide/workdir:ro,Z" "-v" "/var/lib/crater-agent-workspace/cargo-home:/opt/rustwide/cargo-home:ro,Z" "-v" "/var/lib/crater-agent-workspace/rustup-home:/opt/rustwide/rustup-home:ro,Z" "-e" "SOURCE_DIR=/opt/rustwide/workdir" "-e" "CARGO_TARGET_DIR=/opt/rustwide/target" "-e" "CARGO_INCREMENTAL=0" "-e" "RUST_BACKTRACE=full" "-e" "RUSTFLAGS=--cap-lints=warn" "-e" "RUSTDOCFLAGS=--cap-lints=warn" "-e" "CARGO_HOME=/opt/rustwide/cargo-home" "-e" "RUSTUP_HOME=/opt/rustwide/rustup-home" "-w" "/opt/rustwide/workdir" "-m" "1610612736" "--user" "0:0" "--network" "none" "ghcr.io/rust-lang/crates-build-env/linux@sha256:2788e3201cd34a07e3172128adcd8b3090168a8e3bcc40d7c032b9dda1df7d1c" "/opt/rustwide/cargo-home/bin/cargo" "+1.75.0" "build" "--frozen" "--message-format=json", kill_on_drop: false }`
[INFO] [stdout] e39833fc1d2be05fb64824102d6343903cb4f85e8f7dfacf856f2a196ff37170
[INFO] running `Command { std: "docker" "start" "-a" "e39833fc1d2be05fb64824102d6343903cb4f85e8f7dfacf856f2a196ff37170", kill_on_drop: false }`
[INFO] [stderr]    Compiling value-bag v1.4.3
[INFO] [stderr]    Compiling native-tls v0.2.11
[INFO] [stderr]    Compiling futures-sink v0.3.30
[INFO] [stderr]    Compiling futures-task v0.3.30
[INFO] [stderr]    Compiling futures-io v0.3.30
[INFO] [stderr]    Compiling openssl-macros v0.1.1
[INFO] [stderr]    Compiling futures-macro v0.3.30
[INFO] [stderr]    Compiling thiserror-impl v1.0.56
[INFO] [stderr]    Compiling futures-channel v0.3.30
[INFO] [stderr]    Compiling log v0.4.20
[INFO] [stderr]    Compiling openssl v0.10.62
[INFO] [stderr]    Compiling futures-util v0.3.30
[INFO] [stderr]    Compiling thiserror v1.0.56
[INFO] [stderr]    Compiling async-native-tls-alpn v0.4.1-alpha.0 (/opt/rustwide/workdir)
[INFO] [stderr]     Finished dev [unoptimized + debuginfo] target(s) in 3.25s
[INFO] running `Command { std: "docker" "inspect" "e39833fc1d2be05fb64824102d6343903cb4f85e8f7dfacf856f2a196ff37170", kill_on_drop: false }`
[INFO] running `Command { std: "docker" "rm" "-f" "e39833fc1d2be05fb64824102d6343903cb4f85e8f7dfacf856f2a196ff37170", kill_on_drop: false }`
[INFO] [stdout] e39833fc1d2be05fb64824102d6343903cb4f85e8f7dfacf856f2a196ff37170
[INFO] running `Command { std: "docker" "create" "-v" "/var/lib/crater-agent-workspace/builds/worker-2-tc1/target:/opt/rustwide/target:rw,Z" "-v" "/var/lib/crater-agent-workspace/builds/worker-2-tc1/source:/opt/rustwide/workdir:ro,Z" "-v" "/var/lib/crater-agent-workspace/cargo-home:/opt/rustwide/cargo-home:ro,Z" "-v" "/var/lib/crater-agent-workspace/rustup-home:/opt/rustwide/rustup-home:ro,Z" "-e" "SOURCE_DIR=/opt/rustwide/workdir" "-e" "CARGO_TARGET_DIR=/opt/rustwide/target" "-e" "CARGO_INCREMENTAL=0" "-e" "RUST_BACKTRACE=full" "-e" "RUSTFLAGS=--cap-lints=warn" "-e" "RUSTDOCFLAGS=--cap-lints=warn" "-e" "CARGO_HOME=/opt/rustwide/cargo-home" "-e" "RUSTUP_HOME=/opt/rustwide/rustup-home" "-w" "/opt/rustwide/workdir" "-m" "1610612736" "--user" "0:0" "--network" "none" "ghcr.io/rust-lang/crates-build-env/linux@sha256:2788e3201cd34a07e3172128adcd8b3090168a8e3bcc40d7c032b9dda1df7d1c" "/opt/rustwide/cargo-home/bin/cargo" "+1.75.0" "test" "--frozen" "--no-run" "--message-format=json", kill_on_drop: false }`
[INFO] [stdout] f4b5bec7627464916b7ddca397e81f80823d83537445f41bc20561dc05e8e4af
[INFO] running `Command { std: "docker" "start" "-a" "f4b5bec7627464916b7ddca397e81f80823d83537445f41bc20561dc05e8e4af", kill_on_drop: false }`
[INFO] [stderr]    Compiling parking v2.2.0
[INFO] [stderr]    Compiling rustix v0.38.28
[INFO] [stderr]    Compiling tracing-core v0.1.32
[INFO] [stderr]    Compiling linux-raw-sys v0.4.12
[INFO] [stderr]    Compiling polling v2.8.0
[INFO] [stderr]    Compiling concurrent-queue v2.4.0
[INFO] [stderr]    Compiling async-task v4.7.0
[INFO] [stderr]    Compiling syn v1.0.109
[INFO] [stderr]    Compiling rustix v0.37.27
[INFO] [stderr]    Compiling event-listener v2.5.3
[INFO] [stderr]    Compiling atomic-waker v1.1.2
[INFO] [stderr]    Compiling async-io v1.13.0
[INFO] [stderr]    Compiling fastrand v1.9.0
[INFO] [stderr]    Compiling regex-syntax v0.8.2
[INFO] [stderr]    Compiling smallvec v1.11.2
[INFO] [stderr]    Compiling waker-fn v1.1.1
[INFO] [stderr]    Compiling futures-lite v2.1.0
[INFO] [stderr]    Compiling piper v0.2.1
[INFO] [stderr]    Compiling linux-raw-sys v0.3.8
[INFO] [stderr]    Compiling event-listener v4.0.2
[INFO] [stderr]    Compiling parking_lot_core v0.9.9
[INFO] [stderr]    Compiling futures-lite v1.13.0
[INFO] [stderr]    Compiling async-lock v2.8.0
[INFO] [stderr]    Compiling socket2 v0.4.10
[INFO] [stderr]    Compiling async-channel v1.9.0
[INFO] [stderr]    Compiling tracing v0.1.40
[INFO] [stderr]    Compiling event-listener-strategy v0.4.0
[INFO] [stderr]    Compiling parking_lot v0.12.1
[INFO] [stderr]    Compiling async-lock v3.2.0
[INFO] [stderr]    Compiling async-channel v2.1.1
[INFO] [stderr]    Compiling futures-executor v0.3.30
[INFO] [stderr]    Compiling tokio-macros v2.2.0
[INFO] [stderr]    Compiling kv-log-macro v1.0.7
[INFO] [stderr]    Compiling mio v0.8.10
[INFO] [stderr]    Compiling signal-hook-registry v1.4.1
[INFO] [stderr]    Compiling atty v0.2.14
[INFO] [stderr]    Compiling socket2 v0.5.5
[INFO] [stderr]    Compiling futures v0.3.30
[INFO] [stderr]    Compiling async-executor v1.8.0
[INFO] [stderr]    Compiling blocking v1.5.1
[INFO] [stderr]    Compiling regex-automata v0.4.3
[INFO] [stderr]    Compiling tokio v1.35.1
[INFO] [stderr]    Compiling async-attributes v1.1.2
[INFO] [stderr]    Compiling regex v1.10.2
[INFO] [stderr]    Compiling env_logger v0.9.3
[INFO] [stderr]    Compiling polling v3.3.1
[INFO] [stderr]    Compiling async-io v2.2.2
[INFO] [stderr]    Compiling async-global-executor v2.4.1
[INFO] [stderr]    Compiling async-std v1.12.0
[INFO] [stderr]    Compiling async-native-tls-alpn v0.4.1-alpha.0 (/opt/rustwide/workdir)
[INFO] [stdout] error[E0432]: unresolved import `async_native_tls`
[INFO] [stdout]    --> tests/smoke.rs:137:13
[INFO] [stdout]     |
[INFO] [stdout] 137 |         use async_native_tls::TlsConnector;
[INFO] [stdout]     |             ^^^^^^^^^^^^^^^^ use of undeclared crate or module `async_native_tls`
[INFO] [stdout]     |
[INFO] [stdout] help: there is a crate or module with a similar name
[INFO] [stdout]     |
[INFO] [stdout] 137 |         use async_native_tls_alpn::TlsConnector;
[INFO] [stdout]     |             ~~~~~~~~~~~~~~~~~~~~~
[INFO] [stdout] 
[INFO] [stdout] 
[INFO] [stdout] error[E0432]: unresolved import `async_native_tls`
[INFO] [stdout]  --> tests/bad.rs:6:5
[INFO] [stdout]   |
[INFO] [stdout] 6 | use async_native_tls::TlsConnector;
[INFO] [stdout]   |     ^^^^^^^^^^^^^^^^ use of undeclared crate or module `async_native_tls`
[INFO] [stdout]   |
[INFO] [stdout] help: there is a crate or module with a similar name
[INFO] [stdout]   |
[INFO] [stdout] 6 | use async_native_tls_alpn::TlsConnector;
[INFO] [stdout]   |     ~~~~~~~~~~~~~~~~~~~~~
[INFO] [stdout] 
[INFO] [stdout] 
[INFO] [stdout] error[E0432]: unresolved import `async_native_tls`
[INFO] [stdout]  --> tests/google.rs:5:5
[INFO] [stdout]   |
[INFO] [stdout] 5 | use async_native_tls;
[INFO] [stdout]   |     ^^^^^^^^^^^^^^^^ no external crate `async_native_tls`
[INFO] [stdout] 
[INFO] [stdout] 
[INFO] [stdout] error: aborting due to previous error
[INFO] [stdout] 
[INFO] [stdout] 
[INFO] [stdout] For more information about this error, try `rustc --explain E0432`.
[INFO] [stdout] 
[INFO] [stdout] warning: unused import: `async_std::prelude`
[INFO] [stdout]  --> tests/google.rs:7:5
[INFO] [stdout]   |
[INFO] [stdout] 7 | use async_std::prelude::*;
[INFO] [stdout]   |     ^^^^^^^^^^^^^^^^^^
[INFO] [stdout]   |
[INFO] [stdout]   = note: `#[warn(unused_imports)]` on by default
[INFO] [stdout] 
[INFO] [stdout] 
[INFO] [stdout] error: aborting due to previous error; 1 warning emitted
[INFO] [stdout] 
[INFO] [stdout] 
[INFO] [stdout] For more information about this error, try `rustc --explain E0432`.
[INFO] [stdout] 
[INFO] [stderr] error: could not compile `async-native-tls-alpn` (test "bad") due to 2 previous errors
[INFO] [stderr] warning: build failed, waiting for other jobs to finish...
[INFO] [stderr] error: could not compile `async-native-tls-alpn` (test "google") due to 2 previous errors; 1 warning emitted
[INFO] [stdout] error[E0282]: type annotations needed
[INFO] [stdout]    --> tests/smoke.rs:525:37
[INFO] [stdout]     |
[INFO] [stdout] 525 |                 Err(ref err) if err.kind() == std::io::ErrorKind::UnexpectedEof => break,
[INFO] [stdout]     |                                     ^^^^ cannot infer type for type parameter `E` declared on the enum `Result`
[INFO] [stdout] 
[INFO] [stdout] 
[INFO] [stdout] error[E0433]: failed to resolve: use of undeclared crate or module `async_native_tls`
[INFO] [stdout]    --> tests/smoke.rs:139:27
[INFO] [stdout]     |
[INFO] [stdout] 139 |         fn contexts() -> (async_native_tls::TlsAcceptor, async_native_tls::TlsConnector) {
[INFO] [stdout]     |                           ^^^^^^^^^^^^^^^^ use of undeclared crate or module `async_native_tls`
[INFO] [stdout]     |
[INFO] [stdout] help: there is a crate or module with a similar name
[INFO] [stdout]     |
[INFO] [stdout] 139 |         fn contexts() -> (async_native_tls_alpn::TlsAcceptor, async_native_tls::TlsConnector) {
[INFO] [stdout]     |                           ~~~~~~~~~~~~~~~~~~~~~
[INFO] [stdout] 
[INFO] [stdout] 
[INFO] [stdout] error[E0433]: failed to resolve: use of undeclared crate or module `async_native_tls`
[INFO] [stdout]    --> tests/smoke.rs:139:58
[INFO] [stdout]     |
[INFO] [stdout] 139 |         fn contexts() -> (async_native_tls::TlsAcceptor, async_native_tls::TlsConnector) {
[INFO] [stdout]     |                                                          ^^^^^^^^^^^^^^^^ use of undeclared crate or module `async_native_tls`
[INFO] [stdout]     |
[INFO] [stdout] help: there is a crate or module with a similar name
[INFO] [stdout]     |
[INFO] [stdout] 139 |         fn contexts() -> (async_native_tls::TlsAcceptor, async_native_tls_alpn::TlsConnector) {
[INFO] [stdout]     |                                                          ~~~~~~~~~~~~~~~~~~~~~
[INFO] [stdout] 
[INFO] [stdout] 
[INFO] [stdout] error: aborting due to 4 previous errors
[INFO] [stdout] 
[INFO] [stdout] 
[INFO] [stdout] Some errors have detailed explanations: E0282, E0432, E0433.
[INFO] [stdout] 
[INFO] [stdout] For more information about an error, try `rustc --explain E0282`.
[INFO] [stdout] 
[INFO] [stderr] error: could not compile `async-native-tls-alpn` (test "smoke") due to 5 previous errors
[INFO] running `Command { std: "docker" "inspect" "f4b5bec7627464916b7ddca397e81f80823d83537445f41bc20561dc05e8e4af", kill_on_drop: false }`
[INFO] running `Command { std: "docker" "rm" "-f" "f4b5bec7627464916b7ddca397e81f80823d83537445f41bc20561dc05e8e4af", kill_on_drop: false }`
[INFO] [stdout] f4b5bec7627464916b7ddca397e81f80823d83537445f41bc20561dc05e8e4af
[INFO] testing async-native-tls-alpn-0.4.1-alpha.0 against beta-2023-12-22 for beta-1.76-1
[INFO] extracting crate async-native-tls-alpn 0.4.1-alpha.0 into /workspace/builds/worker-2-tc2/source
[INFO] validating manifest of crates.io crate async-native-tls-alpn 0.4.1-alpha.0 on toolchain beta-2023-12-22
[INFO] running `Command { std: CARGO_HOME="/workspace/cargo-home" RUSTUP_HOME="/workspace/rustup-home" "/workspace/cargo-home/bin/cargo" "+beta-2023-12-22" "metadata" "--manifest-path" "Cargo.toml" "--no-deps", kill_on_drop: false }`
[INFO] started tweaking crates.io crate async-native-tls-alpn 0.4.1-alpha.0
[INFO] removed 0 missing tests
[INFO] finished tweaking crates.io crate async-native-tls-alpn 0.4.1-alpha.0
[INFO] tweaked toml for crates.io crate async-native-tls-alpn 0.4.1-alpha.0 written to /workspace/builds/worker-2-tc2/source/Cargo.toml
[INFO] running `Command { std: CARGO_HOME="/workspace/cargo-home" RUSTUP_HOME="/workspace/rustup-home" "/workspace/cargo-home/bin/cargo" "+beta-2023-12-22" "generate-lockfile" "--manifest-path" "Cargo.toml", kill_on_drop: false }`
[INFO] [stderr]     Updating crates.io index
[INFO] running `Command { std: CARGO_HOME="/workspace/cargo-home" RUSTUP_HOME="/workspace/rustup-home" "/workspace/cargo-home/bin/cargo" "+beta-2023-12-22" "fetch" "--manifest-path" "Cargo.toml", kill_on_drop: false }`
[INFO] running `Command { std: "docker" "create" "-v" "/var/lib/crater-agent-workspace/builds/worker-2-tc2/target:/opt/rustwide/target:rw,Z" "-v" "/var/lib/crater-agent-workspace/builds/worker-2-tc2/source:/opt/rustwide/workdir:ro,Z" "-v" "/var/lib/crater-agent-workspace/cargo-home:/opt/rustwide/cargo-home:ro,Z" "-v" "/var/lib/crater-agent-workspace/rustup-home:/opt/rustwide/rustup-home:ro,Z" "-e" "SOURCE_DIR=/opt/rustwide/workdir" "-e" "CARGO_TARGET_DIR=/opt/rustwide/target" "-e" "CARGO_HOME=/opt/rustwide/cargo-home" "-e" "RUSTUP_HOME=/opt/rustwide/rustup-home" "-w" "/opt/rustwide/workdir" "-m" "1610612736" "--user" "0:0" "--network" "none" "ghcr.io/rust-lang/crates-build-env/linux@sha256:2788e3201cd34a07e3172128adcd8b3090168a8e3bcc40d7c032b9dda1df7d1c" "/opt/rustwide/cargo-home/bin/cargo" "+beta-2023-12-22" "metadata" "--no-deps" "--format-version=1", kill_on_drop: false }`
[INFO] [stdout] aec6cbaa33d6441e37b951f69b7aba8988bfbf5c49a1d19e383720937c449e21
[INFO] running `Command { std: "docker" "start" "-a" "aec6cbaa33d6441e37b951f69b7aba8988bfbf5c49a1d19e383720937c449e21", kill_on_drop: false }`
[INFO] running `Command { std: "docker" "inspect" "aec6cbaa33d6441e37b951f69b7aba8988bfbf5c49a1d19e383720937c449e21", kill_on_drop: false }`
[INFO] running `Command { std: "docker" "rm" "-f" "aec6cbaa33d6441e37b951f69b7aba8988bfbf5c49a1d19e383720937c449e21", kill_on_drop: false }`
[INFO] [stdout] aec6cbaa33d6441e37b951f69b7aba8988bfbf5c49a1d19e383720937c449e21
[INFO] running `Command { std: "docker" "create" "-v" "/var/lib/crater-agent-workspace/builds/worker-2-tc2/target:/opt/rustwide/target:rw,Z" "-v" "/var/lib/crater-agent-workspace/builds/worker-2-tc2/source:/opt/rustwide/workdir:ro,Z" "-v" "/var/lib/crater-agent-workspace/cargo-home:/opt/rustwide/cargo-home:ro,Z" "-v" "/var/lib/crater-agent-workspace/rustup-home:/opt/rustwide/rustup-home:ro,Z" "-e" "SOURCE_DIR=/opt/rustwide/workdir" "-e" "CARGO_TARGET_DIR=/opt/rustwide/target" "-e" "CARGO_INCREMENTAL=0" "-e" "RUST_BACKTRACE=full" "-e" "RUSTFLAGS=--cap-lints=warn" "-e" "RUSTDOCFLAGS=--cap-lints=warn" "-e" "CARGO_HOME=/opt/rustwide/cargo-home" "-e" "RUSTUP_HOME=/opt/rustwide/rustup-home" "-w" "/opt/rustwide/workdir" "-m" "1610612736" "--user" "0:0" "--network" "none" "ghcr.io/rust-lang/crates-build-env/linux@sha256:2788e3201cd34a07e3172128adcd8b3090168a8e3bcc40d7c032b9dda1df7d1c" "/opt/rustwide/cargo-home/bin/cargo" "+beta-2023-12-22" "build" "--frozen" "--message-format=json", kill_on_drop: false }`
[INFO] [stdout] c07bd6c016081f51ff2eaf9c4df5e4cb4ae99beb044c441c3a94ea22ca933543
[INFO] running `Command { std: "docker" "start" "-a" "c07bd6c016081f51ff2eaf9c4df5e4cb4ae99beb044c441c3a94ea22ca933543", kill_on_drop: false }`
[INFO] [stderr]    Compiling futures-sink v0.3.30
[INFO] [stderr]    Compiling native-tls v0.2.11
[INFO] [stderr]    Compiling value-bag v1.4.3
[INFO] [stderr]    Compiling futures-task v0.3.30
[INFO] [stderr]    Compiling futures-io v0.3.30
[INFO] [stderr]    Compiling openssl-macros v0.1.1
[INFO] [stderr]    Compiling thiserror-impl v1.0.56
[INFO] [stderr]    Compiling futures-macro v0.3.30
[INFO] [stderr]    Compiling futures-channel v0.3.30
[INFO] [stderr]    Compiling log v0.4.20
[INFO] [stderr]    Compiling openssl v0.10.62
[INFO] [stderr]    Compiling futures-util v0.3.30
[INFO] [stderr]    Compiling thiserror v1.0.56
[INFO] [stderr]    Compiling async-native-tls-alpn v0.4.1-alpha.0 (/opt/rustwide/workdir)
[INFO] [stderr]     Finished dev [unoptimized + debuginfo] target(s) in 3.10s
[INFO] running `Command { std: "docker" "inspect" "c07bd6c016081f51ff2eaf9c4df5e4cb4ae99beb044c441c3a94ea22ca933543", kill_on_drop: false }`
[INFO] running `Command { std: "docker" "rm" "-f" "c07bd6c016081f51ff2eaf9c4df5e4cb4ae99beb044c441c3a94ea22ca933543", kill_on_drop: false }`
[INFO] [stdout] c07bd6c016081f51ff2eaf9c4df5e4cb4ae99beb044c441c3a94ea22ca933543
[INFO] running `Command { std: "docker" "create" "-v" "/var/lib/crater-agent-workspace/builds/worker-2-tc2/target:/opt/rustwide/target:rw,Z" "-v" "/var/lib/crater-agent-workspace/builds/worker-2-tc2/source:/opt/rustwide/workdir:ro,Z" "-v" "/var/lib/crater-agent-workspace/cargo-home:/opt/rustwide/cargo-home:ro,Z" "-v" "/var/lib/crater-agent-workspace/rustup-home:/opt/rustwide/rustup-home:ro,Z" "-e" "SOURCE_DIR=/opt/rustwide/workdir" "-e" "CARGO_TARGET_DIR=/opt/rustwide/target" "-e" "CARGO_INCREMENTAL=0" "-e" "RUST_BACKTRACE=full" "-e" "RUSTFLAGS=--cap-lints=warn" "-e" "RUSTDOCFLAGS=--cap-lints=warn" "-e" "CARGO_HOME=/opt/rustwide/cargo-home" "-e" "RUSTUP_HOME=/opt/rustwide/rustup-home" "-w" "/opt/rustwide/workdir" "-m" "1610612736" "--user" "0:0" "--network" "none" "ghcr.io/rust-lang/crates-build-env/linux@sha256:2788e3201cd34a07e3172128adcd8b3090168a8e3bcc40d7c032b9dda1df7d1c" "/opt/rustwide/cargo-home/bin/cargo" "+beta-2023-12-22" "test" "--frozen" "--no-run" "--message-format=json", kill_on_drop: false }`
[INFO] [stdout] 5479126beac69bfcc277049dfd0dffc0d7b8dfa9326a4abb049afd5d6b5f800f
[INFO] running `Command { std: "docker" "start" "-a" "5479126beac69bfcc277049dfd0dffc0d7b8dfa9326a4abb049afd5d6b5f800f", kill_on_drop: false }`
[INFO] [stderr]    Compiling parking v2.2.0
[INFO] [stderr]    Compiling tracing-core v0.1.32
[INFO] [stderr]    Compiling rustix v0.38.28
[INFO] [stderr]    Compiling linux-raw-sys v0.4.12
[INFO] [stderr]    Compiling polling v2.8.0
[INFO] [stderr]    Compiling syn v1.0.109
[INFO] [stderr]    Compiling async-task v4.7.0
[INFO] [stderr]    Compiling concurrent-queue v2.4.0
[INFO] [stderr]    Compiling event-listener v2.5.3
[INFO] [stderr]    Compiling atomic-waker v1.1.2
[INFO] [stderr]    Compiling rustix v0.37.27
[INFO] [stderr]    Compiling async-io v1.13.0
[INFO] [stderr]    Compiling smallvec v1.11.2
[INFO] [stderr]    Compiling regex-syntax v0.8.2
[INFO] [stderr]    Compiling waker-fn v1.1.1
[INFO] [stderr]    Compiling linux-raw-sys v0.3.8
[INFO] [stderr]    Compiling futures-lite v2.1.0
[INFO] [stderr]    Compiling piper v0.2.1
[INFO] [stderr]    Compiling fastrand v1.9.0
[INFO] [stderr]    Compiling event-listener v4.0.2
[INFO] [stderr]    Compiling parking_lot_core v0.9.9
[INFO] [stderr]    Compiling async-lock v2.8.0
[INFO] [stderr]    Compiling socket2 v0.4.10
[INFO] [stderr]    Compiling async-channel v1.9.0
[INFO] [stderr]    Compiling futures-lite v1.13.0
[INFO] [stderr]    Compiling tracing v0.1.40
[INFO] [stderr]    Compiling event-listener-strategy v0.4.0
[INFO] [stderr]    Compiling parking_lot v0.12.1
[INFO] [stderr]    Compiling futures-executor v0.3.30
[INFO] [stderr]    Compiling async-lock v3.2.0
[INFO] [stderr]    Compiling async-channel v2.1.1
[INFO] [stderr]    Compiling tokio-macros v2.2.0
[INFO] [stderr]    Compiling kv-log-macro v1.0.7
[INFO] [stderr]    Compiling socket2 v0.5.5
[INFO] [stderr]    Compiling mio v0.8.10
[INFO] [stderr]    Compiling atty v0.2.14
[INFO] [stderr]    Compiling signal-hook-registry v1.4.1
[INFO] [stderr]    Compiling futures v0.3.30
[INFO] [stderr]    Compiling blocking v1.5.1
[INFO] [stderr]    Compiling async-executor v1.8.0
[INFO] [stderr]    Compiling regex-automata v0.4.3
[INFO] [stderr]    Compiling tokio v1.35.1
[INFO] [stderr]    Compiling regex v1.10.2
[INFO] [stderr]    Compiling async-attributes v1.1.2
[INFO] [stderr]    Compiling env_logger v0.9.3
[INFO] [stderr]    Compiling polling v3.3.1
[INFO] [stderr]    Compiling async-io v2.2.2
[INFO] [stderr]    Compiling async-global-executor v2.4.1
[INFO] [stderr]    Compiling async-std v1.12.0
[INFO] [stderr]    Compiling async-native-tls-alpn v0.4.1-alpha.0 (/opt/rustwide/workdir)
[INFO] [stdout] error[E0432]: unresolved import `async_native_tls`
[INFO] [stdout]    --> tests/smoke.rs:137:13
[INFO] [stdout]     |
[INFO] [stdout] 137 |         use async_native_tls::TlsConnector;
[INFO] [stdout]     |             ^^^^^^^^^^^^^^^^ use of undeclared crate or module `async_native_tls`
[INFO] [stdout]     |
[INFO] [stdout] help: there is a crate or module with a similar name
[INFO] [stdout]     |
[INFO] [stdout] 137 |         use async_native_tls_alpn::TlsConnector;
[INFO] [stdout]     |             ~~~~~~~~~~~~~~~~~~~~~
[INFO] [stdout] 
[INFO] [stdout] 
[INFO] [stdout] error[E0432]: unresolved import `async_native_tls`
[INFO] [stdout]  --> tests/bad.rs:6:5
[INFO] [stdout]   |
[INFO] [stdout] 6 | use async_native_tls::TlsConnector;
[INFO] [stdout]   |     ^^^^^^^^^^^^^^^^ use of undeclared crate or module `async_native_tls`
[INFO] [stdout]   |
[INFO] [stdout] help: there is a crate or module with a similar name
[INFO] [stdout]   |
[INFO] [stdout] 6 | use async_native_tls_alpn::TlsConnector;
[INFO] [stdout]   |     ~~~~~~~~~~~~~~~~~~~~~
[INFO] [stdout] 
[INFO] [stdout] 
[INFO] [stdout] error[E0432]: unresolved import `async_native_tls`
[INFO] [stdout]  --> tests/google.rs:5:5
[INFO] [stdout]   |
[INFO] [stdout] 5 | use async_native_tls;
[INFO] [stdout]   |     ^^^^^^^^^^^^^^^^ no external crate `async_native_tls`
[INFO] [stdout] 
[INFO] [stdout] 
[INFO] [stdout] error: aborting due to 1 previous error
[INFO] [stdout] 
[INFO] [stdout] 
[INFO] [stdout] For more information about this error, try `rustc --explain E0432`.
[INFO] [stdout] 
[INFO] [stdout] warning: unused import: `async_std::prelude`
[INFO] [stdout]  --> tests/google.rs:7:5
[INFO] [stdout]   |
[INFO] [stdout] 7 | use async_std::prelude::*;
[INFO] [stdout]   |     ^^^^^^^^^^^^^^^^^^
[INFO] [stdout]   |
[INFO] [stdout]   = note: `#[warn(unused_imports)]` on by default
[INFO] [stdout] 
[INFO] [stdout] 
[INFO] [stderr] error: could not compile `async-native-tls-alpn` (test "bad") due to 2 previous errors
[INFO] [stderr] warning: build failed, waiting for other jobs to finish...
[INFO] [stdout] error: aborting due to 1 previous error; 1 warning emitted
[INFO] [stdout] 
[INFO] [stdout] 
[INFO] [stdout] For more information about this error, try `rustc --explain E0432`.
[INFO] [stdout] 
[INFO] [stderr] error: could not compile `async-native-tls-alpn` (test "google") due to 2 previous errors; 1 warning emitted
[INFO] [stdout] error[E0282]: type annotations needed
[INFO] [stdout]    --> tests/smoke.rs:525:37
[INFO] [stdout]     |
[INFO] [stdout] 525 |                 Err(ref err) if err.kind() == std::io::ErrorKind::UnexpectedEof => break,
[INFO] [stdout]     |                                     ^^^^ cannot infer type for type parameter `E` declared on the enum `Result`
[INFO] [stdout] 
[INFO] [stdout] 
[INFO] [stdout] error[E0433]: failed to resolve: use of undeclared crate or module `async_native_tls`
[INFO] [stdout]    --> tests/smoke.rs:139:27
[INFO] [stdout]     |
[INFO] [stdout] 139 |         fn contexts() -> (async_native_tls::TlsAcceptor, async_native_tls::TlsConnector) {
[INFO] [stdout]     |                           ^^^^^^^^^^^^^^^^ use of undeclared crate or module `async_native_tls`
[INFO] [stdout]     |
[INFO] [stdout] help: there is a crate or module with a similar name
[INFO] [stdout]     |
[INFO] [stdout] 139 |         fn contexts() -> (async_native_tls_alpn::TlsAcceptor, async_native_tls::TlsConnector) {
[INFO] [stdout]     |                           ~~~~~~~~~~~~~~~~~~~~~
[INFO] [stdout] 
[INFO] [stdout] 
[INFO] [stdout] error[E0433]: failed to resolve: use of undeclared crate or module `async_native_tls`
[INFO] [stdout]    --> tests/smoke.rs:139:58
[INFO] [stdout]     |
[INFO] [stdout] 139 |         fn contexts() -> (async_native_tls::TlsAcceptor, async_native_tls::TlsConnector) {
[INFO] [stdout]     |                                                          ^^^^^^^^^^^^^^^^ use of undeclared crate or module `async_native_tls`
[INFO] [stdout]     |
[INFO] [stdout] help: there is a crate or module with a similar name
[INFO] [stdout]     |
[INFO] [stdout] 139 |         fn contexts() -> (async_native_tls::TlsAcceptor, async_native_tls_alpn::TlsConnector) {
[INFO] [stdout]     |                                                          ~~~~~~~~~~~~~~~~~~~~~
[INFO] [stdout] 
[INFO] [stdout] 
[INFO] [stdout] error: aborting due to 4 previous errors
[INFO] [stdout] 
[INFO] [stdout] 
[INFO] [stdout] Some errors have detailed explanations: E0282, E0432, E0433.
[INFO] [stdout] 
[INFO] [stdout] For more information about an error, try `rustc --explain E0282`.
[INFO] [stdout] 
[INFO] [stderr] error: could not compile `async-native-tls-alpn` (test "smoke") due to 5 previous errors
[INFO] running `Command { std: "docker" "inspect" "5479126beac69bfcc277049dfd0dffc0d7b8dfa9326a4abb049afd5d6b5f800f", kill_on_drop: false }`
[INFO] running `Command { std: "docker" "rm" "-f" "5479126beac69bfcc277049dfd0dffc0d7b8dfa9326a4abb049afd5d6b5f800f", kill_on_drop: false }`
[INFO] [stdout] 5479126beac69bfcc277049dfd0dffc0d7b8dfa9326a4abb049afd5d6b5f800f
