[INFO] fetching crate async-mesos 0.1.0...
[INFO] testing async-mesos-0.1.0 against 1.75.0 for beta-1.76-1
[INFO] extracting crate async-mesos 0.1.0 into /workspace/builds/worker-7-tc1/source
[INFO] validating manifest of crates.io crate async-mesos 0.1.0 on toolchain 1.75.0
[INFO] running `Command { std: CARGO_HOME="/workspace/cargo-home" RUSTUP_HOME="/workspace/rustup-home" "/workspace/cargo-home/bin/cargo" "+1.75.0" "metadata" "--manifest-path" "Cargo.toml" "--no-deps", kill_on_drop: false }`
[INFO] started tweaking crates.io crate async-mesos 0.1.0
[INFO] finished tweaking crates.io crate async-mesos 0.1.0
[INFO] tweaked toml for crates.io crate async-mesos 0.1.0 written to /workspace/builds/worker-7-tc1/source/Cargo.toml
[INFO] running `Command { std: CARGO_HOME="/workspace/cargo-home" RUSTUP_HOME="/workspace/rustup-home" "/workspace/cargo-home/bin/cargo" "+1.75.0" "generate-lockfile" "--manifest-path" "Cargo.toml", kill_on_drop: false }`
[INFO] [stderr]     Updating crates.io index
[INFO] running `Command { std: CARGO_HOME="/workspace/cargo-home" RUSTUP_HOME="/workspace/rustup-home" "/workspace/cargo-home/bin/cargo" "+1.75.0" "fetch" "--manifest-path" "Cargo.toml", kill_on_drop: false }`
[INFO] [stderr]  Downloading crates ...
[INFO] [stderr]   Downloaded try-lock v0.1.0
[INFO] [stderr]   Downloaded num-complex v0.1.43
[INFO] [stderr]   Downloaded simple_logger v0.5.0
[INFO] [stderr]   Downloaded slab v0.3.0
[INFO] [stderr]   Downloaded num-rational v0.1.42
[INFO] [stderr]   Downloaded log v0.3.9
[INFO] [stderr]   Downloaded want v0.0.4
[INFO] [stderr]   Downloaded scoped-tls v0.1.2
[INFO] [stderr]   Downloaded num-bigint v0.1.44
[INFO] [stderr]   Downloaded spectral v0.6.0
[INFO] [stderr]   Downloaded percent-encoding v1.0.1
[INFO] [stderr]   Downloaded num v0.1.42
[INFO] [stderr]   Downloaded base64 v0.9.3
[INFO] [stderr]   Downloaded tokio-core v0.1.18
[INFO] [stderr]   Downloaded tokio-proto v0.1.1
[INFO] [stderr]   Downloaded tokio-service v0.1.0
[INFO] [stderr]   Downloaded relay v0.1.1
[INFO] [stderr]   Downloaded take v0.1.0
[INFO] [stderr]   Downloaded users v0.6.1
[INFO] [stderr]   Downloaded smallvec v0.2.1
[INFO] [stderr]   Downloaded hyper v0.11.27
[INFO] [stderr]   Downloaded protobuf v1.7.5
[INFO] running `Command { std: "docker" "create" "-v" "/var/lib/crater-agent-workspace/builds/worker-7-tc1/target:/opt/rustwide/target:rw,Z" "-v" "/var/lib/crater-agent-workspace/builds/worker-7-tc1/source:/opt/rustwide/workdir:ro,Z" "-v" "/var/lib/crater-agent-workspace/cargo-home:/opt/rustwide/cargo-home:ro,Z" "-v" "/var/lib/crater-agent-workspace/rustup-home:/opt/rustwide/rustup-home:ro,Z" "-e" "SOURCE_DIR=/opt/rustwide/workdir" "-e" "CARGO_TARGET_DIR=/opt/rustwide/target" "-e" "CARGO_HOME=/opt/rustwide/cargo-home" "-e" "RUSTUP_HOME=/opt/rustwide/rustup-home" "-w" "/opt/rustwide/workdir" "-m" "1610612736" "--user" "0:0" "--network" "none" "ghcr.io/rust-lang/crates-build-env/linux@sha256:2788e3201cd34a07e3172128adcd8b3090168a8e3bcc40d7c032b9dda1df7d1c" "/opt/rustwide/cargo-home/bin/cargo" "+1.75.0" "metadata" "--no-deps" "--format-version=1", kill_on_drop: false }`
[INFO] [stdout] f4c7e33762bd60d01918c08e99ae8261ad76f0d8df8f19f511df1f6174458459
[INFO] running `Command { std: "docker" "start" "-a" "f4c7e33762bd60d01918c08e99ae8261ad76f0d8df8f19f511df1f6174458459", kill_on_drop: false }`
[INFO] running `Command { std: "docker" "inspect" "f4c7e33762bd60d01918c08e99ae8261ad76f0d8df8f19f511df1f6174458459", kill_on_drop: false }`
[INFO] running `Command { std: "docker" "rm" "-f" "f4c7e33762bd60d01918c08e99ae8261ad76f0d8df8f19f511df1f6174458459", kill_on_drop: false }`
[INFO] [stdout] f4c7e33762bd60d01918c08e99ae8261ad76f0d8df8f19f511df1f6174458459
[INFO] running `Command { std: "docker" "create" "-v" "/var/lib/crater-agent-workspace/builds/worker-7-tc1/target:/opt/rustwide/target:rw,Z" "-v" "/var/lib/crater-agent-workspace/builds/worker-7-tc1/source:/opt/rustwide/workdir:ro,Z" "-v" "/var/lib/crater-agent-workspace/cargo-home:/opt/rustwide/cargo-home:ro,Z" "-v" "/var/lib/crater-agent-workspace/rustup-home:/opt/rustwide/rustup-home:ro,Z" "-e" "SOURCE_DIR=/opt/rustwide/workdir" "-e" "CARGO_TARGET_DIR=/opt/rustwide/target" "-e" "CARGO_INCREMENTAL=0" "-e" "RUST_BACKTRACE=full" "-e" "RUSTFLAGS=--cap-lints=warn" "-e" "RUSTDOCFLAGS=--cap-lints=warn" "-e" "CARGO_HOME=/opt/rustwide/cargo-home" "-e" "RUSTUP_HOME=/opt/rustwide/rustup-home" "-w" "/opt/rustwide/workdir" "-m" "1610612736" "--user" "0:0" "--network" "none" "ghcr.io/rust-lang/crates-build-env/linux@sha256:2788e3201cd34a07e3172128adcd8b3090168a8e3bcc40d7c032b9dda1df7d1c" "/opt/rustwide/cargo-home/bin/cargo" "+1.75.0" "build" "--frozen" "--message-format=json", kill_on_drop: false }`
[INFO] [stdout] 5b0baf2946288b6ad69751a500c1a22adca4273b7a93e248f34e7f3c8c9b3326
[INFO] running `Command { std: "docker" "start" "-a" "5b0baf2946288b6ad69751a500c1a22adca4273b7a93e248f34e7f3c8c9b3326", kill_on_drop: false }`
[INFO] [stderr]    Compiling cfg-if v0.1.10
[INFO] [stderr]    Compiling futures v0.1.31
[INFO] [stderr]    Compiling maybe-uninit v2.0.0
[INFO] [stderr]    Compiling semver-parser v0.7.0
[INFO] [stderr]    Compiling syn v1.0.109
[INFO] [stderr]    Compiling crossbeam-utils v0.7.2
[INFO] [stderr]    Compiling memoffset v0.5.6
[INFO] [stderr]    Compiling lock_api v0.3.4
[INFO] [stderr]    Compiling crossbeam-epoch v0.8.2
[INFO] [stderr]    Compiling unicase v2.7.0
[INFO] [stderr]    Compiling failure_derive v0.1.8
[INFO] [stderr]    Compiling unicode-xid v0.2.4
[INFO] [stderr]    Compiling iovec v0.1.4
[INFO] [stderr]    Compiling num_cpus v1.16.0
[INFO] [stderr]    Compiling cc v1.0.83
[INFO] [stderr]    Compiling gimli v0.28.1
[INFO] [stderr]    Compiling net2 v0.2.39
[INFO] [stderr]    Compiling bytes v0.4.12
[INFO] [stderr]    Compiling memchr v2.7.1
[INFO] [stderr]    Compiling semver v0.9.0
[INFO] [stderr]    Compiling mio v0.6.23
[INFO] [stderr]    Compiling scoped-tls v0.1.2
[INFO] [stderr]    Compiling log v0.3.9
[INFO] [stderr]    Compiling miniz_oxide v0.7.1
[INFO] [stderr]    Compiling safemem v0.3.3
[INFO] [stderr]    Compiling rustc_version v0.2.3
[INFO] [stderr]    Compiling smallvec v0.6.14
[INFO] [stderr]    Compiling smallvec v0.2.1
[INFO] [stderr]    Compiling take v0.1.0
[INFO] [stderr]    Compiling protobuf v1.7.5
[INFO] [stderr]    Compiling try-lock v0.1.0
[INFO] [stderr]    Compiling slab v0.3.0
[INFO] [stderr]    Compiling base64 v0.9.3
[INFO] [stderr]    Compiling language-tags v0.2.2
[INFO] [stderr]    Compiling bytes v0.6.0
[INFO] [stderr]    Compiling parking_lot_core v0.6.3
[INFO] [stderr]    Compiling parking_lot v0.9.0
[INFO] [stderr]    Compiling object v0.32.2
[INFO] [stderr]    Compiling percent-encoding v1.0.1
[INFO] [stderr]    Compiling crossbeam-queue v0.2.3
[INFO] [stderr]    Compiling mio-uds v0.6.8
[INFO] [stderr]    Compiling crossbeam-deque v0.7.4
[INFO] [stderr]    Compiling tokio-executor v0.1.10
[INFO] [stderr]    Compiling tokio-io v0.1.13
[INFO] [stderr]    Compiling tokio-sync v0.1.8
[INFO] [stderr]    Compiling tokio-service v0.1.0
[INFO] [stderr]    Compiling relay v0.1.1
[INFO] [stderr]    Compiling want v0.0.4
[INFO] [stderr]    Compiling futures-cpupool v0.1.8
[INFO] [stderr]    Compiling backtrace v0.3.69
[INFO] [stderr]    Compiling tokio-threadpool v0.1.18
[INFO] [stderr]    Compiling tokio-timer v0.2.13
[INFO] [stderr]    Compiling tokio-current-thread v0.1.7
[INFO] [stderr]    Compiling tokio-codec v0.1.2
[INFO] [stderr]    Compiling tokio-reactor v0.1.12
[INFO] [stderr]    Compiling tokio-fs v0.1.7
[INFO] [stderr]    Compiling tokio-uds v0.2.7
[INFO] [stderr]    Compiling tokio-tcp v0.1.4
[INFO] [stderr]    Compiling tokio-udp v0.1.6
[INFO] [stderr]    Compiling tokio v0.1.22
[INFO] [stderr]    Compiling tokio-core v0.1.18
[INFO] [stderr]    Compiling addr2line v0.21.0
[INFO] [stdout] error[E0277]: the trait bound `usize: RangeBounds<usize>` is not satisfied
[INFO] [stdout]    --> /opt/rustwide/cargo-home/registry/src/index.crates.io-6f17d22bba15001f/protobuf-1.7.5/src/buf_read_iter.rs:230:33
[INFO] [stdout]     |
[INFO] [stdout] 230 |             let r = bytes.slice(self.pos_within_buf, self.pos_within_buf + len);
[INFO] [stdout]     |                           ----- ^^^^^^^^^^^^^^^^^^^ the trait `RangeBounds<usize>` is not implemented for `usize`
[INFO] [stdout]     |                           |
[INFO] [stdout]     |                           required by a bound introduced by this call
[INFO] [stdout]     |
[INFO] [stdout] note: required by a bound in `bytes::Bytes::slice`
[INFO] [stdout]    --> /opt/rustwide/cargo-home/registry/src/index.crates.io-6f17d22bba15001f/bytes-0.6.0/src/bytes.rs:228:37
[INFO] [stdout]     |
[INFO] [stdout] 228 |     pub fn slice(&self, range: impl RangeBounds<usize>) -> Bytes {
[INFO] [stdout]     |                                     ^^^^^^^^^^^^^^^^^^ required by this bound in `Bytes::slice`
[INFO] [stdout] 
[INFO] [stdout] 
[INFO] [stdout] error[E0061]: this method takes 1 argument but 2 arguments were supplied
[INFO] [stdout]    --> /opt/rustwide/cargo-home/registry/src/index.crates.io-6f17d22bba15001f/protobuf-1.7.5/src/buf_read_iter.rs:230:27
[INFO] [stdout]     |
[INFO] [stdout] 230 |             let r = bytes.slice(self.pos_within_buf, self.pos_within_buf + len);
[INFO] [stdout]     |                           ^^^^^                    ---------------------------
[INFO] [stdout]     |                                                    | |
[INFO] [stdout]     |                                                    | unexpected argument of type `usize`
[INFO] [stdout]     |                                                    help: remove the extra argument
[INFO] [stdout]     |
[INFO] [stdout] note: method defined here
[INFO] [stdout]    --> /opt/rustwide/cargo-home/registry/src/index.crates.io-6f17d22bba15001f/bytes-0.6.0/src/bytes.rs:228:12
[INFO] [stdout]     |
[INFO] [stdout] 228 |     pub fn slice(&self, range: impl RangeBounds<usize>) -> Bytes {
[INFO] [stdout]     |            ^^^^^
[INFO] [stdout] 
[INFO] [stdout] 
[INFO] [stdout] error[E0308]: mismatched types
[INFO] [stdout]    --> /opt/rustwide/cargo-home/registry/src/index.crates.io-6f17d22bba15001f/protobuf-1.7.5/src/buf_read_iter.rs:238:37
[INFO] [stdout]     |
[INFO] [stdout] 238 |                     self.read_exact(buf)?;
[INFO] [stdout]     |                          ---------- ^^^ expected `&mut [u8]`, found `&mut UninitSlice`
[INFO] [stdout]     |                          |
[INFO] [stdout]     |                          arguments to this method are incorrect
[INFO] [stdout]     |
[INFO] [stdout]     = note: expected mutable reference `&mut [u8]`
[INFO] [stdout]                found mutable reference `&mut UninitSlice`
[INFO] [stdout] note: method defined here
[INFO] [stdout]    --> /opt/rustwide/cargo-home/registry/src/index.crates.io-6f17d22bba15001f/protobuf-1.7.5/src/buf_read_iter.rs:257:12
[INFO] [stdout]     |
[INFO] [stdout] 257 |     pub fn read_exact(&mut self, mut buf: &mut [u8]) -> ProtobufResult<()> {
[INFO] [stdout]     |            ^^^^^^^^^^            ------------------
[INFO] [stdout] 
[INFO] [stdout] 
[INFO] [stdout] error: aborting due to 3 previous errors
[INFO] [stdout] 
[INFO] [stdout] 
[INFO] [stdout] Some errors have detailed explanations: E0061, E0277, E0308.
[INFO] [stdout] 
[INFO] [stdout] For more information about an error, try `rustc --explain E0061`.
[INFO] [stdout] 
[INFO] [stderr] error: could not compile `protobuf` (lib) due to 4 previous errors
[INFO] [stderr] warning: build failed, waiting for other jobs to finish...
[INFO] running `Command { std: "docker" "inspect" "5b0baf2946288b6ad69751a500c1a22adca4273b7a93e248f34e7f3c8c9b3326", kill_on_drop: false }`
[INFO] running `Command { std: "docker" "rm" "-f" "5b0baf2946288b6ad69751a500c1a22adca4273b7a93e248f34e7f3c8c9b3326", kill_on_drop: false }`
[INFO] [stdout] 5b0baf2946288b6ad69751a500c1a22adca4273b7a93e248f34e7f3c8c9b3326
[INFO] testing async-mesos-0.1.0 against beta-2023-12-22 for beta-1.76-1
[INFO] extracting crate async-mesos 0.1.0 into /workspace/builds/worker-7-tc2/source
[INFO] validating manifest of crates.io crate async-mesos 0.1.0 on toolchain beta-2023-12-22
[INFO] running `Command { std: CARGO_HOME="/workspace/cargo-home" RUSTUP_HOME="/workspace/rustup-home" "/workspace/cargo-home/bin/cargo" "+beta-2023-12-22" "metadata" "--manifest-path" "Cargo.toml" "--no-deps", kill_on_drop: false }`
[INFO] started tweaking crates.io crate async-mesos 0.1.0
[INFO] finished tweaking crates.io crate async-mesos 0.1.0
[INFO] tweaked toml for crates.io crate async-mesos 0.1.0 written to /workspace/builds/worker-7-tc2/source/Cargo.toml
[INFO] running `Command { std: CARGO_HOME="/workspace/cargo-home" RUSTUP_HOME="/workspace/rustup-home" "/workspace/cargo-home/bin/cargo" "+beta-2023-12-22" "generate-lockfile" "--manifest-path" "Cargo.toml", kill_on_drop: false }`
[INFO] [stderr]     Updating crates.io index
[INFO] running `Command { std: CARGO_HOME="/workspace/cargo-home" RUSTUP_HOME="/workspace/rustup-home" "/workspace/cargo-home/bin/cargo" "+beta-2023-12-22" "fetch" "--manifest-path" "Cargo.toml", kill_on_drop: false }`
[INFO] running `Command { std: "docker" "create" "-v" "/var/lib/crater-agent-workspace/builds/worker-7-tc2/target:/opt/rustwide/target:rw,Z" "-v" "/var/lib/crater-agent-workspace/builds/worker-7-tc2/source:/opt/rustwide/workdir:ro,Z" "-v" "/var/lib/crater-agent-workspace/cargo-home:/opt/rustwide/cargo-home:ro,Z" "-v" "/var/lib/crater-agent-workspace/rustup-home:/opt/rustwide/rustup-home:ro,Z" "-e" "SOURCE_DIR=/opt/rustwide/workdir" "-e" "CARGO_TARGET_DIR=/opt/rustwide/target" "-e" "CARGO_HOME=/opt/rustwide/cargo-home" "-e" "RUSTUP_HOME=/opt/rustwide/rustup-home" "-w" "/opt/rustwide/workdir" "-m" "1610612736" "--user" "0:0" "--network" "none" "ghcr.io/rust-lang/crates-build-env/linux@sha256:2788e3201cd34a07e3172128adcd8b3090168a8e3bcc40d7c032b9dda1df7d1c" "/opt/rustwide/cargo-home/bin/cargo" "+beta-2023-12-22" "metadata" "--no-deps" "--format-version=1", kill_on_drop: false }`
[INFO] [stdout] 387d02c0b907b74c994f4e35dd6fc17fe17b8de79575cc0cc30132b5d34d4f2a
[INFO] running `Command { std: "docker" "start" "-a" "387d02c0b907b74c994f4e35dd6fc17fe17b8de79575cc0cc30132b5d34d4f2a", kill_on_drop: false }`
[INFO] running `Command { std: "docker" "inspect" "387d02c0b907b74c994f4e35dd6fc17fe17b8de79575cc0cc30132b5d34d4f2a", kill_on_drop: false }`
[INFO] running `Command { std: "docker" "rm" "-f" "387d02c0b907b74c994f4e35dd6fc17fe17b8de79575cc0cc30132b5d34d4f2a", kill_on_drop: false }`
[INFO] [stdout] 387d02c0b907b74c994f4e35dd6fc17fe17b8de79575cc0cc30132b5d34d4f2a
[INFO] running `Command { std: "docker" "create" "-v" "/var/lib/crater-agent-workspace/builds/worker-7-tc2/target:/opt/rustwide/target:rw,Z" "-v" "/var/lib/crater-agent-workspace/builds/worker-7-tc2/source:/opt/rustwide/workdir:ro,Z" "-v" "/var/lib/crater-agent-workspace/cargo-home:/opt/rustwide/cargo-home:ro,Z" "-v" "/var/lib/crater-agent-workspace/rustup-home:/opt/rustwide/rustup-home:ro,Z" "-e" "SOURCE_DIR=/opt/rustwide/workdir" "-e" "CARGO_TARGET_DIR=/opt/rustwide/target" "-e" "CARGO_INCREMENTAL=0" "-e" "RUST_BACKTRACE=full" "-e" "RUSTFLAGS=--cap-lints=warn" "-e" "RUSTDOCFLAGS=--cap-lints=warn" "-e" "CARGO_HOME=/opt/rustwide/cargo-home" "-e" "RUSTUP_HOME=/opt/rustwide/rustup-home" "-w" "/opt/rustwide/workdir" "-m" "1610612736" "--user" "0:0" "--network" "none" "ghcr.io/rust-lang/crates-build-env/linux@sha256:2788e3201cd34a07e3172128adcd8b3090168a8e3bcc40d7c032b9dda1df7d1c" "/opt/rustwide/cargo-home/bin/cargo" "+beta-2023-12-22" "build" "--frozen" "--message-format=json", kill_on_drop: false }`
[INFO] [stdout] a83186c11fa17c257a7537ae6a5c679816ebbf8a253cca8bebeb15f677fb0cd9
[INFO] running `Command { std: "docker" "start" "-a" "a83186c11fa17c257a7537ae6a5c679816ebbf8a253cca8bebeb15f677fb0cd9", kill_on_drop: false }`
[INFO] [stderr]    Compiling cfg-if v0.1.10
[INFO] [stderr]    Compiling futures v0.1.31
[INFO] [stderr]    Compiling maybe-uninit v2.0.0
[INFO] [stderr]    Compiling semver-parser v0.7.0
[INFO] [stderr]    Compiling syn v1.0.109
[INFO] [stderr]    Compiling crossbeam-utils v0.7.2
[INFO] [stderr]    Compiling memoffset v0.5.6
[INFO] [stderr]    Compiling lock_api v0.3.4
[INFO] [stderr]    Compiling crossbeam-epoch v0.8.2
[INFO] [stderr]    Compiling unicase v2.7.0
[INFO] [stderr]    Compiling failure_derive v0.1.8
[INFO] [stderr]    Compiling gimli v0.28.1
[INFO] [stderr]    Compiling unicode-xid v0.2.4
[INFO] [stderr]    Compiling iovec v0.1.4
[INFO] [stderr]    Compiling num_cpus v1.16.0
[INFO] [stderr]    Compiling cc v1.0.83
[INFO] [stderr]    Compiling net2 v0.2.39
[INFO] [stderr]    Compiling bytes v0.4.12
[INFO] [stderr]    Compiling semver v0.9.0
[INFO] [stderr]    Compiling scoped-tls v0.1.2
[INFO] [stderr]    Compiling memchr v2.7.1
[INFO] [stderr]    Compiling rustc_version v0.2.3
[INFO] [stderr]    Compiling mio v0.6.23
[INFO] [stderr]    Compiling smallvec v0.6.14
[INFO] [stderr]    Compiling log v0.3.9
[INFO] [stderr]    Compiling miniz_oxide v0.7.1
[INFO] [stderr]    Compiling take v0.1.0
[INFO] [stderr]    Compiling protobuf v1.7.5
[INFO] [stderr]    Compiling smallvec v0.2.1
[INFO] [stderr]    Compiling slab v0.3.0
[INFO] [stderr]    Compiling parking_lot_core v0.6.3
[INFO] [stderr]    Compiling parking_lot v0.9.0
[INFO] [stderr]    Compiling safemem v0.3.3
[INFO] [stderr]    Compiling try-lock v0.1.0
[INFO] [stderr]    Compiling base64 v0.9.3
[INFO] [stderr]    Compiling language-tags v0.2.2
[INFO] [stderr]    Compiling percent-encoding v1.0.1
[INFO] [stderr]    Compiling object v0.32.2
[INFO] [stderr]    Compiling bytes v0.6.0
[INFO] [stderr]    Compiling crossbeam-queue v0.2.3
[INFO] [stderr]    Compiling mio-uds v0.6.8
[INFO] [stderr]    Compiling tokio-executor v0.1.10
[INFO] [stderr]    Compiling tokio-io v0.1.13
[INFO] [stderr]    Compiling tokio-sync v0.1.8
[INFO] [stderr]    Compiling crossbeam-deque v0.7.4
[INFO] [stderr]    Compiling tokio-service v0.1.0
[INFO] [stderr]    Compiling want v0.0.4
[INFO] [stderr]    Compiling backtrace v0.3.69
[INFO] [stderr]    Compiling relay v0.1.1
[INFO] [stderr]    Compiling tokio-timer v0.2.13
[INFO] [stderr]    Compiling tokio-current-thread v0.1.7
[INFO] [stderr]    Compiling futures-cpupool v0.1.8
[INFO] [stderr]    Compiling tokio-threadpool v0.1.18
[INFO] [stderr]    Compiling tokio-codec v0.1.2
[INFO] [stderr]    Compiling tokio-reactor v0.1.12
[INFO] [stderr]    Compiling tokio-udp v0.1.6
[INFO] [stderr]    Compiling tokio-tcp v0.1.4
[INFO] [stderr]    Compiling tokio-uds v0.2.7
[INFO] [stderr]    Compiling tokio-fs v0.1.7
[INFO] [stderr]    Compiling tokio v0.1.22
[INFO] [stderr]    Compiling addr2line v0.21.0
[INFO] [stderr]    Compiling tokio-core v0.1.18
[INFO] [stderr]    Compiling synstructure v0.12.6
[INFO] [stdout] error[E0277]: the trait bound `usize: RangeBounds<usize>` is not satisfied
[INFO] [stdout]    --> /opt/rustwide/cargo-home/registry/src/index.crates.io-6f17d22bba15001f/protobuf-1.7.5/src/buf_read_iter.rs:230:33
[INFO] [stdout]     |
[INFO] [stdout] 230 |             let r = bytes.slice(self.pos_within_buf, self.pos_within_buf + len);
[INFO] [stdout]     |                           ----- ^^^^^^^^^^^^^^^^^^^ the trait `RangeBounds<usize>` is not implemented for `usize`
[INFO] [stdout]     |                           |
[INFO] [stdout]     |                           required by a bound introduced by this call
[INFO] [stdout]     |
[INFO] [stdout] note: required by a bound in `bytes::Bytes::slice`
[INFO] [stdout]    --> /opt/rustwide/cargo-home/registry/src/index.crates.io-6f17d22bba15001f/bytes-0.6.0/src/bytes.rs:228:37
[INFO] [stdout]     |
[INFO] [stdout] 228 |     pub fn slice(&self, range: impl RangeBounds<usize>) -> Bytes {
[INFO] [stdout]     |                                     ^^^^^^^^^^^^^^^^^^ required by this bound in `Bytes::slice`
[INFO] [stdout] 
[INFO] [stdout] 
[INFO] [stdout] error[E0061]: this method takes 1 argument but 2 arguments were supplied
[INFO] [stdout]    --> /opt/rustwide/cargo-home/registry/src/index.crates.io-6f17d22bba15001f/protobuf-1.7.5/src/buf_read_iter.rs:230:27
[INFO] [stdout]     |
[INFO] [stdout] 230 |             let r = bytes.slice(self.pos_within_buf, self.pos_within_buf + len);
[INFO] [stdout]     |                           ^^^^^                    ---------------------------
[INFO] [stdout]     |                                                    | |
[INFO] [stdout]     |                                                    | unexpected argument of type `usize`
[INFO] [stdout]     |                                                    help: remove the extra argument
[INFO] [stdout]     |
[INFO] [stdout] note: method defined here
[INFO] [stdout]    --> /opt/rustwide/cargo-home/registry/src/index.crates.io-6f17d22bba15001f/bytes-0.6.0/src/bytes.rs:228:12
[INFO] [stdout]     |
[INFO] [stdout] 228 |     pub fn slice(&self, range: impl RangeBounds<usize>) -> Bytes {
[INFO] [stdout]     |            ^^^^^
[INFO] [stdout] 
[INFO] [stdout] 
[INFO] [stderr]    Compiling tokio-proto v0.1.1
[INFO] [stdout] error[E0308]: mismatched types
[INFO] [stdout]    --> /opt/rustwide/cargo-home/registry/src/index.crates.io-6f17d22bba15001f/protobuf-1.7.5/src/buf_read_iter.rs:238:37
[INFO] [stdout]     |
[INFO] [stdout] 238 |                     self.read_exact(buf)?;
[INFO] [stdout]     |                          ---------- ^^^ expected `&mut [u8]`, found `&mut UninitSlice`
[INFO] [stdout]     |                          |
[INFO] [stdout]     |                          arguments to this method are incorrect
[INFO] [stdout]     |
[INFO] [stdout]     = note: expected mutable reference `&mut [u8]`
[INFO] [stdout]                found mutable reference `&mut UninitSlice`
[INFO] [stdout] note: method defined here
[INFO] [stdout]    --> /opt/rustwide/cargo-home/registry/src/index.crates.io-6f17d22bba15001f/protobuf-1.7.5/src/buf_read_iter.rs:257:12
[INFO] [stdout]     |
[INFO] [stdout] 257 |     pub fn read_exact(&mut self, mut buf: &mut [u8]) -> ProtobufResult<()> {
[INFO] [stdout]     |            ^^^^^^^^^^            ------------------
[INFO] [stdout] 
[INFO] [stdout] 
[INFO] [stdout] error: aborting due to 3 previous errors
[INFO] [stdout] 
[INFO] [stdout] 
[INFO] [stdout] Some errors have detailed explanations: E0061, E0277, E0308.
[INFO] [stdout] 
[INFO] [stdout] For more information about an error, try `rustc --explain E0061`.
[INFO] [stdout] 
[INFO] [stderr] error: could not compile `protobuf` (lib) due to 4 previous errors
[INFO] [stderr] warning: build failed, waiting for other jobs to finish...
[INFO] running `Command { std: "docker" "inspect" "a83186c11fa17c257a7537ae6a5c679816ebbf8a253cca8bebeb15f677fb0cd9", kill_on_drop: false }`
[INFO] running `Command { std: "docker" "rm" "-f" "a83186c11fa17c257a7537ae6a5c679816ebbf8a253cca8bebeb15f677fb0cd9", kill_on_drop: false }`
[INFO] [stdout] a83186c11fa17c257a7537ae6a5c679816ebbf8a253cca8bebeb15f677fb0cd9
