[INFO] fetching crate async-http-body 0.1.6...
[INFO] testing async-http-body-0.1.6 against 1.75.0 for beta-1.76-1
[INFO] extracting crate async-http-body 0.1.6 into /workspace/builds/worker-4-tc1/source
[INFO] validating manifest of crates.io crate async-http-body 0.1.6 on toolchain 1.75.0
[INFO] running `Command { std: CARGO_HOME="/workspace/cargo-home" RUSTUP_HOME="/workspace/rustup-home" "/workspace/cargo-home/bin/cargo" "+1.75.0" "metadata" "--manifest-path" "Cargo.toml" "--no-deps", kill_on_drop: false }`
[INFO] started tweaking crates.io crate async-http-body 0.1.6
[INFO] finished tweaking crates.io crate async-http-body 0.1.6
[INFO] tweaked toml for crates.io crate async-http-body 0.1.6 written to /workspace/builds/worker-4-tc1/source/Cargo.toml
[INFO] running `Command { std: CARGO_HOME="/workspace/cargo-home" RUSTUP_HOME="/workspace/rustup-home" "/workspace/cargo-home/bin/cargo" "+1.75.0" "generate-lockfile" "--manifest-path" "Cargo.toml", kill_on_drop: false }`
[INFO] [stderr]     Updating crates.io index
[INFO] running `Command { std: CARGO_HOME="/workspace/cargo-home" RUSTUP_HOME="/workspace/rustup-home" "/workspace/cargo-home/bin/cargo" "+1.75.0" "fetch" "--manifest-path" "Cargo.toml", kill_on_drop: false }`
[INFO] [stderr]  Downloading crates ...
[INFO] [stderr]   Downloaded self-reference v0.1.10
[INFO] running `Command { std: "docker" "create" "-v" "/var/lib/crater-agent-workspace/builds/worker-4-tc1/target:/opt/rustwide/target:rw,Z" "-v" "/var/lib/crater-agent-workspace/builds/worker-4-tc1/source:/opt/rustwide/workdir:ro,Z" "-v" "/var/lib/crater-agent-workspace/cargo-home:/opt/rustwide/cargo-home:ro,Z" "-v" "/var/lib/crater-agent-workspace/rustup-home:/opt/rustwide/rustup-home:ro,Z" "-e" "SOURCE_DIR=/opt/rustwide/workdir" "-e" "CARGO_TARGET_DIR=/opt/rustwide/target" "-e" "CARGO_HOME=/opt/rustwide/cargo-home" "-e" "RUSTUP_HOME=/opt/rustwide/rustup-home" "-w" "/opt/rustwide/workdir" "-m" "1610612736" "--user" "0:0" "--network" "none" "ghcr.io/rust-lang/crates-build-env/linux@sha256:2788e3201cd34a07e3172128adcd8b3090168a8e3bcc40d7c032b9dda1df7d1c" "/opt/rustwide/cargo-home/bin/cargo" "+1.75.0" "metadata" "--no-deps" "--format-version=1", kill_on_drop: false }`
[INFO] [stdout] 4c87a1feb33ae8b21b5bfed2f03052cf7aa63f8d659de833f18f50f581bd8ec3
[INFO] running `Command { std: "docker" "start" "-a" "4c87a1feb33ae8b21b5bfed2f03052cf7aa63f8d659de833f18f50f581bd8ec3", kill_on_drop: false }`
[INFO] running `Command { std: "docker" "inspect" "4c87a1feb33ae8b21b5bfed2f03052cf7aa63f8d659de833f18f50f581bd8ec3", kill_on_drop: false }`
[INFO] running `Command { std: "docker" "rm" "-f" "4c87a1feb33ae8b21b5bfed2f03052cf7aa63f8d659de833f18f50f581bd8ec3", kill_on_drop: false }`
[INFO] [stdout] 4c87a1feb33ae8b21b5bfed2f03052cf7aa63f8d659de833f18f50f581bd8ec3
[INFO] running `Command { std: "docker" "create" "-v" "/var/lib/crater-agent-workspace/builds/worker-4-tc1/target:/opt/rustwide/target:rw,Z" "-v" "/var/lib/crater-agent-workspace/builds/worker-4-tc1/source:/opt/rustwide/workdir:ro,Z" "-v" "/var/lib/crater-agent-workspace/cargo-home:/opt/rustwide/cargo-home:ro,Z" "-v" "/var/lib/crater-agent-workspace/rustup-home:/opt/rustwide/rustup-home:ro,Z" "-e" "SOURCE_DIR=/opt/rustwide/workdir" "-e" "CARGO_TARGET_DIR=/opt/rustwide/target" "-e" "CARGO_INCREMENTAL=0" "-e" "RUST_BACKTRACE=full" "-e" "RUSTFLAGS=--cap-lints=warn" "-e" "RUSTDOCFLAGS=--cap-lints=warn" "-e" "CARGO_HOME=/opt/rustwide/cargo-home" "-e" "RUSTUP_HOME=/opt/rustwide/rustup-home" "-w" "/opt/rustwide/workdir" "-m" "1610612736" "--user" "0:0" "--network" "none" "ghcr.io/rust-lang/crates-build-env/linux@sha256:2788e3201cd34a07e3172128adcd8b3090168a8e3bcc40d7c032b9dda1df7d1c" "/opt/rustwide/cargo-home/bin/cargo" "+1.75.0" "build" "--frozen" "--message-format=json", kill_on_drop: false }`
[INFO] [stdout] d22ab97ca3566d018fc118ae35b4c4a9ac4f94f1ef6dff9a404aec3370986dad
[INFO] running `Command { std: "docker" "start" "-a" "d22ab97ca3566d018fc118ae35b4c4a9ac4f94f1ef6dff9a404aec3370986dad", kill_on_drop: false }`
[INFO] [stderr]    Compiling stable_deref_trait v1.2.0
[INFO] [stderr]    Compiling self-reference v0.1.10
[INFO] [stderr]    Compiling async-http-body v0.1.6 (/opt/rustwide/workdir)
[INFO] [stdout] error[E0106]: missing lifetime specifier
[INFO] [stdout]   --> src/adapter.rs:19:25
[INFO] [stdout]    |
[INFO] [stdout] 19 |     state: SelfReference<B, AdapterStateRefDef<B>>,
[INFO] [stdout]    |                         ^ expected named lifetime parameter
[INFO] [stdout]    |
[INFO] [stdout] help: consider introducing a named lifetime parameter
[INFO] [stdout]    |
[INFO] [stdout] 14 ~ pub struct AsyncBodyAdapter<'a, B>
[INFO] [stdout] 15 | where
[INFO] [stdout]  ...
[INFO] [stdout] 18 |     #[pin]
[INFO] [stdout] 19 ~     state: SelfReference<'a, B, AdapterStateRefDef<B>>,
[INFO] [stdout]    |
[INFO] [stdout] 
[INFO] [stdout] 
[INFO] [stdout] error[E0106]: missing lifetime specifier
[INFO] [stdout]   --> src/adapter.rs:19:25
[INFO] [stdout]    |
[INFO] [stdout] 19 |     state: SelfReference<B, AdapterStateRefDef<B>>,
[INFO] [stdout]    |                         ^ expected named lifetime parameter
[INFO] [stdout]    |
[INFO] [stdout] help: consider using the `'pin` lifetime
[INFO] [stdout]    |
[INFO] [stdout] 19 |     state: SelfReference<'pin, B, AdapterStateRefDef<B>>,
[INFO] [stdout]    |                          +++++
[INFO] [stdout] 
[INFO] [stdout] 
[INFO] [stdout] error: aborting due to 2 previous errors
[INFO] [stdout] 
[INFO] [stdout] 
[INFO] [stdout] For more information about this error, try `rustc --explain E0106`.
[INFO] [stdout] 
[INFO] [stderr] error: could not compile `async-http-body` (lib) due to 3 previous errors
[INFO] running `Command { std: "docker" "inspect" "d22ab97ca3566d018fc118ae35b4c4a9ac4f94f1ef6dff9a404aec3370986dad", kill_on_drop: false }`
[INFO] running `Command { std: "docker" "rm" "-f" "d22ab97ca3566d018fc118ae35b4c4a9ac4f94f1ef6dff9a404aec3370986dad", kill_on_drop: false }`
[INFO] [stdout] d22ab97ca3566d018fc118ae35b4c4a9ac4f94f1ef6dff9a404aec3370986dad
[INFO] testing async-http-body-0.1.6 against beta-2023-12-22 for beta-1.76-1
[INFO] extracting crate async-http-body 0.1.6 into /workspace/builds/worker-4-tc2/source
[INFO] validating manifest of crates.io crate async-http-body 0.1.6 on toolchain beta-2023-12-22
[INFO] running `Command { std: CARGO_HOME="/workspace/cargo-home" RUSTUP_HOME="/workspace/rustup-home" "/workspace/cargo-home/bin/cargo" "+beta-2023-12-22" "metadata" "--manifest-path" "Cargo.toml" "--no-deps", kill_on_drop: false }`
[INFO] started tweaking crates.io crate async-http-body 0.1.6
[INFO] finished tweaking crates.io crate async-http-body 0.1.6
[INFO] tweaked toml for crates.io crate async-http-body 0.1.6 written to /workspace/builds/worker-4-tc2/source/Cargo.toml
[INFO] running `Command { std: CARGO_HOME="/workspace/cargo-home" RUSTUP_HOME="/workspace/rustup-home" "/workspace/cargo-home/bin/cargo" "+beta-2023-12-22" "generate-lockfile" "--manifest-path" "Cargo.toml", kill_on_drop: false }`
[INFO] [stderr]     Updating crates.io index
[INFO] running `Command { std: CARGO_HOME="/workspace/cargo-home" RUSTUP_HOME="/workspace/rustup-home" "/workspace/cargo-home/bin/cargo" "+beta-2023-12-22" "fetch" "--manifest-path" "Cargo.toml", kill_on_drop: false }`
[INFO] running `Command { std: "docker" "create" "-v" "/var/lib/crater-agent-workspace/builds/worker-4-tc2/target:/opt/rustwide/target:rw,Z" "-v" "/var/lib/crater-agent-workspace/builds/worker-4-tc2/source:/opt/rustwide/workdir:ro,Z" "-v" "/var/lib/crater-agent-workspace/cargo-home:/opt/rustwide/cargo-home:ro,Z" "-v" "/var/lib/crater-agent-workspace/rustup-home:/opt/rustwide/rustup-home:ro,Z" "-e" "SOURCE_DIR=/opt/rustwide/workdir" "-e" "CARGO_TARGET_DIR=/opt/rustwide/target" "-e" "CARGO_HOME=/opt/rustwide/cargo-home" "-e" "RUSTUP_HOME=/opt/rustwide/rustup-home" "-w" "/opt/rustwide/workdir" "-m" "1610612736" "--user" "0:0" "--network" "none" "ghcr.io/rust-lang/crates-build-env/linux@sha256:2788e3201cd34a07e3172128adcd8b3090168a8e3bcc40d7c032b9dda1df7d1c" "/opt/rustwide/cargo-home/bin/cargo" "+beta-2023-12-22" "metadata" "--no-deps" "--format-version=1", kill_on_drop: false }`
[INFO] [stdout] bc787817aeb0387fd5c1646cd5fb46998d4876e6d4b9aee76ca6140104087d4a
[INFO] running `Command { std: "docker" "start" "-a" "bc787817aeb0387fd5c1646cd5fb46998d4876e6d4b9aee76ca6140104087d4a", kill_on_drop: false }`
[INFO] running `Command { std: "docker" "inspect" "bc787817aeb0387fd5c1646cd5fb46998d4876e6d4b9aee76ca6140104087d4a", kill_on_drop: false }`
[INFO] running `Command { std: "docker" "rm" "-f" "bc787817aeb0387fd5c1646cd5fb46998d4876e6d4b9aee76ca6140104087d4a", kill_on_drop: false }`
[INFO] [stdout] bc787817aeb0387fd5c1646cd5fb46998d4876e6d4b9aee76ca6140104087d4a
[INFO] running `Command { std: "docker" "create" "-v" "/var/lib/crater-agent-workspace/builds/worker-4-tc2/target:/opt/rustwide/target:rw,Z" "-v" "/var/lib/crater-agent-workspace/builds/worker-4-tc2/source:/opt/rustwide/workdir:ro,Z" "-v" "/var/lib/crater-agent-workspace/cargo-home:/opt/rustwide/cargo-home:ro,Z" "-v" "/var/lib/crater-agent-workspace/rustup-home:/opt/rustwide/rustup-home:ro,Z" "-e" "SOURCE_DIR=/opt/rustwide/workdir" "-e" "CARGO_TARGET_DIR=/opt/rustwide/target" "-e" "CARGO_INCREMENTAL=0" "-e" "RUST_BACKTRACE=full" "-e" "RUSTFLAGS=--cap-lints=warn" "-e" "RUSTDOCFLAGS=--cap-lints=warn" "-e" "CARGO_HOME=/opt/rustwide/cargo-home" "-e" "RUSTUP_HOME=/opt/rustwide/rustup-home" "-w" "/opt/rustwide/workdir" "-m" "1610612736" "--user" "0:0" "--network" "none" "ghcr.io/rust-lang/crates-build-env/linux@sha256:2788e3201cd34a07e3172128adcd8b3090168a8e3bcc40d7c032b9dda1df7d1c" "/opt/rustwide/cargo-home/bin/cargo" "+beta-2023-12-22" "build" "--frozen" "--message-format=json", kill_on_drop: false }`
[INFO] [stdout] 6b36819f3ba80fa6556bed1f8de597dfe393536c5d8546c70faeed478b409dde
[INFO] running `Command { std: "docker" "start" "-a" "6b36819f3ba80fa6556bed1f8de597dfe393536c5d8546c70faeed478b409dde", kill_on_drop: false }`
[INFO] [stderr]    Compiling stable_deref_trait v1.2.0
[INFO] [stderr]    Compiling self-reference v0.1.10
[INFO] [stderr]    Compiling async-http-body v0.1.6 (/opt/rustwide/workdir)
[INFO] [stdout] error[E0106]: missing lifetime specifier
[INFO] [stdout]   --> src/adapter.rs:19:25
[INFO] [stdout]    |
[INFO] [stdout] 19 |     state: SelfReference<B, AdapterStateRefDef<B>>,
[INFO] [stdout]    |                         ^ expected named lifetime parameter
[INFO] [stdout]    |
[INFO] [stdout] help: consider introducing a named lifetime parameter
[INFO] [stdout]    |
[INFO] [stdout] 14 ~ pub struct AsyncBodyAdapter<'a, B>
[INFO] [stdout] 15 | where
[INFO] [stdout]  ...
[INFO] [stdout] 18 |     #[pin]
[INFO] [stdout] 19 ~     state: SelfReference<'a, B, AdapterStateRefDef<B>>,
[INFO] [stdout]    |
[INFO] [stdout] 
[INFO] [stdout] 
[INFO] [stdout] error[E0106]: missing lifetime specifier
[INFO] [stdout]   --> src/adapter.rs:19:25
[INFO] [stdout]    |
[INFO] [stdout] 19 |     state: SelfReference<B, AdapterStateRefDef<B>>,
[INFO] [stdout]    |                         ^ expected named lifetime parameter
[INFO] [stdout]    |
[INFO] [stdout] help: consider using the `'pin` lifetime
[INFO] [stdout]    |
[INFO] [stdout] 19 |     state: SelfReference<'pin, B, AdapterStateRefDef<B>>,
[INFO] [stdout]    |                          +++++
[INFO] [stdout] 
[INFO] [stdout] 
[INFO] [stdout] error: aborting due to 2 previous errors
[INFO] [stdout] 
[INFO] [stdout] 
[INFO] [stdout] For more information about this error, try `rustc --explain E0106`.
[INFO] [stdout] 
[INFO] [stderr] error: could not compile `async-http-body` (lib) due to 3 previous errors
[INFO] running `Command { std: "docker" "inspect" "6b36819f3ba80fa6556bed1f8de597dfe393536c5d8546c70faeed478b409dde", kill_on_drop: false }`
[INFO] running `Command { std: "docker" "rm" "-f" "6b36819f3ba80fa6556bed1f8de597dfe393536c5d8546c70faeed478b409dde", kill_on_drop: false }`
[INFO] [stdout] 6b36819f3ba80fa6556bed1f8de597dfe393536c5d8546c70faeed478b409dde
