[INFO] fetching crate async-ffi-macros 0.5.0...
[INFO] testing async-ffi-macros-0.5.0 against 1.75.0 for beta-1.76-1
[INFO] extracting crate async-ffi-macros 0.5.0 into /workspace/builds/worker-7-tc1/source
[INFO] validating manifest of crates.io crate async-ffi-macros 0.5.0 on toolchain 1.75.0
[INFO] running `Command { std: CARGO_HOME="/workspace/cargo-home" RUSTUP_HOME="/workspace/rustup-home" "/workspace/cargo-home/bin/cargo" "+1.75.0" "metadata" "--manifest-path" "Cargo.toml" "--no-deps", kill_on_drop: false }`
[INFO] started tweaking crates.io crate async-ffi-macros 0.5.0
[INFO] finished tweaking crates.io crate async-ffi-macros 0.5.0
[INFO] tweaked toml for crates.io crate async-ffi-macros 0.5.0 written to /workspace/builds/worker-7-tc1/source/Cargo.toml
[INFO] running `Command { std: CARGO_HOME="/workspace/cargo-home" RUSTUP_HOME="/workspace/rustup-home" "/workspace/cargo-home/bin/cargo" "+1.75.0" "generate-lockfile" "--manifest-path" "Cargo.toml", kill_on_drop: false }`
[INFO] [stderr]     Updating crates.io index
[INFO] running `Command { std: CARGO_HOME="/workspace/cargo-home" RUSTUP_HOME="/workspace/rustup-home" "/workspace/cargo-home/bin/cargo" "+1.75.0" "fetch" "--manifest-path" "Cargo.toml", kill_on_drop: false }`
[INFO] running `Command { std: "docker" "create" "-v" "/var/lib/crater-agent-workspace/builds/worker-7-tc1/target:/opt/rustwide/target:rw,Z" "-v" "/var/lib/crater-agent-workspace/builds/worker-7-tc1/source:/opt/rustwide/workdir:ro,Z" "-v" "/var/lib/crater-agent-workspace/cargo-home:/opt/rustwide/cargo-home:ro,Z" "-v" "/var/lib/crater-agent-workspace/rustup-home:/opt/rustwide/rustup-home:ro,Z" "-e" "SOURCE_DIR=/opt/rustwide/workdir" "-e" "CARGO_TARGET_DIR=/opt/rustwide/target" "-e" "CARGO_HOME=/opt/rustwide/cargo-home" "-e" "RUSTUP_HOME=/opt/rustwide/rustup-home" "-w" "/opt/rustwide/workdir" "-m" "1610612736" "--user" "0:0" "--network" "none" "ghcr.io/rust-lang/crates-build-env/linux@sha256:2788e3201cd34a07e3172128adcd8b3090168a8e3bcc40d7c032b9dda1df7d1c" "/opt/rustwide/cargo-home/bin/cargo" "+1.75.0" "metadata" "--no-deps" "--format-version=1", kill_on_drop: false }`
[INFO] [stdout] b1ba629978bc8324f4fcaf43e8b305e236fef07e98e5e7d7c7657fe150209f45
[INFO] running `Command { std: "docker" "start" "-a" "b1ba629978bc8324f4fcaf43e8b305e236fef07e98e5e7d7c7657fe150209f45", kill_on_drop: false }`
[INFO] running `Command { std: "docker" "inspect" "b1ba629978bc8324f4fcaf43e8b305e236fef07e98e5e7d7c7657fe150209f45", kill_on_drop: false }`
[INFO] running `Command { std: "docker" "rm" "-f" "b1ba629978bc8324f4fcaf43e8b305e236fef07e98e5e7d7c7657fe150209f45", kill_on_drop: false }`
[INFO] [stdout] b1ba629978bc8324f4fcaf43e8b305e236fef07e98e5e7d7c7657fe150209f45
[INFO] running `Command { std: "docker" "create" "-v" "/var/lib/crater-agent-workspace/builds/worker-7-tc1/target:/opt/rustwide/target:rw,Z" "-v" "/var/lib/crater-agent-workspace/builds/worker-7-tc1/source:/opt/rustwide/workdir:ro,Z" "-v" "/var/lib/crater-agent-workspace/cargo-home:/opt/rustwide/cargo-home:ro,Z" "-v" "/var/lib/crater-agent-workspace/rustup-home:/opt/rustwide/rustup-home:ro,Z" "-e" "SOURCE_DIR=/opt/rustwide/workdir" "-e" "CARGO_TARGET_DIR=/opt/rustwide/target" "-e" "CARGO_INCREMENTAL=0" "-e" "RUST_BACKTRACE=full" "-e" "RUSTFLAGS=--cap-lints=warn" "-e" "RUSTDOCFLAGS=--cap-lints=warn" "-e" "CARGO_HOME=/opt/rustwide/cargo-home" "-e" "RUSTUP_HOME=/opt/rustwide/rustup-home" "-w" "/opt/rustwide/workdir" "-m" "1610612736" "--user" "0:0" "--network" "none" "ghcr.io/rust-lang/crates-build-env/linux@sha256:2788e3201cd34a07e3172128adcd8b3090168a8e3bcc40d7c032b9dda1df7d1c" "/opt/rustwide/cargo-home/bin/cargo" "+1.75.0" "build" "--frozen" "--message-format=json", kill_on_drop: false }`
[INFO] [stdout] d392aba2480191b7b5bbbf067b1cba8cdeb10f050999b6adc63079d7c99ce686
[INFO] running `Command { std: "docker" "start" "-a" "d392aba2480191b7b5bbbf067b1cba8cdeb10f050999b6adc63079d7c99ce686", kill_on_drop: false }`
[INFO] [stderr]    Compiling syn v2.0.48
[INFO] [stderr]    Compiling async-ffi-macros v0.5.0 (/opt/rustwide/workdir)
[INFO] [stderr]     Finished dev [unoptimized + debuginfo] target(s) in 2.58s
[INFO] running `Command { std: "docker" "inspect" "d392aba2480191b7b5bbbf067b1cba8cdeb10f050999b6adc63079d7c99ce686", kill_on_drop: false }`
[INFO] running `Command { std: "docker" "rm" "-f" "d392aba2480191b7b5bbbf067b1cba8cdeb10f050999b6adc63079d7c99ce686", kill_on_drop: false }`
[INFO] [stdout] d392aba2480191b7b5bbbf067b1cba8cdeb10f050999b6adc63079d7c99ce686
[INFO] running `Command { std: "docker" "create" "-v" "/var/lib/crater-agent-workspace/builds/worker-7-tc1/target:/opt/rustwide/target:rw,Z" "-v" "/var/lib/crater-agent-workspace/builds/worker-7-tc1/source:/opt/rustwide/workdir:ro,Z" "-v" "/var/lib/crater-agent-workspace/cargo-home:/opt/rustwide/cargo-home:ro,Z" "-v" "/var/lib/crater-agent-workspace/rustup-home:/opt/rustwide/rustup-home:ro,Z" "-e" "SOURCE_DIR=/opt/rustwide/workdir" "-e" "CARGO_TARGET_DIR=/opt/rustwide/target" "-e" "CARGO_INCREMENTAL=0" "-e" "RUST_BACKTRACE=full" "-e" "RUSTFLAGS=--cap-lints=warn" "-e" "RUSTDOCFLAGS=--cap-lints=warn" "-e" "CARGO_HOME=/opt/rustwide/cargo-home" "-e" "RUSTUP_HOME=/opt/rustwide/rustup-home" "-w" "/opt/rustwide/workdir" "-m" "1610612736" "--user" "0:0" "--network" "none" "ghcr.io/rust-lang/crates-build-env/linux@sha256:2788e3201cd34a07e3172128adcd8b3090168a8e3bcc40d7c032b9dda1df7d1c" "/opt/rustwide/cargo-home/bin/cargo" "+1.75.0" "test" "--frozen" "--no-run" "--message-format=json", kill_on_drop: false }`
[INFO] [stdout] 5d8a2c82ae96a00f3c8780099408bda84bee559ac8768bc97da73b522298de16
[INFO] running `Command { std: "docker" "start" "-a" "5d8a2c82ae96a00f3c8780099408bda84bee559ac8768bc97da73b522298de16", kill_on_drop: false }`
[INFO] [stderr]    Compiling proc-macro2 v1.0.75
[INFO] [stderr]    Compiling unicode-ident v1.0.12
[INFO] [stderr]    Compiling futures-task v0.3.30
[INFO] [stderr]    Compiling quote v1.0.35
[INFO] [stderr]    Compiling syn v2.0.48
[INFO] [stderr]    Compiling async-ffi-macros v0.5.0 (/opt/rustwide/workdir)
[INFO] [stdout] error[E0432]: unresolved import `async_ffi`
[INFO] [stdout]  --> tests/test.rs:1:5
[INFO] [stdout]   |
[INFO] [stdout] 1 | use async_ffi::{BorrowingFfiFuture, FfiFuture, LocalBorrowingFfiFuture, LocalFfiFuture};
[INFO] [stdout]   |     ^^^^^^^^^ use of undeclared crate or module `async_ffi`
[INFO] [stdout] 
[INFO] [stdout] 
[INFO] [stdout] error[E0433]: failed to resolve: could not find `async_ffi` in the list of imported crates
[INFO] [stdout]  --> tests/test.rs:6:1
[INFO] [stdout]   |
[INFO] [stdout] 6 | async extern "C" fn empty() {}
[INFO] [stdout]   | ^^^^^ could not find `async_ffi` in the list of imported crates
[INFO] [stdout] 
[INFO] [stdout] 
[INFO] [stdout] error[E0433]: failed to resolve: could not find `async_ffi` in the list of imported crates
[INFO] [stdout]   --> tests/test.rs:12:1
[INFO] [stdout]    |
[INFO] [stdout] 12 | async extern "C" fn local() -> i32 {
[INFO] [stdout]    | ^^^^^ could not find `async_ffi` in the list of imported crates
[INFO] [stdout] 
[INFO] [stdout] 
[INFO] [stdout] error[E0433]: failed to resolve: could not find `async_ffi` in the list of imported crates
[INFO] [stdout]   --> tests/test.rs:20:1
[INFO] [stdout]    |
[INFO] [stdout] 20 | async extern "C" fn has_args(x: i32) -> i32 {
[INFO] [stdout]    | ^^^^^ could not find `async_ffi` in the list of imported crates
[INFO] [stdout] 
[INFO] [stdout] 
[INFO] [stdout] error[E0433]: failed to resolve: could not find `async_ffi` in the list of imported crates
[INFO] [stdout]   --> tests/test.rs:28:9
[INFO] [stdout]    |
[INFO] [stdout] 28 |     pub async fn extern_fn(arg1: u32) -> u32;
[INFO] [stdout]    |         ^^^^^ could not find `async_ffi` in the list of imported crates
[INFO] [stdout] 
[INFO] [stdout] 
[INFO] [stdout] error[E0433]: failed to resolve: could not find `async_ffi` in the list of imported crates
[INFO] [stdout]   --> tests/test.rs:34:5
[INFO] [stdout]    |
[INFO] [stdout] 34 | pub async fn borrow(a: &'fut i32) -> i32 {
[INFO] [stdout]    |     ^^^^^ could not find `async_ffi` in the list of imported crates
[INFO] [stdout] 
[INFO] [stdout] 
[INFO] [stdout] error[E0433]: failed to resolve: could not find `async_ffi` in the list of imported crates
[INFO] [stdout]   --> tests/test.rs:41:5
[INFO] [stdout]    |
[INFO] [stdout] 41 | pub async fn borrow_non_send(a: &'fut i32) -> i32 {
[INFO] [stdout]    |     ^^^^^ could not find `async_ffi` in the list of imported crates
[INFO] [stdout] 
[INFO] [stdout] 
[INFO] [stdout] error[E0433]: failed to resolve: could not find `async_ffi` in the list of imported crates
[INFO] [stdout]   --> tests/test.rs:48:5
[INFO] [stdout]    |
[INFO] [stdout] 48 | pub async fn pat_param(_: i32, (a, _, _b): (i32, i32, i32), x: i32, mut y: i32) -> i32 {
[INFO] [stdout]    |     ^^^^^ could not find `async_ffi` in the list of imported crates
[INFO] [stdout] 
[INFO] [stdout] 
[INFO] [stdout] error[E0433]: failed to resolve: could not find `async_ffi` in the list of imported crates
[INFO] [stdout]   --> tests/test.rs:94:5
[INFO] [stdout]    |
[INFO] [stdout] 94 |     async fn func1(a: Dropper, ref mut _b: Dropper, _: Dropper, (_c, _): (Dropper, Dropper)) {
[INFO] [stdout]    |     ^^^^^ could not find `async_ffi` in the list of imported crates
[INFO] [stdout] 
[INFO] [stdout] 
[INFO] [stdout] error: aborting due to 9 previous errors
[INFO] [stdout] 
[INFO] [stdout] 
[INFO] [stdout] Some errors have detailed explanations: E0432, E0433.
[INFO] [stdout] 
[INFO] [stdout] For more information about an error, try `rustc --explain E0432`.
[INFO] [stdout] 
[INFO] [stderr] error: could not compile `async-ffi-macros` (test "test") due to 10 previous errors
[INFO] running `Command { std: "docker" "inspect" "5d8a2c82ae96a00f3c8780099408bda84bee559ac8768bc97da73b522298de16", kill_on_drop: false }`
[INFO] running `Command { std: "docker" "rm" "-f" "5d8a2c82ae96a00f3c8780099408bda84bee559ac8768bc97da73b522298de16", kill_on_drop: false }`
[INFO] [stdout] 5d8a2c82ae96a00f3c8780099408bda84bee559ac8768bc97da73b522298de16
[INFO] testing async-ffi-macros-0.5.0 against beta-2023-12-22 for beta-1.76-1
[INFO] extracting crate async-ffi-macros 0.5.0 into /workspace/builds/worker-7-tc2/source
[INFO] validating manifest of crates.io crate async-ffi-macros 0.5.0 on toolchain beta-2023-12-22
[INFO] running `Command { std: CARGO_HOME="/workspace/cargo-home" RUSTUP_HOME="/workspace/rustup-home" "/workspace/cargo-home/bin/cargo" "+beta-2023-12-22" "metadata" "--manifest-path" "Cargo.toml" "--no-deps", kill_on_drop: false }`
[INFO] started tweaking crates.io crate async-ffi-macros 0.5.0
[INFO] finished tweaking crates.io crate async-ffi-macros 0.5.0
[INFO] tweaked toml for crates.io crate async-ffi-macros 0.5.0 written to /workspace/builds/worker-7-tc2/source/Cargo.toml
[INFO] running `Command { std: CARGO_HOME="/workspace/cargo-home" RUSTUP_HOME="/workspace/rustup-home" "/workspace/cargo-home/bin/cargo" "+beta-2023-12-22" "generate-lockfile" "--manifest-path" "Cargo.toml", kill_on_drop: false }`
[INFO] [stderr]     Updating crates.io index
[INFO] running `Command { std: CARGO_HOME="/workspace/cargo-home" RUSTUP_HOME="/workspace/rustup-home" "/workspace/cargo-home/bin/cargo" "+beta-2023-12-22" "fetch" "--manifest-path" "Cargo.toml", kill_on_drop: false }`
[INFO] running `Command { std: "docker" "create" "-v" "/var/lib/crater-agent-workspace/builds/worker-7-tc2/target:/opt/rustwide/target:rw,Z" "-v" "/var/lib/crater-agent-workspace/builds/worker-7-tc2/source:/opt/rustwide/workdir:ro,Z" "-v" "/var/lib/crater-agent-workspace/cargo-home:/opt/rustwide/cargo-home:ro,Z" "-v" "/var/lib/crater-agent-workspace/rustup-home:/opt/rustwide/rustup-home:ro,Z" "-e" "SOURCE_DIR=/opt/rustwide/workdir" "-e" "CARGO_TARGET_DIR=/opt/rustwide/target" "-e" "CARGO_HOME=/opt/rustwide/cargo-home" "-e" "RUSTUP_HOME=/opt/rustwide/rustup-home" "-w" "/opt/rustwide/workdir" "-m" "1610612736" "--user" "0:0" "--network" "none" "ghcr.io/rust-lang/crates-build-env/linux@sha256:2788e3201cd34a07e3172128adcd8b3090168a8e3bcc40d7c032b9dda1df7d1c" "/opt/rustwide/cargo-home/bin/cargo" "+beta-2023-12-22" "metadata" "--no-deps" "--format-version=1", kill_on_drop: false }`
[INFO] [stdout] 6fe17db8953b733b79eaacbfc5575dce09f0ddf3757405858b960faf1c300392
[INFO] running `Command { std: "docker" "start" "-a" "6fe17db8953b733b79eaacbfc5575dce09f0ddf3757405858b960faf1c300392", kill_on_drop: false }`
[INFO] running `Command { std: "docker" "inspect" "6fe17db8953b733b79eaacbfc5575dce09f0ddf3757405858b960faf1c300392", kill_on_drop: false }`
[INFO] running `Command { std: "docker" "rm" "-f" "6fe17db8953b733b79eaacbfc5575dce09f0ddf3757405858b960faf1c300392", kill_on_drop: false }`
[INFO] [stdout] 6fe17db8953b733b79eaacbfc5575dce09f0ddf3757405858b960faf1c300392
[INFO] running `Command { std: "docker" "create" "-v" "/var/lib/crater-agent-workspace/builds/worker-7-tc2/target:/opt/rustwide/target:rw,Z" "-v" "/var/lib/crater-agent-workspace/builds/worker-7-tc2/source:/opt/rustwide/workdir:ro,Z" "-v" "/var/lib/crater-agent-workspace/cargo-home:/opt/rustwide/cargo-home:ro,Z" "-v" "/var/lib/crater-agent-workspace/rustup-home:/opt/rustwide/rustup-home:ro,Z" "-e" "SOURCE_DIR=/opt/rustwide/workdir" "-e" "CARGO_TARGET_DIR=/opt/rustwide/target" "-e" "CARGO_INCREMENTAL=0" "-e" "RUST_BACKTRACE=full" "-e" "RUSTFLAGS=--cap-lints=warn" "-e" "RUSTDOCFLAGS=--cap-lints=warn" "-e" "CARGO_HOME=/opt/rustwide/cargo-home" "-e" "RUSTUP_HOME=/opt/rustwide/rustup-home" "-w" "/opt/rustwide/workdir" "-m" "1610612736" "--user" "0:0" "--network" "none" "ghcr.io/rust-lang/crates-build-env/linux@sha256:2788e3201cd34a07e3172128adcd8b3090168a8e3bcc40d7c032b9dda1df7d1c" "/opt/rustwide/cargo-home/bin/cargo" "+beta-2023-12-22" "build" "--frozen" "--message-format=json", kill_on_drop: false }`
[INFO] [stdout] 16270f0abd7a855548f9dbf08e26c8a838a7ac985c7f520663ebe68015bcdc1e
[INFO] running `Command { std: "docker" "start" "-a" "16270f0abd7a855548f9dbf08e26c8a838a7ac985c7f520663ebe68015bcdc1e", kill_on_drop: false }`
[INFO] [stderr]    Compiling syn v2.0.48
[INFO] [stderr]    Compiling async-ffi-macros v0.5.0 (/opt/rustwide/workdir)
[INFO] [stderr]     Finished dev [unoptimized + debuginfo] target(s) in 2.70s
[INFO] running `Command { std: "docker" "inspect" "16270f0abd7a855548f9dbf08e26c8a838a7ac985c7f520663ebe68015bcdc1e", kill_on_drop: false }`
[INFO] running `Command { std: "docker" "rm" "-f" "16270f0abd7a855548f9dbf08e26c8a838a7ac985c7f520663ebe68015bcdc1e", kill_on_drop: false }`
[INFO] [stdout] 16270f0abd7a855548f9dbf08e26c8a838a7ac985c7f520663ebe68015bcdc1e
[INFO] running `Command { std: "docker" "create" "-v" "/var/lib/crater-agent-workspace/builds/worker-7-tc2/target:/opt/rustwide/target:rw,Z" "-v" "/var/lib/crater-agent-workspace/builds/worker-7-tc2/source:/opt/rustwide/workdir:ro,Z" "-v" "/var/lib/crater-agent-workspace/cargo-home:/opt/rustwide/cargo-home:ro,Z" "-v" "/var/lib/crater-agent-workspace/rustup-home:/opt/rustwide/rustup-home:ro,Z" "-e" "SOURCE_DIR=/opt/rustwide/workdir" "-e" "CARGO_TARGET_DIR=/opt/rustwide/target" "-e" "CARGO_INCREMENTAL=0" "-e" "RUST_BACKTRACE=full" "-e" "RUSTFLAGS=--cap-lints=warn" "-e" "RUSTDOCFLAGS=--cap-lints=warn" "-e" "CARGO_HOME=/opt/rustwide/cargo-home" "-e" "RUSTUP_HOME=/opt/rustwide/rustup-home" "-w" "/opt/rustwide/workdir" "-m" "1610612736" "--user" "0:0" "--network" "none" "ghcr.io/rust-lang/crates-build-env/linux@sha256:2788e3201cd34a07e3172128adcd8b3090168a8e3bcc40d7c032b9dda1df7d1c" "/opt/rustwide/cargo-home/bin/cargo" "+beta-2023-12-22" "test" "--frozen" "--no-run" "--message-format=json", kill_on_drop: false }`
[INFO] [stdout] 25ef4e7035f7f08bd280cdba897aeae780194a51305df295619c7aeb6e4ed2b6
[INFO] running `Command { std: "docker" "start" "-a" "25ef4e7035f7f08bd280cdba897aeae780194a51305df295619c7aeb6e4ed2b6", kill_on_drop: false }`
[INFO] [stderr]    Compiling proc-macro2 v1.0.75
[INFO] [stderr]    Compiling unicode-ident v1.0.12
[INFO] [stderr]    Compiling futures-task v0.3.30
[INFO] [stderr]    Compiling quote v1.0.35
[INFO] [stderr]    Compiling syn v2.0.48
[INFO] [stderr]    Compiling async-ffi-macros v0.5.0 (/opt/rustwide/workdir)
[INFO] [stdout] error[E0432]: unresolved import `async_ffi`
[INFO] [stdout]  --> tests/test.rs:1:5
[INFO] [stdout]   |
[INFO] [stdout] 1 | use async_ffi::{BorrowingFfiFuture, FfiFuture, LocalBorrowingFfiFuture, LocalFfiFuture};
[INFO] [stdout]   |     ^^^^^^^^^ use of undeclared crate or module `async_ffi`
[INFO] [stdout] 
[INFO] [stdout] 
[INFO] [stdout] error[E0433]: failed to resolve: could not find `async_ffi` in the list of imported crates
[INFO] [stdout]  --> tests/test.rs:6:1
[INFO] [stdout]   |
[INFO] [stdout] 6 | async extern "C" fn empty() {}
[INFO] [stdout]   | ^^^^^ could not find `async_ffi` in the list of imported crates
[INFO] [stdout] 
[INFO] [stdout] 
[INFO] [stdout] error[E0433]: failed to resolve: could not find `async_ffi` in the list of imported crates
[INFO] [stdout]   --> tests/test.rs:12:1
[INFO] [stdout]    |
[INFO] [stdout] 12 | async extern "C" fn local() -> i32 {
[INFO] [stdout]    | ^^^^^ could not find `async_ffi` in the list of imported crates
[INFO] [stdout] 
[INFO] [stdout] 
[INFO] [stdout] error[E0433]: failed to resolve: could not find `async_ffi` in the list of imported crates
[INFO] [stdout]   --> tests/test.rs:20:1
[INFO] [stdout]    |
[INFO] [stdout] 20 | async extern "C" fn has_args(x: i32) -> i32 {
[INFO] [stdout]    | ^^^^^ could not find `async_ffi` in the list of imported crates
[INFO] [stdout] 
[INFO] [stdout] 
[INFO] [stdout] error[E0433]: failed to resolve: could not find `async_ffi` in the list of imported crates
[INFO] [stdout]   --> tests/test.rs:28:9
[INFO] [stdout]    |
[INFO] [stdout] 28 |     pub async fn extern_fn(arg1: u32) -> u32;
[INFO] [stdout]    |         ^^^^^ could not find `async_ffi` in the list of imported crates
[INFO] [stdout] 
[INFO] [stdout] 
[INFO] [stdout] error[E0433]: failed to resolve: could not find `async_ffi` in the list of imported crates
[INFO] [stdout]   --> tests/test.rs:34:5
[INFO] [stdout]    |
[INFO] [stdout] 34 | pub async fn borrow(a: &'fut i32) -> i32 {
[INFO] [stdout]    |     ^^^^^ could not find `async_ffi` in the list of imported crates
[INFO] [stdout] 
[INFO] [stdout] 
[INFO] [stdout] error[E0433]: failed to resolve: could not find `async_ffi` in the list of imported crates
[INFO] [stdout]   --> tests/test.rs:41:5
[INFO] [stdout]    |
[INFO] [stdout] 41 | pub async fn borrow_non_send(a: &'fut i32) -> i32 {
[INFO] [stdout]    |     ^^^^^ could not find `async_ffi` in the list of imported crates
[INFO] [stdout] 
[INFO] [stdout] 
[INFO] [stdout] error[E0433]: failed to resolve: could not find `async_ffi` in the list of imported crates
[INFO] [stdout]   --> tests/test.rs:48:5
[INFO] [stdout]    |
[INFO] [stdout] 48 | pub async fn pat_param(_: i32, (a, _, _b): (i32, i32, i32), x: i32, mut y: i32) -> i32 {
[INFO] [stdout]    |     ^^^^^ could not find `async_ffi` in the list of imported crates
[INFO] [stdout] 
[INFO] [stdout] 
[INFO] [stdout] error[E0433]: failed to resolve: could not find `async_ffi` in the list of imported crates
[INFO] [stdout]   --> tests/test.rs:94:5
[INFO] [stdout]    |
[INFO] [stdout] 94 |     async fn func1(a: Dropper, ref mut _b: Dropper, _: Dropper, (_c, _): (Dropper, Dropper)) {
[INFO] [stdout]    |     ^^^^^ could not find `async_ffi` in the list of imported crates
[INFO] [stdout] 
[INFO] [stdout] 
[INFO] [stdout] error: aborting due to 9 previous errors
[INFO] [stdout] 
[INFO] [stdout] 
[INFO] [stdout] Some errors have detailed explanations: E0432, E0433.
[INFO] [stdout] 
[INFO] [stdout] For more information about an error, try `rustc --explain E0432`.
[INFO] [stdout] 
[INFO] [stderr] error: could not compile `async-ffi-macros` (test "test") due to 10 previous errors
[INFO] running `Command { std: "docker" "inspect" "25ef4e7035f7f08bd280cdba897aeae780194a51305df295619c7aeb6e4ed2b6", kill_on_drop: false }`
[INFO] running `Command { std: "docker" "rm" "-f" "25ef4e7035f7f08bd280cdba897aeae780194a51305df295619c7aeb6e4ed2b6", kill_on_drop: false }`
[INFO] [stdout] 25ef4e7035f7f08bd280cdba897aeae780194a51305df295619c7aeb6e4ed2b6
