[INFO] fetching crate async-compression-issue-150-workaround 0.3.15-issue-150...
[INFO] testing async-compression-issue-150-workaround-0.3.15-issue-150 against 1.75.0 for beta-1.76-1
[INFO] extracting crate async-compression-issue-150-workaround 0.3.15-issue-150 into /workspace/builds/worker-7-tc1/source
[INFO] validating manifest of crates.io crate async-compression-issue-150-workaround 0.3.15-issue-150 on toolchain 1.75.0
[INFO] running `Command { std: CARGO_HOME="/workspace/cargo-home" RUSTUP_HOME="/workspace/rustup-home" "/workspace/cargo-home/bin/cargo" "+1.75.0" "metadata" "--manifest-path" "Cargo.toml" "--no-deps", kill_on_drop: false }`
[INFO] started tweaking crates.io crate async-compression-issue-150-workaround 0.3.15-issue-150
[INFO] removed 0 missing examples
[INFO] removed 0 missing tests
[INFO] finished tweaking crates.io crate async-compression-issue-150-workaround 0.3.15-issue-150
[INFO] tweaked toml for crates.io crate async-compression-issue-150-workaround 0.3.15-issue-150 written to /workspace/builds/worker-7-tc1/source/Cargo.toml
[INFO] crate crates.io crate async-compression-issue-150-workaround 0.3.15-issue-150 already has a lockfile, it will not be regenerated
[INFO] running `Command { std: CARGO_HOME="/workspace/cargo-home" RUSTUP_HOME="/workspace/rustup-home" "/workspace/cargo-home/bin/cargo" "+1.75.0" "fetch" "--manifest-path" "Cargo.toml", kill_on_drop: false }`
[INFO] [stderr]     Updating crates.io index
[INFO] [stderr]  Downloading crates ...
[INFO] [stderr]   Downloaded zstd v0.11.1+zstd.1.5.2
[INFO] [stderr]   Downloaded ntest_timeout v0.7.5
[INFO] [stderr]   Downloaded quick-error v2.0.1
[INFO] [stderr]   Downloaded redox_syscall v0.2.10
[INFO] [stderr]   Downloaded ntest_test_cases v0.7.5
[INFO] [stderr]   Downloaded alloc-stdlib v0.2.1
[INFO] [stderr]   Downloaded ntest_proc_macro_helper v0.7.5
[INFO] [stderr]   Downloaded proptest-derive v0.3.0
[INFO] [stderr]   Downloaded zstd-safe v5.0.1+zstd.1.5.2
[INFO] [stderr]   Downloaded futures-sink v0.3.19
[INFO] [stderr]   Downloaded pin-project-internal v1.0.10
[INFO] [stderr]   Downloaded futures-test v0.3.19
[INFO] [stderr]   Downloaded pin-project-lite v0.2.8
[INFO] [stderr]   Downloaded flate2 v1.0.22
[INFO] [stderr]   Downloaded brotli-decompressor v2.3.2
[INFO] [stderr]   Downloaded lzma-sys v0.1.17
[INFO] [stderr]   Downloaded brotli v3.3.3
[INFO] [stderr]   Downloaded syn v1.0.86
[INFO] [stderr]   Downloaded libc v0.2.125
[INFO] [stderr]   Downloaded regex-syntax v0.6.25
[INFO] [stderr]   Downloaded tokio v1.15.0
[INFO] [stderr]   Downloaded tokio-util v0.4.0
[INFO] [stderr]   Downloaded zstd-sys v2.0.1+zstd.1.5.2
[INFO] [stderr]   Downloaded tokio-util v0.5.1
[INFO] [stderr]   Downloaded crc32fast v1.3.1
[INFO] [stderr]   Downloaded futures-channel v0.3.19
[INFO] [stderr]   Downloaded bytes v0.6.0
[INFO] [stderr]   Downloaded toml v0.5.8
[INFO] [stderr]   Downloaded futures v0.3.19
[INFO] [stderr]   Downloaded cc v1.0.72
[INFO] [stderr]   Downloaded tokio-util v0.6.9
[INFO] [stderr]   Downloaded futures-util v0.3.19
[INFO] [stderr]   Downloaded proptest v1.0.0
[INFO] [stderr]   Downloaded pin-project v1.0.10
[INFO] [stderr]   Downloaded serde v1.0.135
[INFO] [stderr]   Downloaded memchr v2.4.1
[INFO] [stderr]   Downloaded xz2 v0.1.6
[INFO] [stderr]   Downloaded futures-macro v0.3.19
[INFO] [stderr]   Downloaded futures-task v0.3.19
[INFO] [stderr]   Downloaded futures-io v0.3.19
[INFO] [stderr]   Downloaded pkg-config v0.3.24
[INFO] [stderr]   Downloaded futures-core v0.3.19
[INFO] [stderr]   Downloaded bzip2 v0.4.3
[INFO] [stderr]   Downloaded jobserver v0.1.24
[INFO] [stderr]   Downloaded alloc-no-stdlib v2.0.3
[INFO] [stderr]   Downloaded bit-set v0.5.2
[INFO] [stderr]   Downloaded proc-macro-crate v1.1.3
[INFO] [stderr]   Downloaded ntest v0.7.5
[INFO] [stderr]   Downloaded futures-executor v0.3.19
[INFO] [stderr]   Downloaded slab v0.4.5
[INFO] running `Command { std: "docker" "create" "-v" "/var/lib/crater-agent-workspace/builds/worker-7-tc1/target:/opt/rustwide/target:rw,Z" "-v" "/var/lib/crater-agent-workspace/builds/worker-7-tc1/source:/opt/rustwide/workdir:ro,Z" "-v" "/var/lib/crater-agent-workspace/cargo-home:/opt/rustwide/cargo-home:ro,Z" "-v" "/var/lib/crater-agent-workspace/rustup-home:/opt/rustwide/rustup-home:ro,Z" "-e" "SOURCE_DIR=/opt/rustwide/workdir" "-e" "CARGO_TARGET_DIR=/opt/rustwide/target" "-e" "CARGO_HOME=/opt/rustwide/cargo-home" "-e" "RUSTUP_HOME=/opt/rustwide/rustup-home" "-w" "/opt/rustwide/workdir" "-m" "1610612736" "--user" "0:0" "--network" "none" "ghcr.io/rust-lang/crates-build-env/linux@sha256:2788e3201cd34a07e3172128adcd8b3090168a8e3bcc40d7c032b9dda1df7d1c" "/opt/rustwide/cargo-home/bin/cargo" "+1.75.0" "metadata" "--no-deps" "--format-version=1", kill_on_drop: false }`
[INFO] [stdout] b899445ff0bdfb7744b27a4101c76fda2d4132bf470bdf4ce0c0eabca970f9ce
[INFO] running `Command { std: "docker" "start" "-a" "b899445ff0bdfb7744b27a4101c76fda2d4132bf470bdf4ce0c0eabca970f9ce", kill_on_drop: false }`
[INFO] running `Command { std: "docker" "inspect" "b899445ff0bdfb7744b27a4101c76fda2d4132bf470bdf4ce0c0eabca970f9ce", kill_on_drop: false }`
[INFO] running `Command { std: "docker" "rm" "-f" "b899445ff0bdfb7744b27a4101c76fda2d4132bf470bdf4ce0c0eabca970f9ce", kill_on_drop: false }`
[INFO] [stdout] b899445ff0bdfb7744b27a4101c76fda2d4132bf470bdf4ce0c0eabca970f9ce
[INFO] running `Command { std: "docker" "create" "-v" "/var/lib/crater-agent-workspace/builds/worker-7-tc1/target:/opt/rustwide/target:rw,Z" "-v" "/var/lib/crater-agent-workspace/builds/worker-7-tc1/source:/opt/rustwide/workdir:ro,Z" "-v" "/var/lib/crater-agent-workspace/cargo-home:/opt/rustwide/cargo-home:ro,Z" "-v" "/var/lib/crater-agent-workspace/rustup-home:/opt/rustwide/rustup-home:ro,Z" "-e" "SOURCE_DIR=/opt/rustwide/workdir" "-e" "CARGO_TARGET_DIR=/opt/rustwide/target" "-e" "CARGO_INCREMENTAL=0" "-e" "RUST_BACKTRACE=full" "-e" "RUSTFLAGS=--cap-lints=warn" "-e" "RUSTDOCFLAGS=--cap-lints=warn" "-e" "CARGO_HOME=/opt/rustwide/cargo-home" "-e" "RUSTUP_HOME=/opt/rustwide/rustup-home" "-w" "/opt/rustwide/workdir" "-m" "1610612736" "--user" "0:0" "--network" "none" "ghcr.io/rust-lang/crates-build-env/linux@sha256:2788e3201cd34a07e3172128adcd8b3090168a8e3bcc40d7c032b9dda1df7d1c" "/opt/rustwide/cargo-home/bin/cargo" "+1.75.0" "build" "--frozen" "--message-format=json", kill_on_drop: false }`
[INFO] [stdout] 28a8aee4b1b3f76d8ef917cbb52aea8ed32c9ebbfcca03dfa6e43a43eab18e8c
[INFO] running `Command { std: "docker" "start" "-a" "28a8aee4b1b3f76d8ef917cbb52aea8ed32c9ebbfcca03dfa6e43a43eab18e8c", kill_on_drop: false }`
[INFO] [stderr]    Compiling futures-core v0.3.19
[INFO] [stderr]    Compiling memchr v2.4.1
[INFO] [stderr]    Compiling pin-project-lite v0.2.8
[INFO] [stderr]    Compiling async-compression-issue-150-workaround v0.3.15-issue-150 (/opt/rustwide/workdir)
[INFO] [stderr]     Finished dev [unoptimized + debuginfo] target(s) in 0.77s
[INFO] running `Command { std: "docker" "inspect" "28a8aee4b1b3f76d8ef917cbb52aea8ed32c9ebbfcca03dfa6e43a43eab18e8c", kill_on_drop: false }`
[INFO] running `Command { std: "docker" "rm" "-f" "28a8aee4b1b3f76d8ef917cbb52aea8ed32c9ebbfcca03dfa6e43a43eab18e8c", kill_on_drop: false }`
[INFO] [stdout] 28a8aee4b1b3f76d8ef917cbb52aea8ed32c9ebbfcca03dfa6e43a43eab18e8c
[INFO] running `Command { std: "docker" "create" "-v" "/var/lib/crater-agent-workspace/builds/worker-7-tc1/target:/opt/rustwide/target:rw,Z" "-v" "/var/lib/crater-agent-workspace/builds/worker-7-tc1/source:/opt/rustwide/workdir:ro,Z" "-v" "/var/lib/crater-agent-workspace/cargo-home:/opt/rustwide/cargo-home:ro,Z" "-v" "/var/lib/crater-agent-workspace/rustup-home:/opt/rustwide/rustup-home:ro,Z" "-e" "SOURCE_DIR=/opt/rustwide/workdir" "-e" "CARGO_TARGET_DIR=/opt/rustwide/target" "-e" "CARGO_INCREMENTAL=0" "-e" "RUST_BACKTRACE=full" "-e" "RUSTFLAGS=--cap-lints=warn" "-e" "RUSTDOCFLAGS=--cap-lints=warn" "-e" "CARGO_HOME=/opt/rustwide/cargo-home" "-e" "RUSTUP_HOME=/opt/rustwide/rustup-home" "-w" "/opt/rustwide/workdir" "-m" "1610612736" "--user" "0:0" "--network" "none" "ghcr.io/rust-lang/crates-build-env/linux@sha256:2788e3201cd34a07e3172128adcd8b3090168a8e3bcc40d7c032b9dda1df7d1c" "/opt/rustwide/cargo-home/bin/cargo" "+1.75.0" "test" "--frozen" "--no-run" "--message-format=json", kill_on_drop: false }`
[INFO] [stdout] 4645c76dc097b79ceb2124ccad4bf487d0c2aa8fd024c511db6c98e6a5a8e56e
[INFO] running `Command { std: "docker" "start" "-a" "4645c76dc097b79ceb2124ccad4bf487d0c2aa8fd024c511db6c98e6a5a8e56e", kill_on_drop: false }`
[INFO] [stderr]    Compiling proc-macro2 v1.0.36
[INFO] [stderr]    Compiling unicode-xid v0.2.2
[INFO] [stderr]    Compiling syn v1.0.86
[INFO] [stderr]    Compiling libc v0.2.125
[INFO] [stderr]    Compiling futures-sink v0.3.19
[INFO] [stderr]    Compiling futures-task v0.3.19
[INFO] [stderr]    Compiling serde v1.0.135
[INFO] [stderr]    Compiling futures-channel v0.3.19
[INFO] [stderr]    Compiling slab v0.4.5
[INFO] [stderr]    Compiling futures-util v0.3.19
[INFO] [stderr]    Compiling tokio v0.3.7
[INFO] [stderr]    Compiling futures-io v0.3.19
[INFO] [stderr]    Compiling num-traits v0.2.14
[INFO] [stderr]    Compiling bytes v0.6.0
[INFO] [stderr]    Compiling syn v0.15.44
[INFO] [stderr]    Compiling fastrand v1.7.0
[INFO] [stderr]    Compiling remove_dir_all v0.5.3
[INFO] [stderr]    Compiling ntest_proc_macro_helper v0.7.5
[INFO] [stderr]    Compiling bit-vec v0.6.3
[INFO] [stderr]    Compiling bytes v1.1.0
[INFO] [stderr]    Compiling byteorder v1.4.3
[INFO] [stderr]    Compiling quick-error v2.0.1
[INFO] [stderr]    Compiling regex-syntax v0.6.25
[INFO] [stderr]    Compiling bit-set v0.5.2
[INFO] [stderr]    Compiling tokio v1.15.0
[INFO] [stderr]    Compiling quote v1.0.15
[INFO] [stderr]    Compiling getrandom v0.2.6
[INFO] [stderr]    Compiling tempfile v3.3.0
[INFO] [stderr]    Compiling wait-timeout v0.2.0
[INFO] [stderr]    Compiling rand_core v0.6.3
[INFO] [stderr]    Compiling rusty-fork v0.3.0
[INFO] [stderr]    Compiling rand_chacha v0.3.1
[INFO] [stderr]    Compiling rand_xorshift v0.3.0
[INFO] [stderr]    Compiling rand v0.8.5
[INFO] [stderr]    Compiling tokio-util v0.4.0
[INFO] [stderr]    Compiling tokio-util v0.5.1
[INFO] [stderr]    Compiling tokio-util v0.6.9
[INFO] [stderr]    Compiling proptest v1.0.0
[INFO] [stderr]    Compiling toml v0.5.8
[INFO] [stderr]    Compiling futures-macro v0.3.19
[INFO] [stderr]    Compiling thiserror-impl v1.0.31
[INFO] [stderr]    Compiling pin-project-internal v1.0.10
[INFO] [stderr]    Compiling tokio-macros v0.2.6
[INFO] [stderr]    Compiling ntest_test_cases v0.7.5
[INFO] [stderr]    Compiling proptest-derive v0.3.0
[INFO] [stderr]    Compiling tokio v0.2.25
[INFO] [stderr]    Compiling thiserror v1.0.31
[INFO] [stderr]    Compiling proc-macro-crate v1.1.3
[INFO] [stderr]    Compiling pin-project v1.0.10
[INFO] [stderr]    Compiling ntest_timeout v0.7.5
[INFO] [stderr]    Compiling ntest v0.7.5
[INFO] [stderr]    Compiling tokio-util v0.3.1
[INFO] [stderr]    Compiling futures-executor v0.3.19
[INFO] [stderr]    Compiling futures-test v0.3.19
[INFO] [stderr]    Compiling futures v0.3.19
[INFO] [stderr]    Compiling async-compression-issue-150-workaround v0.3.15-issue-150 (/opt/rustwide/workdir)
[INFO] [stdout] error[E0432]: unresolved import `async_compression`
[INFO] [stdout]  --> tests/proptest.rs:1:5
[INFO] [stdout]   |
[INFO] [stdout] 1 | use async_compression::Level;
[INFO] [stdout]   |     ^^^^^^^^^^^^^^^^^ use of undeclared crate or module `async_compression`
[INFO] [stdout] 
[INFO] [stdout] 
[INFO] [stdout] error[E0432]: unresolved import `async_compression`
[INFO] [stdout]   --> tests/utils/mod.rs:19:9
[INFO] [stdout]    |
[INFO] [stdout] 19 | pub use async_compression::Level;
[INFO] [stdout]    |         ^^^^^^^^^^^^^^^^^ use of undeclared crate or module `async_compression`
[INFO] [stdout] 
[INFO] [stdout] 
[INFO] [stdout] warning: unused imports: `track_closed::TrackClosed`, `track_eof::TrackEof`
[INFO] [stdout]   --> tests/utils/mod.rs:18:43
[INFO] [stdout]    |
[INFO] [stdout] 18 | pub use self::{input_stream::InputStream, track_closed::TrackClosed, track_eof::TrackEof};
[INFO] [stdout]    |                                           ^^^^^^^^^^^^^^^^^^^^^^^^^  ^^^^^^^^^^^^^^^^^^^
[INFO] [stdout]    |
[INFO] [stdout]    = note: `#[warn(unused_imports)]` on by default
[INFO] [stdout] 
[INFO] [stdout] 
[INFO] [stdout] warning: unused imports: `executor::block_on`, `pin_mut`, `stream::Stream`
[INFO] [stdout]   --> tests/utils/mod.rs:20:19
[INFO] [stdout]    |
[INFO] [stdout] 20 | pub use futures::{executor::block_on, pin_mut, stream::Stream};
[INFO] [stdout]    |                   ^^^^^^^^^^^^^^^^^^  ^^^^^^^  ^^^^^^^^^^^^^^
[INFO] [stdout] 
[INFO] [stdout] 
[INFO] [stdout] warning: unused imports: `future::Future`, `io::Result`, `iter::FromIterator`, `pin::Pin`
[INFO] [stdout]   --> tests/utils/mod.rs:21:15
[INFO] [stdout]    |
[INFO] [stdout] 21 | pub use std::{future::Future, io::Result, iter::FromIterator, pin::Pin};
[INFO] [stdout]    |               ^^^^^^^^^^^^^^  ^^^^^^^^^^  ^^^^^^^^^^^^^^^^^^  ^^^^^^^^
[INFO] [stdout] 
[INFO] [stdout] 
[INFO] [stdout] error: aborting due to 2 previous errors; 3 warnings emitted
[INFO] [stdout] 
[INFO] [stdout] 
[INFO] [stdout] For more information about this error, try `rustc --explain E0432`.
[INFO] [stdout] 
[INFO] [stderr] error: could not compile `async-compression-issue-150-workaround` (test "proptest") due to 3 previous errors; 3 warnings emitted
[INFO] [stderr] warning: build failed, waiting for other jobs to finish...
[INFO] running `Command { std: "docker" "inspect" "4645c76dc097b79ceb2124ccad4bf487d0c2aa8fd024c511db6c98e6a5a8e56e", kill_on_drop: false }`
[INFO] running `Command { std: "docker" "rm" "-f" "4645c76dc097b79ceb2124ccad4bf487d0c2aa8fd024c511db6c98e6a5a8e56e", kill_on_drop: false }`
[INFO] [stdout] 4645c76dc097b79ceb2124ccad4bf487d0c2aa8fd024c511db6c98e6a5a8e56e
[INFO] testing async-compression-issue-150-workaround-0.3.15-issue-150 against beta-2023-12-22 for beta-1.76-1
[INFO] extracting crate async-compression-issue-150-workaround 0.3.15-issue-150 into /workspace/builds/worker-7-tc2/source
[INFO] validating manifest of crates.io crate async-compression-issue-150-workaround 0.3.15-issue-150 on toolchain beta-2023-12-22
[INFO] running `Command { std: CARGO_HOME="/workspace/cargo-home" RUSTUP_HOME="/workspace/rustup-home" "/workspace/cargo-home/bin/cargo" "+beta-2023-12-22" "metadata" "--manifest-path" "Cargo.toml" "--no-deps", kill_on_drop: false }`
[INFO] started tweaking crates.io crate async-compression-issue-150-workaround 0.3.15-issue-150
[INFO] removed 0 missing examples
[INFO] removed 0 missing tests
[INFO] finished tweaking crates.io crate async-compression-issue-150-workaround 0.3.15-issue-150
[INFO] tweaked toml for crates.io crate async-compression-issue-150-workaround 0.3.15-issue-150 written to /workspace/builds/worker-7-tc2/source/Cargo.toml
[INFO] crate crates.io crate async-compression-issue-150-workaround 0.3.15-issue-150 already has a lockfile, it will not be regenerated
[INFO] running `Command { std: CARGO_HOME="/workspace/cargo-home" RUSTUP_HOME="/workspace/rustup-home" "/workspace/cargo-home/bin/cargo" "+beta-2023-12-22" "fetch" "--manifest-path" "Cargo.toml", kill_on_drop: false }`
[INFO] running `Command { std: "docker" "create" "-v" "/var/lib/crater-agent-workspace/builds/worker-7-tc2/target:/opt/rustwide/target:rw,Z" "-v" "/var/lib/crater-agent-workspace/builds/worker-7-tc2/source:/opt/rustwide/workdir:ro,Z" "-v" "/var/lib/crater-agent-workspace/cargo-home:/opt/rustwide/cargo-home:ro,Z" "-v" "/var/lib/crater-agent-workspace/rustup-home:/opt/rustwide/rustup-home:ro,Z" "-e" "SOURCE_DIR=/opt/rustwide/workdir" "-e" "CARGO_TARGET_DIR=/opt/rustwide/target" "-e" "CARGO_HOME=/opt/rustwide/cargo-home" "-e" "RUSTUP_HOME=/opt/rustwide/rustup-home" "-w" "/opt/rustwide/workdir" "-m" "1610612736" "--user" "0:0" "--network" "none" "ghcr.io/rust-lang/crates-build-env/linux@sha256:2788e3201cd34a07e3172128adcd8b3090168a8e3bcc40d7c032b9dda1df7d1c" "/opt/rustwide/cargo-home/bin/cargo" "+beta-2023-12-22" "metadata" "--no-deps" "--format-version=1", kill_on_drop: false }`
[INFO] [stdout] 1d07d429d4ae17839e014f8ebc536641fc949ba83145dea5874f465d02fef9d0
[INFO] running `Command { std: "docker" "start" "-a" "1d07d429d4ae17839e014f8ebc536641fc949ba83145dea5874f465d02fef9d0", kill_on_drop: false }`
[INFO] running `Command { std: "docker" "inspect" "1d07d429d4ae17839e014f8ebc536641fc949ba83145dea5874f465d02fef9d0", kill_on_drop: false }`
[INFO] running `Command { std: "docker" "rm" "-f" "1d07d429d4ae17839e014f8ebc536641fc949ba83145dea5874f465d02fef9d0", kill_on_drop: false }`
[INFO] [stdout] 1d07d429d4ae17839e014f8ebc536641fc949ba83145dea5874f465d02fef9d0
[INFO] running `Command { std: "docker" "create" "-v" "/var/lib/crater-agent-workspace/builds/worker-7-tc2/target:/opt/rustwide/target:rw,Z" "-v" "/var/lib/crater-agent-workspace/builds/worker-7-tc2/source:/opt/rustwide/workdir:ro,Z" "-v" "/var/lib/crater-agent-workspace/cargo-home:/opt/rustwide/cargo-home:ro,Z" "-v" "/var/lib/crater-agent-workspace/rustup-home:/opt/rustwide/rustup-home:ro,Z" "-e" "SOURCE_DIR=/opt/rustwide/workdir" "-e" "CARGO_TARGET_DIR=/opt/rustwide/target" "-e" "CARGO_INCREMENTAL=0" "-e" "RUST_BACKTRACE=full" "-e" "RUSTFLAGS=--cap-lints=warn" "-e" "RUSTDOCFLAGS=--cap-lints=warn" "-e" "CARGO_HOME=/opt/rustwide/cargo-home" "-e" "RUSTUP_HOME=/opt/rustwide/rustup-home" "-w" "/opt/rustwide/workdir" "-m" "1610612736" "--user" "0:0" "--network" "none" "ghcr.io/rust-lang/crates-build-env/linux@sha256:2788e3201cd34a07e3172128adcd8b3090168a8e3bcc40d7c032b9dda1df7d1c" "/opt/rustwide/cargo-home/bin/cargo" "+beta-2023-12-22" "build" "--frozen" "--message-format=json", kill_on_drop: false }`
[INFO] [stdout] 5e0b97f2236676ca8763dec0d512c9230f53c9c98e0277f81d0d722e3799a064
[INFO] running `Command { std: "docker" "start" "-a" "5e0b97f2236676ca8763dec0d512c9230f53c9c98e0277f81d0d722e3799a064", kill_on_drop: false }`
[INFO] [stderr]    Compiling memchr v2.4.1
[INFO] [stderr]    Compiling futures-core v0.3.19
[INFO] [stderr]    Compiling pin-project-lite v0.2.8
[INFO] [stderr]    Compiling async-compression-issue-150-workaround v0.3.15-issue-150 (/opt/rustwide/workdir)
[INFO] [stderr]     Finished dev [unoptimized + debuginfo] target(s) in 0.76s
[INFO] running `Command { std: "docker" "inspect" "5e0b97f2236676ca8763dec0d512c9230f53c9c98e0277f81d0d722e3799a064", kill_on_drop: false }`
[INFO] running `Command { std: "docker" "rm" "-f" "5e0b97f2236676ca8763dec0d512c9230f53c9c98e0277f81d0d722e3799a064", kill_on_drop: false }`
[INFO] [stdout] 5e0b97f2236676ca8763dec0d512c9230f53c9c98e0277f81d0d722e3799a064
[INFO] running `Command { std: "docker" "create" "-v" "/var/lib/crater-agent-workspace/builds/worker-7-tc2/target:/opt/rustwide/target:rw,Z" "-v" "/var/lib/crater-agent-workspace/builds/worker-7-tc2/source:/opt/rustwide/workdir:ro,Z" "-v" "/var/lib/crater-agent-workspace/cargo-home:/opt/rustwide/cargo-home:ro,Z" "-v" "/var/lib/crater-agent-workspace/rustup-home:/opt/rustwide/rustup-home:ro,Z" "-e" "SOURCE_DIR=/opt/rustwide/workdir" "-e" "CARGO_TARGET_DIR=/opt/rustwide/target" "-e" "CARGO_INCREMENTAL=0" "-e" "RUST_BACKTRACE=full" "-e" "RUSTFLAGS=--cap-lints=warn" "-e" "RUSTDOCFLAGS=--cap-lints=warn" "-e" "CARGO_HOME=/opt/rustwide/cargo-home" "-e" "RUSTUP_HOME=/opt/rustwide/rustup-home" "-w" "/opt/rustwide/workdir" "-m" "1610612736" "--user" "0:0" "--network" "none" "ghcr.io/rust-lang/crates-build-env/linux@sha256:2788e3201cd34a07e3172128adcd8b3090168a8e3bcc40d7c032b9dda1df7d1c" "/opt/rustwide/cargo-home/bin/cargo" "+beta-2023-12-22" "test" "--frozen" "--no-run" "--message-format=json", kill_on_drop: false }`
[INFO] [stdout] b3dd397f127a29ad4b982d3798d42514b7e5777d353b6333a027a89b399a0b37
[INFO] running `Command { std: "docker" "start" "-a" "b3dd397f127a29ad4b982d3798d42514b7e5777d353b6333a027a89b399a0b37", kill_on_drop: false }`
[INFO] [stderr]    Compiling proc-macro2 v1.0.36
[INFO] [stderr]    Compiling unicode-xid v0.2.2
[INFO] [stderr]    Compiling syn v1.0.86
[INFO] [stderr]    Compiling libc v0.2.125
[INFO] [stderr]    Compiling futures-sink v0.3.19
[INFO] [stderr]    Compiling slab v0.4.5
[INFO] [stderr]    Compiling futures-task v0.3.19
[INFO] [stderr]    Compiling serde v1.0.135
[INFO] [stderr]    Compiling futures-channel v0.3.19
[INFO] [stderr]    Compiling futures-util v0.3.19
[INFO] [stderr]    Compiling tokio v0.3.7
[INFO] [stderr]    Compiling futures-io v0.3.19
[INFO] [stderr]    Compiling num-traits v0.2.14
[INFO] [stderr]    Compiling bytes v0.6.0
[INFO] [stderr]    Compiling syn v0.15.44
[INFO] [stderr]    Compiling fastrand v1.7.0
[INFO] [stderr]    Compiling remove_dir_all v0.5.3
[INFO] [stderr]    Compiling bit-vec v0.6.3
[INFO] [stderr]    Compiling bytes v1.1.0
[INFO] [stderr]    Compiling ntest_proc_macro_helper v0.7.5
[INFO] [stderr]    Compiling regex-syntax v0.6.25
[INFO] [stderr]    Compiling quick-error v2.0.1
[INFO] [stderr]    Compiling bit-set v0.5.2
[INFO] [stderr]    Compiling byteorder v1.4.3
[INFO] [stderr]    Compiling tokio v1.15.0
[INFO] [stderr]    Compiling quote v1.0.15
[INFO] [stderr]    Compiling getrandom v0.2.6
[INFO] [stderr]    Compiling tempfile v3.3.0
[INFO] [stderr]    Compiling wait-timeout v0.2.0
[INFO] [stderr]    Compiling rand_core v0.6.3
[INFO] [stderr]    Compiling rusty-fork v0.3.0
[INFO] [stderr]    Compiling rand_chacha v0.3.1
[INFO] [stderr]    Compiling rand_xorshift v0.3.0
[INFO] [stderr]    Compiling rand v0.8.5
[INFO] [stderr]    Compiling tokio-util v0.4.0
[INFO] [stderr]    Compiling tokio-util v0.5.1
[INFO] [stderr]    Compiling proptest v1.0.0
[INFO] [stderr]    Compiling tokio-util v0.6.9
[INFO] [stderr]    Compiling toml v0.5.8
[INFO] [stderr]    Compiling futures-macro v0.3.19
[INFO] [stderr]    Compiling thiserror-impl v1.0.31
[INFO] [stderr]    Compiling tokio-macros v0.2.6
[INFO] [stderr]    Compiling pin-project-internal v1.0.10
[INFO] [stderr]    Compiling ntest_test_cases v0.7.5
[INFO] [stderr]    Compiling proptest-derive v0.3.0
[INFO] [stderr]    Compiling tokio v0.2.25
[INFO] [stderr]    Compiling thiserror v1.0.31
[INFO] [stderr]    Compiling proc-macro-crate v1.1.3
[INFO] [stderr]    Compiling pin-project v1.0.10
[INFO] [stderr]    Compiling ntest_timeout v0.7.5
[INFO] [stderr]    Compiling ntest v0.7.5
[INFO] [stderr]    Compiling tokio-util v0.3.1
[INFO] [stderr]    Compiling futures-executor v0.3.19
[INFO] [stderr]    Compiling futures v0.3.19
[INFO] [stderr]    Compiling futures-test v0.3.19
[INFO] [stderr]    Compiling async-compression-issue-150-workaround v0.3.15-issue-150 (/opt/rustwide/workdir)
[INFO] [stdout] error[E0432]: unresolved import `async_compression`
[INFO] [stdout]  --> tests/proptest.rs:1:5
[INFO] [stdout]   |
[INFO] [stdout] 1 | use async_compression::Level;
[INFO] [stdout]   |     ^^^^^^^^^^^^^^^^^ use of undeclared crate or module `async_compression`
[INFO] [stdout] 
[INFO] [stdout] 
[INFO] [stdout] error[E0432]: unresolved import `async_compression`
[INFO] [stdout]   --> tests/utils/mod.rs:19:9
[INFO] [stdout]    |
[INFO] [stdout] 19 | pub use async_compression::Level;
[INFO] [stdout]    |         ^^^^^^^^^^^^^^^^^ use of undeclared crate or module `async_compression`
[INFO] [stdout] 
[INFO] [stdout] 
[INFO] [stdout] warning: unused imports: `track_closed::TrackClosed`, `track_eof::TrackEof`
[INFO] [stdout]   --> tests/utils/mod.rs:18:43
[INFO] [stdout]    |
[INFO] [stdout] 18 | pub use self::{input_stream::InputStream, track_closed::TrackClosed, track_eof::TrackEof};
[INFO] [stdout]    |                                           ^^^^^^^^^^^^^^^^^^^^^^^^^  ^^^^^^^^^^^^^^^^^^^
[INFO] [stdout]    |
[INFO] [stdout]    = note: `#[warn(unused_imports)]` on by default
[INFO] [stdout] 
[INFO] [stdout] 
[INFO] [stdout] warning: unused imports: `executor::block_on`, `pin_mut`, `stream::Stream`
[INFO] [stdout]   --> tests/utils/mod.rs:20:19
[INFO] [stdout]    |
[INFO] [stdout] 20 | pub use futures::{executor::block_on, pin_mut, stream::Stream};
[INFO] [stdout]    |                   ^^^^^^^^^^^^^^^^^^  ^^^^^^^  ^^^^^^^^^^^^^^
[INFO] [stdout] 
[INFO] [stdout] 
[INFO] [stdout] warning: unused imports: `future::Future`, `io::Result`, `iter::FromIterator`, `pin::Pin`
[INFO] [stdout]   --> tests/utils/mod.rs:21:15
[INFO] [stdout]    |
[INFO] [stdout] 21 | pub use std::{future::Future, io::Result, iter::FromIterator, pin::Pin};
[INFO] [stdout]    |               ^^^^^^^^^^^^^^  ^^^^^^^^^^  ^^^^^^^^^^^^^^^^^^  ^^^^^^^^
[INFO] [stdout] 
[INFO] [stdout] 
[INFO] [stdout] error: aborting due to 2 previous errors; 3 warnings emitted
[INFO] [stdout] 
[INFO] [stdout] 
[INFO] [stdout] For more information about this error, try `rustc --explain E0432`.
[INFO] [stdout] 
[INFO] [stderr] error: could not compile `async-compression-issue-150-workaround` (test "proptest") due to 3 previous errors; 3 warnings emitted
[INFO] running `Command { std: "docker" "inspect" "b3dd397f127a29ad4b982d3798d42514b7e5777d353b6333a027a89b399a0b37", kill_on_drop: false }`
[INFO] running `Command { std: "docker" "rm" "-f" "b3dd397f127a29ad4b982d3798d42514b7e5777d353b6333a027a89b399a0b37", kill_on_drop: false }`
[INFO] [stdout] b3dd397f127a29ad4b982d3798d42514b7e5777d353b6333a027a89b399a0b37
