[INFO] fetching crate astroport-staking 1.1.0...
[INFO] testing astroport-staking-1.1.0 against 1.75.0 for beta-1.76-1
[INFO] extracting crate astroport-staking 1.1.0 into /workspace/builds/worker-7-tc1/source
[INFO] validating manifest of crates.io crate astroport-staking 1.1.0 on toolchain 1.75.0
[INFO] running `Command { std: CARGO_HOME="/workspace/cargo-home" RUSTUP_HOME="/workspace/rustup-home" "/workspace/cargo-home/bin/cargo" "+1.75.0" "metadata" "--manifest-path" "Cargo.toml" "--no-deps", kill_on_drop: false }`
[INFO] removed /workspace/builds/worker-7-tc1/source/.cargo/config
[INFO] started tweaking crates.io crate astroport-staking 1.1.0
[INFO] finished tweaking crates.io crate astroport-staking 1.1.0
[INFO] tweaked toml for crates.io crate astroport-staking 1.1.0 written to /workspace/builds/worker-7-tc1/source/Cargo.toml
[INFO] crate crates.io crate astroport-staking 1.1.0 already has a lockfile, it will not be regenerated
[INFO] running `Command { std: CARGO_HOME="/workspace/cargo-home" RUSTUP_HOME="/workspace/rustup-home" "/workspace/cargo-home/bin/cargo" "+1.75.0" "fetch" "--manifest-path" "Cargo.toml", kill_on_drop: false }`
[INFO] [stderr]     Updating crates.io index
[INFO] [stderr]  Downloading crates ...
[INFO] [stderr]   Downloaded forward_ref v1.0.0
[INFO] [stderr]   Downloaded cosmwasm-derive v1.2.4
[INFO] [stderr]   Downloaded cosmwasm-schema v1.2.4
[INFO] [stderr]   Downloaded cosmwasm-schema-derive v1.2.4
[INFO] [stderr]   Downloaded prost v0.9.0
[INFO] [stderr]   Downloaded cosmwasm-crypto v1.2.4
[INFO] [stderr]   Downloaded cw-multi-test v0.15.1
[INFO] [stderr]   Downloaded cw2 v0.15.1
[INFO] [stderr]   Downloaded cw-utils v0.15.1
[INFO] [stderr]   Downloaded serde-json-wasm v0.5.1
[INFO] [stderr]   Downloaded ed25519-zebra v3.1.0
[INFO] [stderr]   Downloaded cw20 v0.15.1
[INFO] [stderr]   Downloaded cosmwasm-std v1.2.4
[INFO] [stderr]   Downloaded prost-derive v0.9.0
[INFO] [stderr]   Downloaded cw-storage-plus v0.15.1
[INFO] [stderr]   Downloaded cosmwasm-storage v1.2.4
[INFO] [stderr]   Downloaded astroport v2.8.0
[INFO] running `Command { std: "docker" "create" "-v" "/var/lib/crater-agent-workspace/builds/worker-7-tc1/target:/opt/rustwide/target:rw,Z" "-v" "/var/lib/crater-agent-workspace/builds/worker-7-tc1/source:/opt/rustwide/workdir:ro,Z" "-v" "/var/lib/crater-agent-workspace/cargo-home:/opt/rustwide/cargo-home:ro,Z" "-v" "/var/lib/crater-agent-workspace/rustup-home:/opt/rustwide/rustup-home:ro,Z" "-e" "SOURCE_DIR=/opt/rustwide/workdir" "-e" "CARGO_TARGET_DIR=/opt/rustwide/target" "-e" "CARGO_HOME=/opt/rustwide/cargo-home" "-e" "RUSTUP_HOME=/opt/rustwide/rustup-home" "-w" "/opt/rustwide/workdir" "-m" "1610612736" "--user" "0:0" "--network" "none" "ghcr.io/rust-lang/crates-build-env/linux@sha256:2788e3201cd34a07e3172128adcd8b3090168a8e3bcc40d7c032b9dda1df7d1c" "/opt/rustwide/cargo-home/bin/cargo" "+1.75.0" "metadata" "--no-deps" "--format-version=1", kill_on_drop: false }`
[INFO] [stdout] a074e5873cc5fc3c5eedc100ee5b2fcb769be3a3ff7370f7177f247878720989
[INFO] running `Command { std: "docker" "start" "-a" "a074e5873cc5fc3c5eedc100ee5b2fcb769be3a3ff7370f7177f247878720989", kill_on_drop: false }`
[INFO] running `Command { std: "docker" "inspect" "a074e5873cc5fc3c5eedc100ee5b2fcb769be3a3ff7370f7177f247878720989", kill_on_drop: false }`
[INFO] running `Command { std: "docker" "rm" "-f" "a074e5873cc5fc3c5eedc100ee5b2fcb769be3a3ff7370f7177f247878720989", kill_on_drop: false }`
[INFO] [stdout] a074e5873cc5fc3c5eedc100ee5b2fcb769be3a3ff7370f7177f247878720989
[INFO] running `Command { std: "docker" "create" "-v" "/var/lib/crater-agent-workspace/builds/worker-7-tc1/target:/opt/rustwide/target:rw,Z" "-v" "/var/lib/crater-agent-workspace/builds/worker-7-tc1/source:/opt/rustwide/workdir:ro,Z" "-v" "/var/lib/crater-agent-workspace/cargo-home:/opt/rustwide/cargo-home:ro,Z" "-v" "/var/lib/crater-agent-workspace/rustup-home:/opt/rustwide/rustup-home:ro,Z" "-e" "SOURCE_DIR=/opt/rustwide/workdir" "-e" "CARGO_TARGET_DIR=/opt/rustwide/target" "-e" "CARGO_INCREMENTAL=0" "-e" "RUST_BACKTRACE=full" "-e" "RUSTFLAGS=--cap-lints=warn" "-e" "RUSTDOCFLAGS=--cap-lints=warn" "-e" "CARGO_HOME=/opt/rustwide/cargo-home" "-e" "RUSTUP_HOME=/opt/rustwide/rustup-home" "-w" "/opt/rustwide/workdir" "-m" "1610612736" "--user" "0:0" "--network" "none" "ghcr.io/rust-lang/crates-build-env/linux@sha256:2788e3201cd34a07e3172128adcd8b3090168a8e3bcc40d7c032b9dda1df7d1c" "/opt/rustwide/cargo-home/bin/cargo" "+1.75.0" "build" "--frozen" "--message-format=json", kill_on_drop: false }`
[INFO] [stdout] 7eeef8527bd92f2e91a6da0b75513d0cd40a57e87e33d4d800bbf52a8088ab9e
[INFO] running `Command { std: "docker" "start" "-a" "7eeef8527bd92f2e91a6da0b75513d0cd40a57e87e33d4d800bbf52a8088ab9e", kill_on_drop: false }`
[INFO] [stderr]    Compiling libc v0.2.142
[INFO] [stderr]    Compiling zeroize v1.6.0
[INFO] [stderr]    Compiling serde v1.0.160
[INFO] [stderr]    Compiling syn v1.0.109
[INFO] [stderr]    Compiling once_cell v1.17.1
[INFO] [stderr]    Compiling byteorder v1.4.3
[INFO] [stderr]    Compiling crunchy v0.2.2
[INFO] [stderr]    Compiling rand_core v0.5.1
[INFO] [stderr]    Compiling schemars v0.8.12
[INFO] [stderr]    Compiling opaque-debug v0.3.0
[INFO] [stderr]    Compiling dyn-clone v1.0.11
[INFO] [stderr]    Compiling forward_ref v1.0.0
[INFO] [stderr]    Compiling syn v2.0.15
[INFO] [stderr]    Compiling digest v0.9.0
[INFO] [stderr]    Compiling digest v0.10.6
[INFO] [stderr]    Compiling block-buffer v0.9.0
[INFO] [stderr]    Compiling semver v1.0.17
[INFO] [stderr]    Compiling protobuf v2.28.0
[INFO] [stderr]    Compiling der v0.6.1
[INFO] [stderr]    Compiling sha2 v0.9.9
[INFO] [stderr]    Compiling curve25519-dalek v3.2.0
[INFO] [stderr]    Compiling hmac v0.12.1
[INFO] [stderr]    Compiling sha2 v0.10.6
[INFO] [stderr]    Compiling uint v0.9.5
[INFO] [stderr]    Compiling getrandom v0.2.9
[INFO] [stderr]    Compiling spki v0.6.0
[INFO] [stderr]    Compiling rand_core v0.6.4
[INFO] [stderr]    Compiling ahash v0.7.6
[INFO] [stderr]    Compiling pkcs8 v0.9.0
[INFO] [stderr]    Compiling sec1 v0.3.0
[INFO] [stderr]    Compiling ff v0.12.1
[INFO] [stderr]    Compiling crypto-bigint v0.4.9
[INFO] [stderr]    Compiling signature v1.6.4
[INFO] [stderr]    Compiling hashbrown v0.12.3
[INFO] [stderr]    Compiling group v0.12.1
[INFO] [stderr]    Compiling rfc6979 v0.3.1
[INFO] [stderr]    Compiling elliptic-curve v0.12.3
[INFO] [stderr]    Compiling serde_derive v1.0.160
[INFO] [stderr]    Compiling thiserror-impl v1.0.40
[INFO] [stderr]    Compiling ecdsa v0.14.8
[INFO] [stderr]    Compiling k256 v0.11.6
[INFO] [stderr]    Compiling thiserror v1.0.40
[INFO] [stderr]    Compiling serde_derive_internals v0.26.0
[INFO] [stderr]    Compiling schemars_derive v0.8.12
[INFO] [stderr]    Compiling cosmwasm-derive v1.2.4
[INFO] [stderr]    Compiling derivative v2.2.0
[INFO] [stderr]    Compiling cosmwasm-schema-derive v1.2.4
[INFO] [stderr]    Compiling serde_json v1.0.96
[INFO] [stderr]    Compiling ed25519-zebra v3.1.0
[INFO] [stderr]    Compiling serde-json-wasm v0.5.1
[INFO] [stderr]    Compiling cosmwasm-crypto v1.2.4
[INFO] [stderr]    Compiling cosmwasm-std v1.2.4
[INFO] [stderr]    Compiling cosmwasm-schema v1.2.4
[INFO] [stderr]    Compiling cw-storage-plus v0.15.1
[INFO] [stderr]    Compiling cw2 v0.15.1
[INFO] [stderr]    Compiling cw-utils v0.15.1
[INFO] [stderr]    Compiling cw20 v0.15.1
[INFO] [stderr]    Compiling astroport v2.8.0
[INFO] [stderr]    Compiling astroport-staking v1.1.0 (/opt/rustwide/workdir)
[INFO] [stderr]     Finished dev [unoptimized + debuginfo] target(s) in 19.70s
[INFO] running `Command { std: "docker" "inspect" "7eeef8527bd92f2e91a6da0b75513d0cd40a57e87e33d4d800bbf52a8088ab9e", kill_on_drop: false }`
[INFO] running `Command { std: "docker" "rm" "-f" "7eeef8527bd92f2e91a6da0b75513d0cd40a57e87e33d4d800bbf52a8088ab9e", kill_on_drop: false }`
[INFO] [stdout] 7eeef8527bd92f2e91a6da0b75513d0cd40a57e87e33d4d800bbf52a8088ab9e
[INFO] running `Command { std: "docker" "create" "-v" "/var/lib/crater-agent-workspace/builds/worker-7-tc1/target:/opt/rustwide/target:rw,Z" "-v" "/var/lib/crater-agent-workspace/builds/worker-7-tc1/source:/opt/rustwide/workdir:ro,Z" "-v" "/var/lib/crater-agent-workspace/cargo-home:/opt/rustwide/cargo-home:ro,Z" "-v" "/var/lib/crater-agent-workspace/rustup-home:/opt/rustwide/rustup-home:ro,Z" "-e" "SOURCE_DIR=/opt/rustwide/workdir" "-e" "CARGO_TARGET_DIR=/opt/rustwide/target" "-e" "CARGO_INCREMENTAL=0" "-e" "RUST_BACKTRACE=full" "-e" "RUSTFLAGS=--cap-lints=warn" "-e" "RUSTDOCFLAGS=--cap-lints=warn" "-e" "CARGO_HOME=/opt/rustwide/cargo-home" "-e" "RUSTUP_HOME=/opt/rustwide/rustup-home" "-w" "/opt/rustwide/workdir" "-m" "1610612736" "--user" "0:0" "--network" "none" "ghcr.io/rust-lang/crates-build-env/linux@sha256:2788e3201cd34a07e3172128adcd8b3090168a8e3bcc40d7c032b9dda1df7d1c" "/opt/rustwide/cargo-home/bin/cargo" "+1.75.0" "test" "--frozen" "--no-run" "--message-format=json", kill_on_drop: false }`
[INFO] [stdout] d00ab7a2df05b896608a20ecadcdc9a550366db440fa55c9dd677e0a59d2cf99
[INFO] running `Command { std: "docker" "start" "-a" "d00ab7a2df05b896608a20ecadcdc9a550366db440fa55c9dd677e0a59d2cf99", kill_on_drop: false }`
[INFO] [stderr]    Compiling anyhow v1.0.70
[INFO] [stderr]    Compiling cosmwasm-std v1.2.4
[INFO] [stderr]    Compiling prost-derive v0.9.0
[INFO] [stderr]    Compiling prost v0.9.0
[INFO] [stderr]    Compiling cw-storage-plus v0.15.1
[INFO] [stderr]    Compiling cosmwasm-storage v1.2.4
[INFO] [stderr]    Compiling cw2 v0.15.1
[INFO] [stderr]    Compiling cw-utils v0.15.1
[INFO] [stderr]    Compiling cw20 v0.15.1
[INFO] [stderr]    Compiling cw-multi-test v0.15.1
[INFO] [stderr]    Compiling astroport v2.8.0
[INFO] [stderr]    Compiling astroport-staking v1.1.0 (/opt/rustwide/workdir)
[INFO] [stdout] error[E0433]: failed to resolve: use of undeclared crate or module `astroport_token`
[INFO] [stdout]    --> tests/integration.rs:126:9
[INFO] [stdout]     |
[INFO] [stdout] 126 |         astroport_token::contract::execute,
[INFO] [stdout]     |         ^^^^^^^^^^^^^^^ use of undeclared crate or module `astroport_token`
[INFO] [stdout]     |
[INFO] [stdout] help: there is a crate or module with a similar name
[INFO] [stdout]     |
[INFO] [stdout] 126 |         astroport_staking::contract::execute,
[INFO] [stdout]     |         ~~~~~~~~~~~~~~~~~
[INFO] [stdout] help: consider importing this module
[INFO] [stdout]     |
[INFO] [stdout] 1   + use astroport_staking::contract;
[INFO] [stdout]     |
[INFO] [stdout] help: if you import `contract`, refer to it directly
[INFO] [stdout]     |
[INFO] [stdout] 126 -         astroport_token::contract::execute,
[INFO] [stdout] 126 +         contract::execute,
[INFO] [stdout]     |
[INFO] [stdout] 
[INFO] [stdout] 
[INFO] [stdout] error[E0433]: failed to resolve: use of undeclared crate or module `astroport_token`
[INFO] [stdout]    --> tests/integration.rs:127:9
[INFO] [stdout]     |
[INFO] [stdout] 127 |         astroport_token::contract::instantiate,
[INFO] [stdout]     |         ^^^^^^^^^^^^^^^ use of undeclared crate or module `astroport_token`
[INFO] [stdout]     |
[INFO] [stdout] help: there is a crate or module with a similar name
[INFO] [stdout]     |
[INFO] [stdout] 127 |         astroport_staking::contract::instantiate,
[INFO] [stdout]     |         ~~~~~~~~~~~~~~~~~
[INFO] [stdout] help: consider importing this module
[INFO] [stdout]     |
[INFO] [stdout] 1   + use astroport_staking::contract;
[INFO] [stdout]     |
[INFO] [stdout] help: if you import `contract`, refer to it directly
[INFO] [stdout]     |
[INFO] [stdout] 127 -         astroport_token::contract::instantiate,
[INFO] [stdout] 127 +         contract::instantiate,
[INFO] [stdout]     |
[INFO] [stdout] 
[INFO] [stdout] 
[INFO] [stdout] error[E0433]: failed to resolve: use of undeclared crate or module `astroport_token`
[INFO] [stdout]    --> tests/integration.rs:128:9
[INFO] [stdout]     |
[INFO] [stdout] 128 |         astroport_token::contract::query,
[INFO] [stdout]     |         ^^^^^^^^^^^^^^^ use of undeclared crate or module `astroport_token`
[INFO] [stdout]     |
[INFO] [stdout] help: there is a crate or module with a similar name
[INFO] [stdout]     |
[INFO] [stdout] 128 |         astroport_staking::contract::query,
[INFO] [stdout]     |         ~~~~~~~~~~~~~~~~~
[INFO] [stdout] help: consider importing this module
[INFO] [stdout]     |
[INFO] [stdout] 1   + use astroport_staking::contract;
[INFO] [stdout]     |
[INFO] [stdout] help: if you import `contract`, refer to it directly
[INFO] [stdout]     |
[INFO] [stdout] 128 -         astroport_token::contract::query,
[INFO] [stdout] 128 +         contract::query,
[INFO] [stdout]     |
[INFO] [stdout] 
[INFO] [stdout] 
[INFO] [stdout] error: aborting due to 3 previous errors
[INFO] [stdout] 
[INFO] [stdout] 
[INFO] [stdout] For more information about this error, try `rustc --explain E0433`.
[INFO] [stdout] 
[INFO] [stderr] error: could not compile `astroport-staking` (test "integration") due to 4 previous errors
[INFO] [stderr] warning: build failed, waiting for other jobs to finish...
[INFO] running `Command { std: "docker" "inspect" "d00ab7a2df05b896608a20ecadcdc9a550366db440fa55c9dd677e0a59d2cf99", kill_on_drop: false }`
[INFO] running `Command { std: "docker" "rm" "-f" "d00ab7a2df05b896608a20ecadcdc9a550366db440fa55c9dd677e0a59d2cf99", kill_on_drop: false }`
[INFO] [stdout] d00ab7a2df05b896608a20ecadcdc9a550366db440fa55c9dd677e0a59d2cf99
[INFO] testing astroport-staking-1.1.0 against beta-2023-12-22 for beta-1.76-1
[INFO] extracting crate astroport-staking 1.1.0 into /workspace/builds/worker-7-tc2/source
[INFO] validating manifest of crates.io crate astroport-staking 1.1.0 on toolchain beta-2023-12-22
[INFO] running `Command { std: CARGO_HOME="/workspace/cargo-home" RUSTUP_HOME="/workspace/rustup-home" "/workspace/cargo-home/bin/cargo" "+beta-2023-12-22" "metadata" "--manifest-path" "Cargo.toml" "--no-deps", kill_on_drop: false }`
[INFO] removed /workspace/builds/worker-7-tc2/source/.cargo/config
[INFO] started tweaking crates.io crate astroport-staking 1.1.0
[INFO] finished tweaking crates.io crate astroport-staking 1.1.0
[INFO] tweaked toml for crates.io crate astroport-staking 1.1.0 written to /workspace/builds/worker-7-tc2/source/Cargo.toml
[INFO] crate crates.io crate astroport-staking 1.1.0 already has a lockfile, it will not be regenerated
[INFO] running `Command { std: CARGO_HOME="/workspace/cargo-home" RUSTUP_HOME="/workspace/rustup-home" "/workspace/cargo-home/bin/cargo" "+beta-2023-12-22" "fetch" "--manifest-path" "Cargo.toml", kill_on_drop: false }`
[INFO] running `Command { std: "docker" "create" "-v" "/var/lib/crater-agent-workspace/builds/worker-7-tc2/target:/opt/rustwide/target:rw,Z" "-v" "/var/lib/crater-agent-workspace/builds/worker-7-tc2/source:/opt/rustwide/workdir:ro,Z" "-v" "/var/lib/crater-agent-workspace/cargo-home:/opt/rustwide/cargo-home:ro,Z" "-v" "/var/lib/crater-agent-workspace/rustup-home:/opt/rustwide/rustup-home:ro,Z" "-e" "SOURCE_DIR=/opt/rustwide/workdir" "-e" "CARGO_TARGET_DIR=/opt/rustwide/target" "-e" "CARGO_HOME=/opt/rustwide/cargo-home" "-e" "RUSTUP_HOME=/opt/rustwide/rustup-home" "-w" "/opt/rustwide/workdir" "-m" "1610612736" "--user" "0:0" "--network" "none" "ghcr.io/rust-lang/crates-build-env/linux@sha256:2788e3201cd34a07e3172128adcd8b3090168a8e3bcc40d7c032b9dda1df7d1c" "/opt/rustwide/cargo-home/bin/cargo" "+beta-2023-12-22" "metadata" "--no-deps" "--format-version=1", kill_on_drop: false }`
[INFO] [stdout] 081840d1a793356cdd9d651070f70016065d3e31bd720658909891ba0e734a56
[INFO] running `Command { std: "docker" "start" "-a" "081840d1a793356cdd9d651070f70016065d3e31bd720658909891ba0e734a56", kill_on_drop: false }`
[INFO] running `Command { std: "docker" "inspect" "081840d1a793356cdd9d651070f70016065d3e31bd720658909891ba0e734a56", kill_on_drop: false }`
[INFO] running `Command { std: "docker" "rm" "-f" "081840d1a793356cdd9d651070f70016065d3e31bd720658909891ba0e734a56", kill_on_drop: false }`
[INFO] [stdout] 081840d1a793356cdd9d651070f70016065d3e31bd720658909891ba0e734a56
[INFO] running `Command { std: "docker" "create" "-v" "/var/lib/crater-agent-workspace/builds/worker-7-tc2/target:/opt/rustwide/target:rw,Z" "-v" "/var/lib/crater-agent-workspace/builds/worker-7-tc2/source:/opt/rustwide/workdir:ro,Z" "-v" "/var/lib/crater-agent-workspace/cargo-home:/opt/rustwide/cargo-home:ro,Z" "-v" "/var/lib/crater-agent-workspace/rustup-home:/opt/rustwide/rustup-home:ro,Z" "-e" "SOURCE_DIR=/opt/rustwide/workdir" "-e" "CARGO_TARGET_DIR=/opt/rustwide/target" "-e" "CARGO_INCREMENTAL=0" "-e" "RUST_BACKTRACE=full" "-e" "RUSTFLAGS=--cap-lints=warn" "-e" "RUSTDOCFLAGS=--cap-lints=warn" "-e" "CARGO_HOME=/opt/rustwide/cargo-home" "-e" "RUSTUP_HOME=/opt/rustwide/rustup-home" "-w" "/opt/rustwide/workdir" "-m" "1610612736" "--user" "0:0" "--network" "none" "ghcr.io/rust-lang/crates-build-env/linux@sha256:2788e3201cd34a07e3172128adcd8b3090168a8e3bcc40d7c032b9dda1df7d1c" "/opt/rustwide/cargo-home/bin/cargo" "+beta-2023-12-22" "build" "--frozen" "--message-format=json", kill_on_drop: false }`
[INFO] [stdout] 73dbd79d77d8b550a4800fe1d106ce4092aa1a054676bf594ff9af1d4d202112
[INFO] running `Command { std: "docker" "start" "-a" "73dbd79d77d8b550a4800fe1d106ce4092aa1a054676bf594ff9af1d4d202112", kill_on_drop: false }`
[INFO] [stderr]    Compiling libc v0.2.142
[INFO] [stderr]    Compiling zeroize v1.6.0
[INFO] [stderr]    Compiling serde v1.0.160
[INFO] [stderr]    Compiling syn v1.0.109
[INFO] [stderr]    Compiling byteorder v1.4.3
[INFO] [stderr]    Compiling once_cell v1.17.1
[INFO] [stderr]    Compiling opaque-debug v0.3.0
[INFO] [stderr]    Compiling schemars v0.8.12
[INFO] [stderr]    Compiling crunchy v0.2.2
[INFO] [stderr]    Compiling rand_core v0.5.1
[INFO] [stderr]    Compiling dyn-clone v1.0.11
[INFO] [stderr]    Compiling forward_ref v1.0.0
[INFO] [stderr]    Compiling syn v2.0.15
[INFO] [stderr]    Compiling digest v0.9.0
[INFO] [stderr]    Compiling digest v0.10.6
[INFO] [stderr]    Compiling block-buffer v0.9.0
[INFO] [stderr]    Compiling semver v1.0.17
[INFO] [stderr]    Compiling protobuf v2.28.0
[INFO] [stderr]    Compiling der v0.6.1
[INFO] [stderr]    Compiling sha2 v0.9.9
[INFO] [stderr]    Compiling hmac v0.12.1
[INFO] [stderr]    Compiling curve25519-dalek v3.2.0
[INFO] [stderr]    Compiling sha2 v0.10.6
[INFO] [stderr]    Compiling uint v0.9.5
[INFO] [stderr]    Compiling spki v0.6.0
[INFO] [stderr]    Compiling getrandom v0.2.9
[INFO] [stderr]    Compiling pkcs8 v0.9.0
[INFO] [stderr]    Compiling rand_core v0.6.4
[INFO] [stderr]    Compiling ahash v0.7.6
[INFO] [stderr]    Compiling sec1 v0.3.0
[INFO] [stderr]    Compiling hashbrown v0.12.3
[INFO] [stderr]    Compiling ff v0.12.1
[INFO] [stderr]    Compiling crypto-bigint v0.4.9
[INFO] [stderr]    Compiling signature v1.6.4
[INFO] [stderr]    Compiling group v0.12.1
[INFO] [stderr]    Compiling elliptic-curve v0.12.3
[INFO] [stderr]    Compiling rfc6979 v0.3.1
[INFO] [stderr]    Compiling serde_derive v1.0.160
[INFO] [stderr]    Compiling thiserror-impl v1.0.40
[INFO] [stderr]    Compiling ecdsa v0.14.8
[INFO] [stderr]    Compiling k256 v0.11.6
[INFO] [stderr]    Compiling thiserror v1.0.40
[INFO] [stderr]    Compiling serde_derive_internals v0.26.0
[INFO] [stderr]    Compiling schemars_derive v0.8.12
[INFO] [stderr]    Compiling derivative v2.2.0
[INFO] [stderr]    Compiling cosmwasm-derive v1.2.4
[INFO] [stderr]    Compiling cosmwasm-schema-derive v1.2.4
[INFO] [stderr]    Compiling serde_json v1.0.96
[INFO] [stderr]    Compiling ed25519-zebra v3.1.0
[INFO] [stderr]    Compiling serde-json-wasm v0.5.1
[INFO] [stderr]    Compiling cosmwasm-crypto v1.2.4
[INFO] [stderr]    Compiling cosmwasm-std v1.2.4
[INFO] [stderr]    Compiling cosmwasm-schema v1.2.4
[INFO] [stderr]    Compiling cw-storage-plus v0.15.1
[INFO] [stderr]    Compiling cw2 v0.15.1
[INFO] [stderr]    Compiling cw-utils v0.15.1
[INFO] [stderr]    Compiling cw20 v0.15.1
[INFO] [stderr]    Compiling astroport v2.8.0
[INFO] [stderr]    Compiling astroport-staking v1.1.0 (/opt/rustwide/workdir)
[INFO] [stderr]     Finished dev [unoptimized + debuginfo] target(s) in 20.66s
[INFO] running `Command { std: "docker" "inspect" "73dbd79d77d8b550a4800fe1d106ce4092aa1a054676bf594ff9af1d4d202112", kill_on_drop: false }`
[INFO] running `Command { std: "docker" "rm" "-f" "73dbd79d77d8b550a4800fe1d106ce4092aa1a054676bf594ff9af1d4d202112", kill_on_drop: false }`
[INFO] [stdout] 73dbd79d77d8b550a4800fe1d106ce4092aa1a054676bf594ff9af1d4d202112
[INFO] running `Command { std: "docker" "create" "-v" "/var/lib/crater-agent-workspace/builds/worker-7-tc2/target:/opt/rustwide/target:rw,Z" "-v" "/var/lib/crater-agent-workspace/builds/worker-7-tc2/source:/opt/rustwide/workdir:ro,Z" "-v" "/var/lib/crater-agent-workspace/cargo-home:/opt/rustwide/cargo-home:ro,Z" "-v" "/var/lib/crater-agent-workspace/rustup-home:/opt/rustwide/rustup-home:ro,Z" "-e" "SOURCE_DIR=/opt/rustwide/workdir" "-e" "CARGO_TARGET_DIR=/opt/rustwide/target" "-e" "CARGO_INCREMENTAL=0" "-e" "RUST_BACKTRACE=full" "-e" "RUSTFLAGS=--cap-lints=warn" "-e" "RUSTDOCFLAGS=--cap-lints=warn" "-e" "CARGO_HOME=/opt/rustwide/cargo-home" "-e" "RUSTUP_HOME=/opt/rustwide/rustup-home" "-w" "/opt/rustwide/workdir" "-m" "1610612736" "--user" "0:0" "--network" "none" "ghcr.io/rust-lang/crates-build-env/linux@sha256:2788e3201cd34a07e3172128adcd8b3090168a8e3bcc40d7c032b9dda1df7d1c" "/opt/rustwide/cargo-home/bin/cargo" "+beta-2023-12-22" "test" "--frozen" "--no-run" "--message-format=json", kill_on_drop: false }`
[INFO] [stdout] 5b13a7fb9b73ab3d1b74e5abfa5a6b67197b144bf19adf1e62814fd29863802b
[INFO] running `Command { std: "docker" "start" "-a" "5b13a7fb9b73ab3d1b74e5abfa5a6b67197b144bf19adf1e62814fd29863802b", kill_on_drop: false }`
[INFO] [stderr]    Compiling anyhow v1.0.70
[INFO] [stderr]    Compiling cosmwasm-std v1.2.4
[INFO] [stderr]    Compiling prost-derive v0.9.0
[INFO] [stderr]    Compiling prost v0.9.0
[INFO] [stderr]    Compiling cw-storage-plus v0.15.1
[INFO] [stderr]    Compiling cosmwasm-storage v1.2.4
[INFO] [stderr]    Compiling cw2 v0.15.1
[INFO] [stderr]    Compiling cw-utils v0.15.1
[INFO] [stderr]    Compiling cw20 v0.15.1
[INFO] [stderr]    Compiling cw-multi-test v0.15.1
[INFO] [stderr]    Compiling astroport v2.8.0
[INFO] [stderr]    Compiling astroport-staking v1.1.0 (/opt/rustwide/workdir)
[INFO] [stdout] error[E0433]: failed to resolve: use of undeclared crate or module `astroport_token`
[INFO] [stdout]    --> tests/integration.rs:126:9
[INFO] [stdout]     |
[INFO] [stdout] 126 |         astroport_token::contract::execute,
[INFO] [stdout]     |         ^^^^^^^^^^^^^^^ use of undeclared crate or module `astroport_token`
[INFO] [stdout]     |
[INFO] [stdout] help: there is a crate or module with a similar name
[INFO] [stdout]     |
[INFO] [stdout] 126 |         astroport_staking::contract::execute,
[INFO] [stdout]     |         ~~~~~~~~~~~~~~~~~
[INFO] [stdout] help: consider importing this module
[INFO] [stdout]     |
[INFO] [stdout] 1   + use astroport_staking::contract;
[INFO] [stdout]     |
[INFO] [stdout] help: if you import `contract`, refer to it directly
[INFO] [stdout]     |
[INFO] [stdout] 126 -         astroport_token::contract::execute,
[INFO] [stdout] 126 +         contract::execute,
[INFO] [stdout]     |
[INFO] [stdout] 
[INFO] [stdout] 
[INFO] [stdout] error[E0433]: failed to resolve: use of undeclared crate or module `astroport_token`
[INFO] [stdout]    --> tests/integration.rs:127:9
[INFO] [stdout]     |
[INFO] [stdout] 127 |         astroport_token::contract::instantiate,
[INFO] [stdout]     |         ^^^^^^^^^^^^^^^ use of undeclared crate or module `astroport_token`
[INFO] [stdout]     |
[INFO] [stdout] help: there is a crate or module with a similar name
[INFO] [stdout]     |
[INFO] [stdout] 127 |         astroport_staking::contract::instantiate,
[INFO] [stdout]     |         ~~~~~~~~~~~~~~~~~
[INFO] [stdout] help: consider importing this module
[INFO] [stdout]     |
[INFO] [stdout] 1   + use astroport_staking::contract;
[INFO] [stdout]     |
[INFO] [stdout] help: if you import `contract`, refer to it directly
[INFO] [stdout]     |
[INFO] [stdout] 127 -         astroport_token::contract::instantiate,
[INFO] [stdout] 127 +         contract::instantiate,
[INFO] [stdout]     |
[INFO] [stdout] 
[INFO] [stdout] 
[INFO] [stdout] error[E0433]: failed to resolve: use of undeclared crate or module `astroport_token`
[INFO] [stdout]    --> tests/integration.rs:128:9
[INFO] [stdout]     |
[INFO] [stdout] 128 |         astroport_token::contract::query,
[INFO] [stdout]     |         ^^^^^^^^^^^^^^^ use of undeclared crate or module `astroport_token`
[INFO] [stdout]     |
[INFO] [stdout] help: there is a crate or module with a similar name
[INFO] [stdout]     |
[INFO] [stdout] 128 |         astroport_staking::contract::query,
[INFO] [stdout]     |         ~~~~~~~~~~~~~~~~~
[INFO] [stdout] help: consider importing this module
[INFO] [stdout]     |
[INFO] [stdout] 1   + use astroport_staking::contract;
[INFO] [stdout]     |
[INFO] [stdout] help: if you import `contract`, refer to it directly
[INFO] [stdout]     |
[INFO] [stdout] 128 -         astroport_token::contract::query,
[INFO] [stdout] 128 +         contract::query,
[INFO] [stdout]     |
[INFO] [stdout] 
[INFO] [stdout] 
[INFO] [stdout] error: aborting due to 3 previous errors
[INFO] [stdout] 
[INFO] [stdout] 
[INFO] [stdout] For more information about this error, try `rustc --explain E0433`.
[INFO] [stdout] 
[INFO] [stderr] error: could not compile `astroport-staking` (test "integration") due to 4 previous errors
[INFO] [stderr] warning: build failed, waiting for other jobs to finish...
[INFO] running `Command { std: "docker" "inspect" "5b13a7fb9b73ab3d1b74e5abfa5a6b67197b144bf19adf1e62814fd29863802b", kill_on_drop: false }`
[INFO] running `Command { std: "docker" "rm" "-f" "5b13a7fb9b73ab3d1b74e5abfa5a6b67197b144bf19adf1e62814fd29863802b", kill_on_drop: false }`
[INFO] [stdout] 5b13a7fb9b73ab3d1b74e5abfa5a6b67197b144bf19adf1e62814fd29863802b
