[INFO] fetching crate astroport-router 1.2.0...
[INFO] testing astroport-router-1.2.0 against 1.75.0 for beta-1.76-1
[INFO] extracting crate astroport-router 1.2.0 into /workspace/builds/worker-4-tc1/source
[INFO] validating manifest of crates.io crate astroport-router 1.2.0 on toolchain 1.75.0
[INFO] running `Command { std: CARGO_HOME="/workspace/cargo-home" RUSTUP_HOME="/workspace/rustup-home" "/workspace/cargo-home/bin/cargo" "+1.75.0" "metadata" "--manifest-path" "Cargo.toml" "--no-deps", kill_on_drop: false }`
[INFO] removed /workspace/builds/worker-4-tc1/source/.cargo/config
[INFO] started tweaking crates.io crate astroport-router 1.2.0
[INFO] finished tweaking crates.io crate astroport-router 1.2.0
[INFO] tweaked toml for crates.io crate astroport-router 1.2.0 written to /workspace/builds/worker-4-tc1/source/Cargo.toml
[INFO] crate crates.io crate astroport-router 1.2.0 already has a lockfile, it will not be regenerated
[INFO] running `Command { std: CARGO_HOME="/workspace/cargo-home" RUSTUP_HOME="/workspace/rustup-home" "/workspace/cargo-home/bin/cargo" "+1.75.0" "fetch" "--manifest-path" "Cargo.toml", kill_on_drop: false }`
[INFO] [stderr]     Updating crates.io index
[INFO] [stderr]  Downloading crates ...
[INFO] [stderr]   Downloaded crunchy v0.2.2
[INFO] [stderr]   Downloaded getrandom v0.2.9
[INFO] [stderr]   Downloaded serde_json v1.0.96
[INFO] [stderr]   Downloaded cw20 v0.15.1
[INFO] [stderr]   Downloaded quote v1.0.26
[INFO] [stderr]   Downloaded cw-multi-test v0.15.1
[INFO] [stderr]   Downloaded proc-macro2 v1.0.56
[INFO] [stderr]   Downloaded libc v0.2.142
[INFO] [stderr]   Downloaded syn v2.0.15
[INFO] [stderr]   Downloaded itoa v1.0.6
[INFO] [stderr]   Downloaded cosmwasm-std v1.2.4
[INFO] [stderr]   Downloaded schemars v0.8.12
[INFO] [stderr]   Downloaded serde_derive v1.0.160
[INFO] [stderr]   Downloaded cw-storage-plus v0.15.1
[INFO] [stderr]   Downloaded const-oid v0.9.2
[INFO] [stderr]   Downloaded semver v1.0.17
[INFO] [stderr]   Downloaded anyhow v1.0.70
[INFO] [stderr]   Downloaded sha2 v0.10.6
[INFO] [stderr]   Downloaded uint v0.9.5
[INFO] [stderr]   Downloaded prost v0.9.0
[INFO] [stderr]   Downloaded serde v1.0.160
[INFO] [stderr]   Downloaded prost-derive v0.9.0
[INFO] [stderr]   Downloaded cpufeatures v0.2.7
[INFO] [stderr]   Downloaded cosmwasm-storage v1.2.4
[INFO] [stderr]   Downloaded integer-sqrt v0.1.5
[INFO] [stderr]   Downloaded cosmwasm-crypto v1.2.4
[INFO] [stderr]   Downloaded cosmwasm-derive v1.2.4
[INFO] [stderr]   Downloaded cosmwasm-schema-derive v1.2.4
[INFO] [stderr]   Downloaded cw2 v0.15.1
[INFO] [stderr]   Downloaded cosmwasm-schema v1.2.4
[INFO] [stderr]   Downloaded cw-utils v0.15.1
[INFO] [stderr]   Downloaded schemars_derive v0.8.12
[INFO] [stderr]   Downloaded zeroize v1.6.0
[INFO] [stderr]   Downloaded astroport v2.9.4
[INFO] [stderr]   Downloaded dyn-clone v1.0.11
[INFO] running `Command { std: "docker" "create" "-v" "/var/lib/crater-agent-workspace/builds/worker-4-tc1/target:/opt/rustwide/target:rw,Z" "-v" "/var/lib/crater-agent-workspace/builds/worker-4-tc1/source:/opt/rustwide/workdir:ro,Z" "-v" "/var/lib/crater-agent-workspace/cargo-home:/opt/rustwide/cargo-home:ro,Z" "-v" "/var/lib/crater-agent-workspace/rustup-home:/opt/rustwide/rustup-home:ro,Z" "-e" "SOURCE_DIR=/opt/rustwide/workdir" "-e" "CARGO_TARGET_DIR=/opt/rustwide/target" "-e" "CARGO_HOME=/opt/rustwide/cargo-home" "-e" "RUSTUP_HOME=/opt/rustwide/rustup-home" "-w" "/opt/rustwide/workdir" "-m" "1610612736" "--user" "0:0" "--network" "none" "ghcr.io/rust-lang/crates-build-env/linux@sha256:2788e3201cd34a07e3172128adcd8b3090168a8e3bcc40d7c032b9dda1df7d1c" "/opt/rustwide/cargo-home/bin/cargo" "+1.75.0" "metadata" "--no-deps" "--format-version=1", kill_on_drop: false }`
[INFO] [stdout] 076bd12b1c9bede37c922c84e84c9f01728d68b7e6506ae15a2d4365bf5cbeb6
[INFO] running `Command { std: "docker" "start" "-a" "076bd12b1c9bede37c922c84e84c9f01728d68b7e6506ae15a2d4365bf5cbeb6", kill_on_drop: false }`
[INFO] running `Command { std: "docker" "inspect" "076bd12b1c9bede37c922c84e84c9f01728d68b7e6506ae15a2d4365bf5cbeb6", kill_on_drop: false }`
[INFO] running `Command { std: "docker" "rm" "-f" "076bd12b1c9bede37c922c84e84c9f01728d68b7e6506ae15a2d4365bf5cbeb6", kill_on_drop: false }`
[INFO] [stdout] 076bd12b1c9bede37c922c84e84c9f01728d68b7e6506ae15a2d4365bf5cbeb6
[INFO] running `Command { std: "docker" "create" "-v" "/var/lib/crater-agent-workspace/builds/worker-4-tc1/target:/opt/rustwide/target:rw,Z" "-v" "/var/lib/crater-agent-workspace/builds/worker-4-tc1/source:/opt/rustwide/workdir:ro,Z" "-v" "/var/lib/crater-agent-workspace/cargo-home:/opt/rustwide/cargo-home:ro,Z" "-v" "/var/lib/crater-agent-workspace/rustup-home:/opt/rustwide/rustup-home:ro,Z" "-e" "SOURCE_DIR=/opt/rustwide/workdir" "-e" "CARGO_TARGET_DIR=/opt/rustwide/target" "-e" "CARGO_INCREMENTAL=0" "-e" "RUST_BACKTRACE=full" "-e" "RUSTFLAGS=--cap-lints=warn" "-e" "RUSTDOCFLAGS=--cap-lints=warn" "-e" "CARGO_HOME=/opt/rustwide/cargo-home" "-e" "RUSTUP_HOME=/opt/rustwide/rustup-home" "-w" "/opt/rustwide/workdir" "-m" "1610612736" "--user" "0:0" "--network" "none" "ghcr.io/rust-lang/crates-build-env/linux@sha256:2788e3201cd34a07e3172128adcd8b3090168a8e3bcc40d7c032b9dda1df7d1c" "/opt/rustwide/cargo-home/bin/cargo" "+1.75.0" "build" "--frozen" "--message-format=json", kill_on_drop: false }`
[INFO] [stdout] 6dbf181dc430bf5fa95bdb05f48e67e8d7816c1d49ad017eb10d0079bc9566a2
[INFO] running `Command { std: "docker" "start" "-a" "6dbf181dc430bf5fa95bdb05f48e67e8d7816c1d49ad017eb10d0079bc9566a2", kill_on_drop: false }`
[INFO] [stderr]    Compiling typenum v1.16.0
[INFO] [stderr]    Compiling proc-macro2 v1.0.56
[INFO] [stderr]    Compiling unicode-ident v1.0.8
[INFO] [stderr]    Compiling quote v1.0.26
[INFO] [stderr]    Compiling libc v0.2.142
[INFO] [stderr]    Compiling subtle v2.4.1
[INFO] [stderr]    Compiling zeroize v1.6.0
[INFO] [stderr]    Compiling serde_derive v1.0.160
[INFO] [stderr]    Compiling serde v1.0.160
[INFO] [stderr]    Compiling const-oid v0.9.2
[INFO] [stderr]    Compiling cpufeatures v0.2.7
[INFO] [stderr]    Compiling byteorder v1.4.3
[INFO] [stderr]    Compiling once_cell v1.17.1
[INFO] [stderr]    Compiling serde_json v1.0.96
[INFO] [stderr]    Compiling thiserror v1.0.40
[INFO] [stderr]    Compiling crunchy v0.2.2
[INFO] [stderr]    Compiling itoa v1.0.6
[INFO] [stderr]    Compiling opaque-debug v0.3.0
[INFO] [stderr]    Compiling ryu v1.0.13
[INFO] [stderr]    Compiling rand_core v0.5.1
[INFO] [stderr]    Compiling schemars v0.8.12
[INFO] [stderr]    Compiling dyn-clone v1.0.11
[INFO] [stderr]    Compiling static_assertions v1.1.0
[INFO] [stderr]    Compiling der v0.6.1
[INFO] [stderr]    Compiling forward_ref v1.0.0
[INFO] [stderr]    Compiling semver v1.0.17
[INFO] [stderr]    Compiling num-traits v0.2.15
[INFO] [stderr]    Compiling either v1.8.1
[INFO] [stderr]    Compiling itertools v0.10.5
[INFO] [stderr]    Compiling uint v0.9.5
[INFO] [stderr]    Compiling syn v2.0.15
[INFO] [stderr]    Compiling syn v1.0.109
[INFO] [stderr]    Compiling getrandom v0.2.9
[INFO] [stderr]    Compiling spki v0.6.0
[INFO] [stderr]    Compiling rand_core v0.6.4
[INFO] [stderr]    Compiling ahash v0.7.7
[INFO] [stderr]    Compiling pkcs8 v0.9.0
[INFO] [stderr]    Compiling ff v0.12.1
[INFO] [stderr]    Compiling hashbrown v0.12.3
[INFO] [stderr]    Compiling group v0.12.1
[INFO] [stderr]    Compiling integer-sqrt v0.1.5
[INFO] [stderr]    Compiling generic-array v0.14.7
[INFO] [stderr]    Compiling crypto-common v0.1.6
[INFO] [stderr]    Compiling block-buffer v0.10.4
[INFO] [stderr]    Compiling crypto-bigint v0.4.9
[INFO] [stderr]    Compiling sec1 v0.3.0
[INFO] [stderr]    Compiling digest v0.9.0
[INFO] [stderr]    Compiling block-buffer v0.9.0
[INFO] [stderr]    Compiling curve25519-dalek v3.2.0
[INFO] [stderr]    Compiling sha2 v0.9.9
[INFO] [stderr]    Compiling digest v0.10.6
[INFO] [stderr]    Compiling hmac v0.12.1
[INFO] [stderr]    Compiling signature v1.6.4
[INFO] [stderr]    Compiling sha2 v0.10.6
[INFO] [stderr]    Compiling rfc6979 v0.3.1
[INFO] [stderr]    Compiling elliptic-curve v0.12.3
[INFO] [stderr]    Compiling ecdsa v0.14.8
[INFO] [stderr]    Compiling thiserror-impl v1.0.40
[INFO] [stderr]    Compiling k256 v0.11.6
[INFO] [stderr]    Compiling serde_derive_internals v0.26.0
[INFO] [stderr]    Compiling schemars_derive v0.8.12
[INFO] [stderr]    Compiling cosmwasm-derive v1.2.4
[INFO] [stderr]    Compiling derivative v2.2.0
[INFO] [stderr]    Compiling cosmwasm-schema-derive v1.2.4
[INFO] [stderr]    Compiling ed25519-zebra v3.1.0
[INFO] [stderr]    Compiling serde-json-wasm v0.5.1
[INFO] [stderr]    Compiling cosmwasm-crypto v1.2.4
[INFO] [stderr]    Compiling cosmwasm-std v1.2.4
[INFO] [stderr]    Compiling cosmwasm-schema v1.2.4
[INFO] [stderr]    Compiling cw-storage-plus v0.15.1
[INFO] [stderr]    Compiling cw2 v0.15.1
[INFO] [stderr]    Compiling cw-utils v0.15.1
[INFO] [stderr]    Compiling cw20 v0.15.1
[INFO] [stderr]    Compiling astroport v2.9.4
[INFO] [stderr]    Compiling astroport-router v1.2.0 (/opt/rustwide/workdir)
[INFO] [stderr]     Finished dev [unoptimized + debuginfo] target(s) in 23.72s
[INFO] running `Command { std: "docker" "inspect" "6dbf181dc430bf5fa95bdb05f48e67e8d7816c1d49ad017eb10d0079bc9566a2", kill_on_drop: false }`
[INFO] running `Command { std: "docker" "rm" "-f" "6dbf181dc430bf5fa95bdb05f48e67e8d7816c1d49ad017eb10d0079bc9566a2", kill_on_drop: false }`
[INFO] [stdout] 6dbf181dc430bf5fa95bdb05f48e67e8d7816c1d49ad017eb10d0079bc9566a2
[INFO] running `Command { std: "docker" "create" "-v" "/var/lib/crater-agent-workspace/builds/worker-4-tc1/target:/opt/rustwide/target:rw,Z" "-v" "/var/lib/crater-agent-workspace/builds/worker-4-tc1/source:/opt/rustwide/workdir:ro,Z" "-v" "/var/lib/crater-agent-workspace/cargo-home:/opt/rustwide/cargo-home:ro,Z" "-v" "/var/lib/crater-agent-workspace/rustup-home:/opt/rustwide/rustup-home:ro,Z" "-e" "SOURCE_DIR=/opt/rustwide/workdir" "-e" "CARGO_TARGET_DIR=/opt/rustwide/target" "-e" "CARGO_INCREMENTAL=0" "-e" "RUST_BACKTRACE=full" "-e" "RUSTFLAGS=--cap-lints=warn" "-e" "RUSTDOCFLAGS=--cap-lints=warn" "-e" "CARGO_HOME=/opt/rustwide/cargo-home" "-e" "RUSTUP_HOME=/opt/rustwide/rustup-home" "-w" "/opt/rustwide/workdir" "-m" "1610612736" "--user" "0:0" "--network" "none" "ghcr.io/rust-lang/crates-build-env/linux@sha256:2788e3201cd34a07e3172128adcd8b3090168a8e3bcc40d7c032b9dda1df7d1c" "/opt/rustwide/cargo-home/bin/cargo" "+1.75.0" "test" "--frozen" "--no-run" "--message-format=json", kill_on_drop: false }`
[INFO] [stdout] 6ec44d8ce33999b814f6a6e11d1f37937c04f3d6d188a5721e932864d372a197
[INFO] running `Command { std: "docker" "start" "-a" "6ec44d8ce33999b814f6a6e11d1f37937c04f3d6d188a5721e932864d372a197", kill_on_drop: false }`
[INFO] [stderr]    Compiling anyhow v1.0.70
[INFO] [stderr]    Compiling bytes v1.4.0
[INFO] [stderr]    Compiling cosmwasm-std v1.2.4
[INFO] [stderr]    Compiling prost-derive v0.9.0
[INFO] [stderr]    Compiling prost v0.9.0
[INFO] [stderr]    Compiling cw-storage-plus v0.15.1
[INFO] [stderr]    Compiling cosmwasm-storage v1.2.4
[INFO] [stderr]    Compiling cw2 v0.15.1
[INFO] [stderr]    Compiling cw-utils v0.15.1
[INFO] [stderr]    Compiling cw20 v0.15.1
[INFO] [stderr]    Compiling cw-multi-test v0.15.1
[INFO] [stderr]    Compiling astroport v2.9.4
[INFO] [stderr]    Compiling astroport-router v1.2.0 (/opt/rustwide/workdir)
[INFO] [stdout] warning: using `.clone()` on a double reference, which returns `&std::string::String` instead of cloning the inner type
[INFO] [stdout]    --> src/testing/mock_querier.rs:228:42
[INFO] [stdout]     |
[INFO] [stdout] 228 |             self.base.update_balance(addr.clone(), balance.to_vec());
[INFO] [stdout]     |                                          ^^^^^^^^
[INFO] [stdout]     |
[INFO] [stdout]     = note: `#[warn(suspicious_double_ref_op)]` on by default
[INFO] [stdout] 
[INFO] [stdout] 
[INFO] [stdout] error[E0433]: failed to resolve: use of undeclared crate or module `astroport_token`
[INFO] [stdout]   --> tests/factory_helper.rs:21:13
[INFO] [stdout]    |
[INFO] [stdout] 21 |             astroport_token::contract::execute,
[INFO] [stdout]    |             ^^^^^^^^^^^^^^^ use of undeclared crate or module `astroport_token`
[INFO] [stdout]    |
[INFO] [stdout] help: there is a crate or module with a similar name
[INFO] [stdout]    |
[INFO] [stdout] 21 |             astroport_router::contract::execute,
[INFO] [stdout]    |             ~~~~~~~~~~~~~~~~
[INFO] [stdout] help: consider importing this module
[INFO] [stdout]    |
[INFO] [stdout] 3  + use astroport_router::contract;
[INFO] [stdout]    |
[INFO] [stdout] help: if you import `contract`, refer to it directly
[INFO] [stdout]    |
[INFO] [stdout] 21 -             astroport_token::contract::execute,
[INFO] [stdout] 21 +             contract::execute,
[INFO] [stdout]    |
[INFO] [stdout] 
[INFO] [stdout] 
[INFO] [stdout] error[E0433]: failed to resolve: use of undeclared crate or module `astroport_token`
[INFO] [stdout]   --> tests/factory_helper.rs:22:13
[INFO] [stdout]    |
[INFO] [stdout] 22 |             astroport_token::contract::instantiate,
[INFO] [stdout]    |             ^^^^^^^^^^^^^^^ use of undeclared crate or module `astroport_token`
[INFO] [stdout]    |
[INFO] [stdout] help: there is a crate or module with a similar name
[INFO] [stdout]    |
[INFO] [stdout] 22 |             astroport_router::contract::instantiate,
[INFO] [stdout]    |             ~~~~~~~~~~~~~~~~
[INFO] [stdout] help: consider importing this module
[INFO] [stdout]    |
[INFO] [stdout] 3  + use astroport_router::contract;
[INFO] [stdout]    |
[INFO] [stdout] help: if you import `contract`, refer to it directly
[INFO] [stdout]    |
[INFO] [stdout] 22 -             astroport_token::contract::instantiate,
[INFO] [stdout] 22 +             contract::instantiate,
[INFO] [stdout]    |
[INFO] [stdout] 
[INFO] [stdout] 
[INFO] [stdout] error[E0433]: failed to resolve: use of undeclared crate or module `astroport_token`
[INFO] [stdout]   --> tests/factory_helper.rs:23:13
[INFO] [stdout]    |
[INFO] [stdout] 23 |             astroport_token::contract::query,
[INFO] [stdout]    |             ^^^^^^^^^^^^^^^ use of undeclared crate or module `astroport_token`
[INFO] [stdout]    |
[INFO] [stdout] help: there is a crate or module with a similar name
[INFO] [stdout]    |
[INFO] [stdout] 23 |             astroport_router::contract::query,
[INFO] [stdout]    |             ~~~~~~~~~~~~~~~~
[INFO] [stdout] help: consider importing this module
[INFO] [stdout]    |
[INFO] [stdout] 3  + use astroport_router::contract;
[INFO] [stdout]    |
[INFO] [stdout] help: if you import `contract`, refer to it directly
[INFO] [stdout]    |
[INFO] [stdout] 23 -             astroport_token::contract::query,
[INFO] [stdout] 23 +             contract::query,
[INFO] [stdout]    |
[INFO] [stdout] 
[INFO] [stdout] 
[INFO] [stdout] error[E0433]: failed to resolve: use of undeclared crate or module `astroport_pair`
[INFO] [stdout]   --> tests/factory_helper.rs:53:17
[INFO] [stdout]    |
[INFO] [stdout] 53 |                 astroport_pair::contract::execute,
[INFO] [stdout]    |                 ^^^^^^^^^^^^^^ use of undeclared crate or module `astroport_pair`
[INFO] [stdout]    |
[INFO] [stdout] help: consider importing this module
[INFO] [stdout]    |
[INFO] [stdout] 3  + use astroport_router::contract;
[INFO] [stdout]    |
[INFO] [stdout] help: if you import `contract`, refer to it directly
[INFO] [stdout]    |
[INFO] [stdout] 53 -                 astroport_pair::contract::execute,
[INFO] [stdout] 53 +                 contract::execute,
[INFO] [stdout]    |
[INFO] [stdout] 
[INFO] [stdout] 
[INFO] [stdout] error[E0433]: failed to resolve: use of undeclared crate or module `astroport_pair`
[INFO] [stdout]   --> tests/factory_helper.rs:54:17
[INFO] [stdout]    |
[INFO] [stdout] 54 |                 astroport_pair::contract::instantiate,
[INFO] [stdout]    |                 ^^^^^^^^^^^^^^ use of undeclared crate or module `astroport_pair`
[INFO] [stdout]    |
[INFO] [stdout] help: consider importing this module
[INFO] [stdout]    |
[INFO] [stdout] 3  + use astroport_router::contract;
[INFO] [stdout]    |
[INFO] [stdout] help: if you import `contract`, refer to it directly
[INFO] [stdout]    |
[INFO] [stdout] 54 -                 astroport_pair::contract::instantiate,
[INFO] [stdout] 54 +                 contract::instantiate,
[INFO] [stdout]    |
[INFO] [stdout] 
[INFO] [stdout] 
[INFO] [stdout] error[E0433]: failed to resolve: use of undeclared crate or module `astroport_pair`
[INFO] [stdout]   --> tests/factory_helper.rs:55:17
[INFO] [stdout]    |
[INFO] [stdout] 55 |                 astroport_pair::contract::query,
[INFO] [stdout]    |                 ^^^^^^^^^^^^^^ use of undeclared crate or module `astroport_pair`
[INFO] [stdout]    |
[INFO] [stdout] help: consider importing this module
[INFO] [stdout]    |
[INFO] [stdout] 3  + use astroport_router::contract;
[INFO] [stdout]    |
[INFO] [stdout] help: if you import `contract`, refer to it directly
[INFO] [stdout]    |
[INFO] [stdout] 55 -                 astroport_pair::contract::query,
[INFO] [stdout] 55 +                 contract::query,
[INFO] [stdout]    |
[INFO] [stdout] 
[INFO] [stdout] 
[INFO] [stdout] error[E0433]: failed to resolve: use of undeclared crate or module `astroport_pair`
[INFO] [stdout]   --> tests/factory_helper.rs:57:31
[INFO] [stdout]    |
[INFO] [stdout] 57 |             .with_reply_empty(astroport_pair::contract::reply),
[INFO] [stdout]    |                               ^^^^^^^^^^^^^^ use of undeclared crate or module `astroport_pair`
[INFO] [stdout]    |
[INFO] [stdout] help: consider importing this module
[INFO] [stdout]    |
[INFO] [stdout] 3  + use astroport_router::contract;
[INFO] [stdout]    |
[INFO] [stdout] help: if you import `contract`, refer to it directly
[INFO] [stdout]    |
[INFO] [stdout] 57 -             .with_reply_empty(astroport_pair::contract::reply),
[INFO] [stdout] 57 +             .with_reply_empty(contract::reply),
[INFO] [stdout]    |
[INFO] [stdout] 
[INFO] [stdout] 
[INFO] [stdout] error[E0433]: failed to resolve: use of undeclared crate or module `astroport_factory`
[INFO] [stdout]   --> tests/factory_helper.rs:64:17
[INFO] [stdout]    |
[INFO] [stdout] 64 |                 astroport_factory::contract::execute,
[INFO] [stdout]    |                 ^^^^^^^^^^^^^^^^^ use of undeclared crate or module `astroport_factory`
[INFO] [stdout]    |
[INFO] [stdout] help: there is a crate or module with a similar name
[INFO] [stdout]    |
[INFO] [stdout] 64 |                 astroport_router::contract::execute,
[INFO] [stdout]    |                 ~~~~~~~~~~~~~~~~
[INFO] [stdout] help: consider importing this module
[INFO] [stdout]    |
[INFO] [stdout] 3  + use astroport_router::contract;
[INFO] [stdout]    |
[INFO] [stdout] help: if you import `contract`, refer to it directly
[INFO] [stdout]    |
[INFO] [stdout] 64 -                 astroport_factory::contract::execute,
[INFO] [stdout] 64 +                 contract::execute,
[INFO] [stdout]    |
[INFO] [stdout] 
[INFO] [stdout] 
[INFO] [stdout] error[E0433]: failed to resolve: use of undeclared crate or module `astroport_factory`
[INFO] [stdout]   --> tests/factory_helper.rs:65:17
[INFO] [stdout]    |
[INFO] [stdout] 65 |                 astroport_factory::contract::instantiate,
[INFO] [stdout]    |                 ^^^^^^^^^^^^^^^^^ use of undeclared crate or module `astroport_factory`
[INFO] [stdout]    |
[INFO] [stdout] help: there is a crate or module with a similar name
[INFO] [stdout]    |
[INFO] [stdout] 65 |                 astroport_router::contract::instantiate,
[INFO] [stdout]    |                 ~~~~~~~~~~~~~~~~
[INFO] [stdout] help: consider importing this module
[INFO] [stdout]    |
[INFO] [stdout] 3  + use astroport_router::contract;
[INFO] [stdout]    |
[INFO] [stdout] help: if you import `contract`, refer to it directly
[INFO] [stdout]    |
[INFO] [stdout] 65 -                 astroport_factory::contract::instantiate,
[INFO] [stdout] 65 +                 contract::instantiate,
[INFO] [stdout]    |
[INFO] [stdout] 
[INFO] [stdout] 
[INFO] [stdout] error[E0433]: failed to resolve: use of undeclared crate or module `astroport_factory`
[INFO] [stdout]   --> tests/factory_helper.rs:66:17
[INFO] [stdout]    |
[INFO] [stdout] 66 |                 astroport_factory::contract::query,
[INFO] [stdout]    |                 ^^^^^^^^^^^^^^^^^ use of undeclared crate or module `astroport_factory`
[INFO] [stdout]    |
[INFO] [stdout] help: there is a crate or module with a similar name
[INFO] [stdout]    |
[INFO] [stdout] 66 |                 astroport_router::contract::query,
[INFO] [stdout]    |                 ~~~~~~~~~~~~~~~~
[INFO] [stdout] help: consider importing this module
[INFO] [stdout]    |
[INFO] [stdout] 3  + use astroport_router::contract;
[INFO] [stdout]    |
[INFO] [stdout] help: if you import `contract`, refer to it directly
[INFO] [stdout]    |
[INFO] [stdout] 66 -                 astroport_factory::contract::query,
[INFO] [stdout] 66 +                 contract::query,
[INFO] [stdout]    |
[INFO] [stdout] 
[INFO] [stdout] 
[INFO] [stdout] error[E0433]: failed to resolve: use of undeclared crate or module `astroport_factory`
[INFO] [stdout]   --> tests/factory_helper.rs:68:31
[INFO] [stdout]    |
[INFO] [stdout] 68 |             .with_reply_empty(astroport_factory::contract::reply),
[INFO] [stdout]    |                               ^^^^^^^^^^^^^^^^^ use of undeclared crate or module `astroport_factory`
[INFO] [stdout]    |
[INFO] [stdout] help: there is a crate or module with a similar name
[INFO] [stdout]    |
[INFO] [stdout] 68 |             .with_reply_empty(astroport_router::contract::reply),
[INFO] [stdout]    |                               ~~~~~~~~~~~~~~~~
[INFO] [stdout] help: consider importing this module
[INFO] [stdout]    |
[INFO] [stdout] 3  + use astroport_router::contract;
[INFO] [stdout]    |
[INFO] [stdout] help: if you import `contract`, refer to it directly
[INFO] [stdout]    |
[INFO] [stdout] 68 -             .with_reply_empty(astroport_factory::contract::reply),
[INFO] [stdout] 68 +             .with_reply_empty(contract::reply),
[INFO] [stdout]    |
[INFO] [stdout] 
[INFO] [stdout] 
[INFO] [stdout] error[E0433]: failed to resolve: use of undeclared crate or module `astroport_token`
[INFO] [stdout]   --> tests/factory_helper.rs:21:13
[INFO] [stdout]    |
[INFO] [stdout] 21 |             astroport_token::contract::execute,
[INFO] [stdout]    |             ^^^^^^^^^^^^^^^ use of undeclared crate or module `astroport_token`
[INFO] [stdout]    |
[INFO] [stdout] help: there is a crate or module with a similar name
[INFO] [stdout]    |
[INFO] [stdout] 21 |             astroport_router::contract::execute,
[INFO] [stdout]    |             ~~~~~~~~~~~~~~~~
[INFO] [stdout] help: consider importing this module
[INFO] [stdout]    |
[INFO] [stdout] 3  + use astroport_router::contract;
[INFO] [stdout]    |
[INFO] [stdout] help: if you import `contract`, refer to it directly
[INFO] [stdout]    |
[INFO] [stdout] 21 -             astroport_token::contract::execute,
[INFO] [stdout] 21 +             contract::execute,
[INFO] [stdout]    |
[INFO] [stdout] 
[INFO] [stdout] 
[INFO] [stdout] error[E0433]: failed to resolve: use of undeclared crate or module `astroport_token`
[INFO] [stdout]   --> tests/factory_helper.rs:22:13
[INFO] [stdout]    |
[INFO] [stdout] 22 |             astroport_token::contract::instantiate,
[INFO] [stdout]    |             ^^^^^^^^^^^^^^^ use of undeclared crate or module `astroport_token`
[INFO] [stdout]    |
[INFO] [stdout] help: there is a crate or module with a similar name
[INFO] [stdout]    |
[INFO] [stdout] 22 |             astroport_router::contract::instantiate,
[INFO] [stdout]    |             ~~~~~~~~~~~~~~~~
[INFO] [stdout] help: consider importing this module
[INFO] [stdout]    |
[INFO] [stdout] 3  + use astroport_router::contract;
[INFO] [stdout]    |
[INFO] [stdout] help: if you import `contract`, refer to it directly
[INFO] [stdout]    |
[INFO] [stdout] 22 -             astroport_token::contract::instantiate,
[INFO] [stdout] 22 +             contract::instantiate,
[INFO] [stdout]    |
[INFO] [stdout] 
[INFO] [stdout] 
[INFO] [stdout] error[E0433]: failed to resolve: use of undeclared crate or module `astroport_token`
[INFO] [stdout]   --> tests/factory_helper.rs:23:13
[INFO] [stdout]    |
[INFO] [stdout] 23 |             astroport_token::contract::query,
[INFO] [stdout]    |             ^^^^^^^^^^^^^^^ use of undeclared crate or module `astroport_token`
[INFO] [stdout]    |
[INFO] [stdout] help: there is a crate or module with a similar name
[INFO] [stdout]    |
[INFO] [stdout] 23 |             astroport_router::contract::query,
[INFO] [stdout]    |             ~~~~~~~~~~~~~~~~
[INFO] [stdout] help: consider importing this module
[INFO] [stdout]    |
[INFO] [stdout] 3  + use astroport_router::contract;
[INFO] [stdout]    |
[INFO] [stdout] help: if you import `contract`, refer to it directly
[INFO] [stdout]    |
[INFO] [stdout] 23 -             astroport_token::contract::query,
[INFO] [stdout] 23 +             contract::query,
[INFO] [stdout]    |
[INFO] [stdout] 
[INFO] [stdout] 
[INFO] [stdout] error[E0433]: failed to resolve: use of undeclared crate or module `astroport_pair`
[INFO] [stdout]   --> tests/factory_helper.rs:53:17
[INFO] [stdout]    |
[INFO] [stdout] 53 |                 astroport_pair::contract::execute,
[INFO] [stdout]    |                 ^^^^^^^^^^^^^^ use of undeclared crate or module `astroport_pair`
[INFO] [stdout]    |
[INFO] [stdout] help: consider importing this module
[INFO] [stdout]    |
[INFO] [stdout] 3  + use astroport_router::contract;
[INFO] [stdout]    |
[INFO] [stdout] help: if you import `contract`, refer to it directly
[INFO] [stdout]    |
[INFO] [stdout] 53 -                 astroport_pair::contract::execute,
[INFO] [stdout] 53 +                 contract::execute,
[INFO] [stdout]    |
[INFO] [stdout] 
[INFO] [stdout] 
[INFO] [stdout] error[E0433]: failed to resolve: use of undeclared crate or module `astroport_pair`
[INFO] [stdout]   --> tests/factory_helper.rs:54:17
[INFO] [stdout]    |
[INFO] [stdout] 54 |                 astroport_pair::contract::instantiate,
[INFO] [stdout]    |                 ^^^^^^^^^^^^^^ use of undeclared crate or module `astroport_pair`
[INFO] [stdout]    |
[INFO] [stdout] help: consider importing this module
[INFO] [stdout]    |
[INFO] [stdout] 3  + use astroport_router::contract;
[INFO] [stdout]    |
[INFO] [stdout] help: if you import `contract`, refer to it directly
[INFO] [stdout]    |
[INFO] [stdout] 54 -                 astroport_pair::contract::instantiate,
[INFO] [stdout] 54 +                 contract::instantiate,
[INFO] [stdout]    |
[INFO] [stdout] 
[INFO] [stdout] 
[INFO] [stdout] error[E0433]: failed to resolve: use of undeclared crate or module `astroport_pair`
[INFO] [stdout]   --> tests/factory_helper.rs:55:17
[INFO] [stdout]    |
[INFO] [stdout] 55 |                 astroport_pair::contract::query,
[INFO] [stdout]    |                 ^^^^^^^^^^^^^^ use of undeclared crate or module `astroport_pair`
[INFO] [stdout]    |
[INFO] [stdout] help: consider importing this module
[INFO] [stdout]    |
[INFO] [stdout] 3  + use astroport_router::contract;
[INFO] [stdout]    |
[INFO] [stdout] help: if you import `contract`, refer to it directly
[INFO] [stdout]    |
[INFO] [stdout] 55 -                 astroport_pair::contract::query,
[INFO] [stdout] 55 +                 contract::query,
[INFO] [stdout]    |
[INFO] [stdout] 
[INFO] [stdout] 
[INFO] [stdout] error[E0433]: failed to resolve: use of undeclared crate or module `astroport_pair`
[INFO] [stdout]   --> tests/factory_helper.rs:57:31
[INFO] [stdout]    |
[INFO] [stdout] 57 |             .with_reply_empty(astroport_pair::contract::reply),
[INFO] [stdout]    |                               ^^^^^^^^^^^^^^ use of undeclared crate or module `astroport_pair`
[INFO] [stdout]    |
[INFO] [stdout] help: consider importing this module
[INFO] [stdout]    |
[INFO] [stdout] 3  + use astroport_router::contract;
[INFO] [stdout]    |
[INFO] [stdout] help: if you import `contract`, refer to it directly
[INFO] [stdout]    |
[INFO] [stdout] 57 -             .with_reply_empty(astroport_pair::contract::reply),
[INFO] [stdout] 57 +             .with_reply_empty(contract::reply),
[INFO] [stdout]    |
[INFO] [stdout] 
[INFO] [stdout] 
[INFO] [stdout] error[E0433]: failed to resolve: use of undeclared crate or module `astroport_factory`
[INFO] [stdout]   --> tests/factory_helper.rs:64:17
[INFO] [stdout]    |
[INFO] [stdout] 64 |                 astroport_factory::contract::execute,
[INFO] [stdout]    |                 ^^^^^^^^^^^^^^^^^ use of undeclared crate or module `astroport_factory`
[INFO] [stdout]    |
[INFO] [stdout] help: there is a crate or module with a similar name
[INFO] [stdout]    |
[INFO] [stdout] 64 |                 astroport_router::contract::execute,
[INFO] [stdout]    |                 ~~~~~~~~~~~~~~~~
[INFO] [stdout] help: consider importing this module
[INFO] [stdout]    |
[INFO] [stdout] 3  + use astroport_router::contract;
[INFO] [stdout]    |
[INFO] [stdout] help: if you import `contract`, refer to it directly
[INFO] [stdout]    |
[INFO] [stdout] 64 -                 astroport_factory::contract::execute,
[INFO] [stdout] 64 +                 contract::execute,
[INFO] [stdout]    |
[INFO] [stdout] 
[INFO] [stdout] 
[INFO] [stdout] error[E0433]: failed to resolve: use of undeclared crate or module `astroport_factory`
[INFO] [stdout]   --> tests/factory_helper.rs:65:17
[INFO] [stdout]    |
[INFO] [stdout] 65 |                 astroport_factory::contract::instantiate,
[INFO] [stdout]    |                 ^^^^^^^^^^^^^^^^^ use of undeclared crate or module `astroport_factory`
[INFO] [stdout]    |
[INFO] [stdout] help: there is a crate or module with a similar name
[INFO] [stdout]    |
[INFO] [stdout] 65 |                 astroport_router::contract::instantiate,
[INFO] [stdout]    |                 ~~~~~~~~~~~~~~~~
[INFO] [stdout] help: consider importing this module
[INFO] [stdout]    |
[INFO] [stdout] 3  + use astroport_router::contract;
[INFO] [stdout]    |
[INFO] [stdout] help: if you import `contract`, refer to it directly
[INFO] [stdout]    |
[INFO] [stdout] 65 -                 astroport_factory::contract::instantiate,
[INFO] [stdout] 65 +                 contract::instantiate,
[INFO] [stdout]    |
[INFO] [stdout] 
[INFO] [stdout] 
[INFO] [stdout] error[E0433]: failed to resolve: use of undeclared crate or module `astroport_factory`
[INFO] [stdout]   --> tests/factory_helper.rs:66:17
[INFO] [stdout]    |
[INFO] [stdout] 66 |                 astroport_factory::contract::query,
[INFO] [stdout]    |                 ^^^^^^^^^^^^^^^^^ use of undeclared crate or module `astroport_factory`
[INFO] [stdout]    |
[INFO] [stdout] help: there is a crate or module with a similar name
[INFO] [stdout]    |
[INFO] [stdout] 66 |                 astroport_router::contract::query,
[INFO] [stdout]    |                 ~~~~~~~~~~~~~~~~
[INFO] [stdout] help: consider importing this module
[INFO] [stdout]    |
[INFO] [stdout] 3  + use astroport_router::contract;
[INFO] [stdout]    |
[INFO] [stdout] help: if you import `contract`, refer to it directly
[INFO] [stdout]    |
[INFO] [stdout] 66 -                 astroport_factory::contract::query,
[INFO] [stdout] 66 +                 contract::query,
[INFO] [stdout]    |
[INFO] [stdout] 
[INFO] [stdout] 
[INFO] [stdout] error[E0433]: failed to resolve: use of undeclared crate or module `astroport_factory`
[INFO] [stdout]   --> tests/factory_helper.rs:68:31
[INFO] [stdout]    |
[INFO] [stdout] 68 |             .with_reply_empty(astroport_factory::contract::reply),
[INFO] [stdout]    |                               ^^^^^^^^^^^^^^^^^ use of undeclared crate or module `astroport_factory`
[INFO] [stdout]    |
[INFO] [stdout] help: there is a crate or module with a similar name
[INFO] [stdout]    |
[INFO] [stdout] 68 |             .with_reply_empty(astroport_router::contract::reply),
[INFO] [stdout]    |                               ~~~~~~~~~~~~~~~~
[INFO] [stdout] help: consider importing this module
[INFO] [stdout]    |
[INFO] [stdout] 3  + use astroport_router::contract;
[INFO] [stdout]    |
[INFO] [stdout] help: if you import `contract`, refer to it directly
[INFO] [stdout]    |
[INFO] [stdout] 68 -             .with_reply_empty(astroport_factory::contract::reply),
[INFO] [stdout] 68 +             .with_reply_empty(contract::reply),
[INFO] [stdout]    |
[INFO] [stdout] 
[INFO] [stdout] 
[INFO] [stdout] error[E0433]: failed to resolve: use of undeclared crate or module `astroport_pair`
[INFO] [stdout]    --> tests/router_integration.rs:129:9
[INFO] [stdout]     |
[INFO] [stdout] 129 |         astroport_pair::error::ContractError::MaxSpreadAssertion {},
[INFO] [stdout]     |         ^^^^^^^^^^^^^^ use of undeclared crate or module `astroport_pair`
[INFO] [stdout]     |
[INFO] [stdout] help: consider importing one of these items
[INFO] [stdout]     |
[INFO] [stdout] 3   + use astroport_router::error::ContractError;
[INFO] [stdout]     |
[INFO] [stdout] 3   + use crate::ContractError;
[INFO] [stdout]     |
[INFO] [stdout] help: if you import `ContractError`, refer to it directly
[INFO] [stdout]     |
[INFO] [stdout] 129 -         astroport_pair::error::ContractError::MaxSpreadAssertion {},
[INFO] [stdout] 129 +         ContractError::MaxSpreadAssertion {},
[INFO] [stdout]     |
[INFO] [stdout] 
[INFO] [stdout] 
[INFO] [stdout] error: aborting due to 11 previous errors
[INFO] [stdout] 
[INFO] [stdout] 
[INFO] [stdout] For more information about this error, try `rustc --explain E0433`.
[INFO] [stdout] 
[INFO] [stderr] error: could not compile `astroport-router` (test "factory_helper") due to 12 previous errors
[INFO] [stderr] warning: build failed, waiting for other jobs to finish...
[INFO] [stdout] error: aborting due to 12 previous errors
[INFO] [stdout] 
[INFO] [stdout] 
[INFO] [stdout] For more information about this error, try `rustc --explain E0433`.
[INFO] [stdout] 
[INFO] [stderr] error: could not compile `astroport-router` (test "router_integration") due to 13 previous errors
[INFO] [stdout] warning: 1 warning emitted
[INFO] [stdout] 
[INFO] [stdout] 
[INFO] running `Command { std: "docker" "inspect" "6ec44d8ce33999b814f6a6e11d1f37937c04f3d6d188a5721e932864d372a197", kill_on_drop: false }`
[INFO] running `Command { std: "docker" "rm" "-f" "6ec44d8ce33999b814f6a6e11d1f37937c04f3d6d188a5721e932864d372a197", kill_on_drop: false }`
[INFO] [stdout] 6ec44d8ce33999b814f6a6e11d1f37937c04f3d6d188a5721e932864d372a197
[INFO] testing astroport-router-1.2.0 against beta-2023-12-22 for beta-1.76-1
[INFO] extracting crate astroport-router 1.2.0 into /workspace/builds/worker-4-tc2/source
[INFO] validating manifest of crates.io crate astroport-router 1.2.0 on toolchain beta-2023-12-22
[INFO] running `Command { std: CARGO_HOME="/workspace/cargo-home" RUSTUP_HOME="/workspace/rustup-home" "/workspace/cargo-home/bin/cargo" "+beta-2023-12-22" "metadata" "--manifest-path" "Cargo.toml" "--no-deps", kill_on_drop: false }`
[INFO] removed /workspace/builds/worker-4-tc2/source/.cargo/config
[INFO] started tweaking crates.io crate astroport-router 1.2.0
[INFO] finished tweaking crates.io crate astroport-router 1.2.0
[INFO] tweaked toml for crates.io crate astroport-router 1.2.0 written to /workspace/builds/worker-4-tc2/source/Cargo.toml
[INFO] crate crates.io crate astroport-router 1.2.0 already has a lockfile, it will not be regenerated
[INFO] running `Command { std: CARGO_HOME="/workspace/cargo-home" RUSTUP_HOME="/workspace/rustup-home" "/workspace/cargo-home/bin/cargo" "+beta-2023-12-22" "fetch" "--manifest-path" "Cargo.toml", kill_on_drop: false }`
[INFO] running `Command { std: "docker" "create" "-v" "/var/lib/crater-agent-workspace/builds/worker-4-tc2/target:/opt/rustwide/target:rw,Z" "-v" "/var/lib/crater-agent-workspace/builds/worker-4-tc2/source:/opt/rustwide/workdir:ro,Z" "-v" "/var/lib/crater-agent-workspace/cargo-home:/opt/rustwide/cargo-home:ro,Z" "-v" "/var/lib/crater-agent-workspace/rustup-home:/opt/rustwide/rustup-home:ro,Z" "-e" "SOURCE_DIR=/opt/rustwide/workdir" "-e" "CARGO_TARGET_DIR=/opt/rustwide/target" "-e" "CARGO_HOME=/opt/rustwide/cargo-home" "-e" "RUSTUP_HOME=/opt/rustwide/rustup-home" "-w" "/opt/rustwide/workdir" "-m" "1610612736" "--user" "0:0" "--network" "none" "ghcr.io/rust-lang/crates-build-env/linux@sha256:2788e3201cd34a07e3172128adcd8b3090168a8e3bcc40d7c032b9dda1df7d1c" "/opt/rustwide/cargo-home/bin/cargo" "+beta-2023-12-22" "metadata" "--no-deps" "--format-version=1", kill_on_drop: false }`
[INFO] [stdout] 44a9201bf4326aeed314f22ffe486c40e299aabba28f2a53a30f20e8fb133a39
[INFO] running `Command { std: "docker" "start" "-a" "44a9201bf4326aeed314f22ffe486c40e299aabba28f2a53a30f20e8fb133a39", kill_on_drop: false }`
[INFO] running `Command { std: "docker" "inspect" "44a9201bf4326aeed314f22ffe486c40e299aabba28f2a53a30f20e8fb133a39", kill_on_drop: false }`
[INFO] running `Command { std: "docker" "rm" "-f" "44a9201bf4326aeed314f22ffe486c40e299aabba28f2a53a30f20e8fb133a39", kill_on_drop: false }`
[INFO] [stdout] 44a9201bf4326aeed314f22ffe486c40e299aabba28f2a53a30f20e8fb133a39
[INFO] running `Command { std: "docker" "create" "-v" "/var/lib/crater-agent-workspace/builds/worker-4-tc2/target:/opt/rustwide/target:rw,Z" "-v" "/var/lib/crater-agent-workspace/builds/worker-4-tc2/source:/opt/rustwide/workdir:ro,Z" "-v" "/var/lib/crater-agent-workspace/cargo-home:/opt/rustwide/cargo-home:ro,Z" "-v" "/var/lib/crater-agent-workspace/rustup-home:/opt/rustwide/rustup-home:ro,Z" "-e" "SOURCE_DIR=/opt/rustwide/workdir" "-e" "CARGO_TARGET_DIR=/opt/rustwide/target" "-e" "CARGO_INCREMENTAL=0" "-e" "RUST_BACKTRACE=full" "-e" "RUSTFLAGS=--cap-lints=warn" "-e" "RUSTDOCFLAGS=--cap-lints=warn" "-e" "CARGO_HOME=/opt/rustwide/cargo-home" "-e" "RUSTUP_HOME=/opt/rustwide/rustup-home" "-w" "/opt/rustwide/workdir" "-m" "1610612736" "--user" "0:0" "--network" "none" "ghcr.io/rust-lang/crates-build-env/linux@sha256:2788e3201cd34a07e3172128adcd8b3090168a8e3bcc40d7c032b9dda1df7d1c" "/opt/rustwide/cargo-home/bin/cargo" "+beta-2023-12-22" "build" "--frozen" "--message-format=json", kill_on_drop: false }`
[INFO] [stdout] 14e0b455fc44c63ef245b841718acf9a12ca99cf1118f51ddf96ba3b7e0935cf
[INFO] running `Command { std: "docker" "start" "-a" "14e0b455fc44c63ef245b841718acf9a12ca99cf1118f51ddf96ba3b7e0935cf", kill_on_drop: false }`
[INFO] [stderr]    Compiling typenum v1.16.0
[INFO] [stderr]    Compiling proc-macro2 v1.0.56
[INFO] [stderr]    Compiling unicode-ident v1.0.8
[INFO] [stderr]    Compiling quote v1.0.26
[INFO] [stderr]    Compiling libc v0.2.142
[INFO] [stderr]    Compiling subtle v2.4.1
[INFO] [stderr]    Compiling zeroize v1.6.0
[INFO] [stderr]    Compiling serde_derive v1.0.160
[INFO] [stderr]    Compiling serde v1.0.160
[INFO] [stderr]    Compiling const-oid v0.9.2
[INFO] [stderr]    Compiling cpufeatures v0.2.7
[INFO] [stderr]    Compiling byteorder v1.4.3
[INFO] [stderr]    Compiling serde_json v1.0.96
[INFO] [stderr]    Compiling thiserror v1.0.40
[INFO] [stderr]    Compiling once_cell v1.17.1
[INFO] [stderr]    Compiling opaque-debug v0.3.0
[INFO] [stderr]    Compiling rand_core v0.5.1
[INFO] [stderr]    Compiling ryu v1.0.13
[INFO] [stderr]    Compiling crunchy v0.2.2
[INFO] [stderr]    Compiling schemars v0.8.12
[INFO] [stderr]    Compiling der v0.6.1
[INFO] [stderr]    Compiling itoa v1.0.6
[INFO] [stderr]    Compiling dyn-clone v1.0.11
[INFO] [stderr]    Compiling static_assertions v1.1.0
[INFO] [stderr]    Compiling forward_ref v1.0.0
[INFO] [stderr]    Compiling semver v1.0.17
[INFO] [stderr]    Compiling num-traits v0.2.15
[INFO] [stderr]    Compiling either v1.8.1
[INFO] [stderr]    Compiling uint v0.9.5
[INFO] [stderr]    Compiling itertools v0.10.5
[INFO] [stderr]    Compiling spki v0.6.0
[INFO] [stderr]    Compiling syn v2.0.15
[INFO] [stderr]    Compiling syn v1.0.109
[INFO] [stderr]    Compiling pkcs8 v0.9.0
[INFO] [stderr]    Compiling getrandom v0.2.9
[INFO] [stderr]    Compiling rand_core v0.6.4
[INFO] [stderr]    Compiling ahash v0.7.7
[INFO] [stderr]    Compiling generic-array v0.14.7
[INFO] [stderr]    Compiling integer-sqrt v0.1.5
[INFO] [stderr]    Compiling ff v0.12.1
[INFO] [stderr]    Compiling hashbrown v0.12.3
[INFO] [stderr]    Compiling group v0.12.1
[INFO] [stderr]    Compiling crypto-common v0.1.6
[INFO] [stderr]    Compiling block-buffer v0.10.4
[INFO] [stderr]    Compiling crypto-bigint v0.4.9
[INFO] [stderr]    Compiling digest v0.9.0
[INFO] [stderr]    Compiling sec1 v0.3.0
[INFO] [stderr]    Compiling block-buffer v0.9.0
[INFO] [stderr]    Compiling curve25519-dalek v3.2.0
[INFO] [stderr]    Compiling sha2 v0.9.9
[INFO] [stderr]    Compiling digest v0.10.6
[INFO] [stderr]    Compiling hmac v0.12.1
[INFO] [stderr]    Compiling signature v1.6.4
[INFO] [stderr]    Compiling sha2 v0.10.6
[INFO] [stderr]    Compiling rfc6979 v0.3.1
[INFO] [stderr]    Compiling elliptic-curve v0.12.3
[INFO] [stderr]    Compiling thiserror-impl v1.0.40
[INFO] [stderr]    Compiling ecdsa v0.14.8
[INFO] [stderr]    Compiling k256 v0.11.6
[INFO] [stderr]    Compiling serde_derive_internals v0.26.0
[INFO] [stderr]    Compiling schemars_derive v0.8.12
[INFO] [stderr]    Compiling cosmwasm-derive v1.2.4
[INFO] [stderr]    Compiling derivative v2.2.0
[INFO] [stderr]    Compiling cosmwasm-schema-derive v1.2.4
[INFO] [stderr]    Compiling ed25519-zebra v3.1.0
[INFO] [stderr]    Compiling serde-json-wasm v0.5.1
[INFO] [stderr]    Compiling cosmwasm-crypto v1.2.4
[INFO] [stderr]    Compiling cosmwasm-std v1.2.4
[INFO] [stderr]    Compiling cosmwasm-schema v1.2.4
[INFO] [stderr]    Compiling cw-storage-plus v0.15.1
[INFO] [stderr]    Compiling cw2 v0.15.1
[INFO] [stderr]    Compiling cw-utils v0.15.1
[INFO] [stderr]    Compiling cw20 v0.15.1
[INFO] [stderr]    Compiling astroport v2.9.4
[INFO] [stderr]    Compiling astroport-router v1.2.0 (/opt/rustwide/workdir)
[INFO] [stderr]     Finished dev [unoptimized + debuginfo] target(s) in 21.85s
[INFO] running `Command { std: "docker" "inspect" "14e0b455fc44c63ef245b841718acf9a12ca99cf1118f51ddf96ba3b7e0935cf", kill_on_drop: false }`
[INFO] running `Command { std: "docker" "rm" "-f" "14e0b455fc44c63ef245b841718acf9a12ca99cf1118f51ddf96ba3b7e0935cf", kill_on_drop: false }`
[INFO] [stdout] 14e0b455fc44c63ef245b841718acf9a12ca99cf1118f51ddf96ba3b7e0935cf
[INFO] running `Command { std: "docker" "create" "-v" "/var/lib/crater-agent-workspace/builds/worker-4-tc2/target:/opt/rustwide/target:rw,Z" "-v" "/var/lib/crater-agent-workspace/builds/worker-4-tc2/source:/opt/rustwide/workdir:ro,Z" "-v" "/var/lib/crater-agent-workspace/cargo-home:/opt/rustwide/cargo-home:ro,Z" "-v" "/var/lib/crater-agent-workspace/rustup-home:/opt/rustwide/rustup-home:ro,Z" "-e" "SOURCE_DIR=/opt/rustwide/workdir" "-e" "CARGO_TARGET_DIR=/opt/rustwide/target" "-e" "CARGO_INCREMENTAL=0" "-e" "RUST_BACKTRACE=full" "-e" "RUSTFLAGS=--cap-lints=warn" "-e" "RUSTDOCFLAGS=--cap-lints=warn" "-e" "CARGO_HOME=/opt/rustwide/cargo-home" "-e" "RUSTUP_HOME=/opt/rustwide/rustup-home" "-w" "/opt/rustwide/workdir" "-m" "1610612736" "--user" "0:0" "--network" "none" "ghcr.io/rust-lang/crates-build-env/linux@sha256:2788e3201cd34a07e3172128adcd8b3090168a8e3bcc40d7c032b9dda1df7d1c" "/opt/rustwide/cargo-home/bin/cargo" "+beta-2023-12-22" "test" "--frozen" "--no-run" "--message-format=json", kill_on_drop: false }`
[INFO] [stdout] 49a042d8c188ad4dddf07de3fef5f966215b8be5a6b254d3ca077f8fa2fbb662
[INFO] running `Command { std: "docker" "start" "-a" "49a042d8c188ad4dddf07de3fef5f966215b8be5a6b254d3ca077f8fa2fbb662", kill_on_drop: false }`
[INFO] [stderr]    Compiling anyhow v1.0.70
[INFO] [stderr]    Compiling bytes v1.4.0
[INFO] [stderr]    Compiling cosmwasm-std v1.2.4
[INFO] [stderr]    Compiling prost-derive v0.9.0
[INFO] [stderr]    Compiling prost v0.9.0
[INFO] [stderr]    Compiling cw-storage-plus v0.15.1
[INFO] [stderr]    Compiling cosmwasm-storage v1.2.4
[INFO] [stderr]    Compiling cw2 v0.15.1
[INFO] [stderr]    Compiling cw-utils v0.15.1
[INFO] [stderr]    Compiling cw20 v0.15.1
[INFO] [stderr]    Compiling cw-multi-test v0.15.1
[INFO] [stderr]    Compiling astroport v2.9.4
[INFO] [stderr]    Compiling astroport-router v1.2.0 (/opt/rustwide/workdir)
[INFO] [stdout] warning: using `.clone()` on a double reference, which returns `&std::string::String` instead of cloning the inner type
[INFO] [stdout]    --> src/testing/mock_querier.rs:228:42
[INFO] [stdout]     |
[INFO] [stdout] 228 |             self.base.update_balance(addr.clone(), balance.to_vec());
[INFO] [stdout]     |                                          ^^^^^^^^
[INFO] [stdout]     |
[INFO] [stdout]     = note: `#[warn(suspicious_double_ref_op)]` on by default
[INFO] [stdout] 
[INFO] [stdout] 
[INFO] [stdout] error[E0433]: failed to resolve: use of undeclared crate or module `astroport_token`
[INFO] [stdout]   --> tests/factory_helper.rs:21:13
[INFO] [stdout]    |
[INFO] [stdout] 21 |             astroport_token::contract::execute,
[INFO] [stdout]    |             ^^^^^^^^^^^^^^^ use of undeclared crate or module `astroport_token`
[INFO] [stdout]    |
[INFO] [stdout] help: there is a crate or module with a similar name
[INFO] [stdout]    |
[INFO] [stdout] 21 |             astroport_router::contract::execute,
[INFO] [stdout]    |             ~~~~~~~~~~~~~~~~
[INFO] [stdout] help: consider importing this module
[INFO] [stdout]    |
[INFO] [stdout] 3  + use astroport_router::contract;
[INFO] [stdout]    |
[INFO] [stdout] help: if you import `contract`, refer to it directly
[INFO] [stdout]    |
[INFO] [stdout] 21 -             astroport_token::contract::execute,
[INFO] [stdout] 21 +             contract::execute,
[INFO] [stdout]    |
[INFO] [stdout] 
[INFO] [stdout] 
[INFO] [stdout] error[E0433]: failed to resolve: use of undeclared crate or module `astroport_token`
[INFO] [stdout]   --> tests/factory_helper.rs:22:13
[INFO] [stdout]    |
[INFO] [stdout] 22 |             astroport_token::contract::instantiate,
[INFO] [stdout]    |             ^^^^^^^^^^^^^^^ use of undeclared crate or module `astroport_token`
[INFO] [stdout]    |
[INFO] [stdout] help: there is a crate or module with a similar name
[INFO] [stdout]    |
[INFO] [stdout] 22 |             astroport_router::contract::instantiate,
[INFO] [stdout]    |             ~~~~~~~~~~~~~~~~
[INFO] [stdout] help: consider importing this module
[INFO] [stdout]    |
[INFO] [stdout] 3  + use astroport_router::contract;
[INFO] [stdout]    |
[INFO] [stdout] help: if you import `contract`, refer to it directly
[INFO] [stdout]    |
[INFO] [stdout] 22 -             astroport_token::contract::instantiate,
[INFO] [stdout] 22 +             contract::instantiate,
[INFO] [stdout]    |
[INFO] [stdout] 
[INFO] [stdout] 
[INFO] [stdout] error[E0433]: failed to resolve: use of undeclared crate or module `astroport_token`
[INFO] [stdout]   --> tests/factory_helper.rs:23:13
[INFO] [stdout]    |
[INFO] [stdout] 23 |             astroport_token::contract::query,
[INFO] [stdout]    |             ^^^^^^^^^^^^^^^ use of undeclared crate or module `astroport_token`
[INFO] [stdout]    |
[INFO] [stdout] help: there is a crate or module with a similar name
[INFO] [stdout]    |
[INFO] [stdout] 23 |             astroport_router::contract::query,
[INFO] [stdout]    |             ~~~~~~~~~~~~~~~~
[INFO] [stdout] help: consider importing this module
[INFO] [stdout]    |
[INFO] [stdout] 3  + use astroport_router::contract;
[INFO] [stdout]    |
[INFO] [stdout] help: if you import `contract`, refer to it directly
[INFO] [stdout]    |
[INFO] [stdout] 23 -             astroport_token::contract::query,
[INFO] [stdout] 23 +             contract::query,
[INFO] [stdout]    |
[INFO] [stdout] 
[INFO] [stdout] 
[INFO] [stdout] error[E0433]: failed to resolve: use of undeclared crate or module `astroport_pair`
[INFO] [stdout]   --> tests/factory_helper.rs:53:17
[INFO] [stdout]    |
[INFO] [stdout] 53 |                 astroport_pair::contract::execute,
[INFO] [stdout]    |                 ^^^^^^^^^^^^^^ use of undeclared crate or module `astroport_pair`
[INFO] [stdout]    |
[INFO] [stdout] help: consider importing this module
[INFO] [stdout]    |
[INFO] [stdout] 3  + use astroport_router::contract;
[INFO] [stdout]    |
[INFO] [stdout] help: if you import `contract`, refer to it directly
[INFO] [stdout]    |
[INFO] [stdout] 53 -                 astroport_pair::contract::execute,
[INFO] [stdout] 53 +                 contract::execute,
[INFO] [stdout]    |
[INFO] [stdout] 
[INFO] [stdout] 
[INFO] [stdout] error[E0433]: failed to resolve: use of undeclared crate or module `astroport_pair`
[INFO] [stdout]   --> tests/factory_helper.rs:54:17
[INFO] [stdout]    |
[INFO] [stdout] 54 |                 astroport_pair::contract::instantiate,
[INFO] [stdout]    |                 ^^^^^^^^^^^^^^ use of undeclared crate or module `astroport_pair`
[INFO] [stdout]    |
[INFO] [stdout] help: consider importing this module
[INFO] [stdout]    |
[INFO] [stdout] 3  + use astroport_router::contract;
[INFO] [stdout]    |
[INFO] [stdout] help: if you import `contract`, refer to it directly
[INFO] [stdout]    |
[INFO] [stdout] 54 -                 astroport_pair::contract::instantiate,
[INFO] [stdout] 54 +                 contract::instantiate,
[INFO] [stdout]    |
[INFO] [stdout] 
[INFO] [stdout] 
[INFO] [stdout] error[E0433]: failed to resolve: use of undeclared crate or module `astroport_pair`
[INFO] [stdout]   --> tests/factory_helper.rs:55:17
[INFO] [stdout]    |
[INFO] [stdout] 55 |                 astroport_pair::contract::query,
[INFO] [stdout]    |                 ^^^^^^^^^^^^^^ use of undeclared crate or module `astroport_pair`
[INFO] [stdout]    |
[INFO] [stdout] help: consider importing this module
[INFO] [stdout]    |
[INFO] [stdout] 3  + use astroport_router::contract;
[INFO] [stdout]    |
[INFO] [stdout] help: if you import `contract`, refer to it directly
[INFO] [stdout]    |
[INFO] [stdout] 55 -                 astroport_pair::contract::query,
[INFO] [stdout] 55 +                 contract::query,
[INFO] [stdout]    |
[INFO] [stdout] 
[INFO] [stdout] 
[INFO] [stdout] error[E0433]: failed to resolve: use of undeclared crate or module `astroport_pair`
[INFO] [stdout]   --> tests/factory_helper.rs:57:31
[INFO] [stdout]    |
[INFO] [stdout] 57 |             .with_reply_empty(astroport_pair::contract::reply),
[INFO] [stdout]    |                               ^^^^^^^^^^^^^^ use of undeclared crate or module `astroport_pair`
[INFO] [stdout]    |
[INFO] [stdout] help: consider importing this module
[INFO] [stdout]    |
[INFO] [stdout] 3  + use astroport_router::contract;
[INFO] [stdout]    |
[INFO] [stdout] help: if you import `contract`, refer to it directly
[INFO] [stdout]    |
[INFO] [stdout] 57 -             .with_reply_empty(astroport_pair::contract::reply),
[INFO] [stdout] 57 +             .with_reply_empty(contract::reply),
[INFO] [stdout]    |
[INFO] [stdout] 
[INFO] [stdout] 
[INFO] [stdout] error[E0433]: failed to resolve: use of undeclared crate or module `astroport_factory`
[INFO] [stdout]   --> tests/factory_helper.rs:64:17
[INFO] [stdout]    |
[INFO] [stdout] 64 |                 astroport_factory::contract::execute,
[INFO] [stdout]    |                 ^^^^^^^^^^^^^^^^^ use of undeclared crate or module `astroport_factory`
[INFO] [stdout]    |
[INFO] [stdout] help: there is a crate or module with a similar name
[INFO] [stdout]    |
[INFO] [stdout] 64 |                 astroport_router::contract::execute,
[INFO] [stdout]    |                 ~~~~~~~~~~~~~~~~
[INFO] [stdout] help: consider importing this module
[INFO] [stdout]    |
[INFO] [stdout] 3  + use astroport_router::contract;
[INFO] [stdout]    |
[INFO] [stdout] help: if you import `contract`, refer to it directly
[INFO] [stdout]    |
[INFO] [stdout] 64 -                 astroport_factory::contract::execute,
[INFO] [stdout] 64 +                 contract::execute,
[INFO] [stdout]    |
[INFO] [stdout] 
[INFO] [stdout] 
[INFO] [stdout] error[E0433]: failed to resolve: use of undeclared crate or module `astroport_factory`
[INFO] [stdout]   --> tests/factory_helper.rs:65:17
[INFO] [stdout]    |
[INFO] [stdout] 65 |                 astroport_factory::contract::instantiate,
[INFO] [stdout]    |                 ^^^^^^^^^^^^^^^^^ use of undeclared crate or module `astroport_factory`
[INFO] [stdout]    |
[INFO] [stdout] help: there is a crate or module with a similar name
[INFO] [stdout]    |
[INFO] [stdout] 65 |                 astroport_router::contract::instantiate,
[INFO] [stdout]    |                 ~~~~~~~~~~~~~~~~
[INFO] [stdout] help: consider importing this module
[INFO] [stdout]    |
[INFO] [stdout] 3  + use astroport_router::contract;
[INFO] [stdout]    |
[INFO] [stdout] help: if you import `contract`, refer to it directly
[INFO] [stdout]    |
[INFO] [stdout] 65 -                 astroport_factory::contract::instantiate,
[INFO] [stdout] 65 +                 contract::instantiate,
[INFO] [stdout]    |
[INFO] [stdout] 
[INFO] [stdout] 
[INFO] [stdout] error[E0433]: failed to resolve: use of undeclared crate or module `astroport_factory`
[INFO] [stdout]   --> tests/factory_helper.rs:66:17
[INFO] [stdout]    |
[INFO] [stdout] 66 |                 astroport_factory::contract::query,
[INFO] [stdout]    |                 ^^^^^^^^^^^^^^^^^ use of undeclared crate or module `astroport_factory`
[INFO] [stdout]    |
[INFO] [stdout] help: there is a crate or module with a similar name
[INFO] [stdout]    |
[INFO] [stdout] 66 |                 astroport_router::contract::query,
[INFO] [stdout]    |                 ~~~~~~~~~~~~~~~~
[INFO] [stdout] help: consider importing this module
[INFO] [stdout]    |
[INFO] [stdout] 3  + use astroport_router::contract;
[INFO] [stdout]    |
[INFO] [stdout] help: if you import `contract`, refer to it directly
[INFO] [stdout]    |
[INFO] [stdout] 66 -                 astroport_factory::contract::query,
[INFO] [stdout] 66 +                 contract::query,
[INFO] [stdout]    |
[INFO] [stdout] 
[INFO] [stdout] 
[INFO] [stdout] error[E0433]: failed to resolve: use of undeclared crate or module `astroport_factory`
[INFO] [stdout]   --> tests/factory_helper.rs:68:31
[INFO] [stdout]    |
[INFO] [stdout] 68 |             .with_reply_empty(astroport_factory::contract::reply),
[INFO] [stdout]    |                               ^^^^^^^^^^^^^^^^^ use of undeclared crate or module `astroport_factory`
[INFO] [stdout]    |
[INFO] [stdout] help: there is a crate or module with a similar name
[INFO] [stdout]    |
[INFO] [stdout] 68 |             .with_reply_empty(astroport_router::contract::reply),
[INFO] [stdout]    |                               ~~~~~~~~~~~~~~~~
[INFO] [stdout] help: consider importing this module
[INFO] [stdout]    |
[INFO] [stdout] 3  + use astroport_router::contract;
[INFO] [stdout]    |
[INFO] [stdout] help: if you import `contract`, refer to it directly
[INFO] [stdout]    |
[INFO] [stdout] 68 -             .with_reply_empty(astroport_factory::contract::reply),
[INFO] [stdout] 68 +             .with_reply_empty(contract::reply),
[INFO] [stdout]    |
[INFO] [stdout] 
[INFO] [stdout] 
[INFO] [stdout] error[E0433]: failed to resolve: use of undeclared crate or module `astroport_token`
[INFO] [stdout]   --> tests/factory_helper.rs:21:13
[INFO] [stdout]    |
[INFO] [stdout] 21 |             astroport_token::contract::execute,
[INFO] [stdout]    |             ^^^^^^^^^^^^^^^ use of undeclared crate or module `astroport_token`
[INFO] [stdout]    |
[INFO] [stdout] help: there is a crate or module with a similar name
[INFO] [stdout]    |
[INFO] [stdout] 21 |             astroport_router::contract::execute,
[INFO] [stdout]    |             ~~~~~~~~~~~~~~~~
[INFO] [stdout] help: consider importing this module
[INFO] [stdout]    |
[INFO] [stdout] 3  + use astroport_router::contract;
[INFO] [stdout]    |
[INFO] [stdout] help: if you import `contract`, refer to it directly
[INFO] [stdout]    |
[INFO] [stdout] 21 -             astroport_token::contract::execute,
[INFO] [stdout] 21 +             contract::execute,
[INFO] [stdout]    |
[INFO] [stdout] 
[INFO] [stdout] 
[INFO] [stdout] error[E0433]: failed to resolve: use of undeclared crate or module `astroport_token`
[INFO] [stdout]   --> tests/factory_helper.rs:22:13
[INFO] [stdout]    |
[INFO] [stdout] 22 |             astroport_token::contract::instantiate,
[INFO] [stdout]    |             ^^^^^^^^^^^^^^^ use of undeclared crate or module `astroport_token`
[INFO] [stdout]    |
[INFO] [stdout] help: there is a crate or module with a similar name
[INFO] [stdout]    |
[INFO] [stdout] 22 |             astroport_router::contract::instantiate,
[INFO] [stdout]    |             ~~~~~~~~~~~~~~~~
[INFO] [stdout] help: consider importing this module
[INFO] [stdout]    |
[INFO] [stdout] 3  + use astroport_router::contract;
[INFO] [stdout]    |
[INFO] [stdout] help: if you import `contract`, refer to it directly
[INFO] [stdout]    |
[INFO] [stdout] 22 -             astroport_token::contract::instantiate,
[INFO] [stdout] 22 +             contract::instantiate,
[INFO] [stdout]    |
[INFO] [stdout] 
[INFO] [stdout] 
[INFO] [stdout] error[E0433]: failed to resolve: use of undeclared crate or module `astroport_token`
[INFO] [stdout]   --> tests/factory_helper.rs:23:13
[INFO] [stdout]    |
[INFO] [stdout] 23 |             astroport_token::contract::query,
[INFO] [stdout]    |             ^^^^^^^^^^^^^^^ use of undeclared crate or module `astroport_token`
[INFO] [stdout]    |
[INFO] [stdout] help: there is a crate or module with a similar name
[INFO] [stdout]    |
[INFO] [stdout] 23 |             astroport_router::contract::query,
[INFO] [stdout]    |             ~~~~~~~~~~~~~~~~
[INFO] [stdout] help: consider importing this module
[INFO] [stdout]    |
[INFO] [stdout] 3  + use astroport_router::contract;
[INFO] [stdout]    |
[INFO] [stdout] help: if you import `contract`, refer to it directly
[INFO] [stdout]    |
[INFO] [stdout] 23 -             astroport_token::contract::query,
[INFO] [stdout] 23 +             contract::query,
[INFO] [stdout]    |
[INFO] [stdout] 
[INFO] [stdout] 
[INFO] [stdout] error[E0433]: failed to resolve: use of undeclared crate or module `astroport_pair`
[INFO] [stdout]   --> tests/factory_helper.rs:53:17
[INFO] [stdout]    |
[INFO] [stdout] 53 |                 astroport_pair::contract::execute,
[INFO] [stdout]    |                 ^^^^^^^^^^^^^^ use of undeclared crate or module `astroport_pair`
[INFO] [stdout]    |
[INFO] [stdout] help: consider importing this module
[INFO] [stdout]    |
[INFO] [stdout] 3  + use astroport_router::contract;
[INFO] [stdout]    |
[INFO] [stdout] help: if you import `contract`, refer to it directly
[INFO] [stdout]    |
[INFO] [stdout] 53 -                 astroport_pair::contract::execute,
[INFO] [stdout] 53 +                 contract::execute,
[INFO] [stdout]    |
[INFO] [stdout] 
[INFO] [stdout] 
[INFO] [stdout] error[E0433]: failed to resolve: use of undeclared crate or module `astroport_pair`
[INFO] [stdout]   --> tests/factory_helper.rs:54:17
[INFO] [stdout]    |
[INFO] [stdout] 54 |                 astroport_pair::contract::instantiate,
[INFO] [stdout]    |                 ^^^^^^^^^^^^^^ use of undeclared crate or module `astroport_pair`
[INFO] [stdout]    |
[INFO] [stdout] help: consider importing this module
[INFO] [stdout]    |
[INFO] [stdout] 3  + use astroport_router::contract;
[INFO] [stdout]    |
[INFO] [stdout] help: if you import `contract`, refer to it directly
[INFO] [stdout]    |
[INFO] [stdout] 54 -                 astroport_pair::contract::instantiate,
[INFO] [stdout] 54 +                 contract::instantiate,
[INFO] [stdout]    |
[INFO] [stdout] 
[INFO] [stdout] 
[INFO] [stdout] error[E0433]: failed to resolve: use of undeclared crate or module `astroport_pair`
[INFO] [stdout]   --> tests/factory_helper.rs:55:17
[INFO] [stdout]    |
[INFO] [stdout] 55 |                 astroport_pair::contract::query,
[INFO] [stdout]    |                 ^^^^^^^^^^^^^^ use of undeclared crate or module `astroport_pair`
[INFO] [stdout]    |
[INFO] [stdout] help: consider importing this module
[INFO] [stdout]    |
[INFO] [stdout] 3  + use astroport_router::contract;
[INFO] [stdout]    |
[INFO] [stdout] help: if you import `contract`, refer to it directly
[INFO] [stdout]    |
[INFO] [stdout] 55 -                 astroport_pair::contract::query,
[INFO] [stdout] 55 +                 contract::query,
[INFO] [stdout]    |
[INFO] [stdout] 
[INFO] [stdout] 
[INFO] [stdout] error[E0433]: failed to resolve: use of undeclared crate or module `astroport_pair`
[INFO] [stdout]   --> tests/factory_helper.rs:57:31
[INFO] [stdout]    |
[INFO] [stdout] 57 |             .with_reply_empty(astroport_pair::contract::reply),
[INFO] [stdout]    |                               ^^^^^^^^^^^^^^ use of undeclared crate or module `astroport_pair`
[INFO] [stdout]    |
[INFO] [stdout] help: consider importing this module
[INFO] [stdout]    |
[INFO] [stdout] 3  + use astroport_router::contract;
[INFO] [stdout]    |
[INFO] [stdout] help: if you import `contract`, refer to it directly
[INFO] [stdout]    |
[INFO] [stdout] 57 -             .with_reply_empty(astroport_pair::contract::reply),
[INFO] [stdout] 57 +             .with_reply_empty(contract::reply),
[INFO] [stdout]    |
[INFO] [stdout] 
[INFO] [stdout] 
[INFO] [stdout] error[E0433]: failed to resolve: use of undeclared crate or module `astroport_factory`
[INFO] [stdout]   --> tests/factory_helper.rs:64:17
[INFO] [stdout]    |
[INFO] [stdout] 64 |                 astroport_factory::contract::execute,
[INFO] [stdout]    |                 ^^^^^^^^^^^^^^^^^ use of undeclared crate or module `astroport_factory`
[INFO] [stdout]    |
[INFO] [stdout] help: there is a crate or module with a similar name
[INFO] [stdout]    |
[INFO] [stdout] 64 |                 astroport_router::contract::execute,
[INFO] [stdout]    |                 ~~~~~~~~~~~~~~~~
[INFO] [stdout] help: consider importing this module
[INFO] [stdout]    |
[INFO] [stdout] 3  + use astroport_router::contract;
[INFO] [stdout]    |
[INFO] [stdout] help: if you import `contract`, refer to it directly
[INFO] [stdout]    |
[INFO] [stdout] 64 -                 astroport_factory::contract::execute,
[INFO] [stdout] 64 +                 contract::execute,
[INFO] [stdout]    |
[INFO] [stdout] 
[INFO] [stdout] 
[INFO] [stdout] error[E0433]: failed to resolve: use of undeclared crate or module `astroport_factory`
[INFO] [stdout]   --> tests/factory_helper.rs:65:17
[INFO] [stdout]    |
[INFO] [stdout] 65 |                 astroport_factory::contract::instantiate,
[INFO] [stdout]    |                 ^^^^^^^^^^^^^^^^^ use of undeclared crate or module `astroport_factory`
[INFO] [stdout]    |
[INFO] [stdout] help: there is a crate or module with a similar name
[INFO] [stdout]    |
[INFO] [stdout] 65 |                 astroport_router::contract::instantiate,
[INFO] [stdout]    |                 ~~~~~~~~~~~~~~~~
[INFO] [stdout] help: consider importing this module
[INFO] [stdout]    |
[INFO] [stdout] 3  + use astroport_router::contract;
[INFO] [stdout]    |
[INFO] [stdout] help: if you import `contract`, refer to it directly
[INFO] [stdout]    |
[INFO] [stdout] 65 -                 astroport_factory::contract::instantiate,
[INFO] [stdout] 65 +                 contract::instantiate,
[INFO] [stdout]    |
[INFO] [stdout] 
[INFO] [stdout] 
[INFO] [stdout] error[E0433]: failed to resolve: use of undeclared crate or module `astroport_factory`
[INFO] [stdout]   --> tests/factory_helper.rs:66:17
[INFO] [stdout]    |
[INFO] [stdout] 66 |                 astroport_factory::contract::query,
[INFO] [stdout]    |                 ^^^^^^^^^^^^^^^^^ use of undeclared crate or module `astroport_factory`
[INFO] [stdout]    |
[INFO] [stdout] help: there is a crate or module with a similar name
[INFO] [stdout]    |
[INFO] [stdout] 66 |                 astroport_router::contract::query,
[INFO] [stdout]    |                 ~~~~~~~~~~~~~~~~
[INFO] [stdout] help: consider importing this module
[INFO] [stdout]    |
[INFO] [stdout] 3  + use astroport_router::contract;
[INFO] [stdout]    |
[INFO] [stdout] help: if you import `contract`, refer to it directly
[INFO] [stdout]    |
[INFO] [stdout] 66 -                 astroport_factory::contract::query,
[INFO] [stdout] 66 +                 contract::query,
[INFO] [stdout]    |
[INFO] [stdout] 
[INFO] [stdout] 
[INFO] [stdout] error[E0433]: failed to resolve: use of undeclared crate or module `astroport_factory`
[INFO] [stdout]   --> tests/factory_helper.rs:68:31
[INFO] [stdout]    |
[INFO] [stdout] 68 |             .with_reply_empty(astroport_factory::contract::reply),
[INFO] [stdout]    |                               ^^^^^^^^^^^^^^^^^ use of undeclared crate or module `astroport_factory`
[INFO] [stdout]    |
[INFO] [stdout] help: there is a crate or module with a similar name
[INFO] [stdout]    |
[INFO] [stdout] 68 |             .with_reply_empty(astroport_router::contract::reply),
[INFO] [stdout]    |                               ~~~~~~~~~~~~~~~~
[INFO] [stdout] help: consider importing this module
[INFO] [stdout]    |
[INFO] [stdout] 3  + use astroport_router::contract;
[INFO] [stdout]    |
[INFO] [stdout] help: if you import `contract`, refer to it directly
[INFO] [stdout]    |
[INFO] [stdout] 68 -             .with_reply_empty(astroport_factory::contract::reply),
[INFO] [stdout] 68 +             .with_reply_empty(contract::reply),
[INFO] [stdout]    |
[INFO] [stdout] 
[INFO] [stdout] 
[INFO] [stdout] error[E0433]: failed to resolve: use of undeclared crate or module `astroport_pair`
[INFO] [stdout]    --> tests/router_integration.rs:129:9
[INFO] [stdout]     |
[INFO] [stdout] 129 |         astroport_pair::error::ContractError::MaxSpreadAssertion {},
[INFO] [stdout]     |         ^^^^^^^^^^^^^^ use of undeclared crate or module `astroport_pair`
[INFO] [stdout]     |
[INFO] [stdout] help: consider importing one of these items
[INFO] [stdout]     |
[INFO] [stdout] 3   + use astroport_router::error::ContractError;
[INFO] [stdout]     |
[INFO] [stdout] 3   + use crate::ContractError;
[INFO] [stdout]     |
[INFO] [stdout] help: if you import `ContractError`, refer to it directly
[INFO] [stdout]     |
[INFO] [stdout] 129 -         astroport_pair::error::ContractError::MaxSpreadAssertion {},
[INFO] [stdout] 129 +         ContractError::MaxSpreadAssertion {},
[INFO] [stdout]     |
[INFO] [stdout] 
[INFO] [stdout] 
[INFO] [stdout] error: aborting due to 11 previous errors
[INFO] [stdout] 
[INFO] [stdout] 
[INFO] [stdout] For more information about this error, try `rustc --explain E0433`.
[INFO] [stdout] 
[INFO] [stderr] error: could not compile `astroport-router` (test "factory_helper") due to 12 previous errors
[INFO] [stderr] warning: build failed, waiting for other jobs to finish...
[INFO] [stdout] error: aborting due to 12 previous errors
[INFO] [stdout] 
[INFO] [stdout] 
[INFO] [stdout] For more information about this error, try `rustc --explain E0433`.
[INFO] [stdout] 
[INFO] [stderr] error: could not compile `astroport-router` (test "router_integration") due to 13 previous errors
[INFO] [stdout] warning: 1 warning emitted
[INFO] [stdout] 
[INFO] [stdout] 
[INFO] running `Command { std: "docker" "inspect" "49a042d8c188ad4dddf07de3fef5f966215b8be5a6b254d3ca077f8fa2fbb662", kill_on_drop: false }`
[INFO] running `Command { std: "docker" "rm" "-f" "49a042d8c188ad4dddf07de3fef5f966215b8be5a6b254d3ca077f8fa2fbb662", kill_on_drop: false }`
[INFO] [stdout] 49a042d8c188ad4dddf07de3fef5f966215b8be5a6b254d3ca077f8fa2fbb662
