[INFO] fetching crate astroport-pair-concentrated 1.2.12...
[INFO] testing astroport-pair-concentrated-1.2.12 against 1.75.0 for beta-1.76-1
[INFO] extracting crate astroport-pair-concentrated 1.2.12 into /workspace/builds/worker-5-tc1/source
[INFO] validating manifest of crates.io crate astroport-pair-concentrated 1.2.12 on toolchain 1.75.0
[INFO] running `Command { std: CARGO_HOME="/workspace/cargo-home" RUSTUP_HOME="/workspace/rustup-home" "/workspace/cargo-home/bin/cargo" "+1.75.0" "metadata" "--manifest-path" "Cargo.toml" "--no-deps", kill_on_drop: false }`
[INFO] removed /workspace/builds/worker-5-tc1/source/.cargo/config
[INFO] started tweaking crates.io crate astroport-pair-concentrated 1.2.12
[INFO] finished tweaking crates.io crate astroport-pair-concentrated 1.2.12
[INFO] tweaked toml for crates.io crate astroport-pair-concentrated 1.2.12 written to /workspace/builds/worker-5-tc1/source/Cargo.toml
[INFO] crate crates.io crate astroport-pair-concentrated 1.2.12 already has a lockfile, it will not be regenerated
[INFO] running `Command { std: CARGO_HOME="/workspace/cargo-home" RUSTUP_HOME="/workspace/rustup-home" "/workspace/cargo-home/bin/cargo" "+1.75.0" "fetch" "--manifest-path" "Cargo.toml", kill_on_drop: false }`
[INFO] [stderr]     Updating crates.io index
[INFO] [stderr]  Downloading crates ...
[INFO] [stderr]   Downloaded cw2 v0.15.1
[INFO] [stderr]   Downloaded cw20 v0.15.1
[INFO] [stderr]   Downloaded serde-json-wasm v0.5.1
[INFO] [stderr]   Downloaded cw-storage-plus v0.15.1
[INFO] [stderr]   Downloaded cosmwasm-storage v1.2.4
[INFO] [stderr]   Downloaded cosmwasm-crypto v1.2.4
[INFO] [stderr]   Downloaded dyn-clone v1.0.11
[INFO] [stderr]   Downloaded serde_derive_internals v0.26.0
[INFO] [stderr]   Downloaded schemars_derive v0.8.12
[INFO] [stderr]   Downloaded libc v0.2.142
[INFO] [stderr]   Downloaded protobuf v2.28.0
[INFO] [stderr]   Downloaded curve25519-dalek v3.2.0
[INFO] [stderr]   Downloaded ecdsa v0.14.8
[INFO] [stderr]   Downloaded astroport-factory v1.5.1
[INFO] [stderr]   Downloaded cw-multi-test v0.15.1
[INFO] [stderr]   Downloaded group v0.12.1
[INFO] [stderr]   Downloaded const-oid v0.9.2
[INFO] [stderr]   Downloaded der v0.6.1
[INFO] [stderr]   Downloaded rfc6979 v0.3.1
[INFO] [stderr]   Downloaded pkcs8 v0.9.0
[INFO] [stderr]   Downloaded ff v0.12.1
[INFO] [stderr]   Downloaded elliptic-curve v0.12.3
[INFO] [stderr]   Downloaded crypto-bigint v0.4.9
[INFO] [stderr]   Downloaded k256 v0.11.6
[INFO] [stderr]   Downloaded cosmwasm-std v1.2.4
[INFO] [stderr]   Downloaded libm v0.2.6
[INFO] [stderr]   Downloaded zeroize v1.6.0
[INFO] [stderr]   Downloaded cw-utils v0.15.1
[INFO] [stderr]   Downloaded digest v0.10.6
[INFO] [stderr]   Downloaded cosmwasm-schema v1.2.4
[INFO] [stderr]   Downloaded ed25519-zebra v3.1.0
[INFO] [stderr]   Downloaded spki v0.6.0
[INFO] [stderr]   Downloaded base16ct v0.1.1
[INFO] [stderr]   Downloaded cosmwasm-schema-derive v1.2.4
[INFO] [stderr]   Downloaded sec1 v0.3.0
[INFO] [stderr]   Downloaded signature v1.6.4
[INFO] [stderr]   Downloaded cosmwasm-derive v1.2.4
[INFO] [stderr]   Downloaded forward_ref v1.0.0
[INFO] [stderr]   Downloaded schemars v0.8.12
[INFO] [stderr]   Downloaded astroport v2.9.4
[INFO] [stderr]   Downloaded proptest v1.1.0
[INFO] running `Command { std: "docker" "create" "-v" "/var/lib/crater-agent-workspace/builds/worker-5-tc1/target:/opt/rustwide/target:rw,Z" "-v" "/var/lib/crater-agent-workspace/builds/worker-5-tc1/source:/opt/rustwide/workdir:ro,Z" "-v" "/var/lib/crater-agent-workspace/cargo-home:/opt/rustwide/cargo-home:ro,Z" "-v" "/var/lib/crater-agent-workspace/rustup-home:/opt/rustwide/rustup-home:ro,Z" "-e" "SOURCE_DIR=/opt/rustwide/workdir" "-e" "CARGO_TARGET_DIR=/opt/rustwide/target" "-e" "CARGO_HOME=/opt/rustwide/cargo-home" "-e" "RUSTUP_HOME=/opt/rustwide/rustup-home" "-w" "/opt/rustwide/workdir" "-m" "1610612736" "--user" "0:0" "--network" "none" "ghcr.io/rust-lang/crates-build-env/linux@sha256:2788e3201cd34a07e3172128adcd8b3090168a8e3bcc40d7c032b9dda1df7d1c" "/opt/rustwide/cargo-home/bin/cargo" "+1.75.0" "metadata" "--no-deps" "--format-version=1", kill_on_drop: false }`
[INFO] [stdout] 7bd8565cd7a37ffd3bd0a1331f507dadf21a1b846b3823d325fe45b40a49663d
[INFO] running `Command { std: "docker" "start" "-a" "7bd8565cd7a37ffd3bd0a1331f507dadf21a1b846b3823d325fe45b40a49663d", kill_on_drop: false }`
[INFO] running `Command { std: "docker" "inspect" "7bd8565cd7a37ffd3bd0a1331f507dadf21a1b846b3823d325fe45b40a49663d", kill_on_drop: false }`
[INFO] running `Command { std: "docker" "rm" "-f" "7bd8565cd7a37ffd3bd0a1331f507dadf21a1b846b3823d325fe45b40a49663d", kill_on_drop: false }`
[INFO] [stdout] 7bd8565cd7a37ffd3bd0a1331f507dadf21a1b846b3823d325fe45b40a49663d
[INFO] running `Command { std: "docker" "create" "-v" "/var/lib/crater-agent-workspace/builds/worker-5-tc1/target:/opt/rustwide/target:rw,Z" "-v" "/var/lib/crater-agent-workspace/builds/worker-5-tc1/source:/opt/rustwide/workdir:ro,Z" "-v" "/var/lib/crater-agent-workspace/cargo-home:/opt/rustwide/cargo-home:ro,Z" "-v" "/var/lib/crater-agent-workspace/rustup-home:/opt/rustwide/rustup-home:ro,Z" "-e" "SOURCE_DIR=/opt/rustwide/workdir" "-e" "CARGO_TARGET_DIR=/opt/rustwide/target" "-e" "CARGO_INCREMENTAL=0" "-e" "RUST_BACKTRACE=full" "-e" "RUSTFLAGS=--cap-lints=warn" "-e" "RUSTDOCFLAGS=--cap-lints=warn" "-e" "CARGO_HOME=/opt/rustwide/cargo-home" "-e" "RUSTUP_HOME=/opt/rustwide/rustup-home" "-w" "/opt/rustwide/workdir" "-m" "1610612736" "--user" "0:0" "--network" "none" "ghcr.io/rust-lang/crates-build-env/linux@sha256:2788e3201cd34a07e3172128adcd8b3090168a8e3bcc40d7c032b9dda1df7d1c" "/opt/rustwide/cargo-home/bin/cargo" "+1.75.0" "build" "--frozen" "--message-format=json", kill_on_drop: false }`
[INFO] [stdout] d5eb34db7b203c80a79a15f4b61e59c988a07675927fa15c8b0e42f44a62df37
[INFO] running `Command { std: "docker" "start" "-a" "d5eb34db7b203c80a79a15f4b61e59c988a07675927fa15c8b0e42f44a62df37", kill_on_drop: false }`
[INFO] [stderr]    Compiling typenum v1.16.0
[INFO] [stderr]    Compiling proc-macro2 v1.0.56
[INFO] [stderr]    Compiling unicode-ident v1.0.8
[INFO] [stderr]    Compiling quote v1.0.26
[INFO] [stderr]    Compiling libc v0.2.142
[INFO] [stderr]    Compiling subtle v2.4.1
[INFO] [stderr]    Compiling zeroize v1.6.0
[INFO] [stderr]    Compiling syn v1.0.109
[INFO] [stderr]    Compiling serde_derive v1.0.160
[INFO] [stderr]    Compiling serde v1.0.160
[INFO] [stderr]    Compiling const-oid v0.9.2
[INFO] [stderr]    Compiling base64ct v1.6.0
[INFO] [stderr]    Compiling ahash v0.7.7
[INFO] [stderr]    Compiling base16ct v0.1.1
[INFO] [stderr]    Compiling cpufeatures v0.2.7
[INFO] [stderr]    Compiling serde_json v1.0.96
[INFO] [stderr]    Compiling once_cell v1.17.1
[INFO] [stderr]    Compiling byteorder v1.4.3
[INFO] [stderr]    Compiling thiserror v1.0.40
[INFO] [stderr]    Compiling ryu v1.0.13
[INFO] [stderr]    Compiling der v0.6.1
[INFO] [stderr]    Compiling rand_core v0.5.1
[INFO] [stderr]    Compiling itoa v1.0.6
[INFO] [stderr]    Compiling crunchy v0.2.2
[INFO] [stderr]    Compiling schemars v0.8.12
[INFO] [stderr]    Compiling dyn-clone v1.0.11
[INFO] [stderr]    Compiling forward_ref v1.0.0
[INFO] [stderr]    Compiling semver v1.0.17
[INFO] [stderr]    Compiling either v1.8.1
[INFO] [stderr]    Compiling protobuf v2.28.0
[INFO] [stderr]    Compiling bytes v1.4.0
[INFO] [stderr]    Compiling itertools v0.10.5
[INFO] [stderr]    Compiling uint v0.9.5
[INFO] [stderr]    Compiling syn v2.0.15
[INFO] [stderr]    Compiling spki v0.6.0
[INFO] [stderr]    Compiling getrandom v0.2.9
[INFO] [stderr]    Compiling pkcs8 v0.9.0
[INFO] [stderr]    Compiling rand_core v0.6.4
[INFO] [stderr]    Compiling generic-array v0.14.7
[INFO] [stderr]    Compiling hashbrown v0.12.3
[INFO] [stderr]    Compiling ff v0.12.1
[INFO] [stderr]    Compiling group v0.12.1
[INFO] [stderr]    Compiling crypto-common v0.1.6
[INFO] [stderr]    Compiling block-buffer v0.10.4
[INFO] [stderr]    Compiling crypto-bigint v0.4.9
[INFO] [stderr]    Compiling digest v0.9.0
[INFO] [stderr]    Compiling sec1 v0.3.0
[INFO] [stderr]    Compiling block-buffer v0.9.0
[INFO] [stderr]    Compiling curve25519-dalek v3.2.0
[INFO] [stderr]    Compiling sha2 v0.9.9
[INFO] [stderr]    Compiling digest v0.10.6
[INFO] [stderr]    Compiling hmac v0.12.1
[INFO] [stderr]    Compiling signature v1.6.4
[INFO] [stderr]    Compiling sha2 v0.10.6
[INFO] [stderr]    Compiling elliptic-curve v0.12.3
[INFO] [stderr]    Compiling rfc6979 v0.3.1
[INFO] [stderr]    Compiling ecdsa v0.14.8
[INFO] [stderr]    Compiling thiserror-impl v1.0.40
[INFO] [stderr]    Compiling k256 v0.11.6
[INFO] [stderr]    Compiling serde_derive_internals v0.26.0
[INFO] [stderr]    Compiling schemars_derive v0.8.12
[INFO] [stderr]    Compiling cosmwasm-derive v1.2.4
[INFO] [stderr]    Compiling derivative v2.2.0
[INFO] [stderr]    Compiling cosmwasm-schema-derive v1.2.4
[INFO] [stderr]    Compiling ed25519-zebra v3.1.0
[INFO] [stderr]    Compiling serde-json-wasm v0.5.1
[INFO] [stderr]    Compiling cosmwasm-crypto v1.2.4
[INFO] [stderr]    Compiling cosmwasm-std v1.2.4
[INFO] [stderr]    Compiling cosmwasm-schema v1.2.4
[INFO] [stderr]    Compiling cw-storage-plus v0.15.1
[INFO] [stderr]    Compiling cw2 v0.15.1
[INFO] [stderr]    Compiling cw-utils v0.15.1
[INFO] [stderr]    Compiling cw20 v0.15.1
[INFO] [stderr]    Compiling astroport v2.9.4
[INFO] [stderr]    Compiling astroport-factory v1.5.1
[INFO] [stderr]    Compiling astroport-pair-concentrated v1.2.12 (/opt/rustwide/workdir)
[INFO] [stderr]     Finished dev [unoptimized + debuginfo] target(s) in 41.90s
[INFO] running `Command { std: "docker" "inspect" "d5eb34db7b203c80a79a15f4b61e59c988a07675927fa15c8b0e42f44a62df37", kill_on_drop: false }`
[INFO] running `Command { std: "docker" "rm" "-f" "d5eb34db7b203c80a79a15f4b61e59c988a07675927fa15c8b0e42f44a62df37", kill_on_drop: false }`
[INFO] [stdout] d5eb34db7b203c80a79a15f4b61e59c988a07675927fa15c8b0e42f44a62df37
[INFO] running `Command { std: "docker" "create" "-v" "/var/lib/crater-agent-workspace/builds/worker-5-tc1/target:/opt/rustwide/target:rw,Z" "-v" "/var/lib/crater-agent-workspace/builds/worker-5-tc1/source:/opt/rustwide/workdir:ro,Z" "-v" "/var/lib/crater-agent-workspace/cargo-home:/opt/rustwide/cargo-home:ro,Z" "-v" "/var/lib/crater-agent-workspace/rustup-home:/opt/rustwide/rustup-home:ro,Z" "-e" "SOURCE_DIR=/opt/rustwide/workdir" "-e" "CARGO_TARGET_DIR=/opt/rustwide/target" "-e" "CARGO_INCREMENTAL=0" "-e" "RUST_BACKTRACE=full" "-e" "RUSTFLAGS=--cap-lints=warn" "-e" "RUSTDOCFLAGS=--cap-lints=warn" "-e" "CARGO_HOME=/opt/rustwide/cargo-home" "-e" "RUSTUP_HOME=/opt/rustwide/rustup-home" "-w" "/opt/rustwide/workdir" "-m" "1610612736" "--user" "0:0" "--network" "none" "ghcr.io/rust-lang/crates-build-env/linux@sha256:2788e3201cd34a07e3172128adcd8b3090168a8e3bcc40d7c032b9dda1df7d1c" "/opt/rustwide/cargo-home/bin/cargo" "+1.75.0" "test" "--frozen" "--no-run" "--message-format=json", kill_on_drop: false }`
[INFO] [stdout] ae5e6e02b4b2cf96ddacdbf491fc06c7f82aa446db072d1d9a001438a1c9d20c
[INFO] running `Command { std: "docker" "start" "-a" "ae5e6e02b4b2cf96ddacdbf491fc06c7f82aa446db072d1d9a001438a1c9d20c", kill_on_drop: false }`
[INFO] [stderr]    Compiling libc v0.2.142
[INFO] [stderr]    Compiling io-lifetimes v1.0.10
[INFO] [stderr]    Compiling rustix v0.37.19
[INFO] [stderr]    Compiling anyhow v1.0.70
[INFO] [stderr]    Compiling libm v0.2.6
[INFO] [stderr]    Compiling num-traits v0.2.15
[INFO] [stderr]    Compiling bit-vec v0.6.3
[INFO] [stderr]    Compiling quick-error v1.2.3
[INFO] [stderr]    Compiling regex-syntax v0.6.29
[INFO] [stderr]    Compiling unarray v0.1.4
[INFO] [stderr]    Compiling bit-set v0.5.3
[INFO] [stderr]    Compiling prost-derive v0.9.0
[INFO] [stderr]    Compiling getrandom v0.2.9
[INFO] [stderr]    Compiling wait-timeout v0.2.0
[INFO] [stderr]    Compiling rand_core v0.6.4
[INFO] [stderr]    Compiling ahash v0.7.7
[INFO] [stderr]    Compiling hashbrown v0.12.3
[INFO] [stderr]    Compiling ff v0.12.1
[INFO] [stderr]    Compiling crypto-bigint v0.4.9
[INFO] [stderr]    Compiling signature v1.6.4
[INFO] [stderr]    Compiling rand_chacha v0.3.1
[INFO] [stderr]    Compiling rand_xorshift v0.3.0
[INFO] [stderr]    Compiling group v0.12.1
[INFO] [stderr]    Compiling rand v0.8.5
[INFO] [stderr]    Compiling prost v0.9.0
[INFO] [stderr]    Compiling ed25519-zebra v3.1.0
[INFO] [stderr]    Compiling elliptic-curve v0.12.3
[INFO] [stderr]    Compiling rfc6979 v0.3.1
[INFO] [stderr]    Compiling ecdsa v0.14.8
[INFO] [stderr]    Compiling k256 v0.11.6
[INFO] [stderr]    Compiling tempfile v3.5.0
[INFO] [stderr]    Compiling rusty-fork v0.3.0
[INFO] [stderr]    Compiling proptest v1.1.0
[INFO] [stderr]    Compiling cosmwasm-crypto v1.2.4
[INFO] [stderr]    Compiling cosmwasm-std v1.2.4
[INFO] [stderr]    Compiling cw-storage-plus v0.15.1
[INFO] [stderr]    Compiling cosmwasm-storage v1.2.4
[INFO] [stderr]    Compiling cw2 v0.15.1
[INFO] [stderr]    Compiling cw-utils v0.15.1
[INFO] [stderr]    Compiling cw20 v0.15.1
[INFO] [stderr]    Compiling cw-multi-test v0.15.1
[INFO] [stderr]    Compiling astroport v2.9.4
[INFO] [stderr]    Compiling astroport-factory v1.5.1
[INFO] [stderr]    Compiling astroport-pair-concentrated v1.2.12 (/opt/rustwide/workdir)
[INFO] [stdout] error[E0433]: failed to resolve: use of undeclared crate or module `astroport_token`
[INFO] [stdout]   --> tests/helper.rs:94:9
[INFO] [stdout]    |
[INFO] [stdout] 94 |         astroport_token::contract::execute,
[INFO] [stdout]    |         ^^^^^^^^^^^^^^^ use of undeclared crate or module `astroport_token`
[INFO] [stdout]    |
[INFO] [stdout] help: consider importing one of these items
[INFO] [stdout]    |
[INFO] [stdout] 2  + use astroport_factory::contract;
[INFO] [stdout]    |
[INFO] [stdout] 2  + use astroport_pair_concentrated::contract;
[INFO] [stdout]    |
[INFO] [stdout] help: if you import `contract`, refer to it directly
[INFO] [stdout]    |
[INFO] [stdout] 94 -         astroport_token::contract::execute,
[INFO] [stdout] 94 +         contract::execute,
[INFO] [stdout]    |
[INFO] [stdout] 
[INFO] [stdout] 
[INFO] [stdout] error[E0433]: failed to resolve: use of undeclared crate or module `astroport_token`
[INFO] [stdout]   --> tests/helper.rs:95:9
[INFO] [stdout]    |
[INFO] [stdout] 95 |         astroport_token::contract::instantiate,
[INFO] [stdout]    |         ^^^^^^^^^^^^^^^ use of undeclared crate or module `astroport_token`
[INFO] [stdout]    |
[INFO] [stdout] help: consider importing one of these items
[INFO] [stdout]    |
[INFO] [stdout] 2  + use astroport_factory::contract;
[INFO] [stdout]    |
[INFO] [stdout] 2  + use astroport_pair_concentrated::contract;
[INFO] [stdout]    |
[INFO] [stdout] help: if you import `contract`, refer to it directly
[INFO] [stdout]    |
[INFO] [stdout] 95 -         astroport_token::contract::instantiate,
[INFO] [stdout] 95 +         contract::instantiate,
[INFO] [stdout]    |
[INFO] [stdout] 
[INFO] [stdout] 
[INFO] [stdout] error[E0433]: failed to resolve: use of undeclared crate or module `astroport_token`
[INFO] [stdout]   --> tests/helper.rs:96:9
[INFO] [stdout]    |
[INFO] [stdout] 96 |         astroport_token::contract::query,
[INFO] [stdout]    |         ^^^^^^^^^^^^^^^ use of undeclared crate or module `astroport_token`
[INFO] [stdout]    |
[INFO] [stdout] help: consider importing this module
[INFO] [stdout]    |
[INFO] [stdout] 2  + use astroport_factory::contract;
[INFO] [stdout]    |
[INFO] [stdout] help: if you import `contract`, refer to it directly
[INFO] [stdout]    |
[INFO] [stdout] 96 -         astroport_token::contract::query,
[INFO] [stdout] 96 +         contract::query,
[INFO] [stdout]    |
[INFO] [stdout] 
[INFO] [stdout] 
[INFO] [stdout] error[E0433]: failed to resolve: use of undeclared crate or module `astroport_native_coin_registry`
[INFO] [stdout]    --> tests/helper.rs:106:9
[INFO] [stdout]     |
[INFO] [stdout] 106 |         astroport_native_coin_registry::contract::execute,
[INFO] [stdout]     |         ^^^^^^^^^^^^^^^^^^^^^^^^^^^^^^ use of undeclared crate or module `astroport_native_coin_registry`
[INFO] [stdout]     |
[INFO] [stdout] help: consider importing one of these items
[INFO] [stdout]     |
[INFO] [stdout] 2   + use astroport_factory::contract;
[INFO] [stdout]     |
[INFO] [stdout] 2   + use astroport_pair_concentrated::contract;
[INFO] [stdout]     |
[INFO] [stdout] help: if you import `contract`, refer to it directly
[INFO] [stdout]     |
[INFO] [stdout] 106 -         astroport_native_coin_registry::contract::execute,
[INFO] [stdout] 106 +         contract::execute,
[INFO] [stdout]     |
[INFO] [stdout] 
[INFO] [stdout] 
[INFO] [stdout] error[E0433]: failed to resolve: use of undeclared crate or module `astroport_native_coin_registry`
[INFO] [stdout]    --> tests/helper.rs:107:9
[INFO] [stdout]     |
[INFO] [stdout] 107 |         astroport_native_coin_registry::contract::instantiate,
[INFO] [stdout]     |         ^^^^^^^^^^^^^^^^^^^^^^^^^^^^^^ use of undeclared crate or module `astroport_native_coin_registry`
[INFO] [stdout]     |
[INFO] [stdout] help: consider importing one of these items
[INFO] [stdout]     |
[INFO] [stdout] 2   + use astroport_factory::contract;
[INFO] [stdout]     |
[INFO] [stdout] 2   + use astroport_pair_concentrated::contract;
[INFO] [stdout]     |
[INFO] [stdout] help: if you import `contract`, refer to it directly
[INFO] [stdout]     |
[INFO] [stdout] 107 -         astroport_native_coin_registry::contract::instantiate,
[INFO] [stdout] 107 +         contract::instantiate,
[INFO] [stdout]     |
[INFO] [stdout] 
[INFO] [stdout] 
[INFO] [stdout] error[E0433]: failed to resolve: use of undeclared crate or module `astroport_native_coin_registry`
[INFO] [stdout]    --> tests/helper.rs:108:9
[INFO] [stdout]     |
[INFO] [stdout] 108 |         astroport_native_coin_registry::contract::query,
[INFO] [stdout]     |         ^^^^^^^^^^^^^^^^^^^^^^^^^^^^^^ use of undeclared crate or module `astroport_native_coin_registry`
[INFO] [stdout]     |
[INFO] [stdout] help: consider importing this module
[INFO] [stdout]     |
[INFO] [stdout] 2   + use astroport_factory::contract;
[INFO] [stdout]     |
[INFO] [stdout] help: if you import `contract`, refer to it directly
[INFO] [stdout]     |
[INFO] [stdout] 108 -         astroport_native_coin_registry::contract::query,
[INFO] [stdout] 108 +         contract::query,
[INFO] [stdout]     |
[INFO] [stdout] 
[INFO] [stdout] 
[INFO] [stdout] error[E0433]: failed to resolve: use of undeclared crate or module `astroport_token`
[INFO] [stdout]   --> tests/helper.rs:94:9
[INFO] [stdout]    |
[INFO] [stdout] 94 |         astroport_token::contract::execute,
[INFO] [stdout]    |         ^^^^^^^^^^^^^^^ use of undeclared crate or module `astroport_token`
[INFO] [stdout]    |
[INFO] [stdout] help: consider importing one of these items
[INFO] [stdout]    |
[INFO] [stdout] 2  + use astroport_factory::contract;
[INFO] [stdout]    |
[INFO] [stdout] 2  + use astroport_pair_concentrated::contract;
[INFO] [stdout]    |
[INFO] [stdout] help: if you import `contract`, refer to it directly
[INFO] [stdout]    |
[INFO] [stdout] 94 -         astroport_token::contract::execute,
[INFO] [stdout] 94 +         contract::execute,
[INFO] [stdout]    |
[INFO] [stdout] 
[INFO] [stdout] 
[INFO] [stdout] error[E0433]: failed to resolve: use of undeclared crate or module `astroport_token`
[INFO] [stdout]   --> tests/helper.rs:95:9
[INFO] [stdout]    |
[INFO] [stdout] 95 |         astroport_token::contract::instantiate,
[INFO] [stdout]    |         ^^^^^^^^^^^^^^^ use of undeclared crate or module `astroport_token`
[INFO] [stdout]    |
[INFO] [stdout] help: consider importing one of these items
[INFO] [stdout]    |
[INFO] [stdout] 2  + use astroport_factory::contract;
[INFO] [stdout]    |
[INFO] [stdout] 2  + use astroport_pair_concentrated::contract;
[INFO] [stdout]    |
[INFO] [stdout] help: if you import `contract`, refer to it directly
[INFO] [stdout]    |
[INFO] [stdout] 95 -         astroport_token::contract::instantiate,
[INFO] [stdout] 95 +         contract::instantiate,
[INFO] [stdout]    |
[INFO] [stdout] 
[INFO] [stdout] 
[INFO] [stdout] error[E0433]: failed to resolve: use of undeclared crate or module `astroport_token`
[INFO] [stdout]   --> tests/helper.rs:96:9
[INFO] [stdout]    |
[INFO] [stdout] 96 |         astroport_token::contract::query,
[INFO] [stdout]    |         ^^^^^^^^^^^^^^^ use of undeclared crate or module `astroport_token`
[INFO] [stdout]    |
[INFO] [stdout] help: consider importing this module
[INFO] [stdout]    |
[INFO] [stdout] 2  + use astroport_factory::contract;
[INFO] [stdout]    |
[INFO] [stdout] help: if you import `contract`, refer to it directly
[INFO] [stdout]    |
[INFO] [stdout] 96 -         astroport_token::contract::query,
[INFO] [stdout] 96 +         contract::query,
[INFO] [stdout]    |
[INFO] [stdout] 
[INFO] [stdout] 
[INFO] [stdout] error[E0433]: failed to resolve: use of undeclared crate or module `astroport_native_coin_registry`
[INFO] [stdout]    --> tests/helper.rs:106:9
[INFO] [stdout]     |
[INFO] [stdout] 106 |         astroport_native_coin_registry::contract::execute,
[INFO] [stdout]     |         ^^^^^^^^^^^^^^^^^^^^^^^^^^^^^^ use of undeclared crate or module `astroport_native_coin_registry`
[INFO] [stdout]     |
[INFO] [stdout] help: consider importing one of these items
[INFO] [stdout]     |
[INFO] [stdout] 2   + use astroport_factory::contract;
[INFO] [stdout]     |
[INFO] [stdout] 2   + use astroport_pair_concentrated::contract;
[INFO] [stdout]     |
[INFO] [stdout] help: if you import `contract`, refer to it directly
[INFO] [stdout]     |
[INFO] [stdout] 106 -         astroport_native_coin_registry::contract::execute,
[INFO] [stdout] 106 +         contract::execute,
[INFO] [stdout]     |
[INFO] [stdout] 
[INFO] [stdout] 
[INFO] [stdout] error[E0433]: failed to resolve: use of undeclared crate or module `astroport_native_coin_registry`
[INFO] [stdout]    --> tests/helper.rs:107:9
[INFO] [stdout]     |
[INFO] [stdout] 107 |         astroport_native_coin_registry::contract::instantiate,
[INFO] [stdout]     |         ^^^^^^^^^^^^^^^^^^^^^^^^^^^^^^ use of undeclared crate or module `astroport_native_coin_registry`
[INFO] [stdout]     |
[INFO] [stdout] help: consider importing one of these items
[INFO] [stdout]     |
[INFO] [stdout] 2   + use astroport_factory::contract;
[INFO] [stdout]     |
[INFO] [stdout] 2   + use astroport_pair_concentrated::contract;
[INFO] [stdout]     |
[INFO] [stdout] help: if you import `contract`, refer to it directly
[INFO] [stdout]     |
[INFO] [stdout] 107 -         astroport_native_coin_registry::contract::instantiate,
[INFO] [stdout] 107 +         contract::instantiate,
[INFO] [stdout]     |
[INFO] [stdout] 
[INFO] [stdout] 
[INFO] [stdout] error[E0433]: failed to resolve: use of undeclared crate or module `astroport_native_coin_registry`
[INFO] [stdout]    --> tests/helper.rs:108:9
[INFO] [stdout]     |
[INFO] [stdout] 108 |         astroport_native_coin_registry::contract::query,
[INFO] [stdout]     |         ^^^^^^^^^^^^^^^^^^^^^^^^^^^^^^ use of undeclared crate or module `astroport_native_coin_registry`
[INFO] [stdout]     |
[INFO] [stdout] help: consider importing this module
[INFO] [stdout]     |
[INFO] [stdout] 2   + use astroport_factory::contract;
[INFO] [stdout]     |
[INFO] [stdout] help: if you import `contract`, refer to it directly
[INFO] [stdout]     |
[INFO] [stdout] 108 -         astroport_native_coin_registry::contract::query,
[INFO] [stdout] 108 +         contract::query,
[INFO] [stdout]     |
[INFO] [stdout] 
[INFO] [stdout] 
[INFO] [stdout] error[E0433]: failed to resolve: use of undeclared crate or module `astroport_token`
[INFO] [stdout]   --> tests/helper.rs:94:9
[INFO] [stdout]    |
[INFO] [stdout] 94 |         astroport_token::contract::execute,
[INFO] [stdout]    |         ^^^^^^^^^^^^^^^ use of undeclared crate or module `astroport_token`
[INFO] [stdout]    |
[INFO] [stdout] help: consider importing one of these items
[INFO] [stdout]    |
[INFO] [stdout] 2  + use astroport_factory::contract;
[INFO] [stdout]    |
[INFO] [stdout] 2  + use astroport_pair_concentrated::contract;
[INFO] [stdout]    |
[INFO] [stdout] help: if you import `contract`, refer to it directly
[INFO] [stdout]    |
[INFO] [stdout] 94 -         astroport_token::contract::execute,
[INFO] [stdout] 94 +         contract::execute,
[INFO] [stdout]    |
[INFO] [stdout] 
[INFO] [stdout] 
[INFO] [stdout] error[E0433]: failed to resolve: use of undeclared crate or module `astroport_token`
[INFO] [stdout]   --> tests/helper.rs:95:9
[INFO] [stdout]    |
[INFO] [stdout] 95 |         astroport_token::contract::instantiate,
[INFO] [stdout]    |         ^^^^^^^^^^^^^^^ use of undeclared crate or module `astroport_token`
[INFO] [stdout]    |
[INFO] [stdout] help: consider importing one of these items
[INFO] [stdout]    |
[INFO] [stdout] 2  + use astroport_factory::contract;
[INFO] [stdout]    |
[INFO] [stdout] 2  + use astroport_pair_concentrated::contract;
[INFO] [stdout]    |
[INFO] [stdout] help: if you import `contract`, refer to it directly
[INFO] [stdout]    |
[INFO] [stdout] 95 -         astroport_token::contract::instantiate,
[INFO] [stdout] 95 +         contract::instantiate,
[INFO] [stdout]    |
[INFO] [stdout] 
[INFO] [stdout] 
[INFO] [stdout] error[E0433]: failed to resolve: use of undeclared crate or module `astroport_token`
[INFO] [stdout]   --> tests/helper.rs:96:9
[INFO] [stdout]    |
[INFO] [stdout] 96 |         astroport_token::contract::query,
[INFO] [stdout]    |         ^^^^^^^^^^^^^^^ use of undeclared crate or module `astroport_token`
[INFO] [stdout]    |
[INFO] [stdout] help: consider importing this module
[INFO] [stdout]    |
[INFO] [stdout] 2  + use astroport_factory::contract;
[INFO] [stdout]    |
[INFO] [stdout] help: if you import `contract`, refer to it directly
[INFO] [stdout]    |
[INFO] [stdout] 96 -         astroport_token::contract::query,
[INFO] [stdout] 96 +         contract::query,
[INFO] [stdout]    |
[INFO] [stdout] 
[INFO] [stdout] 
[INFO] [stdout] error[E0433]: failed to resolve: use of undeclared crate or module `astroport_native_coin_registry`
[INFO] [stdout]    --> tests/helper.rs:106:9
[INFO] [stdout]     |
[INFO] [stdout] 106 |         astroport_native_coin_registry::contract::execute,
[INFO] [stdout]     |         ^^^^^^^^^^^^^^^^^^^^^^^^^^^^^^ use of undeclared crate or module `astroport_native_coin_registry`
[INFO] [stdout]     |
[INFO] [stdout] help: consider importing one of these items
[INFO] [stdout]     |
[INFO] [stdout] 2   + use astroport_factory::contract;
[INFO] [stdout]     |
[INFO] [stdout] 2   + use astroport_pair_concentrated::contract;
[INFO] [stdout]     |
[INFO] [stdout] help: if you import `contract`, refer to it directly
[INFO] [stdout]     |
[INFO] [stdout] 106 -         astroport_native_coin_registry::contract::execute,
[INFO] [stdout] 106 +         contract::execute,
[INFO] [stdout]     |
[INFO] [stdout] 
[INFO] [stdout] 
[INFO] [stdout] error[E0433]: failed to resolve: use of undeclared crate or module `astroport_native_coin_registry`
[INFO] [stdout]    --> tests/helper.rs:107:9
[INFO] [stdout]     |
[INFO] [stdout] 107 |         astroport_native_coin_registry::contract::instantiate,
[INFO] [stdout]     |         ^^^^^^^^^^^^^^^^^^^^^^^^^^^^^^ use of undeclared crate or module `astroport_native_coin_registry`
[INFO] [stdout]     |
[INFO] [stdout] help: consider importing one of these items
[INFO] [stdout]     |
[INFO] [stdout] 2   + use astroport_factory::contract;
[INFO] [stdout]     |
[INFO] [stdout] 2   + use astroport_pair_concentrated::contract;
[INFO] [stdout]     |
[INFO] [stdout] help: if you import `contract`, refer to it directly
[INFO] [stdout]     |
[INFO] [stdout] 107 -         astroport_native_coin_registry::contract::instantiate,
[INFO] [stdout] 107 +         contract::instantiate,
[INFO] [stdout]     |
[INFO] [stdout] 
[INFO] [stdout] 
[INFO] [stdout] error[E0433]: failed to resolve: use of undeclared crate or module `astroport_native_coin_registry`
[INFO] [stdout]    --> tests/helper.rs:108:9
[INFO] [stdout]     |
[INFO] [stdout] 108 |         astroport_native_coin_registry::contract::query,
[INFO] [stdout]     |         ^^^^^^^^^^^^^^^^^^^^^^^^^^^^^^ use of undeclared crate or module `astroport_native_coin_registry`
[INFO] [stdout]     |
[INFO] [stdout] help: consider importing this module
[INFO] [stdout]     |
[INFO] [stdout] 2   + use astroport_factory::contract;
[INFO] [stdout]     |
[INFO] [stdout] help: if you import `contract`, refer to it directly
[INFO] [stdout]     |
[INFO] [stdout] 108 -         astroport_native_coin_registry::contract::query,
[INFO] [stdout] 108 +         contract::query,
[INFO] [stdout]     |
[INFO] [stdout] 
[INFO] [stdout] 
[INFO] [stdout] error: aborting due to 6 previous errors
[INFO] [stdout] 
[INFO] [stdout] 
[INFO] [stdout] For more information about this error, try `rustc --explain E0433`.
[INFO] [stdout] 
[INFO] [stderr] error: could not compile `astroport-pair-concentrated` (test "helper") due to 7 previous errors
[INFO] [stderr] warning: build failed, waiting for other jobs to finish...
[INFO] [stdout] error: aborting due to 6 previous errors
[INFO] [stdout] 
[INFO] [stdout] 
[INFO] [stdout] For more information about this error, try `rustc --explain E0433`.
[INFO] [stdout] 
[INFO] [stderr] error: could not compile `astroport-pair-concentrated` (test "pair_concentrated_simulation") due to 7 previous errors
[INFO] [stdout] error: aborting due to 6 previous errors
[INFO] [stdout] 
[INFO] [stdout] 
[INFO] [stdout] For more information about this error, try `rustc --explain E0433`.
[INFO] [stdout] 
[INFO] [stderr] error: could not compile `astroport-pair-concentrated` (test "pair_concentrated_integration") due to 7 previous errors
[INFO] running `Command { std: "docker" "inspect" "ae5e6e02b4b2cf96ddacdbf491fc06c7f82aa446db072d1d9a001438a1c9d20c", kill_on_drop: false }`
[INFO] running `Command { std: "docker" "rm" "-f" "ae5e6e02b4b2cf96ddacdbf491fc06c7f82aa446db072d1d9a001438a1c9d20c", kill_on_drop: false }`
[INFO] [stdout] ae5e6e02b4b2cf96ddacdbf491fc06c7f82aa446db072d1d9a001438a1c9d20c
