[INFO] fetching crate astroport-oracle 2.1.1...
[INFO] testing astroport-oracle-2.1.1 against 1.75.0 for beta-1.76-1
[INFO] extracting crate astroport-oracle 2.1.1 into /workspace/builds/worker-4-tc1/source
[INFO] validating manifest of crates.io crate astroport-oracle 2.1.1 on toolchain 1.75.0
[INFO] running `Command { std: CARGO_HOME="/workspace/cargo-home" RUSTUP_HOME="/workspace/rustup-home" "/workspace/cargo-home/bin/cargo" "+1.75.0" "metadata" "--manifest-path" "Cargo.toml" "--no-deps", kill_on_drop: false }`
[INFO] removed /workspace/builds/worker-4-tc1/source/.cargo/config
[INFO] started tweaking crates.io crate astroport-oracle 2.1.1
[INFO] finished tweaking crates.io crate astroport-oracle 2.1.1
[INFO] tweaked toml for crates.io crate astroport-oracle 2.1.1 written to /workspace/builds/worker-4-tc1/source/Cargo.toml
[INFO] crate crates.io crate astroport-oracle 2.1.1 already has a lockfile, it will not be regenerated
[INFO] running `Command { std: CARGO_HOME="/workspace/cargo-home" RUSTUP_HOME="/workspace/rustup-home" "/workspace/cargo-home/bin/cargo" "+1.75.0" "fetch" "--manifest-path" "Cargo.toml", kill_on_drop: false }`
[INFO] [stderr]     Updating crates.io index
[INFO] [stderr]  Downloading crates ...
[INFO] [stderr]   Downloaded cosmwasm-derive v1.2.4
[INFO] [stderr]   Downloaded schemars_derive v0.8.12
[INFO] [stderr]   Downloaded getrandom v0.2.9
[INFO] [stderr]   Downloaded zeroize v1.6.0
[INFO] [stderr]   Downloaded elliptic-curve v0.12.3
[INFO] [stderr]   Downloaded cosmwasm-schema v1.2.4
[INFO] [stderr]   Downloaded sec1 v0.3.0
[INFO] [stderr]   Downloaded cosmwasm-storage v1.2.4
[INFO] [stderr]   Downloaded cw2 v0.15.1
[INFO] [stderr]   Downloaded cw-utils v0.15.1
[INFO] [stderr]   Downloaded spki v0.6.0
[INFO] [stderr]   Downloaded forward_ref v1.0.0
[INFO] [stderr]   Downloaded signature v1.6.4
[INFO] [stderr]   Downloaded cosmwasm-schema-derive v1.2.4
[INFO] [stderr]   Downloaded der v0.6.1
[INFO] [stderr]   Downloaded cw-multi-test v0.15.1
[INFO] [stderr]   Downloaded serde_derive_internals v0.26.0
[INFO] [stderr]   Downloaded cw-storage-plus v0.15.1
[INFO] [stderr]   Downloaded curve25519-dalek v3.2.0
[INFO] [stderr]   Downloaded cosmwasm-std v1.2.4
[INFO] [stderr]   Downloaded schemars v0.8.12
[INFO] [stderr]   Downloaded libc v0.2.142
[INFO] [stderr]   Downloaded anyhow v1.0.70
[INFO] [stderr]   Downloaded ed25519-zebra v3.1.0
[INFO] [stderr]   Downloaded ecdsa v0.14.8
[INFO] [stderr]   Downloaded crypto-bigint v0.4.9
[INFO] [stderr]   Downloaded const-oid v0.9.2
[INFO] [stderr]   Downloaded semver v1.0.17
[INFO] [stderr]   Downloaded serde-json-wasm v0.5.1
[INFO] [stderr]   Downloaded group v0.12.1
[INFO] [stderr]   Downloaded cosmwasm-crypto v1.2.4
[INFO] [stderr]   Downloaded prost v0.9.0
[INFO] [stderr]   Downloaded cpufeatures v0.2.7
[INFO] [stderr]   Downloaded sha2 v0.10.6
[INFO] [stderr]   Downloaded cw20 v0.15.1
[INFO] [stderr]   Downloaded pkcs8 v0.9.0
[INFO] [stderr]   Downloaded dyn-clone v1.0.11
[INFO] [stderr]   Downloaded either v1.8.1
[INFO] [stderr]   Downloaded k256 v0.11.6
[INFO] [stderr]   Downloaded astroport v2.8.0
[INFO] [stderr]   Downloaded prost-derive v0.9.0
[INFO] [stderr]   Downloaded rfc6979 v0.3.1
[INFO] [stderr]   Downloaded ff v0.12.1
[INFO] [stderr]   Downloaded base16ct v0.1.1
[INFO] running `Command { std: "docker" "create" "-v" "/var/lib/crater-agent-workspace/builds/worker-4-tc1/target:/opt/rustwide/target:rw,Z" "-v" "/var/lib/crater-agent-workspace/builds/worker-4-tc1/source:/opt/rustwide/workdir:ro,Z" "-v" "/var/lib/crater-agent-workspace/cargo-home:/opt/rustwide/cargo-home:ro,Z" "-v" "/var/lib/crater-agent-workspace/rustup-home:/opt/rustwide/rustup-home:ro,Z" "-e" "SOURCE_DIR=/opt/rustwide/workdir" "-e" "CARGO_TARGET_DIR=/opt/rustwide/target" "-e" "CARGO_HOME=/opt/rustwide/cargo-home" "-e" "RUSTUP_HOME=/opt/rustwide/rustup-home" "-w" "/opt/rustwide/workdir" "-m" "1610612736" "--user" "0:0" "--network" "none" "ghcr.io/rust-lang/crates-build-env/linux@sha256:2788e3201cd34a07e3172128adcd8b3090168a8e3bcc40d7c032b9dda1df7d1c" "/opt/rustwide/cargo-home/bin/cargo" "+1.75.0" "metadata" "--no-deps" "--format-version=1", kill_on_drop: false }`
[INFO] [stdout] a216bc231fade08d7ce384acef051b1e51759063fb5b306a2faa6bf74a3d91d6
[INFO] running `Command { std: "docker" "start" "-a" "a216bc231fade08d7ce384acef051b1e51759063fb5b306a2faa6bf74a3d91d6", kill_on_drop: false }`
[INFO] running `Command { std: "docker" "inspect" "a216bc231fade08d7ce384acef051b1e51759063fb5b306a2faa6bf74a3d91d6", kill_on_drop: false }`
[INFO] running `Command { std: "docker" "rm" "-f" "a216bc231fade08d7ce384acef051b1e51759063fb5b306a2faa6bf74a3d91d6", kill_on_drop: false }`
[INFO] [stdout] a216bc231fade08d7ce384acef051b1e51759063fb5b306a2faa6bf74a3d91d6
[INFO] running `Command { std: "docker" "create" "-v" "/var/lib/crater-agent-workspace/builds/worker-4-tc1/target:/opt/rustwide/target:rw,Z" "-v" "/var/lib/crater-agent-workspace/builds/worker-4-tc1/source:/opt/rustwide/workdir:ro,Z" "-v" "/var/lib/crater-agent-workspace/cargo-home:/opt/rustwide/cargo-home:ro,Z" "-v" "/var/lib/crater-agent-workspace/rustup-home:/opt/rustwide/rustup-home:ro,Z" "-e" "SOURCE_DIR=/opt/rustwide/workdir" "-e" "CARGO_TARGET_DIR=/opt/rustwide/target" "-e" "CARGO_INCREMENTAL=0" "-e" "RUST_BACKTRACE=full" "-e" "RUSTFLAGS=--cap-lints=warn" "-e" "RUSTDOCFLAGS=--cap-lints=warn" "-e" "CARGO_HOME=/opt/rustwide/cargo-home" "-e" "RUSTUP_HOME=/opt/rustwide/rustup-home" "-w" "/opt/rustwide/workdir" "-m" "1610612736" "--user" "0:0" "--network" "none" "ghcr.io/rust-lang/crates-build-env/linux@sha256:2788e3201cd34a07e3172128adcd8b3090168a8e3bcc40d7c032b9dda1df7d1c" "/opt/rustwide/cargo-home/bin/cargo" "+1.75.0" "build" "--frozen" "--message-format=json", kill_on_drop: false }`
[INFO] [stdout] 3040eed99c01d1d21e6bab060b3c335544f169acc00c3f4118d0ac40436adc94
[INFO] running `Command { std: "docker" "start" "-a" "3040eed99c01d1d21e6bab060b3c335544f169acc00c3f4118d0ac40436adc94", kill_on_drop: false }`
[INFO] [stderr]    Compiling version_check v0.9.4
[INFO] [stderr]    Compiling typenum v1.16.0
[INFO] [stderr]    Compiling proc-macro2 v1.0.56
[INFO] [stderr]    Compiling unicode-ident v1.0.8
[INFO] [stderr]    Compiling quote v1.0.26
[INFO] [stderr]    Compiling libc v0.2.142
[INFO] [stderr]    Compiling cfg-if v1.0.0
[INFO] [stderr]    Compiling subtle v2.4.1
[INFO] [stderr]    Compiling zeroize v1.6.0
[INFO] [stderr]    Compiling serde_derive v1.0.160
[INFO] [stderr]    Compiling const-oid v0.9.2
[INFO] [stderr]    Compiling serde v1.0.160
[INFO] [stderr]    Compiling base64ct v1.6.0
[INFO] [stderr]    Compiling cpufeatures v0.2.7
[INFO] [stderr]    Compiling base16ct v0.1.1
[INFO] [stderr]    Compiling thiserror v1.0.40
[INFO] [stderr]    Compiling serde_json v1.0.96
[INFO] [stderr]    Compiling byteorder v1.4.3
[INFO] [stderr]    Compiling once_cell v1.17.1
[INFO] [stderr]    Compiling hex v0.4.3
[INFO] [stderr]    Compiling ryu v1.0.13
[INFO] [stderr]    Compiling itoa v1.0.6
[INFO] [stderr]    Compiling der v0.6.1
[INFO] [stderr]    Compiling schemars v0.8.12
[INFO] [stderr]    Compiling generic-array v0.14.7
[INFO] [stderr]    Compiling ahash v0.7.6
[INFO] [stderr]    Compiling opaque-debug v0.3.0
[INFO] [stderr]    Compiling rand_core v0.5.1
[INFO] [stderr]    Compiling crunchy v0.2.2
[INFO] [stderr]    Compiling dyn-clone v1.0.11
[INFO] [stderr]    Compiling static_assertions v1.1.0
[INFO] [stderr]    Compiling forward_ref v1.0.0
[INFO] [stderr]    Compiling base64 v0.13.1
[INFO] [stderr]    Compiling semver v1.0.17
[INFO] [stderr]    Compiling either v1.8.1
[INFO] [stderr]    Compiling itertools v0.10.5
[INFO] [stderr]    Compiling uint v0.9.5
[INFO] [stderr]    Compiling syn v2.0.15
[INFO] [stderr]    Compiling syn v1.0.109
[INFO] [stderr]    Compiling getrandom v0.2.9
[INFO] [stderr]    Compiling spki v0.6.0
[INFO] [stderr]    Compiling pkcs8 v0.9.0
[INFO] [stderr]    Compiling rand_core v0.6.4
[INFO] [stderr]    Compiling ff v0.12.1
[INFO] [stderr]    Compiling group v0.12.1
[INFO] [stderr]    Compiling hashbrown v0.12.3
[INFO] [stderr]    Compiling crypto-common v0.1.6
[INFO] [stderr]    Compiling block-buffer v0.10.4
[INFO] [stderr]    Compiling crypto-bigint v0.4.9
[INFO] [stderr]    Compiling digest v0.9.0
[INFO] [stderr]    Compiling sec1 v0.3.0
[INFO] [stderr]    Compiling block-buffer v0.9.0
[INFO] [stderr]    Compiling curve25519-dalek v3.2.0
[INFO] [stderr]    Compiling sha2 v0.9.9
[INFO] [stderr]    Compiling digest v0.10.6
[INFO] [stderr]    Compiling hmac v0.12.1
[INFO] [stderr]    Compiling signature v1.6.4
[INFO] [stderr]    Compiling sha2 v0.10.6
[INFO] [stderr]    Compiling rfc6979 v0.3.1
[INFO] [stderr]    Compiling elliptic-curve v0.12.3
[INFO] [stderr]    Compiling ecdsa v0.14.8
[INFO] [stderr]    Compiling thiserror-impl v1.0.40
[INFO] [stderr]    Compiling k256 v0.11.6
[INFO] [stderr]    Compiling serde_derive_internals v0.26.0
[INFO] [stderr]    Compiling schemars_derive v0.8.12
[INFO] [stderr]    Compiling cosmwasm-derive v1.2.4
[INFO] [stderr]    Compiling derivative v2.2.0
[INFO] [stderr]    Compiling cosmwasm-schema-derive v1.2.4
[INFO] [stderr]    Compiling ed25519-zebra v3.1.0
[INFO] [stderr]    Compiling serde-json-wasm v0.5.1
[INFO] [stderr]    Compiling cosmwasm-crypto v1.2.4
[INFO] [stderr]    Compiling cosmwasm-std v1.2.4
[INFO] [stderr]    Compiling cosmwasm-schema v1.2.4
[INFO] [stderr]    Compiling cw-storage-plus v0.15.1
[INFO] [stderr]    Compiling cw2 v0.15.1
[INFO] [stderr]    Compiling cw-utils v0.15.1
[INFO] [stderr]    Compiling cw20 v0.15.1
[INFO] [stderr]    Compiling astroport v2.8.0
[INFO] [stderr]    Compiling astroport-oracle v2.1.1 (/opt/rustwide/workdir)
[INFO] [stderr]     Finished dev [unoptimized + debuginfo] target(s) in 24.56s
[INFO] running `Command { std: "docker" "inspect" "3040eed99c01d1d21e6bab060b3c335544f169acc00c3f4118d0ac40436adc94", kill_on_drop: false }`
[INFO] running `Command { std: "docker" "rm" "-f" "3040eed99c01d1d21e6bab060b3c335544f169acc00c3f4118d0ac40436adc94", kill_on_drop: false }`
[INFO] [stdout] 3040eed99c01d1d21e6bab060b3c335544f169acc00c3f4118d0ac40436adc94
[INFO] running `Command { std: "docker" "create" "-v" "/var/lib/crater-agent-workspace/builds/worker-4-tc1/target:/opt/rustwide/target:rw,Z" "-v" "/var/lib/crater-agent-workspace/builds/worker-4-tc1/source:/opt/rustwide/workdir:ro,Z" "-v" "/var/lib/crater-agent-workspace/cargo-home:/opt/rustwide/cargo-home:ro,Z" "-v" "/var/lib/crater-agent-workspace/rustup-home:/opt/rustwide/rustup-home:ro,Z" "-e" "SOURCE_DIR=/opt/rustwide/workdir" "-e" "CARGO_TARGET_DIR=/opt/rustwide/target" "-e" "CARGO_INCREMENTAL=0" "-e" "RUST_BACKTRACE=full" "-e" "RUSTFLAGS=--cap-lints=warn" "-e" "RUSTDOCFLAGS=--cap-lints=warn" "-e" "CARGO_HOME=/opt/rustwide/cargo-home" "-e" "RUSTUP_HOME=/opt/rustwide/rustup-home" "-w" "/opt/rustwide/workdir" "-m" "1610612736" "--user" "0:0" "--network" "none" "ghcr.io/rust-lang/crates-build-env/linux@sha256:2788e3201cd34a07e3172128adcd8b3090168a8e3bcc40d7c032b9dda1df7d1c" "/opt/rustwide/cargo-home/bin/cargo" "+1.75.0" "test" "--frozen" "--no-run" "--message-format=json", kill_on_drop: false }`
[INFO] [stdout] ea267536491eea332e243a565877ec9d90ceb0f208feef84478937a1e38fe10c
[INFO] running `Command { std: "docker" "start" "-a" "ea267536491eea332e243a565877ec9d90ceb0f208feef84478937a1e38fe10c", kill_on_drop: false }`
[INFO] [stderr]    Compiling anyhow v1.0.70
[INFO] [stderr]    Compiling bytes v1.4.0
[INFO] [stderr]    Compiling cosmwasm-std v1.2.4
[INFO] [stderr]    Compiling prost-derive v0.9.0
[INFO] [stderr]    Compiling prost v0.9.0
[INFO] [stderr]    Compiling cw-storage-plus v0.15.1
[INFO] [stderr]    Compiling cosmwasm-storage v1.2.4
[INFO] [stderr]    Compiling cw2 v0.15.1
[INFO] [stderr]    Compiling cw-utils v0.15.1
[INFO] [stderr]    Compiling cw20 v0.15.1
[INFO] [stderr]    Compiling cw-multi-test v0.15.1
[INFO] [stderr]    Compiling astroport v2.8.0
[INFO] [stderr]    Compiling astroport-oracle v2.1.1 (/opt/rustwide/workdir)
[INFO] [stdout] error[E0433]: failed to resolve: use of undeclared crate or module `astroport_pair`
[INFO] [stdout]    --> tests/integration.rs:112:27
[INFO] [stdout]     |
[INFO] [stdout] 112 |         .with_reply_empty(astroport_pair::contract::reply),
[INFO] [stdout]     |                           ^^^^^^^^^^^^^^ use of undeclared crate or module `astroport_pair`
[INFO] [stdout] 
[INFO] [stdout] 
[INFO] [stdout] error[E0433]: failed to resolve: use of undeclared crate or module `astroport_pair_stable`
[INFO] [stdout]    --> tests/integration.rs:123:27
[INFO] [stdout]     |
[INFO] [stdout] 123 |         .with_reply_empty(astroport_pair_stable::contract::reply),
[INFO] [stdout]     |                           ^^^^^^^^^^^^^^^^^^^^^ use of undeclared crate or module `astroport_pair_stable`
[INFO] [stdout]     |
[INFO] [stdout] help: there is a crate or module with a similar name
[INFO] [stdout]     |
[INFO] [stdout] 123 |         .with_reply_empty(astroport_oracle::contract::reply),
[INFO] [stdout]     |                           ~~~~~~~~~~~~~~~~
[INFO] [stdout] 
[INFO] [stdout] 
[INFO] [stdout] error[E0433]: failed to resolve: use of undeclared crate or module `astroport_factory`
[INFO] [stdout]    --> tests/integration.rs:139:27
[INFO] [stdout]     |
[INFO] [stdout] 139 |         .with_reply_empty(astroport_factory::contract::reply),
[INFO] [stdout]     |                           ^^^^^^^^^^^^^^^^^ use of undeclared crate or module `astroport_factory`
[INFO] [stdout] 
[INFO] [stdout] 
[INFO] [stdout] error[E0433]: failed to resolve: use of undeclared crate or module `astroport_native_coin_registry`
[INFO] [stdout]   --> tests/integration.rs:36:9
[INFO] [stdout]    |
[INFO] [stdout] 36 |         astroport_native_coin_registry::contract::execute,
[INFO] [stdout]    |         ^^^^^^^^^^^^^^^^^^^^^^^^^^^^^^ use of undeclared crate or module `astroport_native_coin_registry`
[INFO] [stdout]    |
[INFO] [stdout] help: consider importing this module
[INFO] [stdout]    |
[INFO] [stdout] 1  + use astroport_oracle::contract;
[INFO] [stdout]    |
[INFO] [stdout] help: if you import `contract`, refer to it directly
[INFO] [stdout]    |
[INFO] [stdout] 36 -         astroport_native_coin_registry::contract::execute,
[INFO] [stdout] 36 +         contract::execute,
[INFO] [stdout]    |
[INFO] [stdout] 
[INFO] [stdout] 
[INFO] [stdout] error[E0433]: failed to resolve: use of undeclared crate or module `astroport_native_coin_registry`
[INFO] [stdout]   --> tests/integration.rs:37:9
[INFO] [stdout]    |
[INFO] [stdout] 37 |         astroport_native_coin_registry::contract::instantiate,
[INFO] [stdout]    |         ^^^^^^^^^^^^^^^^^^^^^^^^^^^^^^ use of undeclared crate or module `astroport_native_coin_registry`
[INFO] [stdout]    |
[INFO] [stdout] help: consider importing this module
[INFO] [stdout]    |
[INFO] [stdout] 1  + use astroport_oracle::contract;
[INFO] [stdout]    |
[INFO] [stdout] help: if you import `contract`, refer to it directly
[INFO] [stdout]    |
[INFO] [stdout] 37 -         astroport_native_coin_registry::contract::instantiate,
[INFO] [stdout] 37 +         contract::instantiate,
[INFO] [stdout]    |
[INFO] [stdout] 
[INFO] [stdout] 
[INFO] [stdout] error[E0433]: failed to resolve: use of undeclared crate or module `astroport_native_coin_registry`
[INFO] [stdout]   --> tests/integration.rs:38:9
[INFO] [stdout]    |
[INFO] [stdout] 38 |         astroport_native_coin_registry::contract::query,
[INFO] [stdout]    |         ^^^^^^^^^^^^^^^^^^^^^^^^^^^^^^ use of undeclared crate or module `astroport_native_coin_registry`
[INFO] [stdout]    |
[INFO] [stdout] help: consider importing this module
[INFO] [stdout]    |
[INFO] [stdout] 1  + use astroport_oracle::contract;
[INFO] [stdout]    |
[INFO] [stdout] help: if you import `contract`, refer to it directly
[INFO] [stdout]    |
[INFO] [stdout] 38 -         astroport_native_coin_registry::contract::query,
[INFO] [stdout] 38 +         contract::query,
[INFO] [stdout]    |
[INFO] [stdout] 
[INFO] [stdout] 
[INFO] [stdout] error[E0433]: failed to resolve: use of undeclared crate or module `astroport_token`
[INFO] [stdout]   --> tests/integration.rs:76:9
[INFO] [stdout]    |
[INFO] [stdout] 76 |         astroport_token::contract::execute,
[INFO] [stdout]    |         ^^^^^^^^^^^^^^^ use of undeclared crate or module `astroport_token`
[INFO] [stdout]    |
[INFO] [stdout] help: consider importing this module
[INFO] [stdout]    |
[INFO] [stdout] 1  + use astroport_oracle::contract;
[INFO] [stdout]    |
[INFO] [stdout] help: if you import `contract`, refer to it directly
[INFO] [stdout]    |
[INFO] [stdout] 76 -         astroport_token::contract::execute,
[INFO] [stdout] 76 +         contract::execute,
[INFO] [stdout]    |
[INFO] [stdout] 
[INFO] [stdout] 
[INFO] [stdout] error[E0433]: failed to resolve: use of undeclared crate or module `astroport_token`
[INFO] [stdout]   --> tests/integration.rs:77:9
[INFO] [stdout]    |
[INFO] [stdout] 77 |         astroport_token::contract::instantiate,
[INFO] [stdout]    |         ^^^^^^^^^^^^^^^ use of undeclared crate or module `astroport_token`
[INFO] [stdout]    |
[INFO] [stdout] help: consider importing this module
[INFO] [stdout]    |
[INFO] [stdout] 1  + use astroport_oracle::contract;
[INFO] [stdout]    |
[INFO] [stdout] help: if you import `contract`, refer to it directly
[INFO] [stdout]    |
[INFO] [stdout] 77 -         astroport_token::contract::instantiate,
[INFO] [stdout] 77 +         contract::instantiate,
[INFO] [stdout]    |
[INFO] [stdout] 
[INFO] [stdout] 
[INFO] [stdout] error[E0433]: failed to resolve: use of undeclared crate or module `astroport_token`
[INFO] [stdout]   --> tests/integration.rs:78:9
[INFO] [stdout]    |
[INFO] [stdout] 78 |         astroport_token::contract::query,
[INFO] [stdout]    |         ^^^^^^^^^^^^^^^ use of undeclared crate or module `astroport_token`
[INFO] [stdout]    |
[INFO] [stdout] help: consider importing this module
[INFO] [stdout]    |
[INFO] [stdout] 1  + use astroport_oracle::contract;
[INFO] [stdout]    |
[INFO] [stdout] help: if you import `contract`, refer to it directly
[INFO] [stdout]    |
[INFO] [stdout] 78 -         astroport_token::contract::query,
[INFO] [stdout] 78 +         contract::query,
[INFO] [stdout]    |
[INFO] [stdout] 
[INFO] [stdout] 
[INFO] [stdout] error[E0433]: failed to resolve: use of undeclared crate or module `astroport_pair`
[INFO] [stdout]    --> tests/integration.rs:108:13
[INFO] [stdout]     |
[INFO] [stdout] 108 |             astroport_pair::contract::execute,
[INFO] [stdout]     |             ^^^^^^^^^^^^^^ use of undeclared crate or module `astroport_pair`
[INFO] [stdout]     |
[INFO] [stdout] help: consider importing this module
[INFO] [stdout]     |
[INFO] [stdout] 1   + use astroport_oracle::contract;
[INFO] [stdout]     |
[INFO] [stdout] help: if you import `contract`, refer to it directly
[INFO] [stdout]     |
[INFO] [stdout] 108 -             astroport_pair::contract::execute,
[INFO] [stdout] 108 +             contract::execute,
[INFO] [stdout]     |
[INFO] [stdout] 
[INFO] [stdout] 
[INFO] [stdout] error[E0433]: failed to resolve: use of undeclared crate or module `astroport_pair`
[INFO] [stdout]    --> tests/integration.rs:109:13
[INFO] [stdout]     |
[INFO] [stdout] 109 |             astroport_pair::contract::instantiate,
[INFO] [stdout]     |             ^^^^^^^^^^^^^^ use of undeclared crate or module `astroport_pair`
[INFO] [stdout]     |
[INFO] [stdout] help: consider importing this module
[INFO] [stdout]     |
[INFO] [stdout] 1   + use astroport_oracle::contract;
[INFO] [stdout]     |
[INFO] [stdout] help: if you import `contract`, refer to it directly
[INFO] [stdout]     |
[INFO] [stdout] 109 -             astroport_pair::contract::instantiate,
[INFO] [stdout] 109 +             contract::instantiate,
[INFO] [stdout]     |
[INFO] [stdout] 
[INFO] [stdout] 
[INFO] [stdout] error[E0433]: failed to resolve: use of undeclared crate or module `astroport_pair`
[INFO] [stdout]    --> tests/integration.rs:110:13
[INFO] [stdout]     |
[INFO] [stdout] 110 |             astroport_pair::contract::query,
[INFO] [stdout]     |             ^^^^^^^^^^^^^^ use of undeclared crate or module `astroport_pair`
[INFO] [stdout]     |
[INFO] [stdout] help: consider importing this module
[INFO] [stdout]     |
[INFO] [stdout] 1   + use astroport_oracle::contract;
[INFO] [stdout]     |
[INFO] [stdout] help: if you import `contract`, refer to it directly
[INFO] [stdout]     |
[INFO] [stdout] 110 -             astroport_pair::contract::query,
[INFO] [stdout] 110 +             contract::query,
[INFO] [stdout]     |
[INFO] [stdout] 
[INFO] [stdout] 
[INFO] [stdout] error[E0433]: failed to resolve: use of undeclared crate or module `astroport_pair_stable`
[INFO] [stdout]    --> tests/integration.rs:119:13
[INFO] [stdout]     |
[INFO] [stdout] 119 |             astroport_pair_stable::contract::execute,
[INFO] [stdout]     |             ^^^^^^^^^^^^^^^^^^^^^ use of undeclared crate or module `astroport_pair_stable`
[INFO] [stdout]     |
[INFO] [stdout] help: there is a crate or module with a similar name
[INFO] [stdout]     |
[INFO] [stdout] 119 |             astroport_oracle::contract::execute,
[INFO] [stdout]     |             ~~~~~~~~~~~~~~~~
[INFO] [stdout] help: consider importing this module
[INFO] [stdout]     |
[INFO] [stdout] 1   + use astroport_oracle::contract;
[INFO] [stdout]     |
[INFO] [stdout] help: if you import `contract`, refer to it directly
[INFO] [stdout]     |
[INFO] [stdout] 119 -             astroport_pair_stable::contract::execute,
[INFO] [stdout] 119 +             contract::execute,
[INFO] [stdout]     |
[INFO] [stdout] 
[INFO] [stdout] 
[INFO] [stdout] error[E0433]: failed to resolve: use of undeclared crate or module `astroport_pair_stable`
[INFO] [stdout]    --> tests/integration.rs:120:13
[INFO] [stdout]     |
[INFO] [stdout] 120 |             astroport_pair_stable::contract::instantiate,
[INFO] [stdout]     |             ^^^^^^^^^^^^^^^^^^^^^ use of undeclared crate or module `astroport_pair_stable`
[INFO] [stdout]     |
[INFO] [stdout] help: there is a crate or module with a similar name
[INFO] [stdout]     |
[INFO] [stdout] 120 |             astroport_oracle::contract::instantiate,
[INFO] [stdout]     |             ~~~~~~~~~~~~~~~~
[INFO] [stdout] help: consider importing this module
[INFO] [stdout]     |
[INFO] [stdout] 1   + use astroport_oracle::contract;
[INFO] [stdout]     |
[INFO] [stdout] help: if you import `contract`, refer to it directly
[INFO] [stdout]     |
[INFO] [stdout] 120 -             astroport_pair_stable::contract::instantiate,
[INFO] [stdout] 120 +             contract::instantiate,
[INFO] [stdout]     |
[INFO] [stdout] 
[INFO] [stdout] 
[INFO] [stdout] error[E0433]: failed to resolve: use of undeclared crate or module `astroport_pair_stable`
[INFO] [stdout]    --> tests/integration.rs:121:13
[INFO] [stdout]     |
[INFO] [stdout] 121 |             astroport_pair_stable::contract::query,
[INFO] [stdout]     |             ^^^^^^^^^^^^^^^^^^^^^ use of undeclared crate or module `astroport_pair_stable`
[INFO] [stdout]     |
[INFO] [stdout] help: there is a crate or module with a similar name
[INFO] [stdout]     |
[INFO] [stdout] 121 |             astroport_oracle::contract::query,
[INFO] [stdout]     |             ~~~~~~~~~~~~~~~~
[INFO] [stdout] help: consider importing this module
[INFO] [stdout]     |
[INFO] [stdout] 1   + use astroport_oracle::contract;
[INFO] [stdout]     |
[INFO] [stdout] help: if you import `contract`, refer to it directly
[INFO] [stdout]     |
[INFO] [stdout] 121 -             astroport_pair_stable::contract::query,
[INFO] [stdout] 121 +             contract::query,
[INFO] [stdout]     |
[INFO] [stdout] 
[INFO] [stdout] 
[INFO] [stdout] error[E0433]: failed to resolve: use of undeclared crate or module `astroport_factory`
[INFO] [stdout]    --> tests/integration.rs:135:13
[INFO] [stdout]     |
[INFO] [stdout] 135 |             astroport_factory::contract::execute,
[INFO] [stdout]     |             ^^^^^^^^^^^^^^^^^ use of undeclared crate or module `astroport_factory`
[INFO] [stdout]     |
[INFO] [stdout] help: consider importing this module
[INFO] [stdout]     |
[INFO] [stdout] 1   + use astroport_oracle::contract;
[INFO] [stdout]     |
[INFO] [stdout] help: if you import `contract`, refer to it directly
[INFO] [stdout]     |
[INFO] [stdout] 135 -             astroport_factory::contract::execute,
[INFO] [stdout] 135 +             contract::execute,
[INFO] [stdout]     |
[INFO] [stdout] 
[INFO] [stdout] 
[INFO] [stdout] error[E0433]: failed to resolve: use of undeclared crate or module `astroport_factory`
[INFO] [stdout]    --> tests/integration.rs:136:13
[INFO] [stdout]     |
[INFO] [stdout] 136 |             astroport_factory::contract::instantiate,
[INFO] [stdout]     |             ^^^^^^^^^^^^^^^^^ use of undeclared crate or module `astroport_factory`
[INFO] [stdout]     |
[INFO] [stdout] help: consider importing this module
[INFO] [stdout]     |
[INFO] [stdout] 1   + use astroport_oracle::contract;
[INFO] [stdout]     |
[INFO] [stdout] help: if you import `contract`, refer to it directly
[INFO] [stdout]     |
[INFO] [stdout] 136 -             astroport_factory::contract::instantiate,
[INFO] [stdout] 136 +             contract::instantiate,
[INFO] [stdout]     |
[INFO] [stdout] 
[INFO] [stdout] 
[INFO] [stdout] error[E0433]: failed to resolve: use of undeclared crate or module `astroport_factory`
[INFO] [stdout]    --> tests/integration.rs:137:13
[INFO] [stdout]     |
[INFO] [stdout] 137 |             astroport_factory::contract::query,
[INFO] [stdout]     |             ^^^^^^^^^^^^^^^^^ use of undeclared crate or module `astroport_factory`
[INFO] [stdout]     |
[INFO] [stdout] help: consider importing this module
[INFO] [stdout]     |
[INFO] [stdout] 1   + use astroport_oracle::contract;
[INFO] [stdout]     |
[INFO] [stdout] help: if you import `contract`, refer to it directly
[INFO] [stdout]     |
[INFO] [stdout] 137 -             astroport_factory::contract::query,
[INFO] [stdout] 137 +             contract::query,
[INFO] [stdout]     |
[INFO] [stdout] 
[INFO] [stdout] 
[INFO] [stdout] error[E0433]: failed to resolve: use of undeclared crate or module `astroport_token`
[INFO] [stdout]    --> tests/integration.rs:192:9
[INFO] [stdout]     |
[INFO] [stdout] 192 |         astroport_token::contract::execute,
[INFO] [stdout]     |         ^^^^^^^^^^^^^^^ use of undeclared crate or module `astroport_token`
[INFO] [stdout]     |
[INFO] [stdout] help: consider importing this module
[INFO] [stdout]     |
[INFO] [stdout] 1   + use astroport_oracle::contract;
[INFO] [stdout]     |
[INFO] [stdout] help: if you import `contract`, refer to it directly
[INFO] [stdout]     |
[INFO] [stdout] 192 -         astroport_token::contract::execute,
[INFO] [stdout] 192 +         contract::execute,
[INFO] [stdout]     |
[INFO] [stdout] 
[INFO] [stdout] 
[INFO] [stdout] error[E0433]: failed to resolve: use of undeclared crate or module `astroport_token`
[INFO] [stdout]    --> tests/integration.rs:193:9
[INFO] [stdout]     |
[INFO] [stdout] 193 |         astroport_token::contract::instantiate,
[INFO] [stdout]     |         ^^^^^^^^^^^^^^^ use of undeclared crate or module `astroport_token`
[INFO] [stdout]     |
[INFO] [stdout] help: consider importing this module
[INFO] [stdout]     |
[INFO] [stdout] 1   + use astroport_oracle::contract;
[INFO] [stdout]     |
[INFO] [stdout] help: if you import `contract`, refer to it directly
[INFO] [stdout]     |
[INFO] [stdout] 193 -         astroport_token::contract::instantiate,
[INFO] [stdout] 193 +         contract::instantiate,
[INFO] [stdout]     |
[INFO] [stdout] 
[INFO] [stdout] 
[INFO] [stdout] error[E0433]: failed to resolve: use of undeclared crate or module `astroport_token`
[INFO] [stdout]    --> tests/integration.rs:194:9
[INFO] [stdout]     |
[INFO] [stdout] 194 |         astroport_token::contract::query,
[INFO] [stdout]     |         ^^^^^^^^^^^^^^^ use of undeclared crate or module `astroport_token`
[INFO] [stdout]     |
[INFO] [stdout] help: consider importing this module
[INFO] [stdout]     |
[INFO] [stdout] 1   + use astroport_oracle::contract;
[INFO] [stdout]     |
[INFO] [stdout] help: if you import `contract`, refer to it directly
[INFO] [stdout]     |
[INFO] [stdout] 194 -         astroport_token::contract::query,
[INFO] [stdout] 194 +         contract::query,
[INFO] [stdout]     |
[INFO] [stdout] 
[INFO] [stdout] 
[INFO] [stdout] error: aborting due to 21 previous errors
[INFO] [stdout] 
[INFO] [stdout] 
[INFO] [stdout] For more information about this error, try `rustc --explain E0433`.
[INFO] [stdout] 
[INFO] [stderr] error: could not compile `astroport-oracle` (test "integration") due to 22 previous errors
[INFO] [stderr] warning: build failed, waiting for other jobs to finish...
[INFO] running `Command { std: "docker" "inspect" "ea267536491eea332e243a565877ec9d90ceb0f208feef84478937a1e38fe10c", kill_on_drop: false }`
[INFO] running `Command { std: "docker" "rm" "-f" "ea267536491eea332e243a565877ec9d90ceb0f208feef84478937a1e38fe10c", kill_on_drop: false }`
[INFO] [stdout] ea267536491eea332e243a565877ec9d90ceb0f208feef84478937a1e38fe10c
[INFO] testing astroport-oracle-2.1.1 against beta-2023-12-22 for beta-1.76-1
[INFO] extracting crate astroport-oracle 2.1.1 into /workspace/builds/worker-4-tc2/source
[INFO] validating manifest of crates.io crate astroport-oracle 2.1.1 on toolchain beta-2023-12-22
[INFO] running `Command { std: CARGO_HOME="/workspace/cargo-home" RUSTUP_HOME="/workspace/rustup-home" "/workspace/cargo-home/bin/cargo" "+beta-2023-12-22" "metadata" "--manifest-path" "Cargo.toml" "--no-deps", kill_on_drop: false }`
[INFO] removed /workspace/builds/worker-4-tc2/source/.cargo/config
[INFO] started tweaking crates.io crate astroport-oracle 2.1.1
[INFO] finished tweaking crates.io crate astroport-oracle 2.1.1
[INFO] tweaked toml for crates.io crate astroport-oracle 2.1.1 written to /workspace/builds/worker-4-tc2/source/Cargo.toml
[INFO] crate crates.io crate astroport-oracle 2.1.1 already has a lockfile, it will not be regenerated
[INFO] running `Command { std: CARGO_HOME="/workspace/cargo-home" RUSTUP_HOME="/workspace/rustup-home" "/workspace/cargo-home/bin/cargo" "+beta-2023-12-22" "fetch" "--manifest-path" "Cargo.toml", kill_on_drop: false }`
[INFO] running `Command { std: "docker" "create" "-v" "/var/lib/crater-agent-workspace/builds/worker-4-tc2/target:/opt/rustwide/target:rw,Z" "-v" "/var/lib/crater-agent-workspace/builds/worker-4-tc2/source:/opt/rustwide/workdir:ro,Z" "-v" "/var/lib/crater-agent-workspace/cargo-home:/opt/rustwide/cargo-home:ro,Z" "-v" "/var/lib/crater-agent-workspace/rustup-home:/opt/rustwide/rustup-home:ro,Z" "-e" "SOURCE_DIR=/opt/rustwide/workdir" "-e" "CARGO_TARGET_DIR=/opt/rustwide/target" "-e" "CARGO_HOME=/opt/rustwide/cargo-home" "-e" "RUSTUP_HOME=/opt/rustwide/rustup-home" "-w" "/opt/rustwide/workdir" "-m" "1610612736" "--user" "0:0" "--network" "none" "ghcr.io/rust-lang/crates-build-env/linux@sha256:2788e3201cd34a07e3172128adcd8b3090168a8e3bcc40d7c032b9dda1df7d1c" "/opt/rustwide/cargo-home/bin/cargo" "+beta-2023-12-22" "metadata" "--no-deps" "--format-version=1", kill_on_drop: false }`
[INFO] [stdout] 28711cc6f1b28ff39ba85b30bdae2c65a5af1022a20ca345786b9581bdad220c
[INFO] running `Command { std: "docker" "start" "-a" "28711cc6f1b28ff39ba85b30bdae2c65a5af1022a20ca345786b9581bdad220c", kill_on_drop: false }`
[INFO] running `Command { std: "docker" "inspect" "28711cc6f1b28ff39ba85b30bdae2c65a5af1022a20ca345786b9581bdad220c", kill_on_drop: false }`
[INFO] running `Command { std: "docker" "rm" "-f" "28711cc6f1b28ff39ba85b30bdae2c65a5af1022a20ca345786b9581bdad220c", kill_on_drop: false }`
[INFO] [stdout] 28711cc6f1b28ff39ba85b30bdae2c65a5af1022a20ca345786b9581bdad220c
[INFO] running `Command { std: "docker" "create" "-v" "/var/lib/crater-agent-workspace/builds/worker-4-tc2/target:/opt/rustwide/target:rw,Z" "-v" "/var/lib/crater-agent-workspace/builds/worker-4-tc2/source:/opt/rustwide/workdir:ro,Z" "-v" "/var/lib/crater-agent-workspace/cargo-home:/opt/rustwide/cargo-home:ro,Z" "-v" "/var/lib/crater-agent-workspace/rustup-home:/opt/rustwide/rustup-home:ro,Z" "-e" "SOURCE_DIR=/opt/rustwide/workdir" "-e" "CARGO_TARGET_DIR=/opt/rustwide/target" "-e" "CARGO_INCREMENTAL=0" "-e" "RUST_BACKTRACE=full" "-e" "RUSTFLAGS=--cap-lints=warn" "-e" "RUSTDOCFLAGS=--cap-lints=warn" "-e" "CARGO_HOME=/opt/rustwide/cargo-home" "-e" "RUSTUP_HOME=/opt/rustwide/rustup-home" "-w" "/opt/rustwide/workdir" "-m" "1610612736" "--user" "0:0" "--network" "none" "ghcr.io/rust-lang/crates-build-env/linux@sha256:2788e3201cd34a07e3172128adcd8b3090168a8e3bcc40d7c032b9dda1df7d1c" "/opt/rustwide/cargo-home/bin/cargo" "+beta-2023-12-22" "build" "--frozen" "--message-format=json", kill_on_drop: false }`
[INFO] [stdout] 3118ec91404598f5718291a5c6c01a69d27faa2bd37ebd2a85e4c28a3ec8bda2
[INFO] running `Command { std: "docker" "start" "-a" "3118ec91404598f5718291a5c6c01a69d27faa2bd37ebd2a85e4c28a3ec8bda2", kill_on_drop: false }`
[INFO] [stderr]    Compiling version_check v0.9.4
[INFO] [stderr]    Compiling typenum v1.16.0
[INFO] [stderr]    Compiling proc-macro2 v1.0.56
[INFO] [stderr]    Compiling quote v1.0.26
[INFO] [stderr]    Compiling unicode-ident v1.0.8
[INFO] [stderr]    Compiling libc v0.2.142
[INFO] [stderr]    Compiling cfg-if v1.0.0
[INFO] [stderr]    Compiling subtle v2.4.1
[INFO] [stderr]    Compiling zeroize v1.6.0
[INFO] [stderr]    Compiling serde_derive v1.0.160
[INFO] [stderr]    Compiling serde v1.0.160
[INFO] [stderr]    Compiling const-oid v0.9.2
[INFO] [stderr]    Compiling base64ct v1.6.0
[INFO] [stderr]    Compiling cpufeatures v0.2.7
[INFO] [stderr]    Compiling base16ct v0.1.1
[INFO] [stderr]    Compiling byteorder v1.4.3
[INFO] [stderr]    Compiling thiserror v1.0.40
[INFO] [stderr]    Compiling serde_json v1.0.96
[INFO] [stderr]    Compiling once_cell v1.17.1
[INFO] [stderr]    Compiling der v0.6.1
[INFO] [stderr]    Compiling ryu v1.0.13
[INFO] [stderr]    Compiling crunchy v0.2.2
[INFO] [stderr]    Compiling opaque-debug v0.3.0
[INFO] [stderr]    Compiling itoa v1.0.6
[INFO] [stderr]    Compiling rand_core v0.5.1
[INFO] [stderr]    Compiling hex v0.4.3
[INFO] [stderr]    Compiling schemars v0.8.12
[INFO] [stderr]    Compiling dyn-clone v1.0.11
[INFO] [stderr]    Compiling static_assertions v1.1.0
[INFO] [stderr]    Compiling base64 v0.13.1
[INFO] [stderr]    Compiling forward_ref v1.0.0
[INFO] [stderr]    Compiling generic-array v0.14.7
[INFO] [stderr]    Compiling ahash v0.7.6
[INFO] [stderr]    Compiling semver v1.0.17
[INFO] [stderr]    Compiling either v1.8.1
[INFO] [stderr]    Compiling itertools v0.10.5
[INFO] [stderr]    Compiling uint v0.9.5
[INFO] [stderr]    Compiling syn v2.0.15
[INFO] [stderr]    Compiling syn v1.0.109
[INFO] [stderr]    Compiling spki v0.6.0
[INFO] [stderr]    Compiling getrandom v0.2.9
[INFO] [stderr]    Compiling pkcs8 v0.9.0
[INFO] [stderr]    Compiling rand_core v0.6.4
[INFO] [stderr]    Compiling ff v0.12.1
[INFO] [stderr]    Compiling hashbrown v0.12.3
[INFO] [stderr]    Compiling group v0.12.1
[INFO] [stderr]    Compiling crypto-common v0.1.6
[INFO] [stderr]    Compiling block-buffer v0.10.4
[INFO] [stderr]    Compiling crypto-bigint v0.4.9
[INFO] [stderr]    Compiling sec1 v0.3.0
[INFO] [stderr]    Compiling digest v0.9.0
[INFO] [stderr]    Compiling block-buffer v0.9.0
[INFO] [stderr]    Compiling curve25519-dalek v3.2.0
[INFO] [stderr]    Compiling sha2 v0.9.9
[INFO] [stderr]    Compiling digest v0.10.6
[INFO] [stderr]    Compiling hmac v0.12.1
[INFO] [stderr]    Compiling signature v1.6.4
[INFO] [stderr]    Compiling sha2 v0.10.6
[INFO] [stderr]    Compiling rfc6979 v0.3.1
[INFO] [stderr]    Compiling elliptic-curve v0.12.3
[INFO] [stderr]    Compiling thiserror-impl v1.0.40
[INFO] [stderr]    Compiling ecdsa v0.14.8
[INFO] [stderr]    Compiling k256 v0.11.6
[INFO] [stderr]    Compiling serde_derive_internals v0.26.0
[INFO] [stderr]    Compiling schemars_derive v0.8.12
[INFO] [stderr]    Compiling derivative v2.2.0
[INFO] [stderr]    Compiling cosmwasm-derive v1.2.4
[INFO] [stderr]    Compiling cosmwasm-schema-derive v1.2.4
[INFO] [stderr]    Compiling ed25519-zebra v3.1.0
[INFO] [stderr]    Compiling serde-json-wasm v0.5.1
[INFO] [stderr]    Compiling cosmwasm-crypto v1.2.4
[INFO] [stderr]    Compiling cosmwasm-std v1.2.4
[INFO] [stderr]    Compiling cosmwasm-schema v1.2.4
[INFO] [stderr]    Compiling cw-storage-plus v0.15.1
[INFO] [stderr]    Compiling cw2 v0.15.1
[INFO] [stderr]    Compiling cw-utils v0.15.1
[INFO] [stderr]    Compiling cw20 v0.15.1
[INFO] [stderr]    Compiling astroport v2.8.0
[INFO] [stderr]    Compiling astroport-oracle v2.1.1 (/opt/rustwide/workdir)
[INFO] [stderr]     Finished dev [unoptimized + debuginfo] target(s) in 20.38s
[INFO] running `Command { std: "docker" "inspect" "3118ec91404598f5718291a5c6c01a69d27faa2bd37ebd2a85e4c28a3ec8bda2", kill_on_drop: false }`
[INFO] running `Command { std: "docker" "rm" "-f" "3118ec91404598f5718291a5c6c01a69d27faa2bd37ebd2a85e4c28a3ec8bda2", kill_on_drop: false }`
[INFO] [stdout] 3118ec91404598f5718291a5c6c01a69d27faa2bd37ebd2a85e4c28a3ec8bda2
[INFO] running `Command { std: "docker" "create" "-v" "/var/lib/crater-agent-workspace/builds/worker-4-tc2/target:/opt/rustwide/target:rw,Z" "-v" "/var/lib/crater-agent-workspace/builds/worker-4-tc2/source:/opt/rustwide/workdir:ro,Z" "-v" "/var/lib/crater-agent-workspace/cargo-home:/opt/rustwide/cargo-home:ro,Z" "-v" "/var/lib/crater-agent-workspace/rustup-home:/opt/rustwide/rustup-home:ro,Z" "-e" "SOURCE_DIR=/opt/rustwide/workdir" "-e" "CARGO_TARGET_DIR=/opt/rustwide/target" "-e" "CARGO_INCREMENTAL=0" "-e" "RUST_BACKTRACE=full" "-e" "RUSTFLAGS=--cap-lints=warn" "-e" "RUSTDOCFLAGS=--cap-lints=warn" "-e" "CARGO_HOME=/opt/rustwide/cargo-home" "-e" "RUSTUP_HOME=/opt/rustwide/rustup-home" "-w" "/opt/rustwide/workdir" "-m" "1610612736" "--user" "0:0" "--network" "none" "ghcr.io/rust-lang/crates-build-env/linux@sha256:2788e3201cd34a07e3172128adcd8b3090168a8e3bcc40d7c032b9dda1df7d1c" "/opt/rustwide/cargo-home/bin/cargo" "+beta-2023-12-22" "test" "--frozen" "--no-run" "--message-format=json", kill_on_drop: false }`
[INFO] [stdout] 421a0789102d97e741b57ed36837b0920da7edf78772a0c1c497bf54e11b067a
[INFO] running `Command { std: "docker" "start" "-a" "421a0789102d97e741b57ed36837b0920da7edf78772a0c1c497bf54e11b067a", kill_on_drop: false }`
[INFO] [stderr]    Compiling anyhow v1.0.70
[INFO] [stderr]    Compiling bytes v1.4.0
[INFO] [stderr]    Compiling cosmwasm-std v1.2.4
[INFO] [stderr]    Compiling prost-derive v0.9.0
[INFO] [stderr]    Compiling prost v0.9.0
[INFO] [stderr]    Compiling cw-storage-plus v0.15.1
[INFO] [stderr]    Compiling cosmwasm-storage v1.2.4
[INFO] [stderr]    Compiling cw2 v0.15.1
[INFO] [stderr]    Compiling cw-utils v0.15.1
[INFO] [stderr]    Compiling cw20 v0.15.1
[INFO] [stderr]    Compiling cw-multi-test v0.15.1
[INFO] [stderr]    Compiling astroport v2.8.0
[INFO] [stderr]    Compiling astroport-oracle v2.1.1 (/opt/rustwide/workdir)
[INFO] [stdout] error[E0433]: failed to resolve: use of undeclared crate or module `astroport_pair`
[INFO] [stdout]    --> tests/integration.rs:112:27
[INFO] [stdout]     |
[INFO] [stdout] 112 |         .with_reply_empty(astroport_pair::contract::reply),
[INFO] [stdout]     |                           ^^^^^^^^^^^^^^ use of undeclared crate or module `astroport_pair`
[INFO] [stdout] 
[INFO] [stdout] 
[INFO] [stdout] error[E0433]: failed to resolve: use of undeclared crate or module `astroport_pair_stable`
[INFO] [stdout]    --> tests/integration.rs:123:27
[INFO] [stdout]     |
[INFO] [stdout] 123 |         .with_reply_empty(astroport_pair_stable::contract::reply),
[INFO] [stdout]     |                           ^^^^^^^^^^^^^^^^^^^^^ use of undeclared crate or module `astroport_pair_stable`
[INFO] [stdout]     |
[INFO] [stdout] help: there is a crate or module with a similar name
[INFO] [stdout]     |
[INFO] [stdout] 123 |         .with_reply_empty(astroport_oracle::contract::reply),
[INFO] [stdout]     |                           ~~~~~~~~~~~~~~~~
[INFO] [stdout] 
[INFO] [stdout] 
[INFO] [stdout] error[E0433]: failed to resolve: use of undeclared crate or module `astroport_factory`
[INFO] [stdout]    --> tests/integration.rs:139:27
[INFO] [stdout]     |
[INFO] [stdout] 139 |         .with_reply_empty(astroport_factory::contract::reply),
[INFO] [stdout]     |                           ^^^^^^^^^^^^^^^^^ use of undeclared crate or module `astroport_factory`
[INFO] [stdout] 
[INFO] [stdout] 
[INFO] [stdout] error[E0433]: failed to resolve: use of undeclared crate or module `astroport_native_coin_registry`
[INFO] [stdout]   --> tests/integration.rs:36:9
[INFO] [stdout]    |
[INFO] [stdout] 36 |         astroport_native_coin_registry::contract::execute,
[INFO] [stdout]    |         ^^^^^^^^^^^^^^^^^^^^^^^^^^^^^^ use of undeclared crate or module `astroport_native_coin_registry`
[INFO] [stdout]    |
[INFO] [stdout] help: consider importing this module
[INFO] [stdout]    |
[INFO] [stdout] 1  + use astroport_oracle::contract;
[INFO] [stdout]    |
[INFO] [stdout] help: if you import `contract`, refer to it directly
[INFO] [stdout]    |
[INFO] [stdout] 36 -         astroport_native_coin_registry::contract::execute,
[INFO] [stdout] 36 +         contract::execute,
[INFO] [stdout]    |
[INFO] [stdout] 
[INFO] [stdout] 
[INFO] [stdout] error[E0433]: failed to resolve: use of undeclared crate or module `astroport_native_coin_registry`
[INFO] [stdout]   --> tests/integration.rs:37:9
[INFO] [stdout]    |
[INFO] [stdout] 37 |         astroport_native_coin_registry::contract::instantiate,
[INFO] [stdout]    |         ^^^^^^^^^^^^^^^^^^^^^^^^^^^^^^ use of undeclared crate or module `astroport_native_coin_registry`
[INFO] [stdout]    |
[INFO] [stdout] help: consider importing this module
[INFO] [stdout]    |
[INFO] [stdout] 1  + use astroport_oracle::contract;
[INFO] [stdout]    |
[INFO] [stdout] help: if you import `contract`, refer to it directly
[INFO] [stdout]    |
[INFO] [stdout] 37 -         astroport_native_coin_registry::contract::instantiate,
[INFO] [stdout] 37 +         contract::instantiate,
[INFO] [stdout]    |
[INFO] [stdout] 
[INFO] [stdout] 
[INFO] [stdout] error[E0433]: failed to resolve: use of undeclared crate or module `astroport_native_coin_registry`
[INFO] [stdout]   --> tests/integration.rs:38:9
[INFO] [stdout]    |
[INFO] [stdout] 38 |         astroport_native_coin_registry::contract::query,
[INFO] [stdout]    |         ^^^^^^^^^^^^^^^^^^^^^^^^^^^^^^ use of undeclared crate or module `astroport_native_coin_registry`
[INFO] [stdout]    |
[INFO] [stdout] help: consider importing this module
[INFO] [stdout]    |
[INFO] [stdout] 1  + use astroport_oracle::contract;
[INFO] [stdout]    |
[INFO] [stdout] help: if you import `contract`, refer to it directly
[INFO] [stdout]    |
[INFO] [stdout] 38 -         astroport_native_coin_registry::contract::query,
[INFO] [stdout] 38 +         contract::query,
[INFO] [stdout]    |
[INFO] [stdout] 
[INFO] [stdout] 
[INFO] [stdout] error[E0433]: failed to resolve: use of undeclared crate or module `astroport_token`
[INFO] [stdout]   --> tests/integration.rs:76:9
[INFO] [stdout]    |
[INFO] [stdout] 76 |         astroport_token::contract::execute,
[INFO] [stdout]    |         ^^^^^^^^^^^^^^^ use of undeclared crate or module `astroport_token`
[INFO] [stdout]    |
[INFO] [stdout] help: consider importing this module
[INFO] [stdout]    |
[INFO] [stdout] 1  + use astroport_oracle::contract;
[INFO] [stdout]    |
[INFO] [stdout] help: if you import `contract`, refer to it directly
[INFO] [stdout]    |
[INFO] [stdout] 76 -         astroport_token::contract::execute,
[INFO] [stdout] 76 +         contract::execute,
[INFO] [stdout]    |
[INFO] [stdout] 
[INFO] [stdout] 
[INFO] [stdout] error[E0433]: failed to resolve: use of undeclared crate or module `astroport_token`
[INFO] [stdout]   --> tests/integration.rs:77:9
[INFO] [stdout]    |
[INFO] [stdout] 77 |         astroport_token::contract::instantiate,
[INFO] [stdout]    |         ^^^^^^^^^^^^^^^ use of undeclared crate or module `astroport_token`
[INFO] [stdout]    |
[INFO] [stdout] help: consider importing this module
[INFO] [stdout]    |
[INFO] [stdout] 1  + use astroport_oracle::contract;
[INFO] [stdout]    |
[INFO] [stdout] help: if you import `contract`, refer to it directly
[INFO] [stdout]    |
[INFO] [stdout] 77 -         astroport_token::contract::instantiate,
[INFO] [stdout] 77 +         contract::instantiate,
[INFO] [stdout]    |
[INFO] [stdout] 
[INFO] [stdout] 
[INFO] [stdout] error[E0433]: failed to resolve: use of undeclared crate or module `astroport_token`
[INFO] [stdout]   --> tests/integration.rs:78:9
[INFO] [stdout]    |
[INFO] [stdout] 78 |         astroport_token::contract::query,
[INFO] [stdout]    |         ^^^^^^^^^^^^^^^ use of undeclared crate or module `astroport_token`
[INFO] [stdout]    |
[INFO] [stdout] help: consider importing this module
[INFO] [stdout]    |
[INFO] [stdout] 1  + use astroport_oracle::contract;
[INFO] [stdout]    |
[INFO] [stdout] help: if you import `contract`, refer to it directly
[INFO] [stdout]    |
[INFO] [stdout] 78 -         astroport_token::contract::query,
[INFO] [stdout] 78 +         contract::query,
[INFO] [stdout]    |
[INFO] [stdout] 
[INFO] [stdout] 
[INFO] [stdout] error[E0433]: failed to resolve: use of undeclared crate or module `astroport_pair`
[INFO] [stdout]    --> tests/integration.rs:108:13
[INFO] [stdout]     |
[INFO] [stdout] 108 |             astroport_pair::contract::execute,
[INFO] [stdout]     |             ^^^^^^^^^^^^^^ use of undeclared crate or module `astroport_pair`
[INFO] [stdout]     |
[INFO] [stdout] help: consider importing this module
[INFO] [stdout]     |
[INFO] [stdout] 1   + use astroport_oracle::contract;
[INFO] [stdout]     |
[INFO] [stdout] help: if you import `contract`, refer to it directly
[INFO] [stdout]     |
[INFO] [stdout] 108 -             astroport_pair::contract::execute,
[INFO] [stdout] 108 +             contract::execute,
[INFO] [stdout]     |
[INFO] [stdout] 
[INFO] [stdout] 
[INFO] [stdout] error[E0433]: failed to resolve: use of undeclared crate or module `astroport_pair`
[INFO] [stdout]    --> tests/integration.rs:109:13
[INFO] [stdout]     |
[INFO] [stdout] 109 |             astroport_pair::contract::instantiate,
[INFO] [stdout]     |             ^^^^^^^^^^^^^^ use of undeclared crate or module `astroport_pair`
[INFO] [stdout]     |
[INFO] [stdout] help: consider importing this module
[INFO] [stdout]     |
[INFO] [stdout] 1   + use astroport_oracle::contract;
[INFO] [stdout]     |
[INFO] [stdout] help: if you import `contract`, refer to it directly
[INFO] [stdout]     |
[INFO] [stdout] 109 -             astroport_pair::contract::instantiate,
[INFO] [stdout] 109 +             contract::instantiate,
[INFO] [stdout]     |
[INFO] [stdout] 
[INFO] [stdout] 
[INFO] [stdout] error[E0433]: failed to resolve: use of undeclared crate or module `astroport_pair`
[INFO] [stdout]    --> tests/integration.rs:110:13
[INFO] [stdout]     |
[INFO] [stdout] 110 |             astroport_pair::contract::query,
[INFO] [stdout]     |             ^^^^^^^^^^^^^^ use of undeclared crate or module `astroport_pair`
[INFO] [stdout]     |
[INFO] [stdout] help: consider importing this module
[INFO] [stdout]     |
[INFO] [stdout] 1   + use astroport_oracle::contract;
[INFO] [stdout]     |
[INFO] [stdout] help: if you import `contract`, refer to it directly
[INFO] [stdout]     |
[INFO] [stdout] 110 -             astroport_pair::contract::query,
[INFO] [stdout] 110 +             contract::query,
[INFO] [stdout]     |
[INFO] [stdout] 
[INFO] [stdout] 
[INFO] [stdout] error[E0433]: failed to resolve: use of undeclared crate or module `astroport_pair_stable`
[INFO] [stdout]    --> tests/integration.rs:119:13
[INFO] [stdout]     |
[INFO] [stdout] 119 |             astroport_pair_stable::contract::execute,
[INFO] [stdout]     |             ^^^^^^^^^^^^^^^^^^^^^ use of undeclared crate or module `astroport_pair_stable`
[INFO] [stdout]     |
[INFO] [stdout] help: there is a crate or module with a similar name
[INFO] [stdout]     |
[INFO] [stdout] 119 |             astroport_oracle::contract::execute,
[INFO] [stdout]     |             ~~~~~~~~~~~~~~~~
[INFO] [stdout] help: consider importing this module
[INFO] [stdout]     |
[INFO] [stdout] 1   + use astroport_oracle::contract;
[INFO] [stdout]     |
[INFO] [stdout] help: if you import `contract`, refer to it directly
[INFO] [stdout]     |
[INFO] [stdout] 119 -             astroport_pair_stable::contract::execute,
[INFO] [stdout] 119 +             contract::execute,
[INFO] [stdout]     |
[INFO] [stdout] 
[INFO] [stdout] 
[INFO] [stdout] error[E0433]: failed to resolve: use of undeclared crate or module `astroport_pair_stable`
[INFO] [stdout]    --> tests/integration.rs:120:13
[INFO] [stdout]     |
[INFO] [stdout] 120 |             astroport_pair_stable::contract::instantiate,
[INFO] [stdout]     |             ^^^^^^^^^^^^^^^^^^^^^ use of undeclared crate or module `astroport_pair_stable`
[INFO] [stdout]     |
[INFO] [stdout] help: there is a crate or module with a similar name
[INFO] [stdout]     |
[INFO] [stdout] 120 |             astroport_oracle::contract::instantiate,
[INFO] [stdout]     |             ~~~~~~~~~~~~~~~~
[INFO] [stdout] help: consider importing this module
[INFO] [stdout]     |
[INFO] [stdout] 1   + use astroport_oracle::contract;
[INFO] [stdout]     |
[INFO] [stdout] help: if you import `contract`, refer to it directly
[INFO] [stdout]     |
[INFO] [stdout] 120 -             astroport_pair_stable::contract::instantiate,
[INFO] [stdout] 120 +             contract::instantiate,
[INFO] [stdout]     |
[INFO] [stdout] 
[INFO] [stdout] 
[INFO] [stdout] error[E0433]: failed to resolve: use of undeclared crate or module `astroport_pair_stable`
[INFO] [stdout]    --> tests/integration.rs:121:13
[INFO] [stdout]     |
[INFO] [stdout] 121 |             astroport_pair_stable::contract::query,
[INFO] [stdout]     |             ^^^^^^^^^^^^^^^^^^^^^ use of undeclared crate or module `astroport_pair_stable`
[INFO] [stdout]     |
[INFO] [stdout] help: there is a crate or module with a similar name
[INFO] [stdout]     |
[INFO] [stdout] 121 |             astroport_oracle::contract::query,
[INFO] [stdout]     |             ~~~~~~~~~~~~~~~~
[INFO] [stdout] help: consider importing this module
[INFO] [stdout]     |
[INFO] [stdout] 1   + use astroport_oracle::contract;
[INFO] [stdout]     |
[INFO] [stdout] help: if you import `contract`, refer to it directly
[INFO] [stdout]     |
[INFO] [stdout] 121 -             astroport_pair_stable::contract::query,
[INFO] [stdout] 121 +             contract::query,
[INFO] [stdout]     |
[INFO] [stdout] 
[INFO] [stdout] 
[INFO] [stdout] error[E0433]: failed to resolve: use of undeclared crate or module `astroport_factory`
[INFO] [stdout]    --> tests/integration.rs:135:13
[INFO] [stdout]     |
[INFO] [stdout] 135 |             astroport_factory::contract::execute,
[INFO] [stdout]     |             ^^^^^^^^^^^^^^^^^ use of undeclared crate or module `astroport_factory`
[INFO] [stdout]     |
[INFO] [stdout] help: consider importing this module
[INFO] [stdout]     |
[INFO] [stdout] 1   + use astroport_oracle::contract;
[INFO] [stdout]     |
[INFO] [stdout] help: if you import `contract`, refer to it directly
[INFO] [stdout]     |
[INFO] [stdout] 135 -             astroport_factory::contract::execute,
[INFO] [stdout] 135 +             contract::execute,
[INFO] [stdout]     |
[INFO] [stdout] 
[INFO] [stdout] 
[INFO] [stdout] error[E0433]: failed to resolve: use of undeclared crate or module `astroport_factory`
[INFO] [stdout]    --> tests/integration.rs:136:13
[INFO] [stdout]     |
[INFO] [stdout] 136 |             astroport_factory::contract::instantiate,
[INFO] [stdout]     |             ^^^^^^^^^^^^^^^^^ use of undeclared crate or module `astroport_factory`
[INFO] [stdout]     |
[INFO] [stdout] help: consider importing this module
[INFO] [stdout]     |
[INFO] [stdout] 1   + use astroport_oracle::contract;
[INFO] [stdout]     |
[INFO] [stdout] help: if you import `contract`, refer to it directly
[INFO] [stdout]     |
[INFO] [stdout] 136 -             astroport_factory::contract::instantiate,
[INFO] [stdout] 136 +             contract::instantiate,
[INFO] [stdout]     |
[INFO] [stdout] 
[INFO] [stdout] 
[INFO] [stdout] error[E0433]: failed to resolve: use of undeclared crate or module `astroport_factory`
[INFO] [stdout]    --> tests/integration.rs:137:13
[INFO] [stdout]     |
[INFO] [stdout] 137 |             astroport_factory::contract::query,
[INFO] [stdout]     |             ^^^^^^^^^^^^^^^^^ use of undeclared crate or module `astroport_factory`
[INFO] [stdout]     |
[INFO] [stdout] help: consider importing this module
[INFO] [stdout]     |
[INFO] [stdout] 1   + use astroport_oracle::contract;
[INFO] [stdout]     |
[INFO] [stdout] help: if you import `contract`, refer to it directly
[INFO] [stdout]     |
[INFO] [stdout] 137 -             astroport_factory::contract::query,
[INFO] [stdout] 137 +             contract::query,
[INFO] [stdout]     |
[INFO] [stdout] 
[INFO] [stdout] 
[INFO] [stdout] error[E0433]: failed to resolve: use of undeclared crate or module `astroport_token`
[INFO] [stdout]    --> tests/integration.rs:192:9
[INFO] [stdout]     |
[INFO] [stdout] 192 |         astroport_token::contract::execute,
[INFO] [stdout]     |         ^^^^^^^^^^^^^^^ use of undeclared crate or module `astroport_token`
[INFO] [stdout]     |
[INFO] [stdout] help: consider importing this module
[INFO] [stdout]     |
[INFO] [stdout] 1   + use astroport_oracle::contract;
[INFO] [stdout]     |
[INFO] [stdout] help: if you import `contract`, refer to it directly
[INFO] [stdout]     |
[INFO] [stdout] 192 -         astroport_token::contract::execute,
[INFO] [stdout] 192 +         contract::execute,
[INFO] [stdout]     |
[INFO] [stdout] 
[INFO] [stdout] 
[INFO] [stdout] error[E0433]: failed to resolve: use of undeclared crate or module `astroport_token`
[INFO] [stdout]    --> tests/integration.rs:193:9
[INFO] [stdout]     |
[INFO] [stdout] 193 |         astroport_token::contract::instantiate,
[INFO] [stdout]     |         ^^^^^^^^^^^^^^^ use of undeclared crate or module `astroport_token`
[INFO] [stdout]     |
[INFO] [stdout] help: consider importing this module
[INFO] [stdout]     |
[INFO] [stdout] 1   + use astroport_oracle::contract;
[INFO] [stdout]     |
[INFO] [stdout] help: if you import `contract`, refer to it directly
[INFO] [stdout]     |
[INFO] [stdout] 193 -         astroport_token::contract::instantiate,
[INFO] [stdout] 193 +         contract::instantiate,
[INFO] [stdout]     |
[INFO] [stdout] 
[INFO] [stdout] 
[INFO] [stdout] error[E0433]: failed to resolve: use of undeclared crate or module `astroport_token`
[INFO] [stdout]    --> tests/integration.rs:194:9
[INFO] [stdout]     |
[INFO] [stdout] 194 |         astroport_token::contract::query,
[INFO] [stdout]     |         ^^^^^^^^^^^^^^^ use of undeclared crate or module `astroport_token`
[INFO] [stdout]     |
[INFO] [stdout] help: consider importing this module
[INFO] [stdout]     |
[INFO] [stdout] 1   + use astroport_oracle::contract;
[INFO] [stdout]     |
[INFO] [stdout] help: if you import `contract`, refer to it directly
[INFO] [stdout]     |
[INFO] [stdout] 194 -         astroport_token::contract::query,
[INFO] [stdout] 194 +         contract::query,
[INFO] [stdout]     |
[INFO] [stdout] 
[INFO] [stdout] 
[INFO] [stdout] error: aborting due to 21 previous errors
[INFO] [stdout] 
[INFO] [stdout] 
[INFO] [stdout] For more information about this error, try `rustc --explain E0433`.
[INFO] [stdout] 
[INFO] [stderr] error: could not compile `astroport-oracle` (test "integration") due to 22 previous errors
[INFO] [stderr] warning: build failed, waiting for other jobs to finish...
[INFO] running `Command { std: "docker" "inspect" "421a0789102d97e741b57ed36837b0920da7edf78772a0c1c497bf54e11b067a", kill_on_drop: false }`
[INFO] running `Command { std: "docker" "rm" "-f" "421a0789102d97e741b57ed36837b0920da7edf78772a0c1c497bf54e11b067a", kill_on_drop: false }`
[INFO] [stdout] 421a0789102d97e741b57ed36837b0920da7edf78772a0c1c497bf54e11b067a
