[INFO] fetching crate astroport-maker 1.3.1...
[INFO] testing astroport-maker-1.3.1 against 1.75.0 for beta-1.76-1
[INFO] extracting crate astroport-maker 1.3.1 into /workspace/builds/worker-2-tc1/source
[INFO] validating manifest of crates.io crate astroport-maker 1.3.1 on toolchain 1.75.0
[INFO] running `Command { std: CARGO_HOME="/workspace/cargo-home" RUSTUP_HOME="/workspace/rustup-home" "/workspace/cargo-home/bin/cargo" "+1.75.0" "metadata" "--manifest-path" "Cargo.toml" "--no-deps", kill_on_drop: false }`
[INFO] removed /workspace/builds/worker-2-tc1/source/.cargo/config
[INFO] started tweaking crates.io crate astroport-maker 1.3.1
[INFO] finished tweaking crates.io crate astroport-maker 1.3.1
[INFO] tweaked toml for crates.io crate astroport-maker 1.3.1 written to /workspace/builds/worker-2-tc1/source/Cargo.toml
[INFO] crate crates.io crate astroport-maker 1.3.1 already has a lockfile, it will not be regenerated
[INFO] running `Command { std: CARGO_HOME="/workspace/cargo-home" RUSTUP_HOME="/workspace/rustup-home" "/workspace/cargo-home/bin/cargo" "+1.75.0" "fetch" "--manifest-path" "Cargo.toml", kill_on_drop: false }`
[INFO] [stderr]     Updating crates.io index
[INFO] [stderr]  Downloading crates ...
[INFO] [stderr]   Downloaded thiserror v1.0.40
[INFO] [stderr]   Downloaded cosmwasm-storage v1.2.4
[INFO] [stderr]   Downloaded cpufeatures v0.2.7
[INFO] [stderr]   Downloaded anyhow v1.0.70
[INFO] [stderr]   Downloaded astro-satellite-package v0.1.0
[INFO] [stderr]   Downloaded cosmwasm-schema v1.2.4
[INFO] [stderr]   Downloaded cosmwasm-schema-derive v1.2.4
[INFO] [stderr]   Downloaded cosmwasm-crypto v1.2.4
[INFO] [stderr]   Downloaded dyn-clone v1.0.11
[INFO] [stderr]   Downloaded quote v1.0.26
[INFO] [stderr]   Downloaded cw-storage-plus v0.15.1
[INFO] [stderr]   Downloaded cw-utils v0.15.1
[INFO] [stderr]   Downloaded cw-multi-test v0.15.1
[INFO] [stderr]   Downloaded schemars v0.8.12
[INFO] [stderr]   Downloaded astroport v2.8.0
[INFO] [stderr]   Downloaded const-oid v0.9.2
[INFO] [stderr]   Downloaded cosmwasm-std v1.2.4
[INFO] [stderr]   Downloaded thiserror-impl v1.0.40
[INFO] [stderr]   Downloaded getrandom v0.2.9
[INFO] [stderr]   Downloaded schemars_derive v0.8.12
[INFO] [stderr]   Downloaded cw20 v0.15.1
[INFO] [stderr]   Downloaded astroport-governance v1.2.0
[INFO] [stderr]   Downloaded cw2 v0.15.1
[INFO] [stderr]   Downloaded cosmwasm-derive v1.2.4
[INFO] running `Command { std: "docker" "create" "-v" "/var/lib/crater-agent-workspace/builds/worker-2-tc1/target:/opt/rustwide/target:rw,Z" "-v" "/var/lib/crater-agent-workspace/builds/worker-2-tc1/source:/opt/rustwide/workdir:ro,Z" "-v" "/var/lib/crater-agent-workspace/cargo-home:/opt/rustwide/cargo-home:ro,Z" "-v" "/var/lib/crater-agent-workspace/rustup-home:/opt/rustwide/rustup-home:ro,Z" "-e" "SOURCE_DIR=/opt/rustwide/workdir" "-e" "CARGO_TARGET_DIR=/opt/rustwide/target" "-e" "CARGO_HOME=/opt/rustwide/cargo-home" "-e" "RUSTUP_HOME=/opt/rustwide/rustup-home" "-w" "/opt/rustwide/workdir" "-m" "1610612736" "--user" "0:0" "--network" "none" "ghcr.io/rust-lang/crates-build-env/linux@sha256:2788e3201cd34a07e3172128adcd8b3090168a8e3bcc40d7c032b9dda1df7d1c" "/opt/rustwide/cargo-home/bin/cargo" "+1.75.0" "metadata" "--no-deps" "--format-version=1", kill_on_drop: false }`
[INFO] [stdout] 70cad89ef1dcfc40aef7e35172a32411bd2ca148292c741afa312c8b586c52fc
[INFO] running `Command { std: "docker" "start" "-a" "70cad89ef1dcfc40aef7e35172a32411bd2ca148292c741afa312c8b586c52fc", kill_on_drop: false }`
[INFO] running `Command { std: "docker" "inspect" "70cad89ef1dcfc40aef7e35172a32411bd2ca148292c741afa312c8b586c52fc", kill_on_drop: false }`
[INFO] running `Command { std: "docker" "rm" "-f" "70cad89ef1dcfc40aef7e35172a32411bd2ca148292c741afa312c8b586c52fc", kill_on_drop: false }`
[INFO] [stdout] 70cad89ef1dcfc40aef7e35172a32411bd2ca148292c741afa312c8b586c52fc
[INFO] running `Command { std: "docker" "create" "-v" "/var/lib/crater-agent-workspace/builds/worker-2-tc1/target:/opt/rustwide/target:rw,Z" "-v" "/var/lib/crater-agent-workspace/builds/worker-2-tc1/source:/opt/rustwide/workdir:ro,Z" "-v" "/var/lib/crater-agent-workspace/cargo-home:/opt/rustwide/cargo-home:ro,Z" "-v" "/var/lib/crater-agent-workspace/rustup-home:/opt/rustwide/rustup-home:ro,Z" "-e" "SOURCE_DIR=/opt/rustwide/workdir" "-e" "CARGO_TARGET_DIR=/opt/rustwide/target" "-e" "CARGO_INCREMENTAL=0" "-e" "RUST_BACKTRACE=full" "-e" "RUSTFLAGS=--cap-lints=warn" "-e" "RUSTDOCFLAGS=--cap-lints=warn" "-e" "CARGO_HOME=/opt/rustwide/cargo-home" "-e" "RUSTUP_HOME=/opt/rustwide/rustup-home" "-w" "/opt/rustwide/workdir" "-m" "1610612736" "--user" "0:0" "--network" "none" "ghcr.io/rust-lang/crates-build-env/linux@sha256:2788e3201cd34a07e3172128adcd8b3090168a8e3bcc40d7c032b9dda1df7d1c" "/opt/rustwide/cargo-home/bin/cargo" "+1.75.0" "build" "--frozen" "--message-format=json", kill_on_drop: false }`
[INFO] [stdout] 4c1034f7a26ffe4098e88feb96503060b65fa02268573bf053e9e9629e6d4344
[INFO] running `Command { std: "docker" "start" "-a" "4c1034f7a26ffe4098e88feb96503060b65fa02268573bf053e9e9629e6d4344", kill_on_drop: false }`
[INFO] [stderr]    Compiling generic-array v0.14.7
[INFO] [stderr]    Compiling proc-macro2 v1.0.56
[INFO] [stderr]    Compiling quote v1.0.26
[INFO] [stderr]    Compiling unicode-ident v1.0.8
[INFO] [stderr]    Compiling libc v0.2.142
[INFO] [stderr]    Compiling subtle v2.4.1
[INFO] [stderr]    Compiling zeroize v1.6.0
[INFO] [stderr]    Compiling serde_derive v1.0.160
[INFO] [stderr]    Compiling syn v1.0.109
[INFO] [stderr]    Compiling const-oid v0.9.2
[INFO] [stderr]    Compiling serde v1.0.160
[INFO] [stderr]    Compiling der v0.6.1
[INFO] [stderr]    Compiling base64ct v1.6.0
[INFO] [stderr]    Compiling ahash v0.7.6
[INFO] [stderr]    Compiling base16ct v0.1.1
[INFO] [stderr]    Compiling cpufeatures v0.2.7
[INFO] [stderr]    Compiling serde_json v1.0.96
[INFO] [stderr]    Compiling byteorder v1.4.3
[INFO] [stderr]    Compiling syn v2.0.15
[INFO] [stderr]    Compiling thiserror v1.0.40
[INFO] [stderr]    Compiling once_cell v1.17.1
[INFO] [stderr]    Compiling spki v0.6.0
[INFO] [stderr]    Compiling crunchy v0.2.2
[INFO] [stderr]    Compiling crypto-common v0.1.6
[INFO] [stderr]    Compiling block-buffer v0.10.4
[INFO] [stderr]    Compiling digest v0.10.6
[INFO] [stderr]    Compiling getrandom v0.2.9
[INFO] [stderr]    Compiling pkcs8 v0.9.0
[INFO] [stderr]    Compiling digest v0.9.0
[INFO] [stderr]    Compiling sec1 v0.3.0
[INFO] [stderr]    Compiling block-buffer v0.9.0
[INFO] [stderr]    Compiling rand_core v0.6.4
[INFO] [stderr]    Compiling hmac v0.12.1
[INFO] [stderr]    Compiling itoa v1.0.6
[INFO] [stderr]    Compiling rand_core v0.5.1
[INFO] [stderr]    Compiling ff v0.12.1
[INFO] [stderr]    Compiling crypto-bigint v0.4.9
[INFO] [stderr]    Compiling group v0.12.1
[INFO] [stderr]    Compiling signature v1.6.4
[INFO] [stderr]    Compiling opaque-debug v0.3.0
[INFO] [stderr]    Compiling schemars v0.8.12
[INFO] [stderr]    Compiling ryu v1.0.13
[INFO] [stderr]    Compiling sha2 v0.9.9
[INFO] [stderr]    Compiling hashbrown v0.12.3
[INFO] [stderr]    Compiling curve25519-dalek v3.2.0
[INFO] [stderr]    Compiling sha2 v0.10.6
[INFO] [stderr]    Compiling dyn-clone v1.0.11
[INFO] [stderr]    Compiling static_assertions v1.1.0
[INFO] [stderr]    Compiling uint v0.9.5
[INFO] [stderr]    Compiling forward_ref v1.0.0
[INFO] [stderr]    Compiling semver v1.0.17
[INFO] [stderr]    Compiling either v1.8.1
[INFO] [stderr]    Compiling elliptic-curve v0.12.3
[INFO] [stderr]    Compiling rfc6979 v0.3.1
[INFO] [stderr]    Compiling itertools v0.10.5
[INFO] [stderr]    Compiling ecdsa v0.14.8
[INFO] [stderr]    Compiling thiserror-impl v1.0.40
[INFO] [stderr]    Compiling k256 v0.11.6
[INFO] [stderr]    Compiling serde_derive_internals v0.26.0
[INFO] [stderr]    Compiling cosmwasm-derive v1.2.4
[INFO] [stderr]    Compiling derivative v2.2.0
[INFO] [stderr]    Compiling cosmwasm-schema-derive v1.2.4
[INFO] [stderr]    Compiling schemars_derive v0.8.12
[INFO] [stderr]    Compiling ed25519-zebra v3.1.0
[INFO] [stderr]    Compiling serde-json-wasm v0.5.1
[INFO] [stderr]    Compiling cosmwasm-crypto v1.2.4
[INFO] [stderr]    Compiling cosmwasm-std v1.2.4
[INFO] [stderr]    Compiling cosmwasm-schema v1.2.4
[INFO] [stderr]    Compiling cw-storage-plus v0.15.1
[INFO] [stderr]    Compiling cw2 v0.15.1
[INFO] [stderr]    Compiling cw-utils v0.15.1
[INFO] [stderr]    Compiling cw20 v0.15.1
[INFO] [stderr]    Compiling astroport v2.8.0
[INFO] [stderr]    Compiling astroport-governance v1.2.0
[INFO] [stderr]    Compiling astro-satellite-package v0.1.0
[INFO] [stderr]    Compiling astroport-maker v1.3.1 (/opt/rustwide/workdir)
[INFO] [stderr]     Finished dev [unoptimized + debuginfo] target(s) in 40.61s
[INFO] running `Command { std: "docker" "inspect" "4c1034f7a26ffe4098e88feb96503060b65fa02268573bf053e9e9629e6d4344", kill_on_drop: false }`
[INFO] running `Command { std: "docker" "rm" "-f" "4c1034f7a26ffe4098e88feb96503060b65fa02268573bf053e9e9629e6d4344", kill_on_drop: false }`
[INFO] [stdout] 4c1034f7a26ffe4098e88feb96503060b65fa02268573bf053e9e9629e6d4344
[INFO] running `Command { std: "docker" "create" "-v" "/var/lib/crater-agent-workspace/builds/worker-2-tc1/target:/opt/rustwide/target:rw,Z" "-v" "/var/lib/crater-agent-workspace/builds/worker-2-tc1/source:/opt/rustwide/workdir:ro,Z" "-v" "/var/lib/crater-agent-workspace/cargo-home:/opt/rustwide/cargo-home:ro,Z" "-v" "/var/lib/crater-agent-workspace/rustup-home:/opt/rustwide/rustup-home:ro,Z" "-e" "SOURCE_DIR=/opt/rustwide/workdir" "-e" "CARGO_TARGET_DIR=/opt/rustwide/target" "-e" "CARGO_INCREMENTAL=0" "-e" "RUST_BACKTRACE=full" "-e" "RUSTFLAGS=--cap-lints=warn" "-e" "RUSTDOCFLAGS=--cap-lints=warn" "-e" "CARGO_HOME=/opt/rustwide/cargo-home" "-e" "RUSTUP_HOME=/opt/rustwide/rustup-home" "-w" "/opt/rustwide/workdir" "-m" "1610612736" "--user" "0:0" "--network" "none" "ghcr.io/rust-lang/crates-build-env/linux@sha256:2788e3201cd34a07e3172128adcd8b3090168a8e3bcc40d7c032b9dda1df7d1c" "/opt/rustwide/cargo-home/bin/cargo" "+1.75.0" "test" "--frozen" "--no-run" "--message-format=json", kill_on_drop: false }`
[INFO] [stdout] f96883089f39c9e2d41d91e22daa534136a761264cb0758760ad819892ad747d
[INFO] running `Command { std: "docker" "start" "-a" "f96883089f39c9e2d41d91e22daa534136a761264cb0758760ad819892ad747d", kill_on_drop: false }`
[INFO] [stderr]    Compiling anyhow v1.0.70
[INFO] [stderr]    Compiling cosmwasm-std v1.2.4
[INFO] [stderr]    Compiling bytes v1.4.0
[INFO] [stderr]    Compiling prost-derive v0.9.0
[INFO] [stderr]    Compiling prost v0.9.0
[INFO] [stderr]    Compiling cw-storage-plus v0.15.1
[INFO] [stderr]    Compiling cosmwasm-storage v1.2.4
[INFO] [stderr]    Compiling cw2 v0.15.1
[INFO] [stderr]    Compiling cw-utils v0.15.1
[INFO] [stderr]    Compiling cw20 v0.15.1
[INFO] [stderr]    Compiling cw-multi-test v0.15.1
[INFO] [stderr]    Compiling astroport v2.8.0
[INFO] [stderr]    Compiling astroport-governance v1.2.0
[INFO] [stderr]    Compiling astro-satellite-package v0.1.0
[INFO] [stderr]    Compiling astroport-maker v1.3.1 (/opt/rustwide/workdir)
[INFO] [stdout] error[E0433]: failed to resolve: use of undeclared crate or module `astroport_governance`
[INFO] [stdout]   --> tests/integration.rs:10:5
[INFO] [stdout]    |
[INFO] [stdout] 10 | use astroport_governance::utils::EPOCH_START;
[INFO] [stdout]    |     ^^^^^^^^^^^^^^^^^^^^ use of undeclared crate or module `astroport_governance`
[INFO] [stdout] 
[INFO] [stdout] 
[INFO] [stdout] error[E0433]: failed to resolve: use of undeclared crate or module `astroport_pair_stable`
[INFO] [stdout]    --> tests/integration.rs:134:35
[INFO] [stdout]     |
[INFO] [stdout] 134 |                 .with_reply_empty(astroport_pair_stable::contract::reply),
[INFO] [stdout]     |                                   ^^^^^^^^^^^^^^^^^^^^^ use of undeclared crate or module `astroport_pair_stable`
[INFO] [stdout] 
[INFO] [stdout] 
[INFO] [stdout] error[E0433]: failed to resolve: use of undeclared crate or module `astroport_pair`
[INFO] [stdout]    --> tests/integration.rs:145:35
[INFO] [stdout]     |
[INFO] [stdout] 145 |                 .with_reply_empty(astroport_pair::contract::reply),
[INFO] [stdout]     |                                   ^^^^^^^^^^^^^^ use of undeclared crate or module `astroport_pair`
[INFO] [stdout]     |
[INFO] [stdout] help: there is a crate or module with a similar name
[INFO] [stdout]     |
[INFO] [stdout] 145 |                 .with_reply_empty(astroport_maker::contract::reply),
[INFO] [stdout]     |                                   ~~~~~~~~~~~~~~~
[INFO] [stdout] 
[INFO] [stdout] 
[INFO] [stdout] error[E0433]: failed to resolve: use of undeclared crate or module `astroport_factory`
[INFO] [stdout]    --> tests/integration.rs:162:27
[INFO] [stdout]     |
[INFO] [stdout] 162 |         .with_reply_empty(astroport_factory::contract::reply),
[INFO] [stdout]     |                           ^^^^^^^^^^^^^^^^^ use of undeclared crate or module `astroport_factory`
[INFO] [stdout]     |
[INFO] [stdout] help: there is a crate or module with a similar name
[INFO] [stdout]     |
[INFO] [stdout] 162 |         .with_reply_empty(astroport_maker::contract::reply),
[INFO] [stdout]     |                           ~~~~~~~~~~~~~~~
[INFO] [stdout] 
[INFO] [stdout] 
[INFO] [stdout] error[E0433]: failed to resolve: use of undeclared crate or module `astroport_governance`
[INFO] [stdout]    --> tests/integration.rs:202:20
[INFO] [stdout]     |
[INFO] [stdout] 202 |     let init_msg = astroport_governance::escrow_fee_distributor::InstantiateMsg {
[INFO] [stdout]     |                    ^^^^^^^^^^^^^^^^^^^^ use of undeclared crate or module `astroport_governance`
[INFO] [stdout] 
[INFO] [stdout] 
[INFO] [stdout] error[E0433]: failed to resolve: use of undeclared crate or module `astroport_native_coin_registry`
[INFO] [stdout]   --> tests/integration.rs:48:9
[INFO] [stdout]    |
[INFO] [stdout] 48 |         astroport_native_coin_registry::contract::execute,
[INFO] [stdout]    |         ^^^^^^^^^^^^^^^^^^^^^^^^^^^^^^ use of undeclared crate or module `astroport_native_coin_registry`
[INFO] [stdout]    |
[INFO] [stdout] help: consider importing this module
[INFO] [stdout]    |
[INFO] [stdout] 1  + use astroport_maker::contract;
[INFO] [stdout]    |
[INFO] [stdout] help: if you import `contract`, refer to it directly
[INFO] [stdout]    |
[INFO] [stdout] 48 -         astroport_native_coin_registry::contract::execute,
[INFO] [stdout] 48 +         contract::execute,
[INFO] [stdout]    |
[INFO] [stdout] 
[INFO] [stdout] 
[INFO] [stdout] error[E0433]: failed to resolve: use of undeclared crate or module `astroport_native_coin_registry`
[INFO] [stdout]   --> tests/integration.rs:49:9
[INFO] [stdout]    |
[INFO] [stdout] 49 |         astroport_native_coin_registry::contract::instantiate,
[INFO] [stdout]    |         ^^^^^^^^^^^^^^^^^^^^^^^^^^^^^^ use of undeclared crate or module `astroport_native_coin_registry`
[INFO] [stdout]    |
[INFO] [stdout] help: consider importing this module
[INFO] [stdout]    |
[INFO] [stdout] 1  + use astroport_maker::contract;
[INFO] [stdout]    |
[INFO] [stdout] help: if you import `contract`, refer to it directly
[INFO] [stdout]    |
[INFO] [stdout] 49 -         astroport_native_coin_registry::contract::instantiate,
[INFO] [stdout] 49 +         contract::instantiate,
[INFO] [stdout]    |
[INFO] [stdout] 
[INFO] [stdout] 
[INFO] [stdout] error[E0433]: failed to resolve: use of undeclared crate or module `astroport_native_coin_registry`
[INFO] [stdout]   --> tests/integration.rs:50:9
[INFO] [stdout]    |
[INFO] [stdout] 50 |         astroport_native_coin_registry::contract::query,
[INFO] [stdout]    |         ^^^^^^^^^^^^^^^^^^^^^^^^^^^^^^ use of undeclared crate or module `astroport_native_coin_registry`
[INFO] [stdout]    |
[INFO] [stdout] help: consider importing this module
[INFO] [stdout]    |
[INFO] [stdout] 1  + use astroport_maker::contract;
[INFO] [stdout]    |
[INFO] [stdout] help: if you import `contract`, refer to it directly
[INFO] [stdout]    |
[INFO] [stdout] 50 -         astroport_native_coin_registry::contract::query,
[INFO] [stdout] 50 +         contract::query,
[INFO] [stdout]    |
[INFO] [stdout] 
[INFO] [stdout] 
[INFO] [stdout] error[E0433]: failed to resolve: use of undeclared crate or module `astroport_token`
[INFO] [stdout]   --> tests/integration.rs:96:9
[INFO] [stdout]    |
[INFO] [stdout] 96 |         astroport_token::contract::execute,
[INFO] [stdout]    |         ^^^^^^^^^^^^^^^ use of undeclared crate or module `astroport_token`
[INFO] [stdout]    |
[INFO] [stdout] help: there is a crate or module with a similar name
[INFO] [stdout]    |
[INFO] [stdout] 96 |         astroport_maker::contract::execute,
[INFO] [stdout]    |         ~~~~~~~~~~~~~~~
[INFO] [stdout] help: consider importing this module
[INFO] [stdout]    |
[INFO] [stdout] 1  + use astroport_maker::contract;
[INFO] [stdout]    |
[INFO] [stdout] help: if you import `contract`, refer to it directly
[INFO] [stdout]    |
[INFO] [stdout] 96 -         astroport_token::contract::execute,
[INFO] [stdout] 96 +         contract::execute,
[INFO] [stdout]    |
[INFO] [stdout] 
[INFO] [stdout] 
[INFO] [stdout] error[E0433]: failed to resolve: use of undeclared crate or module `astroport_token`
[INFO] [stdout]   --> tests/integration.rs:97:9
[INFO] [stdout]    |
[INFO] [stdout] 97 |         astroport_token::contract::instantiate,
[INFO] [stdout]    |         ^^^^^^^^^^^^^^^ use of undeclared crate or module `astroport_token`
[INFO] [stdout]    |
[INFO] [stdout] help: there is a crate or module with a similar name
[INFO] [stdout]    |
[INFO] [stdout] 97 |         astroport_maker::contract::instantiate,
[INFO] [stdout]    |         ~~~~~~~~~~~~~~~
[INFO] [stdout] help: consider importing this module
[INFO] [stdout]    |
[INFO] [stdout] 1  + use astroport_maker::contract;
[INFO] [stdout]    |
[INFO] [stdout] help: if you import `contract`, refer to it directly
[INFO] [stdout]    |
[INFO] [stdout] 97 -         astroport_token::contract::instantiate,
[INFO] [stdout] 97 +         contract::instantiate,
[INFO] [stdout]    |
[INFO] [stdout] 
[INFO] [stdout] 
[INFO] [stdout] error[E0433]: failed to resolve: use of undeclared crate or module `astroport_token`
[INFO] [stdout]   --> tests/integration.rs:98:9
[INFO] [stdout]    |
[INFO] [stdout] 98 |         astroport_token::contract::query,
[INFO] [stdout]    |         ^^^^^^^^^^^^^^^ use of undeclared crate or module `astroport_token`
[INFO] [stdout]    |
[INFO] [stdout] help: there is a crate or module with a similar name
[INFO] [stdout]    |
[INFO] [stdout] 98 |         astroport_maker::contract::query,
[INFO] [stdout]    |         ~~~~~~~~~~~~~~~
[INFO] [stdout] help: consider importing this module
[INFO] [stdout]    |
[INFO] [stdout] 1  + use astroport_maker::contract;
[INFO] [stdout]    |
[INFO] [stdout] help: if you import `contract`, refer to it directly
[INFO] [stdout]    |
[INFO] [stdout] 98 -         astroport_token::contract::query,
[INFO] [stdout] 98 +         contract::query,
[INFO] [stdout]    |
[INFO] [stdout] 
[INFO] [stdout] 
[INFO] [stdout] error[E0433]: failed to resolve: use of undeclared crate or module `astroport_pair_stable`
[INFO] [stdout]    --> tests/integration.rs:130:21
[INFO] [stdout]     |
[INFO] [stdout] 130 |                     astroport_pair_stable::contract::execute,
[INFO] [stdout]     |                     ^^^^^^^^^^^^^^^^^^^^^ use of undeclared crate or module `astroport_pair_stable`
[INFO] [stdout]     |
[INFO] [stdout] help: consider importing this module
[INFO] [stdout]     |
[INFO] [stdout] 1   + use astroport_maker::contract;
[INFO] [stdout]     |
[INFO] [stdout] help: if you import `contract`, refer to it directly
[INFO] [stdout]     |
[INFO] [stdout] 130 -                     astroport_pair_stable::contract::execute,
[INFO] [stdout] 130 +                     contract::execute,
[INFO] [stdout]     |
[INFO] [stdout] 
[INFO] [stdout] 
[INFO] [stdout] error[E0433]: failed to resolve: use of undeclared crate or module `astroport_pair_stable`
[INFO] [stdout]    --> tests/integration.rs:131:21
[INFO] [stdout]     |
[INFO] [stdout] 131 |                     astroport_pair_stable::contract::instantiate,
[INFO] [stdout]     |                     ^^^^^^^^^^^^^^^^^^^^^ use of undeclared crate or module `astroport_pair_stable`
[INFO] [stdout]     |
[INFO] [stdout] help: consider importing this module
[INFO] [stdout]     |
[INFO] [stdout] 1   + use astroport_maker::contract;
[INFO] [stdout]     |
[INFO] [stdout] help: if you import `contract`, refer to it directly
[INFO] [stdout]     |
[INFO] [stdout] 131 -                     astroport_pair_stable::contract::instantiate,
[INFO] [stdout] 131 +                     contract::instantiate,
[INFO] [stdout]     |
[INFO] [stdout] 
[INFO] [stdout] 
[INFO] [stdout] error[E0433]: failed to resolve: use of undeclared crate or module `astroport_pair_stable`
[INFO] [stdout]    --> tests/integration.rs:132:21
[INFO] [stdout]     |
[INFO] [stdout] 132 |                     astroport_pair_stable::contract::query,
[INFO] [stdout]     |                     ^^^^^^^^^^^^^^^^^^^^^ use of undeclared crate or module `astroport_pair_stable`
[INFO] [stdout]     |
[INFO] [stdout] help: consider importing this module
[INFO] [stdout]     |
[INFO] [stdout] 1   + use astroport_maker::contract;
[INFO] [stdout]     |
[INFO] [stdout] help: if you import `contract`, refer to it directly
[INFO] [stdout]     |
[INFO] [stdout] 132 -                     astroport_pair_stable::contract::query,
[INFO] [stdout] 132 +                     contract::query,
[INFO] [stdout]     |
[INFO] [stdout] 
[INFO] [stdout] 
[INFO] [stdout] error[E0433]: failed to resolve: use of undeclared crate or module `astroport_pair`
[INFO] [stdout]    --> tests/integration.rs:141:21
[INFO] [stdout]     |
[INFO] [stdout] 141 |                     astroport_pair::contract::execute,
[INFO] [stdout]     |                     ^^^^^^^^^^^^^^ use of undeclared crate or module `astroport_pair`
[INFO] [stdout]     |
[INFO] [stdout] help: there is a crate or module with a similar name
[INFO] [stdout]     |
[INFO] [stdout] 141 |                     astroport_maker::contract::execute,
[INFO] [stdout]     |                     ~~~~~~~~~~~~~~~
[INFO] [stdout] help: consider importing this module
[INFO] [stdout]     |
[INFO] [stdout] 1   + use astroport_maker::contract;
[INFO] [stdout]     |
[INFO] [stdout] help: if you import `contract`, refer to it directly
[INFO] [stdout]     |
[INFO] [stdout] 141 -                     astroport_pair::contract::execute,
[INFO] [stdout] 141 +                     contract::execute,
[INFO] [stdout]     |
[INFO] [stdout] 
[INFO] [stdout] 
[INFO] [stdout] error[E0433]: failed to resolve: use of undeclared crate or module `astroport_pair`
[INFO] [stdout]    --> tests/integration.rs:142:21
[INFO] [stdout]     |
[INFO] [stdout] 142 |                     astroport_pair::contract::instantiate,
[INFO] [stdout]     |                     ^^^^^^^^^^^^^^ use of undeclared crate or module `astroport_pair`
[INFO] [stdout]     |
[INFO] [stdout] help: there is a crate or module with a similar name
[INFO] [stdout]     |
[INFO] [stdout] 142 |                     astroport_maker::contract::instantiate,
[INFO] [stdout]     |                     ~~~~~~~~~~~~~~~
[INFO] [stdout] help: consider importing this module
[INFO] [stdout]     |
[INFO] [stdout] 1   + use astroport_maker::contract;
[INFO] [stdout]     |
[INFO] [stdout] help: if you import `contract`, refer to it directly
[INFO] [stdout]     |
[INFO] [stdout] 142 -                     astroport_pair::contract::instantiate,
[INFO] [stdout] 142 +                     contract::instantiate,
[INFO] [stdout]     |
[INFO] [stdout] 
[INFO] [stdout] 
[INFO] [stdout] error[E0433]: failed to resolve: use of undeclared crate or module `astroport_pair`
[INFO] [stdout]    --> tests/integration.rs:143:21
[INFO] [stdout]     |
[INFO] [stdout] 143 |                     astroport_pair::contract::query,
[INFO] [stdout]     |                     ^^^^^^^^^^^^^^ use of undeclared crate or module `astroport_pair`
[INFO] [stdout]     |
[INFO] [stdout] help: there is a crate or module with a similar name
[INFO] [stdout]     |
[INFO] [stdout] 143 |                     astroport_maker::contract::query,
[INFO] [stdout]     |                     ~~~~~~~~~~~~~~~
[INFO] [stdout] help: consider importing this module
[INFO] [stdout]     |
[INFO] [stdout] 1   + use astroport_maker::contract;
[INFO] [stdout]     |
[INFO] [stdout] help: if you import `contract`, refer to it directly
[INFO] [stdout]     |
[INFO] [stdout] 143 -                     astroport_pair::contract::query,
[INFO] [stdout] 143 +                     contract::query,
[INFO] [stdout]     |
[INFO] [stdout] 
[INFO] [stdout] 
[INFO] [stdout] error[E0433]: failed to resolve: use of undeclared crate or module `astroport_factory`
[INFO] [stdout]    --> tests/integration.rs:158:13
[INFO] [stdout]     |
[INFO] [stdout] 158 |             astroport_factory::contract::execute,
[INFO] [stdout]     |             ^^^^^^^^^^^^^^^^^ use of undeclared crate or module `astroport_factory`
[INFO] [stdout]     |
[INFO] [stdout] help: there is a crate or module with a similar name
[INFO] [stdout]     |
[INFO] [stdout] 158 |             astroport_maker::contract::execute,
[INFO] [stdout]     |             ~~~~~~~~~~~~~~~
[INFO] [stdout] help: consider importing this module
[INFO] [stdout]     |
[INFO] [stdout] 1   + use astroport_maker::contract;
[INFO] [stdout]     |
[INFO] [stdout] help: if you import `contract`, refer to it directly
[INFO] [stdout]     |
[INFO] [stdout] 158 -             astroport_factory::contract::execute,
[INFO] [stdout] 158 +             contract::execute,
[INFO] [stdout]     |
[INFO] [stdout] 
[INFO] [stdout] 
[INFO] [stdout] error[E0433]: failed to resolve: use of undeclared crate or module `astroport_factory`
[INFO] [stdout]    --> tests/integration.rs:159:13
[INFO] [stdout]     |
[INFO] [stdout] 159 |             astroport_factory::contract::instantiate,
[INFO] [stdout]     |             ^^^^^^^^^^^^^^^^^ use of undeclared crate or module `astroport_factory`
[INFO] [stdout]     |
[INFO] [stdout] help: there is a crate or module with a similar name
[INFO] [stdout]     |
[INFO] [stdout] 159 |             astroport_maker::contract::instantiate,
[INFO] [stdout]     |             ~~~~~~~~~~~~~~~
[INFO] [stdout] help: consider importing this module
[INFO] [stdout]     |
[INFO] [stdout] 1   + use astroport_maker::contract;
[INFO] [stdout]     |
[INFO] [stdout] help: if you import `contract`, refer to it directly
[INFO] [stdout]     |
[INFO] [stdout] 159 -             astroport_factory::contract::instantiate,
[INFO] [stdout] 159 +             contract::instantiate,
[INFO] [stdout]     |
[INFO] [stdout] 
[INFO] [stdout] 
[INFO] [stdout] error[E0433]: failed to resolve: use of undeclared crate or module `astroport_factory`
[INFO] [stdout]    --> tests/integration.rs:160:13
[INFO] [stdout]     |
[INFO] [stdout] 160 |             astroport_factory::contract::query,
[INFO] [stdout]     |             ^^^^^^^^^^^^^^^^^ use of undeclared crate or module `astroport_factory`
[INFO] [stdout]     |
[INFO] [stdout] help: there is a crate or module with a similar name
[INFO] [stdout]     |
[INFO] [stdout] 160 |             astroport_maker::contract::query,
[INFO] [stdout]     |             ~~~~~~~~~~~~~~~
[INFO] [stdout] help: consider importing this module
[INFO] [stdout]     |
[INFO] [stdout] 1   + use astroport_maker::contract;
[INFO] [stdout]     |
[INFO] [stdout] help: if you import `contract`, refer to it directly
[INFO] [stdout]     |
[INFO] [stdout] 160 -             astroport_factory::contract::query,
[INFO] [stdout] 160 +             contract::query,
[INFO] [stdout]     |
[INFO] [stdout] 
[INFO] [stdout] 
[INFO] [stdout] error[E0433]: failed to resolve: use of undeclared crate or module `astroport_escrow_fee_distributor`
[INFO] [stdout]    --> tests/integration.rs:195:9
[INFO] [stdout]     |
[INFO] [stdout] 195 |         astroport_escrow_fee_distributor::contract::execute,
[INFO] [stdout]     |         ^^^^^^^^^^^^^^^^^^^^^^^^^^^^^^^^ use of undeclared crate or module `astroport_escrow_fee_distributor`
[INFO] [stdout]     |
[INFO] [stdout] help: consider importing this module
[INFO] [stdout]     |
[INFO] [stdout] 1   + use astroport_maker::contract;
[INFO] [stdout]     |
[INFO] [stdout] help: if you import `contract`, refer to it directly
[INFO] [stdout]     |
[INFO] [stdout] 195 -         astroport_escrow_fee_distributor::contract::execute,
[INFO] [stdout] 195 +         contract::execute,
[INFO] [stdout]     |
[INFO] [stdout] 
[INFO] [stdout] 
[INFO] [stdout] error[E0433]: failed to resolve: use of undeclared crate or module `astroport_escrow_fee_distributor`
[INFO] [stdout]    --> tests/integration.rs:196:9
[INFO] [stdout]     |
[INFO] [stdout] 196 |         astroport_escrow_fee_distributor::contract::instantiate,
[INFO] [stdout]     |         ^^^^^^^^^^^^^^^^^^^^^^^^^^^^^^^^ use of undeclared crate or module `astroport_escrow_fee_distributor`
[INFO] [stdout]     |
[INFO] [stdout] help: consider importing this module
[INFO] [stdout]     |
[INFO] [stdout] 1   + use astroport_maker::contract;
[INFO] [stdout]     |
[INFO] [stdout] help: if you import `contract`, refer to it directly
[INFO] [stdout]     |
[INFO] [stdout] 196 -         astroport_escrow_fee_distributor::contract::instantiate,
[INFO] [stdout] 196 +         contract::instantiate,
[INFO] [stdout]     |
[INFO] [stdout] 
[INFO] [stdout] 
[INFO] [stdout] error[E0433]: failed to resolve: use of undeclared crate or module `astroport_escrow_fee_distributor`
[INFO] [stdout]    --> tests/integration.rs:197:9
[INFO] [stdout]     |
[INFO] [stdout] 197 |         astroport_escrow_fee_distributor::contract::query,
[INFO] [stdout]     |         ^^^^^^^^^^^^^^^^^^^^^^^^^^^^^^^^ use of undeclared crate or module `astroport_escrow_fee_distributor`
[INFO] [stdout]     |
[INFO] [stdout] help: consider importing this module
[INFO] [stdout]     |
[INFO] [stdout] 1   + use astroport_maker::contract;
[INFO] [stdout]     |
[INFO] [stdout] help: if you import `contract`, refer to it directly
[INFO] [stdout]     |
[INFO] [stdout] 197 -         astroport_escrow_fee_distributor::contract::query,
[INFO] [stdout] 197 +         contract::query,
[INFO] [stdout]     |
[INFO] [stdout] 
[INFO] [stdout] 
[INFO] [stdout] error[E0433]: failed to resolve: use of undeclared crate or module `astroport_token`
[INFO] [stdout]    --> tests/integration.rs:261:9
[INFO] [stdout]     |
[INFO] [stdout] 261 |         astroport_token::contract::execute,
[INFO] [stdout]     |         ^^^^^^^^^^^^^^^ use of undeclared crate or module `astroport_token`
[INFO] [stdout]     |
[INFO] [stdout] help: there is a crate or module with a similar name
[INFO] [stdout]     |
[INFO] [stdout] 261 |         astroport_maker::contract::execute,
[INFO] [stdout]     |         ~~~~~~~~~~~~~~~
[INFO] [stdout] help: consider importing this module
[INFO] [stdout]     |
[INFO] [stdout] 1   + use astroport_maker::contract;
[INFO] [stdout]     |
[INFO] [stdout] help: if you import `contract`, refer to it directly
[INFO] [stdout]     |
[INFO] [stdout] 261 -         astroport_token::contract::execute,
[INFO] [stdout] 261 +         contract::execute,
[INFO] [stdout]     |
[INFO] [stdout] 
[INFO] [stdout] 
[INFO] [stdout] error[E0433]: failed to resolve: use of undeclared crate or module `astroport_token`
[INFO] [stdout]    --> tests/integration.rs:262:9
[INFO] [stdout]     |
[INFO] [stdout] 262 |         astroport_token::contract::instantiate,
[INFO] [stdout]     |         ^^^^^^^^^^^^^^^ use of undeclared crate or module `astroport_token`
[INFO] [stdout]     |
[INFO] [stdout] help: there is a crate or module with a similar name
[INFO] [stdout]     |
[INFO] [stdout] 262 |         astroport_maker::contract::instantiate,
[INFO] [stdout]     |         ~~~~~~~~~~~~~~~
[INFO] [stdout] help: consider importing this module
[INFO] [stdout]     |
[INFO] [stdout] 1   + use astroport_maker::contract;
[INFO] [stdout]     |
[INFO] [stdout] help: if you import `contract`, refer to it directly
[INFO] [stdout]     |
[INFO] [stdout] 262 -         astroport_token::contract::instantiate,
[INFO] [stdout] 262 +         contract::instantiate,
[INFO] [stdout]     |
[INFO] [stdout] 
[INFO] [stdout] 
[INFO] [stdout] error[E0433]: failed to resolve: use of undeclared crate or module `astroport_token`
[INFO] [stdout]    --> tests/integration.rs:263:9
[INFO] [stdout]     |
[INFO] [stdout] 263 |         astroport_token::contract::query,
[INFO] [stdout]     |         ^^^^^^^^^^^^^^^ use of undeclared crate or module `astroport_token`
[INFO] [stdout]     |
[INFO] [stdout] help: there is a crate or module with a similar name
[INFO] [stdout]     |
[INFO] [stdout] 263 |         astroport_maker::contract::query,
[INFO] [stdout]     |         ~~~~~~~~~~~~~~~
[INFO] [stdout] help: consider importing this module
[INFO] [stdout]     |
[INFO] [stdout] 1   + use astroport_maker::contract;
[INFO] [stdout]     |
[INFO] [stdout] help: if you import `contract`, refer to it directly
[INFO] [stdout]     |
[INFO] [stdout] 263 -         astroport_token::contract::query,
[INFO] [stdout] 263 +         contract::query,
[INFO] [stdout]     |
[INFO] [stdout] 
[INFO] [stdout] 
[INFO] [stdout] error: aborting due to 26 previous errors
[INFO] [stdout] 
[INFO] [stdout] 
[INFO] [stdout] For more information about this error, try `rustc --explain E0433`.
[INFO] [stdout] 
[INFO] [stderr] error: could not compile `astroport-maker` (test "integration") due to 27 previous errors
[INFO] [stderr] warning: build failed, waiting for other jobs to finish...
[INFO] running `Command { std: "docker" "inspect" "f96883089f39c9e2d41d91e22daa534136a761264cb0758760ad819892ad747d", kill_on_drop: false }`
[INFO] running `Command { std: "docker" "rm" "-f" "f96883089f39c9e2d41d91e22daa534136a761264cb0758760ad819892ad747d", kill_on_drop: false }`
[INFO] [stdout] f96883089f39c9e2d41d91e22daa534136a761264cb0758760ad819892ad747d
