[INFO] fetching crate astroport-factory 1.5.1...
[INFO] testing astroport-factory-1.5.1 against 1.75.0 for beta-1.76-1
[INFO] extracting crate astroport-factory 1.5.1 into /workspace/builds/worker-2-tc1/source
[INFO] validating manifest of crates.io crate astroport-factory 1.5.1 on toolchain 1.75.0
[INFO] running `Command { std: CARGO_HOME="/workspace/cargo-home" RUSTUP_HOME="/workspace/rustup-home" "/workspace/cargo-home/bin/cargo" "+1.75.0" "metadata" "--manifest-path" "Cargo.toml" "--no-deps", kill_on_drop: false }`
[INFO] removed /workspace/builds/worker-2-tc1/source/.cargo/config
[INFO] started tweaking crates.io crate astroport-factory 1.5.1
[INFO] finished tweaking crates.io crate astroport-factory 1.5.1
[INFO] tweaked toml for crates.io crate astroport-factory 1.5.1 written to /workspace/builds/worker-2-tc1/source/Cargo.toml
[INFO] crate crates.io crate astroport-factory 1.5.1 already has a lockfile, it will not be regenerated
[INFO] running `Command { std: CARGO_HOME="/workspace/cargo-home" RUSTUP_HOME="/workspace/rustup-home" "/workspace/cargo-home/bin/cargo" "+1.75.0" "fetch" "--manifest-path" "Cargo.toml", kill_on_drop: false }`
[INFO] [stderr]     Updating crates.io index
[INFO] [stderr]  Downloading crates ...
[INFO] [stderr]   Downloaded serde_derive_internals v0.26.0
[INFO] [stderr]   Downloaded schemars_derive v0.8.12
[INFO] [stderr]   Downloaded cw-utils v0.15.1
[INFO] [stderr]   Downloaded prost-derive v0.9.0
[INFO] [stderr]   Downloaded prost v0.9.0
[INFO] [stderr]   Downloaded serde_derive v1.0.160
[INFO] [stderr]   Downloaded forward_ref v1.0.0
[INFO] [stderr]   Downloaded cw2 v0.15.1
[INFO] [stderr]   Downloaded digest v0.10.6
[INFO] [stderr]   Downloaded ed25519-zebra v3.1.0
[INFO] [stderr]   Downloaded k256 v0.11.6
[INFO] [stderr]   Downloaded libc v0.2.142
[INFO] [stderr]   Downloaded cosmwasm-std v1.2.4
[INFO] [stderr]   Downloaded cw-multi-test v0.15.1
[INFO] [stderr]   Downloaded ahash v0.7.6
[INFO] [stderr]   Downloaded schemars v0.8.12
[INFO] [stderr]   Downloaded serde v1.0.160
[INFO] [stderr]   Downloaded cw-storage-plus v0.15.1
[INFO] [stderr]   Downloaded protobuf v2.28.0
[INFO] [stderr]   Downloaded cosmwasm-crypto v1.2.4
[INFO] [stderr]   Downloaded uint v0.9.5
[INFO] [stderr]   Downloaded serde-json-wasm v0.5.1
[INFO] [stderr]   Downloaded cw20 v0.15.1
[INFO] [stderr]   Downloaded sha2 v0.10.6
[INFO] [stderr]   Downloaded cosmwasm-schema-derive v1.2.4
[INFO] [stderr]   Downloaded cosmwasm-schema v1.2.4
[INFO] [stderr]   Downloaded astroport v2.8.0
[INFO] [stderr]   Downloaded cosmwasm-derive v1.2.4
[INFO] [stderr]   Downloaded cosmwasm-storage v1.2.4
[INFO] running `Command { std: "docker" "create" "-v" "/var/lib/crater-agent-workspace/builds/worker-2-tc1/target:/opt/rustwide/target:rw,Z" "-v" "/var/lib/crater-agent-workspace/builds/worker-2-tc1/source:/opt/rustwide/workdir:ro,Z" "-v" "/var/lib/crater-agent-workspace/cargo-home:/opt/rustwide/cargo-home:ro,Z" "-v" "/var/lib/crater-agent-workspace/rustup-home:/opt/rustwide/rustup-home:ro,Z" "-e" "SOURCE_DIR=/opt/rustwide/workdir" "-e" "CARGO_TARGET_DIR=/opt/rustwide/target" "-e" "CARGO_HOME=/opt/rustwide/cargo-home" "-e" "RUSTUP_HOME=/opt/rustwide/rustup-home" "-w" "/opt/rustwide/workdir" "-m" "1610612736" "--user" "0:0" "--network" "none" "ghcr.io/rust-lang/crates-build-env/linux@sha256:2788e3201cd34a07e3172128adcd8b3090168a8e3bcc40d7c032b9dda1df7d1c" "/opt/rustwide/cargo-home/bin/cargo" "+1.75.0" "metadata" "--no-deps" "--format-version=1", kill_on_drop: false }`
[INFO] [stdout] 45bf8b0b02061edadc8e10901d64aea432edc018e765eaf582b7e0a21dda8a72
[INFO] running `Command { std: "docker" "start" "-a" "45bf8b0b02061edadc8e10901d64aea432edc018e765eaf582b7e0a21dda8a72", kill_on_drop: false }`
[INFO] running `Command { std: "docker" "inspect" "45bf8b0b02061edadc8e10901d64aea432edc018e765eaf582b7e0a21dda8a72", kill_on_drop: false }`
[INFO] running `Command { std: "docker" "rm" "-f" "45bf8b0b02061edadc8e10901d64aea432edc018e765eaf582b7e0a21dda8a72", kill_on_drop: false }`
[INFO] [stdout] 45bf8b0b02061edadc8e10901d64aea432edc018e765eaf582b7e0a21dda8a72
[INFO] running `Command { std: "docker" "create" "-v" "/var/lib/crater-agent-workspace/builds/worker-2-tc1/target:/opt/rustwide/target:rw,Z" "-v" "/var/lib/crater-agent-workspace/builds/worker-2-tc1/source:/opt/rustwide/workdir:ro,Z" "-v" "/var/lib/crater-agent-workspace/cargo-home:/opt/rustwide/cargo-home:ro,Z" "-v" "/var/lib/crater-agent-workspace/rustup-home:/opt/rustwide/rustup-home:ro,Z" "-e" "SOURCE_DIR=/opt/rustwide/workdir" "-e" "CARGO_TARGET_DIR=/opt/rustwide/target" "-e" "CARGO_INCREMENTAL=0" "-e" "RUST_BACKTRACE=full" "-e" "RUSTFLAGS=--cap-lints=warn" "-e" "RUSTDOCFLAGS=--cap-lints=warn" "-e" "CARGO_HOME=/opt/rustwide/cargo-home" "-e" "RUSTUP_HOME=/opt/rustwide/rustup-home" "-w" "/opt/rustwide/workdir" "-m" "1610612736" "--user" "0:0" "--network" "none" "ghcr.io/rust-lang/crates-build-env/linux@sha256:2788e3201cd34a07e3172128adcd8b3090168a8e3bcc40d7c032b9dda1df7d1c" "/opt/rustwide/cargo-home/bin/cargo" "+1.75.0" "build" "--frozen" "--message-format=json", kill_on_drop: false }`
[INFO] [stdout] a68492bc9f0211b2a1a0ba1fd504c59a755b66e60cd38242264ba6deb22a4554
[INFO] running `Command { std: "docker" "start" "-a" "a68492bc9f0211b2a1a0ba1fd504c59a755b66e60cd38242264ba6deb22a4554", kill_on_drop: false }`
[INFO] [stderr]    Compiling typenum v1.16.0
[INFO] [stderr]    Compiling proc-macro2 v1.0.56
[INFO] [stderr]    Compiling unicode-ident v1.0.8
[INFO] [stderr]    Compiling quote v1.0.26
[INFO] [stderr]    Compiling libc v0.2.142
[INFO] [stderr]    Compiling subtle v2.4.1
[INFO] [stderr]    Compiling zeroize v1.6.0
[INFO] [stderr]    Compiling serde_derive v1.0.160
[INFO] [stderr]    Compiling syn v1.0.109
[INFO] [stderr]    Compiling serde v1.0.160
[INFO] [stderr]    Compiling const-oid v0.9.2
[INFO] [stderr]    Compiling base64ct v1.6.0
[INFO] [stderr]    Compiling ahash v0.7.6
[INFO] [stderr]    Compiling cpufeatures v0.2.7
[INFO] [stderr]    Compiling base16ct v0.1.1
[INFO] [stderr]    Compiling thiserror v1.0.40
[INFO] [stderr]    Compiling serde_json v1.0.96
[INFO] [stderr]    Compiling byteorder v1.4.3
[INFO] [stderr]    Compiling der v0.6.1
[INFO] [stderr]    Compiling once_cell v1.17.1
[INFO] [stderr]    Compiling rand_core v0.5.1
[INFO] [stderr]    Compiling crunchy v0.2.2
[INFO] [stderr]    Compiling itoa v1.0.6
[INFO] [stderr]    Compiling hex v0.4.3
[INFO] [stderr]    Compiling ryu v1.0.13
[INFO] [stderr]    Compiling schemars v0.8.12
[INFO] [stderr]    Compiling dyn-clone v1.0.11
[INFO] [stderr]    Compiling forward_ref v1.0.0
[INFO] [stderr]    Compiling base64 v0.13.1
[INFO] [stderr]    Compiling semver v1.0.17
[INFO] [stderr]    Compiling protobuf v2.28.0
[INFO] [stderr]    Compiling either v1.8.1
[INFO] [stderr]    Compiling bytes v1.4.0
[INFO] [stderr]    Compiling itertools v0.10.5
[INFO] [stderr]    Compiling uint v0.9.5
[INFO] [stderr]    Compiling syn v2.0.15
[INFO] [stderr]    Compiling getrandom v0.2.9
[INFO] [stderr]    Compiling spki v0.6.0
[INFO] [stderr]    Compiling pkcs8 v0.9.0
[INFO] [stderr]    Compiling rand_core v0.6.4
[INFO] [stderr]    Compiling ff v0.12.1
[INFO] [stderr]    Compiling hashbrown v0.12.3
[INFO] [stderr]    Compiling group v0.12.1
[INFO] [stderr]    Compiling generic-array v0.14.7
[INFO] [stderr]    Compiling crypto-common v0.1.6
[INFO] [stderr]    Compiling block-buffer v0.10.4
[INFO] [stderr]    Compiling crypto-bigint v0.4.9
[INFO] [stderr]    Compiling sec1 v0.3.0
[INFO] [stderr]    Compiling digest v0.9.0
[INFO] [stderr]    Compiling block-buffer v0.9.0
[INFO] [stderr]    Compiling curve25519-dalek v3.2.0
[INFO] [stderr]    Compiling sha2 v0.9.9
[INFO] [stderr]    Compiling digest v0.10.6
[INFO] [stderr]    Compiling hmac v0.12.1
[INFO] [stderr]    Compiling signature v1.6.4
[INFO] [stderr]    Compiling sha2 v0.10.6
[INFO] [stderr]    Compiling rfc6979 v0.3.1
[INFO] [stderr]    Compiling elliptic-curve v0.12.3
[INFO] [stderr]    Compiling thiserror-impl v1.0.40
[INFO] [stderr]    Compiling ecdsa v0.14.8
[INFO] [stderr]    Compiling k256 v0.11.6
[INFO] [stderr]    Compiling serde_derive_internals v0.26.0
[INFO] [stderr]    Compiling schemars_derive v0.8.12
[INFO] [stderr]    Compiling cosmwasm-derive v1.2.4
[INFO] [stderr]    Compiling derivative v2.2.0
[INFO] [stderr]    Compiling cosmwasm-schema-derive v1.2.4
[INFO] [stderr]    Compiling ed25519-zebra v3.1.0
[INFO] [stderr]    Compiling serde-json-wasm v0.5.1
[INFO] [stderr]    Compiling cosmwasm-crypto v1.2.4
[INFO] [stderr]    Compiling cosmwasm-std v1.2.4
[INFO] [stderr]    Compiling cosmwasm-schema v1.2.4
[INFO] [stderr]    Compiling cw-storage-plus v0.15.1
[INFO] [stderr]    Compiling cw2 v0.15.1
[INFO] [stderr]    Compiling cw-utils v0.15.1
[INFO] [stderr]    Compiling cw20 v0.15.1
[INFO] [stderr]    Compiling astroport v2.8.0
[INFO] [stderr]    Compiling astroport-factory v1.5.1 (/opt/rustwide/workdir)
[INFO] [stderr]     Finished dev [unoptimized + debuginfo] target(s) in 24.05s
[INFO] running `Command { std: "docker" "inspect" "a68492bc9f0211b2a1a0ba1fd504c59a755b66e60cd38242264ba6deb22a4554", kill_on_drop: false }`
[INFO] running `Command { std: "docker" "rm" "-f" "a68492bc9f0211b2a1a0ba1fd504c59a755b66e60cd38242264ba6deb22a4554", kill_on_drop: false }`
[INFO] [stdout] a68492bc9f0211b2a1a0ba1fd504c59a755b66e60cd38242264ba6deb22a4554
[INFO] running `Command { std: "docker" "create" "-v" "/var/lib/crater-agent-workspace/builds/worker-2-tc1/target:/opt/rustwide/target:rw,Z" "-v" "/var/lib/crater-agent-workspace/builds/worker-2-tc1/source:/opt/rustwide/workdir:ro,Z" "-v" "/var/lib/crater-agent-workspace/cargo-home:/opt/rustwide/cargo-home:ro,Z" "-v" "/var/lib/crater-agent-workspace/rustup-home:/opt/rustwide/rustup-home:ro,Z" "-e" "SOURCE_DIR=/opt/rustwide/workdir" "-e" "CARGO_TARGET_DIR=/opt/rustwide/target" "-e" "CARGO_INCREMENTAL=0" "-e" "RUST_BACKTRACE=full" "-e" "RUSTFLAGS=--cap-lints=warn" "-e" "RUSTDOCFLAGS=--cap-lints=warn" "-e" "CARGO_HOME=/opt/rustwide/cargo-home" "-e" "RUSTUP_HOME=/opt/rustwide/rustup-home" "-w" "/opt/rustwide/workdir" "-m" "1610612736" "--user" "0:0" "--network" "none" "ghcr.io/rust-lang/crates-build-env/linux@sha256:2788e3201cd34a07e3172128adcd8b3090168a8e3bcc40d7c032b9dda1df7d1c" "/opt/rustwide/cargo-home/bin/cargo" "+1.75.0" "test" "--frozen" "--no-run" "--message-format=json", kill_on_drop: false }`
[INFO] [stdout] 66b49f53cbe680faee2980af8ed7be19fcf95fbffde0263ba771a4a05991a5d3
[INFO] running `Command { std: "docker" "start" "-a" "66b49f53cbe680faee2980af8ed7be19fcf95fbffde0263ba771a4a05991a5d3", kill_on_drop: false }`
[INFO] [stderr]    Compiling anyhow v1.0.70
[INFO] [stderr]    Compiling cosmwasm-std v1.2.4
[INFO] [stderr]    Compiling prost-derive v0.9.0
[INFO] [stderr]    Compiling prost v0.9.0
[INFO] [stderr]    Compiling cw-storage-plus v0.15.1
[INFO] [stderr]    Compiling cosmwasm-storage v1.2.4
[INFO] [stderr]    Compiling cw2 v0.15.1
[INFO] [stderr]    Compiling cw-utils v0.15.1
[INFO] [stderr]    Compiling cw20 v0.15.1
[INFO] [stderr]    Compiling cw-multi-test v0.15.1
[INFO] [stderr]    Compiling astroport v2.8.0
[INFO] [stderr]    Compiling astroport-factory v1.5.1 (/opt/rustwide/workdir)
[INFO] [stdout] warning: call to `.clone()` on a reference in this situation does nothing
[INFO] [stdout]    --> src/testing.rs:341:31
[INFO] [stdout]     |
[INFO] [stdout] 341 |     let info = mock_info(owner.clone(), &[]);
[INFO] [stdout]     |                               ^^^^^^^^ help: remove this redundant call
[INFO] [stdout]     |
[INFO] [stdout]     = note: the type `str` does not implement `Clone`, so calling `clone` on `&str` copies the reference, which does not do anything and can be removed
[INFO] [stdout]     = note: `#[warn(noop_method_call)]` on by default
[INFO] [stdout] 
[INFO] [stdout] 
[INFO] [stdout] warning: call to `.clone()` on a reference in this situation does nothing
[INFO] [stdout]    --> src/testing.rs:356:31
[INFO] [stdout]     |
[INFO] [stdout] 356 |     let info = mock_info(owner.clone(), &[]);
[INFO] [stdout]     |                               ^^^^^^^^ help: remove this redundant call
[INFO] [stdout]     |
[INFO] [stdout]     = note: the type `str` does not implement `Clone`, so calling `clone` on `&str` copies the reference, which does not do anything and can be removed
[INFO] [stdout] 
[INFO] [stdout] 
[INFO] [stdout] warning: call to `.clone()` on a reference in this situation does nothing
[INFO] [stdout]    --> src/testing.rs:379:31
[INFO] [stdout]     |
[INFO] [stdout] 379 |     let info = mock_info(owner.clone(), &[]);
[INFO] [stdout]     |                               ^^^^^^^^ help: remove this redundant call
[INFO] [stdout]     |
[INFO] [stdout]     = note: the type `str` does not implement `Clone`, so calling `clone` on `&str` copies the reference, which does not do anything and can be removed
[INFO] [stdout] 
[INFO] [stdout] 
[INFO] [stdout] warning: call to `.clone()` on a reference in this situation does nothing
[INFO] [stdout]    --> src/testing.rs:723:31
[INFO] [stdout]     |
[INFO] [stdout] 723 |     let info = mock_info(owner.clone(), &[]);
[INFO] [stdout]     |                               ^^^^^^^^ help: remove this redundant call
[INFO] [stdout]     |
[INFO] [stdout]     = note: the type `str` does not implement `Clone`, so calling `clone` on `&str` copies the reference, which does not do anything and can be removed
[INFO] [stdout] 
[INFO] [stdout] 
[INFO] [stdout] error[E0433]: failed to resolve: use of undeclared crate or module `astroport_token`
[INFO] [stdout]   --> tests/factory_helper.rs:18:13
[INFO] [stdout]    |
[INFO] [stdout] 18 |             astroport_token::contract::execute,
[INFO] [stdout]    |             ^^^^^^^^^^^^^^^ use of undeclared crate or module `astroport_token`
[INFO] [stdout]    |
[INFO] [stdout] help: consider importing this module
[INFO] [stdout]    |
[INFO] [stdout] 1  + use astroport_factory::contract;
[INFO] [stdout]    |
[INFO] [stdout] help: if you import `contract`, refer to it directly
[INFO] [stdout]    |
[INFO] [stdout] 18 -             astroport_token::contract::execute,
[INFO] [stdout] 18 +             contract::execute,
[INFO] [stdout]    |
[INFO] [stdout] 
[INFO] [stdout] 
[INFO] [stdout] error[E0433]: failed to resolve: use of undeclared crate or module `astroport_token`
[INFO] [stdout]   --> tests/factory_helper.rs:19:13
[INFO] [stdout]    |
[INFO] [stdout] 19 |             astroport_token::contract::instantiate,
[INFO] [stdout]    |             ^^^^^^^^^^^^^^^ use of undeclared crate or module `astroport_token`
[INFO] [stdout]    |
[INFO] [stdout] help: consider importing this module
[INFO] [stdout]    |
[INFO] [stdout] 1  + use astroport_factory::contract;
[INFO] [stdout]    |
[INFO] [stdout] help: if you import `contract`, refer to it directly
[INFO] [stdout]    |
[INFO] [stdout] 19 -             astroport_token::contract::instantiate,
[INFO] [stdout] 19 +             contract::instantiate,
[INFO] [stdout]    |
[INFO] [stdout] 
[INFO] [stdout] 
[INFO] [stdout] error[E0433]: failed to resolve: use of undeclared crate or module `astroport_token`
[INFO] [stdout]   --> tests/factory_helper.rs:20:13
[INFO] [stdout]    |
[INFO] [stdout] 20 |             astroport_token::contract::query,
[INFO] [stdout]    |             ^^^^^^^^^^^^^^^ use of undeclared crate or module `astroport_token`
[INFO] [stdout]    |
[INFO] [stdout] help: consider importing this module
[INFO] [stdout]    |
[INFO] [stdout] 1  + use astroport_factory::contract;
[INFO] [stdout]    |
[INFO] [stdout] help: if you import `contract`, refer to it directly
[INFO] [stdout]    |
[INFO] [stdout] 20 -             astroport_token::contract::query,
[INFO] [stdout] 20 +             contract::query,
[INFO] [stdout]    |
[INFO] [stdout] 
[INFO] [stdout] 
[INFO] [stdout] error[E0433]: failed to resolve: use of undeclared crate or module `astroport_pair`
[INFO] [stdout]   --> tests/factory_helper.rs:50:17
[INFO] [stdout]    |
[INFO] [stdout] 50 |                 astroport_pair::contract::execute,
[INFO] [stdout]    |                 ^^^^^^^^^^^^^^ use of undeclared crate or module `astroport_pair`
[INFO] [stdout]    |
[INFO] [stdout] help: consider importing this module
[INFO] [stdout]    |
[INFO] [stdout] 1  + use astroport_factory::contract;
[INFO] [stdout]    |
[INFO] [stdout] help: if you import `contract`, refer to it directly
[INFO] [stdout]    |
[INFO] [stdout] 50 -                 astroport_pair::contract::execute,
[INFO] [stdout] 50 +                 contract::execute,
[INFO] [stdout]    |
[INFO] [stdout] 
[INFO] [stdout] 
[INFO] [stdout] error[E0433]: failed to resolve: use of undeclared crate or module `astroport_pair`
[INFO] [stdout]   --> tests/factory_helper.rs:51:17
[INFO] [stdout]    |
[INFO] [stdout] 51 |                 astroport_pair::contract::instantiate,
[INFO] [stdout]    |                 ^^^^^^^^^^^^^^ use of undeclared crate or module `astroport_pair`
[INFO] [stdout]    |
[INFO] [stdout] help: consider importing this module
[INFO] [stdout]    |
[INFO] [stdout] 1  + use astroport_factory::contract;
[INFO] [stdout]    |
[INFO] [stdout] help: if you import `contract`, refer to it directly
[INFO] [stdout]    |
[INFO] [stdout] 51 -                 astroport_pair::contract::instantiate,
[INFO] [stdout] 51 +                 contract::instantiate,
[INFO] [stdout]    |
[INFO] [stdout] 
[INFO] [stdout] 
[INFO] [stdout] error[E0433]: failed to resolve: use of undeclared crate or module `astroport_pair`
[INFO] [stdout]   --> tests/factory_helper.rs:52:17
[INFO] [stdout]    |
[INFO] [stdout] 52 |                 astroport_pair::contract::query,
[INFO] [stdout]    |                 ^^^^^^^^^^^^^^ use of undeclared crate or module `astroport_pair`
[INFO] [stdout]    |
[INFO] [stdout] help: consider importing this module
[INFO] [stdout]    |
[INFO] [stdout] 1  + use astroport_factory::contract;
[INFO] [stdout]    |
[INFO] [stdout] help: if you import `contract`, refer to it directly
[INFO] [stdout]    |
[INFO] [stdout] 52 -                 astroport_pair::contract::query,
[INFO] [stdout] 52 +                 contract::query,
[INFO] [stdout]    |
[INFO] [stdout] 
[INFO] [stdout] 
[INFO] [stdout] error[E0433]: failed to resolve: use of undeclared crate or module `astroport_pair`
[INFO] [stdout]   --> tests/factory_helper.rs:54:31
[INFO] [stdout]    |
[INFO] [stdout] 54 |             .with_reply_empty(astroport_pair::contract::reply),
[INFO] [stdout]    |                               ^^^^^^^^^^^^^^ use of undeclared crate or module `astroport_pair`
[INFO] [stdout]    |
[INFO] [stdout] help: consider importing this module
[INFO] [stdout]    |
[INFO] [stdout] 1  + use astroport_factory::contract;
[INFO] [stdout]    |
[INFO] [stdout] help: if you import `contract`, refer to it directly
[INFO] [stdout]    |
[INFO] [stdout] 54 -             .with_reply_empty(astroport_pair::contract::reply),
[INFO] [stdout] 54 +             .with_reply_empty(contract::reply),
[INFO] [stdout]    |
[INFO] [stdout] 
[INFO] [stdout] 
[INFO] [stdout] error[E0433]: failed to resolve: use of undeclared crate or module `astroport_token`
[INFO] [stdout]   --> tests/factory_helper.rs:18:13
[INFO] [stdout]    |
[INFO] [stdout] 18 |             astroport_token::contract::execute,
[INFO] [stdout]    |             ^^^^^^^^^^^^^^^ use of undeclared crate or module `astroport_token`
[INFO] [stdout]    |
[INFO] [stdout] help: consider importing this module
[INFO] [stdout]    |
[INFO] [stdout] 1  + use astroport_factory::contract;
[INFO] [stdout]    |
[INFO] [stdout] help: if you import `contract`, refer to it directly
[INFO] [stdout]    |
[INFO] [stdout] 18 -             astroport_token::contract::execute,
[INFO] [stdout] 18 +             contract::execute,
[INFO] [stdout]    |
[INFO] [stdout] 
[INFO] [stdout] 
[INFO] [stdout] error[E0433]: failed to resolve: use of undeclared crate or module `astroport_token`
[INFO] [stdout]   --> tests/factory_helper.rs:19:13
[INFO] [stdout]    |
[INFO] [stdout] 19 |             astroport_token::contract::instantiate,
[INFO] [stdout]    |             ^^^^^^^^^^^^^^^ use of undeclared crate or module `astroport_token`
[INFO] [stdout]    |
[INFO] [stdout] help: consider importing this module
[INFO] [stdout]    |
[INFO] [stdout] 1  + use astroport_factory::contract;
[INFO] [stdout]    |
[INFO] [stdout] help: if you import `contract`, refer to it directly
[INFO] [stdout]    |
[INFO] [stdout] 19 -             astroport_token::contract::instantiate,
[INFO] [stdout] 19 +             contract::instantiate,
[INFO] [stdout]    |
[INFO] [stdout] 
[INFO] [stdout] 
[INFO] [stdout] error[E0433]: failed to resolve: use of undeclared crate or module `astroport_token`
[INFO] [stdout]   --> tests/factory_helper.rs:20:13
[INFO] [stdout]    |
[INFO] [stdout] 20 |             astroport_token::contract::query,
[INFO] [stdout]    |             ^^^^^^^^^^^^^^^ use of undeclared crate or module `astroport_token`
[INFO] [stdout]    |
[INFO] [stdout] help: consider importing this module
[INFO] [stdout]    |
[INFO] [stdout] 1  + use astroport_factory::contract;
[INFO] [stdout]    |
[INFO] [stdout] help: if you import `contract`, refer to it directly
[INFO] [stdout]    |
[INFO] [stdout] 20 -             astroport_token::contract::query,
[INFO] [stdout] 20 +             contract::query,
[INFO] [stdout]    |
[INFO] [stdout] 
[INFO] [stdout] 
[INFO] [stdout] error[E0433]: failed to resolve: use of undeclared crate or module `astroport_pair`
[INFO] [stdout]   --> tests/factory_helper.rs:50:17
[INFO] [stdout]    |
[INFO] [stdout] 50 |                 astroport_pair::contract::execute,
[INFO] [stdout]    |                 ^^^^^^^^^^^^^^ use of undeclared crate or module `astroport_pair`
[INFO] [stdout]    |
[INFO] [stdout] help: consider importing this module
[INFO] [stdout]    |
[INFO] [stdout] 1  + use astroport_factory::contract;
[INFO] [stdout]    |
[INFO] [stdout] help: if you import `contract`, refer to it directly
[INFO] [stdout]    |
[INFO] [stdout] 50 -                 astroport_pair::contract::execute,
[INFO] [stdout] 50 +                 contract::execute,
[INFO] [stdout]    |
[INFO] [stdout] 
[INFO] [stdout] 
[INFO] [stdout] error[E0433]: failed to resolve: use of undeclared crate or module `astroport_pair`
[INFO] [stdout]   --> tests/factory_helper.rs:51:17
[INFO] [stdout]    |
[INFO] [stdout] 51 |                 astroport_pair::contract::instantiate,
[INFO] [stdout]    |                 ^^^^^^^^^^^^^^ use of undeclared crate or module `astroport_pair`
[INFO] [stdout]    |
[INFO] [stdout] help: consider importing this module
[INFO] [stdout]    |
[INFO] [stdout] 1  + use astroport_factory::contract;
[INFO] [stdout]    |
[INFO] [stdout] help: if you import `contract`, refer to it directly
[INFO] [stdout]    |
[INFO] [stdout] 51 -                 astroport_pair::contract::instantiate,
[INFO] [stdout] 51 +                 contract::instantiate,
[INFO] [stdout]    |
[INFO] [stdout] 
[INFO] [stdout] 
[INFO] [stdout] error[E0433]: failed to resolve: use of undeclared crate or module `astroport_pair`
[INFO] [stdout]   --> tests/factory_helper.rs:52:17
[INFO] [stdout]    |
[INFO] [stdout] 52 |                 astroport_pair::contract::query,
[INFO] [stdout]    |                 ^^^^^^^^^^^^^^ use of undeclared crate or module `astroport_pair`
[INFO] [stdout]    |
[INFO] [stdout] help: consider importing this module
[INFO] [stdout]    |
[INFO] [stdout] 1  + use astroport_factory::contract;
[INFO] [stdout]    |
[INFO] [stdout] help: if you import `contract`, refer to it directly
[INFO] [stdout]    |
[INFO] [stdout] 52 -                 astroport_pair::contract::query,
[INFO] [stdout] 52 +                 contract::query,
[INFO] [stdout]    |
[INFO] [stdout] 
[INFO] [stdout] 
[INFO] [stdout] error[E0433]: failed to resolve: use of undeclared crate or module `astroport_pair`
[INFO] [stdout]   --> tests/factory_helper.rs:54:31
[INFO] [stdout]    |
[INFO] [stdout] 54 |             .with_reply_empty(astroport_pair::contract::reply),
[INFO] [stdout]    |                               ^^^^^^^^^^^^^^ use of undeclared crate or module `astroport_pair`
[INFO] [stdout]    |
[INFO] [stdout] help: consider importing this module
[INFO] [stdout]    |
[INFO] [stdout] 1  + use astroport_factory::contract;
[INFO] [stdout]    |
[INFO] [stdout] help: if you import `contract`, refer to it directly
[INFO] [stdout]    |
[INFO] [stdout] 54 -             .with_reply_empty(astroport_pair::contract::reply),
[INFO] [stdout] 54 +             .with_reply_empty(contract::reply),
[INFO] [stdout]    |
[INFO] [stdout] 
[INFO] [stdout] 
[INFO] [stdout] error: aborting due to 7 previous errors
[INFO] [stdout] 
[INFO] [stdout] 
[INFO] [stdout] For more information about this error, try `rustc --explain E0433`.
[INFO] [stdout] 
[INFO] [stderr] error: could not compile `astroport-factory` (test "factory_helper") due to 8 previous errors
[INFO] [stderr] warning: build failed, waiting for other jobs to finish...
[INFO] [stdout] error: aborting due to 7 previous errors
[INFO] [stdout] 
[INFO] [stdout] 
[INFO] [stdout] For more information about this error, try `rustc --explain E0433`.
[INFO] [stdout] 
[INFO] [stderr] error: could not compile `astroport-factory` (test "integration") due to 8 previous errors
[INFO] [stdout] warning: 4 warnings emitted
[INFO] [stdout] 
[INFO] [stdout] 
[INFO] running `Command { std: "docker" "inspect" "66b49f53cbe680faee2980af8ed7be19fcf95fbffde0263ba771a4a05991a5d3", kill_on_drop: false }`
[INFO] running `Command { std: "docker" "rm" "-f" "66b49f53cbe680faee2980af8ed7be19fcf95fbffde0263ba771a4a05991a5d3", kill_on_drop: false }`
[INFO] [stdout] 66b49f53cbe680faee2980af8ed7be19fcf95fbffde0263ba771a4a05991a5d3
