[INFO] fetching crate astro-run 0.1.3...
[INFO] testing astro-run-0.1.3 against 1.75.0 for beta-1.76-1
[INFO] extracting crate astro-run 0.1.3 into /workspace/builds/worker-2-tc1/source
[INFO] validating manifest of crates.io crate astro-run 0.1.3 on toolchain 1.75.0
[INFO] running `Command { std: CARGO_HOME="/workspace/cargo-home" RUSTUP_HOME="/workspace/rustup-home" "/workspace/cargo-home/bin/cargo" "+1.75.0" "metadata" "--manifest-path" "Cargo.toml" "--no-deps", kill_on_drop: false }`
[INFO] started tweaking crates.io crate astro-run 0.1.3
[INFO] finished tweaking crates.io crate astro-run 0.1.3
[INFO] tweaked toml for crates.io crate astro-run 0.1.3 written to /workspace/builds/worker-2-tc1/source/Cargo.toml
[INFO] crate crates.io crate astro-run 0.1.3 already has a lockfile, it will not be regenerated
[INFO] running `Command { std: CARGO_HOME="/workspace/cargo-home" RUSTUP_HOME="/workspace/rustup-home" "/workspace/cargo-home/bin/cargo" "+1.75.0" "fetch" "--manifest-path" "Cargo.toml", kill_on_drop: false }`
[INFO] [stderr]     Updating crates.io index
[INFO] [stderr]  Downloading crates ...
[INFO] [stderr]   Downloaded thiserror v1.0.48
[INFO] [stderr]   Downloaded serde_derive v1.0.188
[INFO] [stderr]   Downloaded deranged v0.3.8
[INFO] [stderr]   Downloaded wasm-bindgen-shared v0.2.87
[INFO] [stderr]   Downloaded wasm-bindgen-macro-support v0.2.87
[INFO] [stderr]   Downloaded iana-time-zone v0.1.57
[INFO] [stderr]   Downloaded wasm-bindgen-macro v0.2.87
[INFO] [stderr]   Downloaded async-trait v0.1.73
[INFO] [stderr]   Downloaded time-macros v0.2.14
[INFO] [stderr]   Downloaded bumpalo v3.13.0
[INFO] [stderr]   Downloaded reqwest v0.11.20
[INFO] [stderr]   Downloaded web-sys v0.3.64
[INFO] [stderr]   Downloaded octocrate-api-builder v0.1.1
[INFO] [stderr]   Downloaded octocrate-infra v0.1.1
[INFO] [stderr]   Downloaded tokio v1.32.0
[INFO] [stderr]   Downloaded octocrate v0.1.5
[INFO] [stderr]   Downloaded hashbrown v0.14.0
[INFO] [stderr]   Downloaded memchr v2.6.3
[INFO] [stderr]   Downloaded chrono v0.4.30
[INFO] [stderr]   Downloaded time v0.3.28
[INFO] [stderr]   Downloaded serde_json v1.0.105
[INFO] [stderr]   Downloaded rustix v0.38.11
[INFO] [stderr]   Downloaded js-sys v0.3.64
[INFO] [stderr]   Downloaded syn v2.0.31
[INFO] [stderr]   Downloaded wasm-bindgen v0.2.87
[INFO] [stderr]   Downloaded openssl v0.10.57
[INFO] [stderr]   Downloaded serde_yaml v0.9.25
[INFO] [stderr]   Downloaded serde v1.0.188
[INFO] [stderr]   Downloaded indexmap v2.0.0
[INFO] [stderr]   Downloaded pem v1.1.1
[INFO] [stderr]   Downloaded thiserror-impl v1.0.48
[INFO] [stderr]   Downloaded num-traits v0.2.16
[INFO] [stderr]   Downloaded base64 v0.21.3
[INFO] [stderr]   Downloaded ipnet v2.8.0
[INFO] [stderr]   Downloaded jsonwebtoken v8.3.0
[INFO] [stderr]   Downloaded openssl-sys v0.9.93
[INFO] [stderr]   Downloaded fastrand v2.0.0
[INFO] [stderr]   Downloaded errno v0.3.3
[INFO] [stderr]   Downloaded tempfile v3.8.0
[INFO] [stderr]   Downloaded wasm-bindgen-backend v0.2.87
[INFO] [stderr]   Downloaded uuid v1.4.1
[INFO] [stderr]   Downloaded socket2 v0.5.3
[INFO] [stderr]   Downloaded wasm-bindgen-futures v0.4.37
[INFO] [stderr]   Downloaded unsafe-libyaml v0.2.9
[INFO] running `Command { std: "docker" "create" "-v" "/var/lib/crater-agent-workspace/builds/worker-2-tc1/target:/opt/rustwide/target:rw,Z" "-v" "/var/lib/crater-agent-workspace/builds/worker-2-tc1/source:/opt/rustwide/workdir:ro,Z" "-v" "/var/lib/crater-agent-workspace/cargo-home:/opt/rustwide/cargo-home:ro,Z" "-v" "/var/lib/crater-agent-workspace/rustup-home:/opt/rustwide/rustup-home:ro,Z" "-e" "SOURCE_DIR=/opt/rustwide/workdir" "-e" "CARGO_TARGET_DIR=/opt/rustwide/target" "-e" "CARGO_HOME=/opt/rustwide/cargo-home" "-e" "RUSTUP_HOME=/opt/rustwide/rustup-home" "-w" "/opt/rustwide/workdir" "-m" "1610612736" "--user" "0:0" "--network" "none" "ghcr.io/rust-lang/crates-build-env/linux@sha256:2788e3201cd34a07e3172128adcd8b3090168a8e3bcc40d7c032b9dda1df7d1c" "/opt/rustwide/cargo-home/bin/cargo" "+1.75.0" "metadata" "--no-deps" "--format-version=1", kill_on_drop: false }`
[INFO] [stdout] 364c4620a8d1536e5d1d1e43ff45e36db70f6c9af7c27f66baa3a98277512dc8
[INFO] running `Command { std: "docker" "start" "-a" "364c4620a8d1536e5d1d1e43ff45e36db70f6c9af7c27f66baa3a98277512dc8", kill_on_drop: false }`
[INFO] running `Command { std: "docker" "inspect" "364c4620a8d1536e5d1d1e43ff45e36db70f6c9af7c27f66baa3a98277512dc8", kill_on_drop: false }`
[INFO] running `Command { std: "docker" "rm" "-f" "364c4620a8d1536e5d1d1e43ff45e36db70f6c9af7c27f66baa3a98277512dc8", kill_on_drop: false }`
[INFO] [stdout] 364c4620a8d1536e5d1d1e43ff45e36db70f6c9af7c27f66baa3a98277512dc8
[INFO] running `Command { std: "docker" "create" "-v" "/var/lib/crater-agent-workspace/builds/worker-2-tc1/target:/opt/rustwide/target:rw,Z" "-v" "/var/lib/crater-agent-workspace/builds/worker-2-tc1/source:/opt/rustwide/workdir:ro,Z" "-v" "/var/lib/crater-agent-workspace/cargo-home:/opt/rustwide/cargo-home:ro,Z" "-v" "/var/lib/crater-agent-workspace/rustup-home:/opt/rustwide/rustup-home:ro,Z" "-e" "SOURCE_DIR=/opt/rustwide/workdir" "-e" "CARGO_TARGET_DIR=/opt/rustwide/target" "-e" "CARGO_INCREMENTAL=0" "-e" "RUST_BACKTRACE=full" "-e" "RUSTFLAGS=--cap-lints=warn" "-e" "RUSTDOCFLAGS=--cap-lints=warn" "-e" "CARGO_HOME=/opt/rustwide/cargo-home" "-e" "RUSTUP_HOME=/opt/rustwide/rustup-home" "-w" "/opt/rustwide/workdir" "-m" "1610612736" "--user" "0:0" "--network" "none" "ghcr.io/rust-lang/crates-build-env/linux@sha256:2788e3201cd34a07e3172128adcd8b3090168a8e3bcc40d7c032b9dda1df7d1c" "/opt/rustwide/cargo-home/bin/cargo" "+1.75.0" "build" "--frozen" "--message-format=json", kill_on_drop: false }`
[INFO] [stdout] 57b18751eb02dce1a19688ce0c19687f6360fe976dcfca497eb191d6d35083df
[INFO] running `Command { std: "docker" "start" "-a" "57b18751eb02dce1a19688ce0c19687f6360fe976dcfca497eb191d6d35083df", kill_on_drop: false }`
[INFO] [stderr]    Compiling proc-macro2 v1.0.66
[INFO] [stderr]    Compiling unicode-ident v1.0.11
[INFO] [stderr]    Compiling libc v0.2.147
[INFO] [stderr]    Compiling itoa v1.0.9
[INFO] [stderr]    Compiling once_cell v1.18.0
[INFO] [stderr]    Compiling vcpkg v0.2.15
[INFO] [stderr]    Compiling pkg-config v0.3.27
[INFO] [stderr]    Compiling futures-core v0.3.28
[INFO] [stderr]    Compiling serde v1.0.188
[INFO] [stderr]    Compiling futures-task v0.3.28
[INFO] [stderr]    Compiling num-traits v0.2.16
[INFO] [stderr]    Compiling foreign-types-shared v0.1.1
[INFO] [stderr]    Compiling openssl v0.10.57
[INFO] [stderr]    Compiling futures-util v0.3.28
[INFO] [stderr]    Compiling bitflags v2.4.0
[INFO] [stderr]    Compiling foreign-types v0.3.2
[INFO] [stderr]    Compiling ryu v1.0.15
[INFO] [stderr]    Compiling http v0.2.9
[INFO] [stderr]    Compiling futures-sink v0.3.28
[INFO] [stderr]    Compiling tracing-core v0.1.31
[INFO] [stderr]    Compiling native-tls v0.2.11
[INFO] [stderr]    Compiling futures-channel v0.3.28
[INFO] [stderr]    Compiling num-bigint v0.4.4
[INFO] [stderr]    Compiling percent-encoding v2.3.0
[INFO] [stderr]    Compiling try-lock v0.2.4
[INFO] [stderr]    Compiling openssl-probe v0.1.5
[INFO] [stderr]    Compiling serde_json v1.0.105
[INFO] [stderr]    Compiling thiserror v1.0.48
[INFO] [stderr]    Compiling time-core v0.1.1
[INFO] [stderr]    Compiling form_urlencoded v1.2.0
[INFO] [stderr]    Compiling want v0.3.1
[INFO] [stderr]    Compiling time-macros v0.2.14
[INFO] [stderr]    Compiling tracing v0.1.37
[INFO] [stderr]    Compiling quote v1.0.33
[INFO] [stderr]    Compiling httparse v1.8.0
[INFO] [stderr]    Compiling tower-service v0.3.2
[INFO] [stderr]    Compiling deranged v0.3.8
[INFO] [stderr]    Compiling httpdate v1.0.3
[INFO] [stderr]    Compiling unicode-bidi v0.3.13
[INFO] [stderr]    Compiling syn v1.0.109
[INFO] [stderr]    Compiling syn v2.0.31
[INFO] [stderr]    Compiling spin v0.5.2
[INFO] [stderr]    Compiling http-body v0.4.5
[INFO] [stderr]    Compiling idna v0.4.0
[INFO] [stderr]    Compiling base64 v0.13.1
[INFO] [stderr]    Compiling num_cpus v1.16.0
[INFO] [stderr]    Compiling signal-hook-registry v1.4.1
[INFO] [stderr]    Compiling mio v0.8.8
[INFO] [stderr]    Compiling cc v1.0.83
[INFO] [stderr]    Compiling socket2 v0.5.3
[INFO] [stderr]    Compiling socket2 v0.4.9
[INFO] [stderr]    Compiling base64 v0.21.3
[INFO] [stderr]    Compiling untrusted v0.7.1
[INFO] [stderr]    Compiling url v2.4.1
[INFO] [stderr]    Compiling pem v1.1.1
[INFO] [stderr]    Compiling num-integer v0.1.45
[INFO] [stderr]    Compiling lock_api v0.4.10
[INFO] [stderr]    Compiling encoding_rs v0.8.33
[INFO] [stderr]    Compiling parking_lot_core v0.9.8
[INFO] [stderr]    Compiling mime v0.3.17
[INFO] [stderr]    Compiling ipnet v2.8.0
[INFO] [stderr]    Compiling iana-time-zone v0.1.57
[INFO] [stderr]    Compiling async-trait v0.1.73
[INFO] [stderr]    Compiling hashbrown v0.14.0
[INFO] [stderr]    Compiling smallvec v1.11.0
[INFO] [stderr]    Compiling getrandom v0.2.10
[INFO] [stderr]    Compiling unsafe-libyaml v0.2.9
[INFO] [stderr]    Compiling humantime v2.1.0
[INFO] [stderr]    Compiling glob v0.3.1
[INFO] [stderr]    Compiling time v0.3.28
[INFO] [stderr]    Compiling indexmap v2.0.0
[INFO] [stderr]    Compiling parking_lot v0.12.1
[INFO] [stderr]    Compiling openssl-sys v0.9.93
[INFO] [stderr]    Compiling ring v0.16.20
[INFO] [stderr]    Compiling serde_derive v1.0.188
[INFO] [stderr]    Compiling tokio-macros v2.1.0
[INFO] [stderr]    Compiling openssl-macros v0.1.1
[INFO] [stderr]    Compiling thiserror-impl v1.0.48
[INFO] [stderr]    Compiling tokio v1.32.0
[INFO] [stderr]    Compiling simple_asn1 v0.6.2
[INFO] [stderr]    Compiling octocrate-api-builder v0.1.1
[INFO] [stderr]    Compiling tokio-util v0.7.8
[INFO] [stderr]    Compiling tokio-native-tls v0.3.1
[INFO] [stderr]    Compiling tokio-stream v0.1.14
[INFO] [stderr]    Compiling h2 v0.3.21
[INFO] [stderr]    Compiling serde_urlencoded v0.7.1
[INFO] [stderr]    Compiling chrono v0.4.30
[INFO] [stderr]    Compiling serde_yaml v0.9.25
[INFO] [stderr]    Compiling uuid v1.4.1
[INFO] [stderr]    Compiling jsonwebtoken v8.3.0
[INFO] [stderr]    Compiling hyper v0.14.27
[INFO] [stderr]    Compiling hyper-tls v0.5.0
[INFO] [stderr]    Compiling reqwest v0.11.20
[INFO] [stderr]    Compiling octocrate-infra v0.1.1
[INFO] [stderr]    Compiling octocrate v0.1.5
[INFO] [stderr]    Compiling astro-run v0.1.3 (/opt/rustwide/workdir)
[INFO] [stderr]     Finished dev [unoptimized + debuginfo] target(s) in 20.89s
[INFO] running `Command { std: "docker" "inspect" "57b18751eb02dce1a19688ce0c19687f6360fe976dcfca497eb191d6d35083df", kill_on_drop: false }`
[INFO] running `Command { std: "docker" "rm" "-f" "57b18751eb02dce1a19688ce0c19687f6360fe976dcfca497eb191d6d35083df", kill_on_drop: false }`
[INFO] [stdout] 57b18751eb02dce1a19688ce0c19687f6360fe976dcfca497eb191d6d35083df
[INFO] running `Command { std: "docker" "create" "-v" "/var/lib/crater-agent-workspace/builds/worker-2-tc1/target:/opt/rustwide/target:rw,Z" "-v" "/var/lib/crater-agent-workspace/builds/worker-2-tc1/source:/opt/rustwide/workdir:ro,Z" "-v" "/var/lib/crater-agent-workspace/cargo-home:/opt/rustwide/cargo-home:ro,Z" "-v" "/var/lib/crater-agent-workspace/rustup-home:/opt/rustwide/rustup-home:ro,Z" "-e" "SOURCE_DIR=/opt/rustwide/workdir" "-e" "CARGO_TARGET_DIR=/opt/rustwide/target" "-e" "CARGO_INCREMENTAL=0" "-e" "RUST_BACKTRACE=full" "-e" "RUSTFLAGS=--cap-lints=warn" "-e" "RUSTDOCFLAGS=--cap-lints=warn" "-e" "CARGO_HOME=/opt/rustwide/cargo-home" "-e" "RUSTUP_HOME=/opt/rustwide/rustup-home" "-w" "/opt/rustwide/workdir" "-m" "1610612736" "--user" "0:0" "--network" "none" "ghcr.io/rust-lang/crates-build-env/linux@sha256:2788e3201cd34a07e3172128adcd8b3090168a8e3bcc40d7c032b9dda1df7d1c" "/opt/rustwide/cargo-home/bin/cargo" "+1.75.0" "test" "--frozen" "--no-run" "--message-format=json", kill_on_drop: false }`
[INFO] [stdout] 58886ef1da03bf45ab6078a8b2fcfd94df98e5304569ceff89a8782d5f8bf91d
[INFO] running `Command { std: "docker" "start" "-a" "58886ef1da03bf45ab6078a8b2fcfd94df98e5304569ceff89a8782d5f8bf91d", kill_on_drop: false }`
[INFO] [stderr]    Compiling dotenv v0.15.0
[INFO] [stderr]    Compiling astro-run v0.1.3 (/opt/rustwide/workdir)
[INFO] [stdout] error[E0433]: failed to resolve: use of undeclared crate or module `astro_run_test`
[INFO] [stdout]   --> tests/on.rs:76:3
[INFO] [stdout]    |
[INFO] [stdout] 76 | #[astro_run_test::test]
[INFO] [stdout]    |   ^^^^^^^^^^^^^^ use of undeclared crate or module `astro_run_test`
[INFO] [stdout] 
[INFO] [stdout] 
[INFO] [stdout] error[E0433]: failed to resolve: use of undeclared crate or module `astro_run_test`
[INFO] [stdout]    --> tests/on.rs:114:3
[INFO] [stdout]     |
[INFO] [stdout] 114 | #[astro_run_test::test]
[INFO] [stdout]     |   ^^^^^^^^^^^^^^ use of undeclared crate or module `astro_run_test`
[INFO] [stdout] 
[INFO] [stdout] 
[INFO] [stdout] error[E0433]: failed to resolve: use of undeclared crate or module `astro_run_test`
[INFO] [stdout]    --> tests/on.rs:190:3
[INFO] [stdout]     |
[INFO] [stdout] 190 | #[astro_run_test::test]
[INFO] [stdout]     |   ^^^^^^^^^^^^^^ use of undeclared crate or module `astro_run_test`
[INFO] [stdout] 
[INFO] [stdout] 
[INFO] [stdout] error[E0433]: failed to resolve: use of undeclared crate or module `astro_run_test`
[INFO] [stdout]    --> tests/test.rs:107:3
[INFO] [stdout]     |
[INFO] [stdout] 107 | #[astro_run_test::test]
[INFO] [stdout]     |   ^^^^^^^^^^^^^^ use of undeclared crate or module `astro_run_test`
[INFO] [stdout] 
[INFO] [stdout] 
[INFO] [stdout] error[E0433]: failed to resolve: use of undeclared crate or module `astro_run_test`
[INFO] [stdout]    --> tests/test.rs:139:3
[INFO] [stdout]     |
[INFO] [stdout] 139 | #[astro_run_test::test]
[INFO] [stdout]     |   ^^^^^^^^^^^^^^ use of undeclared crate or module `astro_run_test`
[INFO] [stdout] 
[INFO] [stdout] 
[INFO] [stdout] error[E0433]: failed to resolve: use of undeclared crate or module `astro_run_test`
[INFO] [stdout]    --> tests/test.rs:189:3
[INFO] [stdout]     |
[INFO] [stdout] 189 | #[astro_run_test::test]
[INFO] [stdout]     |   ^^^^^^^^^^^^^^ use of undeclared crate or module `astro_run_test`
[INFO] [stdout] 
[INFO] [stdout] 
[INFO] [stdout] error[E0433]: failed to resolve: use of undeclared crate or module `astro_run_test`
[INFO] [stdout]    --> tests/test.rs:232:3
[INFO] [stdout]     |
[INFO] [stdout] 232 | #[astro_run_test::test]
[INFO] [stdout]     |   ^^^^^^^^^^^^^^ use of undeclared crate or module `astro_run_test`
[INFO] [stdout] 
[INFO] [stdout] 
[INFO] [stdout] error[E0433]: failed to resolve: use of undeclared crate or module `astro_run_test`
[INFO] [stdout]    --> tests/test.rs:266:3
[INFO] [stdout]     |
[INFO] [stdout] 266 | #[astro_run_test::test]
[INFO] [stdout]     |   ^^^^^^^^^^^^^^ use of undeclared crate or module `astro_run_test`
[INFO] [stdout] 
[INFO] [stdout] 
[INFO] [stdout] error[E0433]: failed to resolve: use of undeclared crate or module `astro_run_test`
[INFO] [stdout]    --> tests/test.rs:318:3
[INFO] [stdout]     |
[INFO] [stdout] 318 | #[astro_run_test::test]
[INFO] [stdout]     |   ^^^^^^^^^^^^^^ use of undeclared crate or module `astro_run_test`
[INFO] [stdout] 
[INFO] [stdout] 
[INFO] [stdout] error[E0433]: failed to resolve: use of undeclared crate or module `astro_run_test`
[INFO] [stdout]    --> tests/test.rs:351:3
[INFO] [stdout]     |
[INFO] [stdout] 351 | #[astro_run_test::test]
[INFO] [stdout]     |   ^^^^^^^^^^^^^^ use of undeclared crate or module `astro_run_test`
[INFO] [stdout] 
[INFO] [stdout] 
[INFO] [stdout] error[E0433]: failed to resolve: use of undeclared crate or module `astro_run_test`
[INFO] [stdout]    --> tests/test.rs:387:3
[INFO] [stdout]     |
[INFO] [stdout] 387 | #[astro_run_test::test]
[INFO] [stdout]     |   ^^^^^^^^^^^^^^ use of undeclared crate or module `astro_run_test`
[INFO] [stdout] 
[INFO] [stdout] 
[INFO] [stdout] error[E0433]: failed to resolve: use of undeclared crate or module `astro_run_test`
[INFO] [stdout]    --> tests/test.rs:423:3
[INFO] [stdout]     |
[INFO] [stdout] 423 | #[astro_run_test::test]
[INFO] [stdout]     |   ^^^^^^^^^^^^^^ use of undeclared crate or module `astro_run_test`
[INFO] [stdout] 
[INFO] [stdout] 
[INFO] [stdout] error[E0433]: failed to resolve: use of undeclared crate or module `astro_run_test`
[INFO] [stdout]    --> tests/test.rs:467:3
[INFO] [stdout]     |
[INFO] [stdout] 467 | #[astro_run_test::test]
[INFO] [stdout]     |   ^^^^^^^^^^^^^^ use of undeclared crate or module `astro_run_test`
[INFO] [stdout] 
[INFO] [stdout] 
[INFO] [stdout] error[E0433]: failed to resolve: use of undeclared crate or module `astro_run_test`
[INFO] [stdout]    --> tests/test.rs:584:3
[INFO] [stdout]     |
[INFO] [stdout] 584 | #[astro_run_test::test]
[INFO] [stdout]     |   ^^^^^^^^^^^^^^ use of undeclared crate or module `astro_run_test`
[INFO] [stdout] 
[INFO] [stdout] 
[INFO] [stdout] error[E0433]: failed to resolve: use of undeclared crate or module `astro_run_test`
[INFO] [stdout]    --> tests/test.rs:612:3
[INFO] [stdout]     |
[INFO] [stdout] 612 | #[astro_run_test::test]
[INFO] [stdout]     |   ^^^^^^^^^^^^^^ use of undeclared crate or module `astro_run_test`
[INFO] [stdout] 
[INFO] [stdout] 
[INFO] [stdout] error[E0433]: failed to resolve: use of undeclared crate or module `astro_run_test`
[INFO] [stdout]   --> tests/signals.rs:36:3
[INFO] [stdout]    |
[INFO] [stdout] 36 | #[astro_run_test::test]
[INFO] [stdout]    |   ^^^^^^^^^^^^^^ use of undeclared crate or module `astro_run_test`
[INFO] [stdout] 
[INFO] [stdout] 
[INFO] [stdout] error[E0433]: failed to resolve: use of undeclared crate or module `astro_run_test`
[INFO] [stdout]   --> tests/signals.rs:64:3
[INFO] [stdout]    |
[INFO] [stdout] 64 | #[astro_run_test::test]
[INFO] [stdout]    |   ^^^^^^^^^^^^^^ use of undeclared crate or module `astro_run_test`
[INFO] [stdout] 
[INFO] [stdout] 
[INFO] [stdout] error[E0433]: failed to resolve: use of undeclared crate or module `astro_run_test`
[INFO] [stdout]   --> tests/signals.rs:97:3
[INFO] [stdout]    |
[INFO] [stdout] 97 | #[astro_run_test::test]
[INFO] [stdout]    |   ^^^^^^^^^^^^^^ use of undeclared crate or module `astro_run_test`
[INFO] [stdout] 
[INFO] [stdout] 
[INFO] [stdout] error[E0433]: failed to resolve: use of undeclared crate or module `astro_run_test`
[INFO] [stdout]    --> tests/signals.rs:139:3
[INFO] [stdout]     |
[INFO] [stdout] 139 | #[astro_run_test::test]
[INFO] [stdout]     |   ^^^^^^^^^^^^^^ use of undeclared crate or module `astro_run_test`
[INFO] [stdout] 
[INFO] [stdout] 
[INFO] [stdout] error[E0433]: failed to resolve: use of undeclared crate or module `astro_run_test`
[INFO] [stdout]    --> tests/signals.rs:181:3
[INFO] [stdout]     |
[INFO] [stdout] 181 | #[astro_run_test::test]
[INFO] [stdout]     |   ^^^^^^^^^^^^^^ use of undeclared crate or module `astro_run_test`
[INFO] [stdout] 
[INFO] [stdout] 
[INFO] [stdout] error: aborting due to 3 previous errors
[INFO] [stdout] 
[INFO] [stdout] 
[INFO] [stdout] For more information about this error, try `rustc --explain E0433`.
[INFO] [stdout] 
[INFO] [stderr] error: could not compile `astro-run` (test "on") due to 4 previous errors
[INFO] [stderr] warning: build failed, waiting for other jobs to finish...
[INFO] [stdout] error: aborting due to 5 previous errors
[INFO] [stdout] 
[INFO] [stdout] 
[INFO] [stdout] For more information about this error, try `rustc --explain E0433`.
[INFO] [stdout] 
[INFO] [stderr] error: could not compile `astro-run` (test "signals") due to 6 previous errors
[INFO] [stdout] error: aborting due to 12 previous errors
[INFO] [stdout] 
[INFO] [stdout] 
[INFO] [stdout] For more information about this error, try `rustc --explain E0433`.
[INFO] [stdout] 
[INFO] [stderr] error: could not compile `astro-run` (test "test") due to 13 previous errors
[INFO] [stdout] error[E0433]: failed to resolve: use of undeclared crate or module `astro_run_test`
[INFO] [stdout]    --> src/execution_context/condition_matcher.rs:178:5
[INFO] [stdout]     |
[INFO] [stdout] 178 |   #[astro_run_test::test]
[INFO] [stdout]     |     ^^^^^^^^^^^^^^ use of undeclared crate or module `astro_run_test`
[INFO] [stdout] 
[INFO] [stdout] 
[INFO] [stdout] error[E0433]: failed to resolve: use of undeclared crate or module `astro_run_test`
[INFO] [stdout]    --> src/execution_context/condition_matcher.rs:196:5
[INFO] [stdout]     |
[INFO] [stdout] 196 |   #[astro_run_test::test]
[INFO] [stdout]     |     ^^^^^^^^^^^^^^ use of undeclared crate or module `astro_run_test`
[INFO] [stdout] 
[INFO] [stdout] 
[INFO] [stdout] error[E0433]: failed to resolve: use of undeclared crate or module `astro_run_test`
[INFO] [stdout]    --> src/execution_context/condition_matcher.rs:222:5
[INFO] [stdout]     |
[INFO] [stdout] 222 |   #[astro_run_test::test]
[INFO] [stdout]     |     ^^^^^^^^^^^^^^ use of undeclared crate or module `astro_run_test`
[INFO] [stdout] 
[INFO] [stdout] 
[INFO] [stdout] error[E0433]: failed to resolve: use of undeclared crate or module `astro_run_test`
[INFO] [stdout]    --> src/execution_context/condition_matcher.rs:244:5
[INFO] [stdout]     |
[INFO] [stdout] 244 |   #[astro_run_test::test]
[INFO] [stdout]     |     ^^^^^^^^^^^^^^ use of undeclared crate or module `astro_run_test`
[INFO] [stdout] 
[INFO] [stdout] 
[INFO] [stdout] error[E0433]: failed to resolve: use of undeclared crate or module `astro_run_test`
[INFO] [stdout]    --> src/signal.rs:147:5
[INFO] [stdout]     |
[INFO] [stdout] 147 |   #[astro_run_test::test]
[INFO] [stdout]     |     ^^^^^^^^^^^^^^ use of undeclared crate or module `astro_run_test`
[INFO] [stdout] 
[INFO] [stdout] 
[INFO] [stdout] error[E0433]: failed to resolve: use of undeclared crate or module `astro_run_test`
[INFO] [stdout]    --> src/signal.rs:168:5
[INFO] [stdout]     |
[INFO] [stdout] 168 |   #[astro_run_test::test]
[INFO] [stdout]     |     ^^^^^^^^^^^^^^ use of undeclared crate or module `astro_run_test`
[INFO] [stdout] 
[INFO] [stdout] 
[INFO] [stdout] error[E0433]: failed to resolve: use of undeclared crate or module `astro_run_test`
[INFO] [stdout]    --> src/signal.rs:189:5
[INFO] [stdout]     |
[INFO] [stdout] 189 |   #[astro_run_test::test]
[INFO] [stdout]     |     ^^^^^^^^^^^^^^ use of undeclared crate or module `astro_run_test`
[INFO] [stdout] 
[INFO] [stdout] 
[INFO] [stdout] error[E0433]: failed to resolve: use of undeclared crate or module `astro_run_test`
[INFO] [stdout]    --> src/signal.rs:195:5
[INFO] [stdout]     |
[INFO] [stdout] 195 |   #[astro_run_test::test]
[INFO] [stdout]     |     ^^^^^^^^^^^^^^ use of undeclared crate or module `astro_run_test`
[INFO] [stdout] 
[INFO] [stdout] 
[INFO] [stdout] error[E0433]: failed to resolve: use of undeclared crate or module `astro_run_test`
[INFO] [stdout]    --> src/signal.rs:201:5
[INFO] [stdout]     |
[INFO] [stdout] 201 |   #[astro_run_test::test]
[INFO] [stdout]     |     ^^^^^^^^^^^^^^ use of undeclared crate or module `astro_run_test`
[INFO] [stdout] 
[INFO] [stdout] 
[INFO] [stdout] error: aborting due to 9 previous errors
[INFO] [stdout] 
[INFO] [stdout] 
[INFO] [stdout] For more information about this error, try `rustc --explain E0433`.
[INFO] [stdout] 
[INFO] [stderr] error: could not compile `astro-run` (lib test) due to 10 previous errors
[INFO] running `Command { std: "docker" "inspect" "58886ef1da03bf45ab6078a8b2fcfd94df98e5304569ceff89a8782d5f8bf91d", kill_on_drop: false }`
[INFO] running `Command { std: "docker" "rm" "-f" "58886ef1da03bf45ab6078a8b2fcfd94df98e5304569ceff89a8782d5f8bf91d", kill_on_drop: false }`
[INFO] [stdout] 58886ef1da03bf45ab6078a8b2fcfd94df98e5304569ceff89a8782d5f8bf91d
