[INFO] fetching crate astro-run-remote-runner 0.1.4...
[INFO] testing astro-run-remote-runner-0.1.4 against 1.75.0 for beta-1.76-1
[INFO] extracting crate astro-run-remote-runner 0.1.4 into /workspace/builds/worker-6-tc1/source
[INFO] validating manifest of crates.io crate astro-run-remote-runner 0.1.4 on toolchain 1.75.0
[INFO] running `Command { std: CARGO_HOME="/workspace/cargo-home" RUSTUP_HOME="/workspace/rustup-home" "/workspace/cargo-home/bin/cargo" "+1.75.0" "metadata" "--manifest-path" "Cargo.toml" "--no-deps", kill_on_drop: false }`
[INFO] started tweaking crates.io crate astro-run-remote-runner 0.1.4
[INFO] finished tweaking crates.io crate astro-run-remote-runner 0.1.4
[INFO] tweaked toml for crates.io crate astro-run-remote-runner 0.1.4 written to /workspace/builds/worker-6-tc1/source/Cargo.toml
[INFO] crate crates.io crate astro-run-remote-runner 0.1.4 already has a lockfile, it will not be regenerated
[INFO] running `Command { std: CARGO_HOME="/workspace/cargo-home" RUSTUP_HOME="/workspace/rustup-home" "/workspace/cargo-home/bin/cargo" "+1.75.0" "fetch" "--manifest-path" "Cargo.toml", kill_on_drop: false }`
[INFO] [stderr]     Updating crates.io index
[INFO] [stderr]     Blocking waiting for file lock on package cache
[INFO] [stderr]  Downloading crates ...
[INFO] [stderr]   Downloaded tempfile v3.8.0
[INFO] [stderr]   Downloaded hermit-abi v0.3.2
[INFO] [stderr]   Downloaded serde_yaml v0.9.25
[INFO] [stderr]   Downloaded syn v2.0.31
[INFO] [stderr]   Downloaded thiserror-impl v1.0.48
[INFO] [stderr]   Downloaded simple_asn1 v0.6.2
[INFO] [stderr]   Downloaded base64 v0.21.3
[INFO] [stderr]   Downloaded tonic-build v0.9.2
[INFO] [stderr]   Downloaded jsonwebtoken v8.3.0
[INFO] [stderr]   Downloaded regex v1.9.5
[INFO] [stderr]   Downloaded chrono v0.4.30
[INFO] [stderr]   Downloaded uuid v1.4.1
[INFO] [stderr]   Downloaded async-trait v0.1.73
[INFO] [stderr]   Downloaded matchit v0.7.2
[INFO] [stderr]   Downloaded unicode-ident v1.0.11
[INFO] [stderr]   Downloaded multimap v0.8.3
[INFO] [stderr]   Downloaded prost-build v0.11.9
[INFO] [stderr]   Downloaded openssl v0.10.57
[INFO] [stderr]   Downloaded openssl-sys v0.9.93
[INFO] [stderr]   Downloaded prettyplease v0.1.25
[INFO] [stderr]   Downloaded fastrand v2.0.0
[INFO] [stderr]   Downloaded time v0.3.28
[INFO] [stderr]   Downloaded errno v0.3.3
[INFO] [stderr]   Downloaded aho-corasick v1.0.5
[INFO] [stderr]   Downloaded linux-raw-sys v0.4.5
[INFO] [stderr]   Downloaded rustix v0.38.11
[INFO] [stderr]   Downloaded astro-run-protocol v0.1.4
[INFO] [stderr]   Downloaded octocrate-infra v0.1.1
[INFO] [stderr]   Downloaded regex-automata v0.3.8
[INFO] [stderr]   Downloaded octocrate-api-builder v0.1.1
[INFO] [stderr]   Downloaded memchr v2.6.3
[INFO] [stderr]   Downloaded reqwest v0.11.20
[INFO] [stderr]   Downloaded serde_json v1.0.105
[INFO] [stderr]   Downloaded astro-run v0.1.3
[INFO] [stderr]   Downloaded time-macros v0.2.14
[INFO] [stderr]   Downloaded unsafe-libyaml v0.2.9
[INFO] [stderr]   Downloaded octocrate v0.1.5
[INFO] [stderr]   Downloaded num-traits v0.2.16
[INFO] [stderr]   Downloaded thiserror v1.0.48
[INFO] [stderr]   Downloaded proc-macro2 v1.0.66
[INFO] [stderr]   Downloaded astro-run-scheduler v0.1.2
[INFO] [stderr]   Downloaded smallvec v1.11.0
[INFO] running `Command { std: "docker" "create" "-v" "/var/lib/crater-agent-workspace/builds/worker-6-tc1/target:/opt/rustwide/target:rw,Z" "-v" "/var/lib/crater-agent-workspace/builds/worker-6-tc1/source:/opt/rustwide/workdir:ro,Z" "-v" "/var/lib/crater-agent-workspace/cargo-home:/opt/rustwide/cargo-home:ro,Z" "-v" "/var/lib/crater-agent-workspace/rustup-home:/opt/rustwide/rustup-home:ro,Z" "-e" "SOURCE_DIR=/opt/rustwide/workdir" "-e" "CARGO_TARGET_DIR=/opt/rustwide/target" "-e" "CARGO_HOME=/opt/rustwide/cargo-home" "-e" "RUSTUP_HOME=/opt/rustwide/rustup-home" "-w" "/opt/rustwide/workdir" "-m" "1610612736" "--user" "0:0" "--network" "none" "ghcr.io/rust-lang/crates-build-env/linux@sha256:2788e3201cd34a07e3172128adcd8b3090168a8e3bcc40d7c032b9dda1df7d1c" "/opt/rustwide/cargo-home/bin/cargo" "+1.75.0" "metadata" "--no-deps" "--format-version=1", kill_on_drop: false }`
[INFO] [stdout] 4ccc620bfff8ef9a2fa312c1262a0fc58e6e0ef260e6ba476ca5ba0bfdb0108b
[INFO] running `Command { std: "docker" "start" "-a" "4ccc620bfff8ef9a2fa312c1262a0fc58e6e0ef260e6ba476ca5ba0bfdb0108b", kill_on_drop: false }`
[INFO] running `Command { std: "docker" "inspect" "4ccc620bfff8ef9a2fa312c1262a0fc58e6e0ef260e6ba476ca5ba0bfdb0108b", kill_on_drop: false }`
[INFO] running `Command { std: "docker" "rm" "-f" "4ccc620bfff8ef9a2fa312c1262a0fc58e6e0ef260e6ba476ca5ba0bfdb0108b", kill_on_drop: false }`
[INFO] [stdout] 4ccc620bfff8ef9a2fa312c1262a0fc58e6e0ef260e6ba476ca5ba0bfdb0108b
[INFO] running `Command { std: "docker" "create" "-v" "/var/lib/crater-agent-workspace/builds/worker-6-tc1/target:/opt/rustwide/target:rw,Z" "-v" "/var/lib/crater-agent-workspace/builds/worker-6-tc1/source:/opt/rustwide/workdir:ro,Z" "-v" "/var/lib/crater-agent-workspace/cargo-home:/opt/rustwide/cargo-home:ro,Z" "-v" "/var/lib/crater-agent-workspace/rustup-home:/opt/rustwide/rustup-home:ro,Z" "-e" "SOURCE_DIR=/opt/rustwide/workdir" "-e" "CARGO_TARGET_DIR=/opt/rustwide/target" "-e" "CARGO_INCREMENTAL=0" "-e" "RUST_BACKTRACE=full" "-e" "RUSTFLAGS=--cap-lints=warn" "-e" "RUSTDOCFLAGS=--cap-lints=warn" "-e" "CARGO_HOME=/opt/rustwide/cargo-home" "-e" "RUSTUP_HOME=/opt/rustwide/rustup-home" "-w" "/opt/rustwide/workdir" "-m" "1610612736" "--user" "0:0" "--network" "none" "ghcr.io/rust-lang/crates-build-env/linux@sha256:2788e3201cd34a07e3172128adcd8b3090168a8e3bcc40d7c032b9dda1df7d1c" "/opt/rustwide/cargo-home/bin/cargo" "+1.75.0" "build" "--frozen" "--message-format=json", kill_on_drop: false }`
[INFO] [stdout] 91d24597e40f4cddcf319e45879f09cc47700518bbadf81da19782476e64b0a0
[INFO] running `Command { std: "docker" "start" "-a" "91d24597e40f4cddcf319e45879f09cc47700518bbadf81da19782476e64b0a0", kill_on_drop: false }`
[INFO] [stderr]    Compiling proc-macro2 v1.0.66
[INFO] [stderr]    Compiling unicode-ident v1.0.11
[INFO] [stderr]    Compiling libc v0.2.147
[INFO] [stderr]    Compiling once_cell v1.18.0
[INFO] [stderr]    Compiling futures-core v0.3.28
[INFO] [stderr]    Compiling futures-task v0.3.28
[INFO] [stderr]    Compiling serde v1.0.188
[INFO] [stderr]    Compiling futures-util v0.3.28
[INFO] [stderr]    Compiling pkg-config v0.3.27
[INFO] [stderr]    Compiling http v0.2.9
[INFO] [stderr]    Compiling futures-sink v0.3.28
[INFO] [stderr]    Compiling either v1.9.0
[INFO] [stderr]    Compiling anyhow v1.0.75
[INFO] [stderr]    Compiling futures-channel v0.3.28
[INFO] [stderr]    Compiling num-traits v0.2.16
[INFO] [stderr]    Compiling try-lock v0.2.4
[INFO] [stderr]    Compiling percent-encoding v2.3.0
[INFO] [stderr]    Compiling itertools v0.10.5
[INFO] [stderr]    Compiling want v0.3.1
[INFO] [stderr]    Compiling tracing-core v0.1.31
[INFO] [stderr]    Compiling openssl v0.10.57
[INFO] [stderr]    Compiling hashbrown v0.14.0
[INFO] [stderr]    Compiling bitflags v2.4.0
[INFO] [stderr]    Compiling thiserror v1.0.48
[INFO] [stderr]    Compiling rustix v0.38.11
[INFO] [stderr]    Compiling serde_json v1.0.105
[INFO] [stderr]    Compiling time-macros v0.2.14
[INFO] [stderr]    Compiling http-body v0.4.5
[INFO] [stderr]    Compiling num-bigint v0.4.4
[INFO] [stderr]    Compiling form_urlencoded v1.2.0
[INFO] [stderr]    Compiling async-trait v0.1.73
[INFO] [stderr]    Compiling unicode-bidi v0.3.13
[INFO] [stderr]    Compiling quote v1.0.33
[INFO] [stderr]    Compiling base64 v0.21.3
[INFO] [stderr]    Compiling indexmap v2.0.0
[INFO] [stderr]    Compiling cc v1.0.83
[INFO] [stderr]    Compiling deranged v0.3.8
[INFO] [stderr]    Compiling socket2 v0.5.3
[INFO] [stderr]    Compiling mio v0.8.8
[INFO] [stderr]    Compiling syn v2.0.31
[INFO] [stderr]    Compiling signal-hook-registry v1.4.1
[INFO] [stderr]    Compiling num_cpus v1.16.0
[INFO] [stderr]    Compiling syn v1.0.109
[INFO] [stderr]    Compiling socket2 v0.4.9
[INFO] [stderr]    Compiling getrandom v0.2.10
[INFO] [stderr]    Compiling linux-raw-sys v0.4.5
[INFO] [stderr]    Compiling idna v0.4.0
[INFO] [stderr]    Compiling base64 v0.13.1
[INFO] [stderr]    Compiling bytes v1.5.0
[INFO] [stderr]    Compiling prettyplease v0.1.25
[INFO] [stderr]    Compiling num-integer v0.1.45
[INFO] [stderr]    Compiling regex-syntax v0.7.5
[INFO] [stderr]    Compiling rand_core v0.6.4
[INFO] [stderr]    Compiling pem v1.1.1
[INFO] [stderr]    Compiling lock_api v0.4.10
[INFO] [stderr]    Compiling url v2.4.1
[INFO] [stderr]    Compiling ipnet v2.8.0
[INFO] [stderr]    Compiling parking_lot_core v0.9.8
[INFO] [stderr]    Compiling fixedbitset v0.4.2
[INFO] [stderr]    Compiling fastrand v2.0.0
[INFO] [stderr]    Compiling home v0.5.5
[INFO] [stderr]    Compiling petgraph v0.6.4
[INFO] [stderr]    Compiling rand_chacha v0.3.1
[INFO] [stderr]    Compiling axum-core v0.3.4
[INFO] [stderr]    Compiling lazy_static v1.4.0
[INFO] [stderr]    Compiling tower-layer v0.3.2
[INFO] [stderr]    Compiling time v0.3.28
[INFO] [stderr]    Compiling multimap v0.8.3
[INFO] [stderr]    Compiling openssl-sys v0.9.93
[INFO] [stderr]    Compiling ring v0.16.20
[INFO] [stderr]    Compiling smallvec v1.11.0
[INFO] [stderr]    Compiling iana-time-zone v0.1.57
[INFO] [stderr]    Compiling rand v0.8.5
[INFO] [stderr]    Compiling axum v0.6.20
[INFO] [stderr]    Compiling unsafe-libyaml v0.2.9
[INFO] [stderr]    Compiling parking_lot v0.12.1
[INFO] [stderr]    Compiling humantime v2.1.0
[INFO] [stderr]    Compiling sync_wrapper v0.1.2
[INFO] [stderr]    Compiling glob v0.3.1
[INFO] [stderr]    Compiling matchit v0.7.2
[INFO] [stderr]    Compiling native-tls v0.2.11
[INFO] [stderr]    Compiling memchr v2.6.3
[INFO] [stderr]    Compiling regex-automata v0.3.8
[INFO] [stderr]    Compiling which v4.4.2
[INFO] [stderr]    Compiling tempfile v3.8.0
[INFO] [stderr]    Compiling regex v1.9.5
[INFO] [stderr]    Compiling prost-derive v0.11.9
[INFO] [stderr]    Compiling octocrate-api-builder v0.1.1
[INFO] [stderr]    Compiling tokio-macros v2.1.0
[INFO] [stderr]    Compiling tracing-attributes v0.1.26
[INFO] [stderr]    Compiling serde_derive v1.0.188
[INFO] [stderr]    Compiling openssl-macros v0.1.1
[INFO] [stderr]    Compiling thiserror-impl v1.0.48
[INFO] [stderr]    Compiling pin-project-internal v1.1.3
[INFO] [stderr]    Compiling tokio v1.32.0
[INFO] [stderr]    Compiling simple_asn1 v0.6.2
[INFO] [stderr]    Compiling pin-project v1.1.3
[INFO] [stderr]    Compiling prost v0.11.9
[INFO] [stderr]    Compiling tracing v0.1.37
[INFO] [stderr]    Compiling prost-types v0.11.9
[INFO] [stderr]    Compiling prost-build v0.11.9
[INFO] [stderr]    Compiling tonic-build v0.9.2
[INFO] [stderr]    Compiling astro-run-protocol v0.1.4
[INFO] [stderr]    Compiling tokio-util v0.7.8
[INFO] [stderr]    Compiling tokio-native-tls v0.3.1
[INFO] [stderr]    Compiling tokio-stream v0.1.14
[INFO] [stderr]    Compiling tokio-io-timeout v1.2.0
[INFO] [stderr]    Compiling serde_urlencoded v0.7.1
[INFO] [stderr]    Compiling chrono v0.4.30
[INFO] [stderr]    Compiling serde_yaml v0.9.25
[INFO] [stderr]    Compiling uuid v1.4.1
[INFO] [stderr]    Compiling h2 v0.3.21
[INFO] [stderr]    Compiling tower v0.4.13
[INFO] [stderr]    Compiling jsonwebtoken v8.3.0
[INFO] [stderr]    Compiling hyper v0.14.27
[INFO] [stderr]    Compiling hyper-tls v0.5.0
[INFO] [stderr]    Compiling hyper-timeout v0.4.1
[INFO] [stderr]    Compiling reqwest v0.11.20
[INFO] [stderr]    Compiling octocrate-infra v0.1.1
[INFO] [stderr]    Compiling octocrate v0.1.5
[INFO] [stderr]    Compiling tonic v0.9.2
[INFO] [stderr]    Compiling astro-run v0.1.3
[INFO] [stderr]    Compiling astro-run-scheduler v0.1.2
[INFO] [stderr]    Compiling astro-run-remote-runner v0.1.4 (/opt/rustwide/workdir)
[INFO] [stderr]     Finished dev [unoptimized + debuginfo] target(s) in 29.33s
[INFO] running `Command { std: "docker" "inspect" "91d24597e40f4cddcf319e45879f09cc47700518bbadf81da19782476e64b0a0", kill_on_drop: false }`
[INFO] running `Command { std: "docker" "rm" "-f" "91d24597e40f4cddcf319e45879f09cc47700518bbadf81da19782476e64b0a0", kill_on_drop: false }`
[INFO] [stdout] 91d24597e40f4cddcf319e45879f09cc47700518bbadf81da19782476e64b0a0
[INFO] running `Command { std: "docker" "create" "-v" "/var/lib/crater-agent-workspace/builds/worker-6-tc1/target:/opt/rustwide/target:rw,Z" "-v" "/var/lib/crater-agent-workspace/builds/worker-6-tc1/source:/opt/rustwide/workdir:ro,Z" "-v" "/var/lib/crater-agent-workspace/cargo-home:/opt/rustwide/cargo-home:ro,Z" "-v" "/var/lib/crater-agent-workspace/rustup-home:/opt/rustwide/rustup-home:ro,Z" "-e" "SOURCE_DIR=/opt/rustwide/workdir" "-e" "CARGO_TARGET_DIR=/opt/rustwide/target" "-e" "CARGO_INCREMENTAL=0" "-e" "RUST_BACKTRACE=full" "-e" "RUSTFLAGS=--cap-lints=warn" "-e" "RUSTDOCFLAGS=--cap-lints=warn" "-e" "CARGO_HOME=/opt/rustwide/cargo-home" "-e" "RUSTUP_HOME=/opt/rustwide/rustup-home" "-w" "/opt/rustwide/workdir" "-m" "1610612736" "--user" "0:0" "--network" "none" "ghcr.io/rust-lang/crates-build-env/linux@sha256:2788e3201cd34a07e3172128adcd8b3090168a8e3bcc40d7c032b9dda1df7d1c" "/opt/rustwide/cargo-home/bin/cargo" "+1.75.0" "test" "--frozen" "--no-run" "--message-format=json", kill_on_drop: false }`
[INFO] [stdout] 64a64118fdab151142a51bad1ee25c69085174cdcb66099e4bb8c697d5681f6f
[INFO] running `Command { std: "docker" "start" "-a" "64a64118fdab151142a51bad1ee25c69085174cdcb66099e4bb8c697d5681f6f", kill_on_drop: false }`
[INFO] [stderr]    Compiling astro-run-remote-runner v0.1.4 (/opt/rustwide/workdir)
[INFO] [stdout] error[E0433]: failed to resolve: use of undeclared crate or module `astro_run_test`
[INFO] [stdout]    --> tests/protocol.rs:107:3
[INFO] [stdout]     |
[INFO] [stdout] 107 | #[astro_run_test::test]
[INFO] [stdout]     |   ^^^^^^^^^^^^^^ use of undeclared crate or module `astro_run_test`
[INFO] [stdout] 
[INFO] [stdout] 
[INFO] [stdout] error[E0433]: failed to resolve: use of undeclared crate or module `astro_run_test`
[INFO] [stdout]   --> tests/test.rs:42:3
[INFO] [stdout]    |
[INFO] [stdout] 42 | #[astro_run_test::test]
[INFO] [stdout]    |   ^^^^^^^^^^^^^^ use of undeclared crate or module `astro_run_test`
[INFO] [stdout] 
[INFO] [stdout] 
[INFO] [stdout] error[E0433]: failed to resolve: use of undeclared crate or module `astro_run_test`
[INFO] [stdout]    --> tests/test.rs:150:3
[INFO] [stdout]     |
[INFO] [stdout] 150 | #[astro_run_test::test]
[INFO] [stdout]     |   ^^^^^^^^^^^^^^ use of undeclared crate or module `astro_run_test`
[INFO] [stdout] 
[INFO] [stdout] 
[INFO] [stdout] error[E0433]: failed to resolve: use of undeclared crate or module `astro_run_test`
[INFO] [stdout]   --> tests/signals.rs:40:3
[INFO] [stdout]    |
[INFO] [stdout] 40 | #[astro_run_test::test]
[INFO] [stdout]    |   ^^^^^^^^^^^^^^ use of undeclared crate or module `astro_run_test`
[INFO] [stdout] 
[INFO] [stdout] 
[INFO] [stdout] error[E0433]: failed to resolve: use of undeclared crate or module `astro_run_test`
[INFO] [stdout]    --> tests/test.rs:178:3
[INFO] [stdout]     |
[INFO] [stdout] 178 | #[astro_run_test::test]
[INFO] [stdout]     |   ^^^^^^^^^^^^^^ use of undeclared crate or module `astro_run_test`
[INFO] [stdout] 
[INFO] [stdout] 
[INFO] [stdout] error[E0433]: failed to resolve: use of undeclared crate or module `astro_run_test`
[INFO] [stdout]    --> tests/signals.rs:123:3
[INFO] [stdout]     |
[INFO] [stdout] 123 | #[astro_run_test::test]
[INFO] [stdout]     |   ^^^^^^^^^^^^^^ use of undeclared crate or module `astro_run_test`
[INFO] [stdout] 
[INFO] [stdout] 
[INFO] [stdout] error[E0433]: failed to resolve: use of undeclared crate or module `astro_run_test`
[INFO] [stdout]    --> tests/signals.rs:211:3
[INFO] [stdout]     |
[INFO] [stdout] 211 | #[astro_run_test::test]
[INFO] [stdout]     |   ^^^^^^^^^^^^^^ use of undeclared crate or module `astro_run_test`
[INFO] [stdout] 
[INFO] [stdout] 
[INFO] [stdout] error[E0433]: failed to resolve: use of undeclared crate or module `astro_run_logger`
[INFO] [stdout]   --> examples/custom-scheduler.rs:26:3
[INFO] [stdout]    |
[INFO] [stdout] 26 |   astro_run_logger::init_logger();
[INFO] [stdout]    |   ^^^^^^^^^^^^^^^^ use of undeclared crate or module `astro_run_logger`
[INFO] [stdout] 
[INFO] [stdout] 
[INFO] [stdout] error: aborting due to previous error
[INFO] [stdout] 
[INFO] [stdout] 
[INFO] [stdout] For more information about this error, try `rustc --explain E0433`.
[INFO] [stdout] 
[INFO] [stderr] error: could not compile `astro-run-remote-runner` (example "custom-scheduler") due to 2 previous errors
[INFO] [stderr] warning: build failed, waiting for other jobs to finish...
[INFO] [stdout] error: aborting due to previous error
[INFO] [stdout] 
[INFO] [stdout] 
[INFO] [stdout] For more information about this error, try `rustc --explain E0433`.
[INFO] [stdout] 
[INFO] [stdout] error: aborting due to 3 previous errors
[INFO] [stdout] 
[INFO] [stdout] 
[INFO] [stdout] For more information about this error, try `rustc --explain E0433`.
[INFO] [stdout] 
[INFO] [stderr] error: could not compile `astro-run-remote-runner` (test "protocol") due to 2 previous errors
[INFO] [stderr] error: could not compile `astro-run-remote-runner` (test "test") due to 4 previous errors
[INFO] [stdout] error: aborting due to 3 previous errors
[INFO] [stdout] 
[INFO] [stdout] 
[INFO] [stdout] For more information about this error, try `rustc --explain E0433`.
[INFO] [stdout] 
[INFO] [stderr] error: could not compile `astro-run-remote-runner` (test "signals") due to 4 previous errors
[INFO] running `Command { std: "docker" "inspect" "64a64118fdab151142a51bad1ee25c69085174cdcb66099e4bb8c697d5681f6f", kill_on_drop: false }`
[INFO] running `Command { std: "docker" "rm" "-f" "64a64118fdab151142a51bad1ee25c69085174cdcb66099e4bb8c697d5681f6f", kill_on_drop: false }`
[INFO] [stdout] 64a64118fdab151142a51bad1ee25c69085174cdcb66099e4bb8c697d5681f6f
[INFO] testing astro-run-remote-runner-0.1.4 against beta-2023-12-22 for beta-1.76-1
[INFO] extracting crate astro-run-remote-runner 0.1.4 into /workspace/builds/worker-6-tc2/source
[INFO] validating manifest of crates.io crate astro-run-remote-runner 0.1.4 on toolchain beta-2023-12-22
[INFO] running `Command { std: CARGO_HOME="/workspace/cargo-home" RUSTUP_HOME="/workspace/rustup-home" "/workspace/cargo-home/bin/cargo" "+beta-2023-12-22" "metadata" "--manifest-path" "Cargo.toml" "--no-deps", kill_on_drop: false }`
[INFO] started tweaking crates.io crate astro-run-remote-runner 0.1.4
[INFO] finished tweaking crates.io crate astro-run-remote-runner 0.1.4
[INFO] tweaked toml for crates.io crate astro-run-remote-runner 0.1.4 written to /workspace/builds/worker-6-tc2/source/Cargo.toml
[INFO] crate crates.io crate astro-run-remote-runner 0.1.4 already has a lockfile, it will not be regenerated
[INFO] running `Command { std: CARGO_HOME="/workspace/cargo-home" RUSTUP_HOME="/workspace/rustup-home" "/workspace/cargo-home/bin/cargo" "+beta-2023-12-22" "fetch" "--manifest-path" "Cargo.toml", kill_on_drop: false }`
[INFO] [stderr]     Blocking waiting for file lock on package cache
[INFO] running `Command { std: "docker" "create" "-v" "/var/lib/crater-agent-workspace/builds/worker-6-tc2/target:/opt/rustwide/target:rw,Z" "-v" "/var/lib/crater-agent-workspace/builds/worker-6-tc2/source:/opt/rustwide/workdir:ro,Z" "-v" "/var/lib/crater-agent-workspace/cargo-home:/opt/rustwide/cargo-home:ro,Z" "-v" "/var/lib/crater-agent-workspace/rustup-home:/opt/rustwide/rustup-home:ro,Z" "-e" "SOURCE_DIR=/opt/rustwide/workdir" "-e" "CARGO_TARGET_DIR=/opt/rustwide/target" "-e" "CARGO_HOME=/opt/rustwide/cargo-home" "-e" "RUSTUP_HOME=/opt/rustwide/rustup-home" "-w" "/opt/rustwide/workdir" "-m" "1610612736" "--user" "0:0" "--network" "none" "ghcr.io/rust-lang/crates-build-env/linux@sha256:2788e3201cd34a07e3172128adcd8b3090168a8e3bcc40d7c032b9dda1df7d1c" "/opt/rustwide/cargo-home/bin/cargo" "+beta-2023-12-22" "metadata" "--no-deps" "--format-version=1", kill_on_drop: false }`
[INFO] [stdout] 71365f050ae747d9b7374f4b18329a23226f48502cb9807aeab94f2e140af0fe
[INFO] running `Command { std: "docker" "start" "-a" "71365f050ae747d9b7374f4b18329a23226f48502cb9807aeab94f2e140af0fe", kill_on_drop: false }`
[INFO] running `Command { std: "docker" "inspect" "71365f050ae747d9b7374f4b18329a23226f48502cb9807aeab94f2e140af0fe", kill_on_drop: false }`
[INFO] running `Command { std: "docker" "rm" "-f" "71365f050ae747d9b7374f4b18329a23226f48502cb9807aeab94f2e140af0fe", kill_on_drop: false }`
[INFO] [stdout] 71365f050ae747d9b7374f4b18329a23226f48502cb9807aeab94f2e140af0fe
[INFO] running `Command { std: "docker" "create" "-v" "/var/lib/crater-agent-workspace/builds/worker-6-tc2/target:/opt/rustwide/target:rw,Z" "-v" "/var/lib/crater-agent-workspace/builds/worker-6-tc2/source:/opt/rustwide/workdir:ro,Z" "-v" "/var/lib/crater-agent-workspace/cargo-home:/opt/rustwide/cargo-home:ro,Z" "-v" "/var/lib/crater-agent-workspace/rustup-home:/opt/rustwide/rustup-home:ro,Z" "-e" "SOURCE_DIR=/opt/rustwide/workdir" "-e" "CARGO_TARGET_DIR=/opt/rustwide/target" "-e" "CARGO_INCREMENTAL=0" "-e" "RUST_BACKTRACE=full" "-e" "RUSTFLAGS=--cap-lints=warn" "-e" "RUSTDOCFLAGS=--cap-lints=warn" "-e" "CARGO_HOME=/opt/rustwide/cargo-home" "-e" "RUSTUP_HOME=/opt/rustwide/rustup-home" "-w" "/opt/rustwide/workdir" "-m" "1610612736" "--user" "0:0" "--network" "none" "ghcr.io/rust-lang/crates-build-env/linux@sha256:2788e3201cd34a07e3172128adcd8b3090168a8e3bcc40d7c032b9dda1df7d1c" "/opt/rustwide/cargo-home/bin/cargo" "+beta-2023-12-22" "build" "--frozen" "--message-format=json", kill_on_drop: false }`
[INFO] [stdout] cf8e384bae58468ce25f6657078473bb5176b23f05bc2c2445214f6bc170df5a
[INFO] running `Command { std: "docker" "start" "-a" "cf8e384bae58468ce25f6657078473bb5176b23f05bc2c2445214f6bc170df5a", kill_on_drop: false }`
[INFO] [stderr]    Compiling proc-macro2 v1.0.66
[INFO] [stderr]    Compiling unicode-ident v1.0.11
[INFO] [stderr]    Compiling libc v0.2.147
[INFO] [stderr]    Compiling once_cell v1.18.0
[INFO] [stderr]    Compiling futures-core v0.3.28
[INFO] [stderr]    Compiling futures-task v0.3.28
[INFO] [stderr]    Compiling serde v1.0.188
[INFO] [stderr]    Compiling futures-util v0.3.28
[INFO] [stderr]    Compiling pkg-config v0.3.27
[INFO] [stderr]    Compiling http v0.2.9
[INFO] [stderr]    Compiling futures-sink v0.3.28
[INFO] [stderr]    Compiling anyhow v1.0.75
[INFO] [stderr]    Compiling futures-channel v0.3.28
[INFO] [stderr]    Compiling either v1.9.0
[INFO] [stderr]    Compiling num-traits v0.2.16
[INFO] [stderr]    Compiling try-lock v0.2.4
[INFO] [stderr]    Compiling percent-encoding v2.3.0
[INFO] [stderr]    Compiling tracing-core v0.1.31
[INFO] [stderr]    Compiling itertools v0.10.5
[INFO] [stderr]    Compiling want v0.3.1
[INFO] [stderr]    Compiling openssl v0.10.57
[INFO] [stderr]    Compiling hashbrown v0.14.0
[INFO] [stderr]    Compiling bitflags v2.4.0
[INFO] [stderr]    Compiling thiserror v1.0.48
[INFO] [stderr]    Compiling serde_json v1.0.105
[INFO] [stderr]    Compiling rustix v0.38.11
[INFO] [stderr]    Compiling time-macros v0.2.14
[INFO] [stderr]    Compiling num-bigint v0.4.4
[INFO] [stderr]    Compiling form_urlencoded v1.2.0
[INFO] [stderr]    Compiling async-trait v0.1.73
[INFO] [stderr]    Compiling linux-raw-sys v0.4.5
[INFO] [stderr]    Compiling http-body v0.4.5
[INFO] [stderr]    Compiling quote v1.0.33
[INFO] [stderr]    Compiling indexmap v2.0.0
[INFO] [stderr]    Compiling cc v1.0.83
[INFO] [stderr]    Compiling syn v2.0.31
[INFO] [stderr]    Compiling syn v1.0.109
[INFO] [stderr]    Compiling mio v0.8.8
[INFO] [stderr]    Compiling socket2 v0.5.3
[INFO] [stderr]    Compiling num_cpus v1.16.0
[INFO] [stderr]    Compiling signal-hook-registry v1.4.1
[INFO] [stderr]    Compiling socket2 v0.4.9
[INFO] [stderr]    Compiling getrandom v0.2.10
[INFO] [stderr]    Compiling deranged v0.3.8
[INFO] [stderr]    Compiling base64 v0.21.3
[INFO] [stderr]    Compiling unicode-bidi v0.3.13
[INFO] [stderr]    Compiling bytes v1.5.0
[INFO] [stderr]    Compiling num-integer v0.1.45
[INFO] [stderr]    Compiling prettyplease v0.1.25
[INFO] [stderr]    Compiling base64 v0.13.1
[INFO] [stderr]    Compiling regex-syntax v0.7.5
[INFO] [stderr]    Compiling rand_core v0.6.4
[INFO] [stderr]    Compiling idna v0.4.0
[INFO] [stderr]    Compiling pem v1.1.1
[INFO] [stderr]    Compiling lock_api v0.4.10
[INFO] [stderr]    Compiling ipnet v2.8.0
[INFO] [stderr]    Compiling fixedbitset v0.4.2
[INFO] [stderr]    Compiling parking_lot_core v0.9.8
[INFO] [stderr]    Compiling fastrand v2.0.0
[INFO] [stderr]    Compiling home v0.5.5
[INFO] [stderr]    Compiling rand_chacha v0.3.1
[INFO] [stderr]    Compiling petgraph v0.6.4
[INFO] [stderr]    Compiling axum-core v0.3.4
[INFO] [stderr]    Compiling openssl-sys v0.9.93
[INFO] [stderr]    Compiling ring v0.16.20
[INFO] [stderr]    Compiling url v2.4.1
[INFO] [stderr]    Compiling time v0.3.28
[INFO] [stderr]    Compiling smallvec v1.11.0
[INFO] [stderr]    Compiling multimap v0.8.3
[INFO] [stderr]    Compiling iana-time-zone v0.1.57
[INFO] [stderr]    Compiling tower-layer v0.3.2
[INFO] [stderr]    Compiling lazy_static v1.4.0
[INFO] [stderr]    Compiling rand v0.8.5
[INFO] [stderr]    Compiling axum v0.6.20
[INFO] [stderr]    Compiling tempfile v3.8.0
[INFO] [stderr]    Compiling which v4.4.2
[INFO] [stderr]    Compiling unsafe-libyaml v0.2.9
[INFO] [stderr]    Compiling regex-automata v0.3.8
[INFO] [stderr]    Compiling native-tls v0.2.11
[INFO] [stderr]    Compiling parking_lot v0.12.1
[INFO] [stderr]    Compiling matchit v0.7.2
[INFO] [stderr]    Compiling humantime v2.1.0
[INFO] [stderr]    Compiling glob v0.3.1
[INFO] [stderr]    Compiling sync_wrapper v0.1.2
[INFO] [stderr]    Compiling memchr v2.6.3
[INFO] [stderr]    Compiling regex v1.9.5
[INFO] [stderr]    Compiling prost-derive v0.11.9
[INFO] [stderr]    Compiling octocrate-api-builder v0.1.1
[INFO] [stderr]    Compiling tokio-macros v2.1.0
[INFO] [stderr]    Compiling serde_derive v1.0.188
[INFO] [stderr]    Compiling tracing-attributes v0.1.26
[INFO] [stderr]    Compiling openssl-macros v0.1.1
[INFO] [stderr]    Compiling thiserror-impl v1.0.48
[INFO] [stderr]    Compiling pin-project-internal v1.1.3
[INFO] [stderr]    Compiling tokio v1.32.0
[INFO] [stderr]    Compiling prost v0.11.9
[INFO] [stderr]    Compiling simple_asn1 v0.6.2
[INFO] [stderr]    Compiling pin-project v1.1.3
[INFO] [stderr]    Compiling tracing v0.1.37
[INFO] [stderr]    Compiling prost-types v0.11.9
[INFO] [stderr]    Compiling prost-build v0.11.9
[INFO] [stderr]    Compiling tonic-build v0.9.2
[INFO] [stderr]    Compiling astro-run-protocol v0.1.4
[INFO] [stderr]    Compiling tokio-util v0.7.8
[INFO] [stderr]    Compiling tokio-native-tls v0.3.1
[INFO] [stderr]    Compiling tokio-stream v0.1.14
[INFO] [stderr]    Compiling tokio-io-timeout v1.2.0
[INFO] [stderr]    Compiling h2 v0.3.21
[INFO] [stderr]    Compiling tower v0.4.13
[INFO] [stderr]    Compiling serde_urlencoded v0.7.1
[INFO] [stderr]    Compiling chrono v0.4.30
[INFO] [stderr]    Compiling uuid v1.4.1
[INFO] [stderr]    Compiling serde_yaml v0.9.25
[INFO] [stderr]    Compiling jsonwebtoken v8.3.0
[INFO] [stderr]    Compiling hyper v0.14.27
[INFO] [stderr]    Compiling hyper-tls v0.5.0
[INFO] [stderr]    Compiling hyper-timeout v0.4.1
[INFO] [stderr]    Compiling reqwest v0.11.20
[INFO] [stderr]    Compiling octocrate-infra v0.1.1
[INFO] [stderr]    Compiling octocrate v0.1.5
[INFO] [stderr]    Compiling astro-run v0.1.3
[INFO] [stderr]    Compiling tonic v0.9.2
[INFO] [stderr]    Compiling astro-run-scheduler v0.1.2
[INFO] [stderr]    Compiling astro-run-remote-runner v0.1.4 (/opt/rustwide/workdir)
[INFO] [stderr]     Finished dev [unoptimized + debuginfo] target(s) in 24.46s
[INFO] running `Command { std: "docker" "inspect" "cf8e384bae58468ce25f6657078473bb5176b23f05bc2c2445214f6bc170df5a", kill_on_drop: false }`
[INFO] running `Command { std: "docker" "rm" "-f" "cf8e384bae58468ce25f6657078473bb5176b23f05bc2c2445214f6bc170df5a", kill_on_drop: false }`
[INFO] [stdout] cf8e384bae58468ce25f6657078473bb5176b23f05bc2c2445214f6bc170df5a
[INFO] running `Command { std: "docker" "create" "-v" "/var/lib/crater-agent-workspace/builds/worker-6-tc2/target:/opt/rustwide/target:rw,Z" "-v" "/var/lib/crater-agent-workspace/builds/worker-6-tc2/source:/opt/rustwide/workdir:ro,Z" "-v" "/var/lib/crater-agent-workspace/cargo-home:/opt/rustwide/cargo-home:ro,Z" "-v" "/var/lib/crater-agent-workspace/rustup-home:/opt/rustwide/rustup-home:ro,Z" "-e" "SOURCE_DIR=/opt/rustwide/workdir" "-e" "CARGO_TARGET_DIR=/opt/rustwide/target" "-e" "CARGO_INCREMENTAL=0" "-e" "RUST_BACKTRACE=full" "-e" "RUSTFLAGS=--cap-lints=warn" "-e" "RUSTDOCFLAGS=--cap-lints=warn" "-e" "CARGO_HOME=/opt/rustwide/cargo-home" "-e" "RUSTUP_HOME=/opt/rustwide/rustup-home" "-w" "/opt/rustwide/workdir" "-m" "1610612736" "--user" "0:0" "--network" "none" "ghcr.io/rust-lang/crates-build-env/linux@sha256:2788e3201cd34a07e3172128adcd8b3090168a8e3bcc40d7c032b9dda1df7d1c" "/opt/rustwide/cargo-home/bin/cargo" "+beta-2023-12-22" "test" "--frozen" "--no-run" "--message-format=json", kill_on_drop: false }`
[INFO] [stdout] a918c1587832674775ba5d60f1213b70865b2e9b1f4fa139c2787ec133e1927d
[INFO] running `Command { std: "docker" "start" "-a" "a918c1587832674775ba5d60f1213b70865b2e9b1f4fa139c2787ec133e1927d", kill_on_drop: false }`
[INFO] [stderr]    Compiling astro-run-remote-runner v0.1.4 (/opt/rustwide/workdir)
[INFO] [stdout] error[E0433]: failed to resolve: use of undeclared crate or module `astro_run_test`
[INFO] [stdout]   --> tests/signals.rs:40:3
[INFO] [stdout]    |
[INFO] [stdout] 40 | #[astro_run_test::test]
[INFO] [stdout]    |   ^^^^^^^^^^^^^^ use of undeclared crate or module `astro_run_test`
[INFO] [stdout] 
[INFO] [stdout] 
[INFO] [stdout] error[E0433]: failed to resolve: use of undeclared crate or module `astro_run_test`
[INFO] [stdout]    --> tests/signals.rs:123:3
[INFO] [stdout]     |
[INFO] [stdout] 123 | #[astro_run_test::test]
[INFO] [stdout]     |   ^^^^^^^^^^^^^^ use of undeclared crate or module `astro_run_test`
[INFO] [stdout] 
[INFO] [stdout] 
[INFO] [stdout] error[E0433]: failed to resolve: use of undeclared crate or module `astro_run_test`
[INFO] [stdout]    --> tests/signals.rs:211:3
[INFO] [stdout]     |
[INFO] [stdout] 211 | #[astro_run_test::test]
[INFO] [stdout]     |   ^^^^^^^^^^^^^^ use of undeclared crate or module `astro_run_test`
[INFO] [stdout] 
[INFO] [stdout] 
[INFO] [stdout] error[E0433]: failed to resolve: use of undeclared crate or module `astro_run_test`
[INFO] [stdout]   --> tests/test.rs:42:3
[INFO] [stdout]    |
[INFO] [stdout] 42 | #[astro_run_test::test]
[INFO] [stdout]    |   ^^^^^^^^^^^^^^ use of undeclared crate or module `astro_run_test`
[INFO] [stdout] 
[INFO] [stdout] 
[INFO] [stdout] error[E0433]: failed to resolve: use of undeclared crate or module `astro_run_test`
[INFO] [stdout]    --> tests/protocol.rs:107:3
[INFO] [stdout]     |
[INFO] [stdout] 107 | #[astro_run_test::test]
[INFO] [stdout]     |   ^^^^^^^^^^^^^^ use of undeclared crate or module `astro_run_test`
[INFO] [stdout] 
[INFO] [stdout] 
[INFO] [stdout] error[E0433]: failed to resolve: use of undeclared crate or module `astro_run_test`
[INFO] [stdout]    --> tests/test.rs:150:3
[INFO] [stdout]     |
[INFO] [stdout] 150 | #[astro_run_test::test]
[INFO] [stdout]     |   ^^^^^^^^^^^^^^ use of undeclared crate or module `astro_run_test`
[INFO] [stdout] 
[INFO] [stdout] 
[INFO] [stdout] error[E0433]: failed to resolve: use of undeclared crate or module `astro_run_test`
[INFO] [stdout]    --> tests/test.rs:178:3
[INFO] [stdout]     |
[INFO] [stdout] 178 | #[astro_run_test::test]
[INFO] [stdout]     |   ^^^^^^^^^^^^^^ use of undeclared crate or module `astro_run_test`
[INFO] [stdout] 
[INFO] [stdout] 
[INFO] [stdout] error[E0433]: failed to resolve: use of undeclared crate or module `astro_run_logger`
[INFO] [stdout]   --> examples/custom-scheduler.rs:26:3
[INFO] [stdout]    |
[INFO] [stdout] 26 |   astro_run_logger::init_logger();
[INFO] [stdout]    |   ^^^^^^^^^^^^^^^^ use of undeclared crate or module `astro_run_logger`
[INFO] [stdout] 
[INFO] [stdout] 
[INFO] [stdout] error: aborting due to 1 previous error
[INFO] [stdout] 
[INFO] [stdout] 
[INFO] [stdout] For more information about this error, try `rustc --explain E0433`.
[INFO] [stdout] 
[INFO] [stderr] error: could not compile `astro-run-remote-runner` (example "custom-scheduler") due to 2 previous errors
[INFO] [stderr] warning: build failed, waiting for other jobs to finish...
[INFO] [stdout] error: aborting due to 3 previous errors
[INFO] [stdout] 
[INFO] [stdout] 
[INFO] [stdout] For more information about this error, try `rustc --explain E0433`.
[INFO] [stdout] 
[INFO] [stdout] error: aborting due to 1 previous error
[INFO] [stdout] 
[INFO] [stdout] 
[INFO] [stdout] For more information about this error, try `rustc --explain E0433`.
[INFO] [stdout] 
[INFO] [stderr] error: could not compile `astro-run-remote-runner` (test "test") due to 4 previous errors
[INFO] [stderr] error: could not compile `astro-run-remote-runner` (test "protocol") due to 2 previous errors
[INFO] [stdout] error: aborting due to 3 previous errors
[INFO] [stdout] 
[INFO] [stdout] 
[INFO] [stdout] For more information about this error, try `rustc --explain E0433`.
[INFO] [stdout] 
[INFO] [stderr] error: could not compile `astro-run-remote-runner` (test "signals") due to 4 previous errors
[INFO] running `Command { std: "docker" "inspect" "a918c1587832674775ba5d60f1213b70865b2e9b1f4fa139c2787ec133e1927d", kill_on_drop: false }`
[INFO] running `Command { std: "docker" "rm" "-f" "a918c1587832674775ba5d60f1213b70865b2e9b1f4fa139c2787ec133e1927d", kill_on_drop: false }`
[INFO] [stdout] a918c1587832674775ba5d60f1213b70865b2e9b1f4fa139c2787ec133e1927d
