[INFO] fetching crate assemblylift-core-io 0.2.1...
[INFO] testing assemblylift-core-io-0.2.1 against 1.75.0 for beta-1.76-1
[INFO] extracting crate assemblylift-core-io 0.2.1 into /workspace/builds/worker-7-tc1/source
[INFO] validating manifest of crates.io crate assemblylift-core-io 0.2.1 on toolchain 1.75.0
[INFO] running `Command { std: CARGO_HOME="/workspace/cargo-home" RUSTUP_HOME="/workspace/rustup-home" "/workspace/cargo-home/bin/cargo" "+1.75.0" "metadata" "--manifest-path" "Cargo.toml" "--no-deps", kill_on_drop: false }`
[INFO] started tweaking crates.io crate assemblylift-core-io 0.2.1
[INFO] finished tweaking crates.io crate assemblylift-core-io 0.2.1
[INFO] tweaked toml for crates.io crate assemblylift-core-io 0.2.1 written to /workspace/builds/worker-7-tc1/source/Cargo.toml
[INFO] running `Command { std: CARGO_HOME="/workspace/cargo-home" RUSTUP_HOME="/workspace/rustup-home" "/workspace/cargo-home/bin/cargo" "+1.75.0" "generate-lockfile" "--manifest-path" "Cargo.toml", kill_on_drop: false }`
[INFO] [stderr]     Blocking waiting for file lock on package cache
[INFO] [stderr]     Updating crates.io index
[INFO] running `Command { std: CARGO_HOME="/workspace/cargo-home" RUSTUP_HOME="/workspace/rustup-home" "/workspace/cargo-home/bin/cargo" "+1.75.0" "fetch" "--manifest-path" "Cargo.toml", kill_on_drop: false }`
[INFO] [stderr]     Blocking waiting for file lock on package cache
[INFO] [stderr]  Downloading crates ...
[INFO] [stderr]   Downloaded darling_macro v0.20.3
[INFO] [stderr]   Downloaded darling_core v0.20.3
[INFO] [stderr]   Downloaded cranelift-entity v0.68.0
[INFO] [stderr]   Downloaded wat v1.0.82
[INFO] [stderr]   Downloaded assemblylift-core v0.2.3
[INFO] [stderr]   Downloaded wasmer-derive-asml-fork v1.0.2
[INFO] [stderr]   Downloaded wasmer-engine v1.0.2
[INFO] [stderr]   Downloaded wasmer-vm v1.0.2
[INFO] [stderr]   Downloaded cranelift-bforest v0.68.0
[INFO] [stderr]   Downloaded leb128 v0.2.5
[INFO] [stderr]   Downloaded wasmer-types v1.0.2
[INFO] [stderr]   Downloaded wasm-encoder v0.38.1
[INFO] [stderr]   Downloaded wasmer-asml-fork v1.0.2
[INFO] [stderr]   Downloaded wast v69.0.1
[INFO] [stderr]   Downloaded cranelift-frontend v0.68.0
[INFO] [stderr]   Downloaded wasmer-compiler-cranelift v1.0.2
[INFO] [stderr]   Downloaded cranelift-codegen v0.68.0
[INFO] [stderr]   Downloaded enumset v1.1.3
[INFO] [stderr]   Downloaded wasmparser v0.65.0
[INFO] [stderr]   Downloaded capnp-futures v0.13.2
[INFO] [stderr]   Downloaded fallible-iterator v0.2.0
[INFO] [stderr]   Downloaded wasmer-engine-jit v1.0.2
[INFO] [stderr]   Downloaded assemblylift-core-io-common v0.2.0
[INFO] [stderr]   Downloaded paste-impl v0.1.18
[INFO] [stderr]   Downloaded paste v0.1.18
[INFO] [stderr]   Downloaded cranelift-codegen-meta v0.68.0
[INFO] [stderr]   Downloaded wasmer-compiler v1.0.2
[INFO] [stderr]   Downloaded wasmer-object v1.0.2
[INFO] [stderr]   Downloaded more-asserts v0.2.2
[INFO] [stderr]   Downloaded libloading v0.6.7
[INFO] [stderr]   Downloaded memmap2 v0.2.3
[INFO] [stderr]   Downloaded regalloc v0.0.31
[INFO] [stderr]   Downloaded target-lexicon v0.11.2
[INFO] [stderr]   Downloaded cranelift-codegen-shared v0.68.0
[INFO] [stderr]   Downloaded wasmer-engine-native v1.0.2
[INFO] [stderr]   Downloaded region v2.2.0
[INFO] [stderr]   Downloaded object v0.22.0
[INFO] [stderr]   Downloaded assemblylift-core-iomod v0.2.2
[INFO] [stderr]   Downloaded darling v0.20.3
[INFO] [stderr]   Downloaded enumset_derive v0.8.1
[INFO] [stderr]   Downloaded capnpc v0.13.1
[INFO] [stderr]   Downloaded capnp-rpc v0.13.1
[INFO] [stderr]   Downloaded capnp v0.13.7
[INFO] running `Command { std: "docker" "create" "-v" "/var/lib/crater-agent-workspace/builds/worker-7-tc1/target:/opt/rustwide/target:rw,Z" "-v" "/var/lib/crater-agent-workspace/builds/worker-7-tc1/source:/opt/rustwide/workdir:ro,Z" "-v" "/var/lib/crater-agent-workspace/cargo-home:/opt/rustwide/cargo-home:ro,Z" "-v" "/var/lib/crater-agent-workspace/rustup-home:/opt/rustwide/rustup-home:ro,Z" "-e" "SOURCE_DIR=/opt/rustwide/workdir" "-e" "CARGO_TARGET_DIR=/opt/rustwide/target" "-e" "CARGO_HOME=/opt/rustwide/cargo-home" "-e" "RUSTUP_HOME=/opt/rustwide/rustup-home" "-w" "/opt/rustwide/workdir" "-m" "1610612736" "--user" "0:0" "--network" "none" "ghcr.io/rust-lang/crates-build-env/linux@sha256:2788e3201cd34a07e3172128adcd8b3090168a8e3bcc40d7c032b9dda1df7d1c" "/opt/rustwide/cargo-home/bin/cargo" "+1.75.0" "metadata" "--no-deps" "--format-version=1", kill_on_drop: false }`
[INFO] [stdout] b482637c30644f779f946fc9ffb8331f114fa8c49c0f32c546e8f5c9bfa13e37
[INFO] running `Command { std: "docker" "start" "-a" "b482637c30644f779f946fc9ffb8331f114fa8c49c0f32c546e8f5c9bfa13e37", kill_on_drop: false }`
[INFO] running `Command { std: "docker" "inspect" "b482637c30644f779f946fc9ffb8331f114fa8c49c0f32c546e8f5c9bfa13e37", kill_on_drop: false }`
[INFO] running `Command { std: "docker" "rm" "-f" "b482637c30644f779f946fc9ffb8331f114fa8c49c0f32c546e8f5c9bfa13e37", kill_on_drop: false }`
[INFO] [stdout] b482637c30644f779f946fc9ffb8331f114fa8c49c0f32c546e8f5c9bfa13e37
[INFO] running `Command { std: "docker" "create" "-v" "/var/lib/crater-agent-workspace/builds/worker-7-tc1/target:/opt/rustwide/target:rw,Z" "-v" "/var/lib/crater-agent-workspace/builds/worker-7-tc1/source:/opt/rustwide/workdir:ro,Z" "-v" "/var/lib/crater-agent-workspace/cargo-home:/opt/rustwide/cargo-home:ro,Z" "-v" "/var/lib/crater-agent-workspace/rustup-home:/opt/rustwide/rustup-home:ro,Z" "-e" "SOURCE_DIR=/opt/rustwide/workdir" "-e" "CARGO_TARGET_DIR=/opt/rustwide/target" "-e" "CARGO_INCREMENTAL=0" "-e" "RUST_BACKTRACE=full" "-e" "RUSTFLAGS=--cap-lints=warn" "-e" "RUSTDOCFLAGS=--cap-lints=warn" "-e" "CARGO_HOME=/opt/rustwide/cargo-home" "-e" "RUSTUP_HOME=/opt/rustwide/rustup-home" "-w" "/opt/rustwide/workdir" "-m" "1610612736" "--user" "0:0" "--network" "none" "ghcr.io/rust-lang/crates-build-env/linux@sha256:2788e3201cd34a07e3172128adcd8b3090168a8e3bcc40d7c032b9dda1df7d1c" "/opt/rustwide/cargo-home/bin/cargo" "+1.75.0" "build" "--frozen" "--message-format=json", kill_on_drop: false }`
[INFO] [stdout] 0494484595f8df6af37c80fc1ec19c1aa5c16cb3e6ed3b7646a04fe95fd4d016
[INFO] running `Command { std: "docker" "start" "-a" "0494484595f8df6af37c80fc1ec19c1aa5c16cb3e6ed3b7646a04fe95fd4d016", kill_on_drop: false }`
[INFO] [stderr]    Compiling libc v0.2.151
[INFO] [stderr]    Compiling serde v1.0.194
[INFO] [stderr]    Compiling indexmap v1.9.3
[INFO] [stderr]    Compiling ident_case v1.0.1
[INFO] [stderr]    Compiling target-lexicon v0.11.2
[INFO] [stderr]    Compiling syn v2.0.48
[INFO] [stderr]    Compiling memoffset v0.6.5
[INFO] [stderr]    Compiling adler v1.0.2
[INFO] [stderr]    Compiling gimli v0.28.1
[INFO] [stderr]    Compiling miniz_oxide v0.7.1
[INFO] [stderr]    Compiling object v0.32.2
[INFO] [stderr]    Compiling rustc-demangle v0.1.23
[INFO] [stderr]    Compiling syn v1.0.109
[INFO] [stderr]    Compiling more-asserts v0.2.2
[INFO] [stderr]    Compiling cranelift-codegen-shared v0.68.0
[INFO] [stderr]    Compiling wasmparser v0.65.0
[INFO] [stderr]    Compiling futures-io v0.3.30
[INFO] [stderr]    Compiling futures-channel v0.3.30
[INFO] [stderr]    Compiling crc32fast v1.3.2
[INFO] [stderr]    Compiling capnp v0.13.7
[INFO] [stderr]    Compiling either v1.9.0
[INFO] [stderr]    Compiling fallible-iterator v0.2.0
[INFO] [stderr]    Compiling leb128 v0.2.5
[INFO] [stderr]    Compiling rustc-hash v1.1.0
[INFO] [stderr]    Compiling semver-parser v0.7.0
[INFO] [stderr]    Compiling cc v1.0.83
[INFO] [stderr]    Compiling region v2.2.0
[INFO] [stderr]    Compiling iovec v0.1.4
[INFO] [stderr]    Compiling net2 v0.2.39
[INFO] [stderr]    Compiling addr2line v0.21.0
[INFO] [stderr]    Compiling stable_deref_trait v1.2.0
[INFO] [stderr]    Compiling mio v0.6.23
[INFO] [stderr]    Compiling memmap2 v0.2.3
[INFO] [stderr]    Compiling semver v0.9.0
[INFO] [stderr]    Compiling regalloc v0.0.31
[INFO] [stderr]    Compiling byteorder v1.5.0
[INFO] [stderr]    Compiling backtrace v0.3.69
[INFO] [stderr]    Compiling wasmer-vm v1.0.2
[INFO] [stderr]    Compiling rustc_version v0.2.3
[INFO] [stderr]    Compiling mio-uds v0.6.8
[INFO] [stderr]    Compiling signal-hook-registry v1.4.1
[INFO] [stderr]    Compiling num_cpus v1.16.0
[INFO] [stderr]    Compiling darling_core v0.20.3
[INFO] [stderr]    Compiling wasm-encoder v0.38.1
[INFO] [stderr]    Compiling capnpc v0.13.1
[INFO] [stderr]    Compiling crossbeam-utils v0.7.2
[INFO] [stderr]    Compiling libloading v0.6.7
[INFO] [stderr]    Compiling home v0.5.9
[INFO] [stderr]    Compiling wasmer-compiler-cranelift v1.0.2
[INFO] [stderr]    Compiling which v4.4.2
[INFO] [stderr]    Compiling wast v69.0.1
[INFO] [stderr]    Compiling paste-impl v0.1.18
[INFO] [stderr]    Compiling tokio-macros v0.2.6
[INFO] [stderr]    Compiling proc-macro-error v1.0.4
[INFO] [stderr]    Compiling rayon v1.8.0
[INFO] [stderr]    Compiling serde_derive v1.0.194
[INFO] [stderr]    Compiling thiserror-impl v1.0.56
[INFO] [stderr]    Compiling futures-macro v0.3.30
[INFO] [stderr]    Compiling tracing-attributes v0.1.27
[INFO] [stderr]    Compiling darling_macro v0.20.3
[INFO] [stderr]    Compiling darling v0.20.3
[INFO] [stderr]    Compiling enumset_derive v0.8.1
[INFO] [stderr]    Compiling futures-util v0.3.30
[INFO] [stderr]    Compiling tracing v0.1.40
[INFO] [stderr]    Compiling thiserror v1.0.56
[INFO] [stderr]    Compiling tokio v0.2.25
[INFO] [stderr]    Compiling assemblylift-core-iomod v0.2.2
[INFO] [stderr]    Compiling wasmer-derive-asml-fork v1.0.2
[INFO] [stdout] error[E0277]: `syn::LitStr` doesn't implement `Debug`
[INFO] [stdout]   --> /opt/rustwide/cargo-home/registry/src/index.crates.io-6f17d22bba15001f/wasmer-derive-asml-fork-1.0.2/src/parse.rs:22:5
[INFO] [stdout]    |
[INFO] [stdout] 20 | #[derive(Debug)]
[INFO] [stdout]    |          ----- in this derive macro expansion
[INFO] [stdout] 21 | struct ExportExpr {
[INFO] [stdout] 22 |     name: Option<LitStr>,
[INFO] [stdout]    |     ^^^^^^^^^^^^^^^^^^^^ `syn::LitStr` cannot be formatted using `{:?}` because it doesn't implement `Debug`
[INFO] [stdout]    |
[INFO] [stdout]    = help: the trait `Debug` is not implemented for `syn::LitStr`
[INFO] [stdout]    = help: the trait `Debug` is implemented for `Option<T>`
[INFO] [stdout]    = note: this error originates in the derive macro `Debug` (in Nightly builds, run with -Z macro-backtrace for more info)
[INFO] [stdout] 
[INFO] [stdout] 
[INFO] [stdout] error[E0277]: `syn::LitStr` doesn't implement `Debug`
[INFO] [stdout]   --> /opt/rustwide/cargo-home/registry/src/index.crates.io-6f17d22bba15001f/wasmer-derive-asml-fork-1.0.2/src/parse.rs:29:5
[INFO] [stdout]    |
[INFO] [stdout] 27 | #[derive(Debug)]
[INFO] [stdout]    |          ----- in this derive macro expansion
[INFO] [stdout] 28 | struct ExportOptions {
[INFO] [stdout] 29 |     name: Option<LitStr>,
[INFO] [stdout]    |     ^^^^^^^^^^^^^^^^^^^^ `syn::LitStr` cannot be formatted using `{:?}` because it doesn't implement `Debug`
[INFO] [stdout]    |
[INFO] [stdout]    = help: the trait `Debug` is not implemented for `syn::LitStr`
[INFO] [stdout]    = help: the trait `Debug` is implemented for `Option<T>`
[INFO] [stdout]    = note: this error originates in the derive macro `Debug` (in Nightly builds, run with -Z macro-backtrace for more info)
[INFO] [stdout] 
[INFO] [stdout] 
[INFO] [stdout] error: aborting due to 2 previous errors
[INFO] [stdout] 
[INFO] [stdout] 
[INFO] [stdout] For more information about this error, try `rustc --explain E0277`.
[INFO] [stdout] 
[INFO] [stderr] error: could not compile `wasmer-derive-asml-fork` (lib) due to 3 previous errors
[INFO] [stderr] warning: build failed, waiting for other jobs to finish...
[INFO] running `Command { std: "docker" "inspect" "0494484595f8df6af37c80fc1ec19c1aa5c16cb3e6ed3b7646a04fe95fd4d016", kill_on_drop: false }`
[INFO] running `Command { std: "docker" "rm" "-f" "0494484595f8df6af37c80fc1ec19c1aa5c16cb3e6ed3b7646a04fe95fd4d016", kill_on_drop: false }`
[INFO] [stdout] 0494484595f8df6af37c80fc1ec19c1aa5c16cb3e6ed3b7646a04fe95fd4d016
[INFO] testing assemblylift-core-io-0.2.1 against beta-2023-12-22 for beta-1.76-1
[INFO] extracting crate assemblylift-core-io 0.2.1 into /workspace/builds/worker-7-tc2/source
[INFO] validating manifest of crates.io crate assemblylift-core-io 0.2.1 on toolchain beta-2023-12-22
[INFO] running `Command { std: CARGO_HOME="/workspace/cargo-home" RUSTUP_HOME="/workspace/rustup-home" "/workspace/cargo-home/bin/cargo" "+beta-2023-12-22" "metadata" "--manifest-path" "Cargo.toml" "--no-deps", kill_on_drop: false }`
[INFO] started tweaking crates.io crate assemblylift-core-io 0.2.1
[INFO] finished tweaking crates.io crate assemblylift-core-io 0.2.1
[INFO] tweaked toml for crates.io crate assemblylift-core-io 0.2.1 written to /workspace/builds/worker-7-tc2/source/Cargo.toml
[INFO] running `Command { std: CARGO_HOME="/workspace/cargo-home" RUSTUP_HOME="/workspace/rustup-home" "/workspace/cargo-home/bin/cargo" "+beta-2023-12-22" "generate-lockfile" "--manifest-path" "Cargo.toml", kill_on_drop: false }`
[INFO] [stderr]     Updating crates.io index
[INFO] running `Command { std: CARGO_HOME="/workspace/cargo-home" RUSTUP_HOME="/workspace/rustup-home" "/workspace/cargo-home/bin/cargo" "+beta-2023-12-22" "fetch" "--manifest-path" "Cargo.toml", kill_on_drop: false }`
[INFO] running `Command { std: "docker" "create" "-v" "/var/lib/crater-agent-workspace/builds/worker-7-tc2/target:/opt/rustwide/target:rw,Z" "-v" "/var/lib/crater-agent-workspace/builds/worker-7-tc2/source:/opt/rustwide/workdir:ro,Z" "-v" "/var/lib/crater-agent-workspace/cargo-home:/opt/rustwide/cargo-home:ro,Z" "-v" "/var/lib/crater-agent-workspace/rustup-home:/opt/rustwide/rustup-home:ro,Z" "-e" "SOURCE_DIR=/opt/rustwide/workdir" "-e" "CARGO_TARGET_DIR=/opt/rustwide/target" "-e" "CARGO_HOME=/opt/rustwide/cargo-home" "-e" "RUSTUP_HOME=/opt/rustwide/rustup-home" "-w" "/opt/rustwide/workdir" "-m" "1610612736" "--user" "0:0" "--network" "none" "ghcr.io/rust-lang/crates-build-env/linux@sha256:2788e3201cd34a07e3172128adcd8b3090168a8e3bcc40d7c032b9dda1df7d1c" "/opt/rustwide/cargo-home/bin/cargo" "+beta-2023-12-22" "metadata" "--no-deps" "--format-version=1", kill_on_drop: false }`
[INFO] [stdout] 57ed5fdca96bc5d40c5322ced41cc187420b41a6ef6bb44d0905e385c1af0748
[INFO] running `Command { std: "docker" "start" "-a" "57ed5fdca96bc5d40c5322ced41cc187420b41a6ef6bb44d0905e385c1af0748", kill_on_drop: false }`
[INFO] running `Command { std: "docker" "inspect" "57ed5fdca96bc5d40c5322ced41cc187420b41a6ef6bb44d0905e385c1af0748", kill_on_drop: false }`
[INFO] running `Command { std: "docker" "rm" "-f" "57ed5fdca96bc5d40c5322ced41cc187420b41a6ef6bb44d0905e385c1af0748", kill_on_drop: false }`
[INFO] [stdout] 57ed5fdca96bc5d40c5322ced41cc187420b41a6ef6bb44d0905e385c1af0748
[INFO] running `Command { std: "docker" "create" "-v" "/var/lib/crater-agent-workspace/builds/worker-7-tc2/target:/opt/rustwide/target:rw,Z" "-v" "/var/lib/crater-agent-workspace/builds/worker-7-tc2/source:/opt/rustwide/workdir:ro,Z" "-v" "/var/lib/crater-agent-workspace/cargo-home:/opt/rustwide/cargo-home:ro,Z" "-v" "/var/lib/crater-agent-workspace/rustup-home:/opt/rustwide/rustup-home:ro,Z" "-e" "SOURCE_DIR=/opt/rustwide/workdir" "-e" "CARGO_TARGET_DIR=/opt/rustwide/target" "-e" "CARGO_INCREMENTAL=0" "-e" "RUST_BACKTRACE=full" "-e" "RUSTFLAGS=--cap-lints=warn" "-e" "RUSTDOCFLAGS=--cap-lints=warn" "-e" "CARGO_HOME=/opt/rustwide/cargo-home" "-e" "RUSTUP_HOME=/opt/rustwide/rustup-home" "-w" "/opt/rustwide/workdir" "-m" "1610612736" "--user" "0:0" "--network" "none" "ghcr.io/rust-lang/crates-build-env/linux@sha256:2788e3201cd34a07e3172128adcd8b3090168a8e3bcc40d7c032b9dda1df7d1c" "/opt/rustwide/cargo-home/bin/cargo" "+beta-2023-12-22" "build" "--frozen" "--message-format=json", kill_on_drop: false }`
[INFO] [stdout] b03b16f03297448c10be458ffdb6f9acf85539b101f0a81818cb995b708d3e45
[INFO] running `Command { std: "docker" "start" "-a" "b03b16f03297448c10be458ffdb6f9acf85539b101f0a81818cb995b708d3e45", kill_on_drop: false }`
[INFO] [stderr]    Compiling libc v0.2.151
[INFO] [stderr]    Compiling serde v1.0.194
[INFO] [stderr]    Compiling indexmap v1.9.3
[INFO] [stderr]    Compiling ident_case v1.0.1
[INFO] [stderr]    Compiling target-lexicon v0.11.2
[INFO] [stderr]    Compiling syn v2.0.48
[INFO] [stderr]    Compiling memoffset v0.6.5
[INFO] [stderr]    Compiling gimli v0.28.1
[INFO] [stderr]    Compiling adler v1.0.2
[INFO] [stderr]    Compiling miniz_oxide v0.7.1
[INFO] [stderr]    Compiling object v0.32.2
[INFO] [stderr]    Compiling rustc-demangle v0.1.23
[INFO] [stderr]    Compiling syn v1.0.109
[INFO] [stderr]    Compiling more-asserts v0.2.2
[INFO] [stderr]    Compiling futures-io v0.3.30
[INFO] [stderr]    Compiling wasmparser v0.65.0
[INFO] [stderr]    Compiling cranelift-codegen-shared v0.68.0
[INFO] [stderr]    Compiling futures-channel v0.3.30
[INFO] [stderr]    Compiling crc32fast v1.3.2
[INFO] [stderr]    Compiling capnp v0.13.7
[INFO] [stderr]    Compiling rustc-hash v1.1.0
[INFO] [stderr]    Compiling leb128 v0.2.5
[INFO] [stderr]    Compiling either v1.9.0
[INFO] [stderr]    Compiling stable_deref_trait v1.2.0
[INFO] [stderr]    Compiling fallible-iterator v0.2.0
[INFO] [stderr]    Compiling semver-parser v0.7.0
[INFO] [stderr]    Compiling semver v0.9.0
[INFO] [stderr]    Compiling regalloc v0.0.31
[INFO] [stderr]    Compiling cc v1.0.83
[INFO] [stderr]    Compiling region v2.2.0
[INFO] [stderr]    Compiling addr2line v0.21.0
[INFO] [stderr]    Compiling iovec v0.1.4
[INFO] [stderr]    Compiling net2 v0.2.39
[INFO] [stderr]    Compiling memmap2 v0.2.3
[INFO] [stderr]    Compiling mio v0.6.23
[INFO] [stderr]    Compiling byteorder v1.5.0
[INFO] [stderr]    Compiling rustc_version v0.2.3
[INFO] [stderr]    Compiling signal-hook-registry v1.4.1
[INFO] [stderr]    Compiling backtrace v0.3.69
[INFO] [stderr]    Compiling wasmer-vm v1.0.2
[INFO] [stderr]    Compiling darling_core v0.20.3
[INFO] [stderr]    Compiling mio-uds v0.6.8
[INFO] [stderr]    Compiling num_cpus v1.16.0
[INFO] [stderr]    Compiling wasm-encoder v0.38.1
[INFO] [stderr]    Compiling capnpc v0.13.1
[INFO] [stderr]    Compiling crossbeam-utils v0.7.2
[INFO] [stderr]    Compiling libloading v0.6.7
[INFO] [stderr]    Compiling wasmer-compiler-cranelift v1.0.2
[INFO] [stderr]    Compiling home v0.5.9
[INFO] [stderr]    Compiling which v4.4.2
[INFO] [stderr]    Compiling tokio-macros v0.2.6
[INFO] [stderr]    Compiling wast v69.0.1
[INFO] [stderr]    Compiling paste-impl v0.1.18
[INFO] [stderr]    Compiling tokio v0.2.25
[INFO] [stderr]    Compiling serde_derive v1.0.194
[INFO] [stderr]    Compiling thiserror-impl v1.0.56
[INFO] [stderr]    Compiling futures-macro v0.3.30
[INFO] [stderr]    Compiling darling_macro v0.20.3
[INFO] [stderr]    Compiling tracing-attributes v0.1.27
[INFO] [stderr]    Compiling darling v0.20.3
[INFO] [stderr]    Compiling enumset_derive v0.8.1
[INFO] [stderr]    Compiling futures-util v0.3.30
[INFO] [stderr]    Compiling thiserror v1.0.56
[INFO] [stderr]    Compiling assemblylift-core-iomod v0.2.2
[INFO] [stderr]    Compiling proc-macro-error v1.0.4
[INFO] [stderr]    Compiling enumset v1.1.3
[INFO] [stderr]    Compiling rayon v1.8.0
[INFO] [stderr]    Compiling wasmer-derive-asml-fork v1.0.2
[INFO] [stdout] error[E0277]: `syn::LitStr` doesn't implement `Debug`
[INFO] [stdout]   --> /opt/rustwide/cargo-home/registry/src/index.crates.io-6f17d22bba15001f/wasmer-derive-asml-fork-1.0.2/src/parse.rs:22:5
[INFO] [stdout]    |
[INFO] [stdout] 20 | #[derive(Debug)]
[INFO] [stdout]    |          ----- in this derive macro expansion
[INFO] [stdout] 21 | struct ExportExpr {
[INFO] [stdout] 22 |     name: Option<LitStr>,
[INFO] [stdout]    |     ^^^^^^^^^^^^^^^^^^^^ `syn::LitStr` cannot be formatted using `{:?}` because it doesn't implement `Debug`
[INFO] [stdout]    |
[INFO] [stdout]    = help: the trait `Debug` is not implemented for `syn::LitStr`
[INFO] [stdout]    = help: the trait `Debug` is implemented for `Option<T>`
[INFO] [stdout]    = note: this error originates in the derive macro `Debug` (in Nightly builds, run with -Z macro-backtrace for more info)
[INFO] [stdout] 
[INFO] [stdout] 
[INFO] [stdout] error[E0277]: `syn::LitStr` doesn't implement `Debug`
[INFO] [stdout]   --> /opt/rustwide/cargo-home/registry/src/index.crates.io-6f17d22bba15001f/wasmer-derive-asml-fork-1.0.2/src/parse.rs:29:5
[INFO] [stdout]    |
[INFO] [stdout] 27 | #[derive(Debug)]
[INFO] [stdout]    |          ----- in this derive macro expansion
[INFO] [stdout] 28 | struct ExportOptions {
[INFO] [stdout] 29 |     name: Option<LitStr>,
[INFO] [stdout]    |     ^^^^^^^^^^^^^^^^^^^^ `syn::LitStr` cannot be formatted using `{:?}` because it doesn't implement `Debug`
[INFO] [stdout]    |
[INFO] [stdout]    = help: the trait `Debug` is not implemented for `syn::LitStr`
[INFO] [stdout]    = help: the trait `Debug` is implemented for `Option<T>`
[INFO] [stdout]    = note: this error originates in the derive macro `Debug` (in Nightly builds, run with -Z macro-backtrace for more info)
[INFO] [stdout] 
[INFO] [stdout] 
[INFO] [stderr]    Compiling tracing v0.1.40
[INFO] [stdout] error: aborting due to 2 previous errors
[INFO] [stdout] 
[INFO] [stdout] 
[INFO] [stderr] error: could not compile `wasmer-derive-asml-fork` (lib) due to 3 previous errors
[INFO] [stdout] For more information about this error, try `rustc --explain E0277`.
[INFO] [stdout] 
[INFO] [stderr] warning: build failed, waiting for other jobs to finish...
[INFO] running `Command { std: "docker" "inspect" "b03b16f03297448c10be458ffdb6f9acf85539b101f0a81818cb995b708d3e45", kill_on_drop: false }`
[INFO] running `Command { std: "docker" "rm" "-f" "b03b16f03297448c10be458ffdb6f9acf85539b101f0a81818cb995b708d3e45", kill_on_drop: false }`
[INFO] [stdout] b03b16f03297448c10be458ffdb6f9acf85539b101f0a81818cb995b708d3e45
