[INFO] fetching crate as3935-bbn 0.1.0-pre.2...
[INFO] testing as3935-bbn-0.1.0-pre.2 against 1.75.0 for beta-1.76-1
[INFO] extracting crate as3935-bbn 0.1.0-pre.2 into /workspace/builds/worker-4-tc1/source
[INFO] validating manifest of crates.io crate as3935-bbn 0.1.0-pre.2 on toolchain 1.75.0
[INFO] running `Command { std: CARGO_HOME="/workspace/cargo-home" RUSTUP_HOME="/workspace/rustup-home" "/workspace/cargo-home/bin/cargo" "+1.75.0" "metadata" "--manifest-path" "Cargo.toml" "--no-deps", kill_on_drop: false }`
[INFO] started tweaking crates.io crate as3935-bbn 0.1.0-pre.2
[INFO] finished tweaking crates.io crate as3935-bbn 0.1.0-pre.2
[INFO] tweaked toml for crates.io crate as3935-bbn 0.1.0-pre.2 written to /workspace/builds/worker-4-tc1/source/Cargo.toml
[INFO] crate crates.io crate as3935-bbn 0.1.0-pre.2 already has a lockfile, it will not be regenerated
[INFO] running `Command { std: CARGO_HOME="/workspace/cargo-home" RUSTUP_HOME="/workspace/rustup-home" "/workspace/cargo-home/bin/cargo" "+1.75.0" "fetch" "--manifest-path" "Cargo.toml", kill_on_drop: false }`
[INFO] [stderr]     Updating crates.io index
[INFO] [stderr]  Downloading crates ...
[INFO] [stderr]   Downloaded iana-time-zone v0.1.53
[INFO] [stderr]   Downloaded unicode-ident v1.0.8
[INFO] [stderr]   Downloaded once_cell v1.17.1
[INFO] [stderr]   Downloaded time-core v0.1.0
[INFO] [stderr]   Downloaded iana-time-zone-haiku v0.1.1
[INFO] [stderr]   Downloaded simple_logger v1.16.0
[INFO] [stderr]   Downloaded itoa v1.0.6
[INFO] [stderr]   Downloaded scratch v1.0.5
[INFO] [stderr]   Downloaded time-macros v0.2.8
[INFO] [stderr]   Downloaded simple-signal v1.1.1
[INFO] [stderr]   Downloaded link-cplusplus v1.0.8
[INFO] [stderr]   Downloaded proc-macro2 v1.0.52
[INFO] [stderr]   Downloaded cxxbridge-macro v1.0.92
[INFO] [stderr]   Downloaded cxx v1.0.92
[INFO] [stderr]   Downloaded cxxbridge-flags v1.0.92
[INFO] [stderr]   Downloaded libc v0.2.140
[INFO] [stderr]   Downloaded chrono v0.4.24
[INFO] [stderr]   Downloaded rppal v0.14.1
[INFO] [stderr]   Downloaded serde v1.0.155
[INFO] [stderr]   Downloaded time v0.3.20
[INFO] [stderr]   Downloaded cxx-build v1.0.92
[INFO] [stderr]   Downloaded quote v1.0.25
[INFO] [stderr]   Downloaded colored v1.9.3
[INFO] running `Command { std: "docker" "create" "-v" "/var/lib/crater-agent-workspace/builds/worker-4-tc1/target:/opt/rustwide/target:rw,Z" "-v" "/var/lib/crater-agent-workspace/builds/worker-4-tc1/source:/opt/rustwide/workdir:ro,Z" "-v" "/var/lib/crater-agent-workspace/cargo-home:/opt/rustwide/cargo-home:ro,Z" "-v" "/var/lib/crater-agent-workspace/rustup-home:/opt/rustwide/rustup-home:ro,Z" "-e" "SOURCE_DIR=/opt/rustwide/workdir" "-e" "CARGO_TARGET_DIR=/opt/rustwide/target" "-e" "CARGO_HOME=/opt/rustwide/cargo-home" "-e" "RUSTUP_HOME=/opt/rustwide/rustup-home" "-w" "/opt/rustwide/workdir" "-m" "1610612736" "--user" "0:0" "--network" "none" "ghcr.io/rust-lang/crates-build-env/linux@sha256:2788e3201cd34a07e3172128adcd8b3090168a8e3bcc40d7c032b9dda1df7d1c" "/opt/rustwide/cargo-home/bin/cargo" "+1.75.0" "metadata" "--no-deps" "--format-version=1", kill_on_drop: false }`
[INFO] [stdout] 05322a0c63deb26599b03a4add6467cfd2969840428937aa512c491211b1289d
[INFO] running `Command { std: "docker" "start" "-a" "05322a0c63deb26599b03a4add6467cfd2969840428937aa512c491211b1289d", kill_on_drop: false }`
[INFO] running `Command { std: "docker" "inspect" "05322a0c63deb26599b03a4add6467cfd2969840428937aa512c491211b1289d", kill_on_drop: false }`
[INFO] running `Command { std: "docker" "rm" "-f" "05322a0c63deb26599b03a4add6467cfd2969840428937aa512c491211b1289d", kill_on_drop: false }`
[INFO] [stdout] 05322a0c63deb26599b03a4add6467cfd2969840428937aa512c491211b1289d
[INFO] running `Command { std: "docker" "create" "-v" "/var/lib/crater-agent-workspace/builds/worker-4-tc1/target:/opt/rustwide/target:rw,Z" "-v" "/var/lib/crater-agent-workspace/builds/worker-4-tc1/source:/opt/rustwide/workdir:ro,Z" "-v" "/var/lib/crater-agent-workspace/cargo-home:/opt/rustwide/cargo-home:ro,Z" "-v" "/var/lib/crater-agent-workspace/rustup-home:/opt/rustwide/rustup-home:ro,Z" "-e" "SOURCE_DIR=/opt/rustwide/workdir" "-e" "CARGO_TARGET_DIR=/opt/rustwide/target" "-e" "CARGO_INCREMENTAL=0" "-e" "RUST_BACKTRACE=full" "-e" "RUSTFLAGS=--cap-lints=warn" "-e" "RUSTDOCFLAGS=--cap-lints=warn" "-e" "CARGO_HOME=/opt/rustwide/cargo-home" "-e" "RUSTUP_HOME=/opt/rustwide/rustup-home" "-w" "/opt/rustwide/workdir" "-m" "1610612736" "--user" "0:0" "--network" "none" "ghcr.io/rust-lang/crates-build-env/linux@sha256:2788e3201cd34a07e3172128adcd8b3090168a8e3bcc40d7c032b9dda1df7d1c" "/opt/rustwide/cargo-home/bin/cargo" "+1.75.0" "build" "--frozen" "--message-format=json", kill_on_drop: false }`
[INFO] [stdout] 9e5600cb12cefd0f7a30dcf62fde343118013ddff021d1d2e5fc027ef6bb8acb
[INFO] running `Command { std: "docker" "start" "-a" "9e5600cb12cefd0f7a30dcf62fde343118013ddff021d1d2e5fc027ef6bb8acb", kill_on_drop: false }`
[INFO] [stderr]    Compiling libc v0.2.140
[INFO] [stderr]    Compiling log v0.4.17
[INFO] [stderr]    Compiling rppal v0.14.1
[INFO] [stderr]    Compiling as3935-bbn v0.1.0-pre.2 (/opt/rustwide/workdir)
[INFO] [stderr]     Finished dev [unoptimized + debuginfo] target(s) in 1.09s
[INFO] running `Command { std: "docker" "inspect" "9e5600cb12cefd0f7a30dcf62fde343118013ddff021d1d2e5fc027ef6bb8acb", kill_on_drop: false }`
[INFO] running `Command { std: "docker" "rm" "-f" "9e5600cb12cefd0f7a30dcf62fde343118013ddff021d1d2e5fc027ef6bb8acb", kill_on_drop: false }`
[INFO] [stdout] 9e5600cb12cefd0f7a30dcf62fde343118013ddff021d1d2e5fc027ef6bb8acb
[INFO] running `Command { std: "docker" "create" "-v" "/var/lib/crater-agent-workspace/builds/worker-4-tc1/target:/opt/rustwide/target:rw,Z" "-v" "/var/lib/crater-agent-workspace/builds/worker-4-tc1/source:/opt/rustwide/workdir:ro,Z" "-v" "/var/lib/crater-agent-workspace/cargo-home:/opt/rustwide/cargo-home:ro,Z" "-v" "/var/lib/crater-agent-workspace/rustup-home:/opt/rustwide/rustup-home:ro,Z" "-e" "SOURCE_DIR=/opt/rustwide/workdir" "-e" "CARGO_TARGET_DIR=/opt/rustwide/target" "-e" "CARGO_INCREMENTAL=0" "-e" "RUST_BACKTRACE=full" "-e" "RUSTFLAGS=--cap-lints=warn" "-e" "RUSTDOCFLAGS=--cap-lints=warn" "-e" "CARGO_HOME=/opt/rustwide/cargo-home" "-e" "RUSTUP_HOME=/opt/rustwide/rustup-home" "-w" "/opt/rustwide/workdir" "-m" "1610612736" "--user" "0:0" "--network" "none" "ghcr.io/rust-lang/crates-build-env/linux@sha256:2788e3201cd34a07e3172128adcd8b3090168a8e3bcc40d7c032b9dda1df7d1c" "/opt/rustwide/cargo-home/bin/cargo" "+1.75.0" "test" "--frozen" "--no-run" "--message-format=json", kill_on_drop: false }`
[INFO] [stdout] e3aaa3ae0c57a380134d0209704896e43e9c4af0382ef6bf7786f83a44e88f7d
[INFO] running `Command { std: "docker" "start" "-a" "e3aaa3ae0c57a380134d0209704896e43e9c4af0382ef6bf7786f83a44e88f7d", kill_on_drop: false }`
[INFO] [stderr]    Compiling log v0.4.17
[INFO] [stderr]    Compiling time-core v0.1.0
[INFO] [stderr]    Compiling itoa v1.0.6
[INFO] [stderr]    Compiling num_threads v0.1.6
[INFO] [stderr]    Compiling num-traits v0.2.15
[INFO] [stderr]    Compiling num-integer v0.1.45
[INFO] [stderr]    Compiling iana-time-zone v0.1.53
[INFO] [stderr]    Compiling atty v0.2.14
[INFO] [stderr]    Compiling time-macros v0.2.8
[INFO] [stderr]    Compiling colored v1.9.3
[INFO] [stderr]    Compiling time v0.1.45
[INFO] [stderr]    Compiling simple-signal v1.1.1
[INFO] [stderr]    Compiling as3935-bbn v0.1.0-pre.2 (/opt/rustwide/workdir)
[INFO] [stderr]    Compiling time v0.3.20
[INFO] [stderr]    Compiling chrono v0.4.24
[INFO] [stderr]    Compiling simple_logger v1.16.0
[INFO] [stdout] error[E0433]: failed to resolve: use of undeclared crate or module `as3935`
[INFO] [stdout]  --> examples/listen.rs:1:5
[INFO] [stdout]   |
[INFO] [stdout] 1 | use as3935::interface::i2c::I2cAddress;
[INFO] [stdout]   |     ^^^^^^ use of undeclared crate or module `as3935`
[INFO] [stdout] 
[INFO] [stdout] 
[INFO] [stdout] error[E0432]: unresolved import `as3935`
[INFO] [stdout]  --> examples/listen.rs:2:5
[INFO] [stdout]   |
[INFO] [stdout] 2 | use as3935::{
[INFO] [stdout]   |     ^^^^^^ use of undeclared crate or module `as3935`
[INFO] [stdout] 
[INFO] [stdout] 
[INFO] [stdout] error: aborting due to 2 previous errors
[INFO] [stdout] 
[INFO] [stdout] 
[INFO] [stdout] Some errors have detailed explanations: E0432, E0433.
[INFO] [stdout] 
[INFO] [stdout] For more information about an error, try `rustc --explain E0432`.
[INFO] [stdout] 
[INFO] [stderr] error: could not compile `as3935-bbn` (example "listen") due to 3 previous errors
[INFO] [stderr] warning: build failed, waiting for other jobs to finish...
[INFO] running `Command { std: "docker" "inspect" "e3aaa3ae0c57a380134d0209704896e43e9c4af0382ef6bf7786f83a44e88f7d", kill_on_drop: false }`
[INFO] running `Command { std: "docker" "rm" "-f" "e3aaa3ae0c57a380134d0209704896e43e9c4af0382ef6bf7786f83a44e88f7d", kill_on_drop: false }`
[INFO] [stdout] e3aaa3ae0c57a380134d0209704896e43e9c4af0382ef6bf7786f83a44e88f7d
[INFO] testing as3935-bbn-0.1.0-pre.2 against beta-2023-12-22 for beta-1.76-1
[INFO] extracting crate as3935-bbn 0.1.0-pre.2 into /workspace/builds/worker-4-tc2/source
[INFO] validating manifest of crates.io crate as3935-bbn 0.1.0-pre.2 on toolchain beta-2023-12-22
[INFO] running `Command { std: CARGO_HOME="/workspace/cargo-home" RUSTUP_HOME="/workspace/rustup-home" "/workspace/cargo-home/bin/cargo" "+beta-2023-12-22" "metadata" "--manifest-path" "Cargo.toml" "--no-deps", kill_on_drop: false }`
[INFO] started tweaking crates.io crate as3935-bbn 0.1.0-pre.2
[INFO] finished tweaking crates.io crate as3935-bbn 0.1.0-pre.2
[INFO] tweaked toml for crates.io crate as3935-bbn 0.1.0-pre.2 written to /workspace/builds/worker-4-tc2/source/Cargo.toml
[INFO] crate crates.io crate as3935-bbn 0.1.0-pre.2 already has a lockfile, it will not be regenerated
[INFO] running `Command { std: CARGO_HOME="/workspace/cargo-home" RUSTUP_HOME="/workspace/rustup-home" "/workspace/cargo-home/bin/cargo" "+beta-2023-12-22" "fetch" "--manifest-path" "Cargo.toml", kill_on_drop: false }`
[INFO] running `Command { std: "docker" "create" "-v" "/var/lib/crater-agent-workspace/builds/worker-4-tc2/target:/opt/rustwide/target:rw,Z" "-v" "/var/lib/crater-agent-workspace/builds/worker-4-tc2/source:/opt/rustwide/workdir:ro,Z" "-v" "/var/lib/crater-agent-workspace/cargo-home:/opt/rustwide/cargo-home:ro,Z" "-v" "/var/lib/crater-agent-workspace/rustup-home:/opt/rustwide/rustup-home:ro,Z" "-e" "SOURCE_DIR=/opt/rustwide/workdir" "-e" "CARGO_TARGET_DIR=/opt/rustwide/target" "-e" "CARGO_HOME=/opt/rustwide/cargo-home" "-e" "RUSTUP_HOME=/opt/rustwide/rustup-home" "-w" "/opt/rustwide/workdir" "-m" "1610612736" "--user" "0:0" "--network" "none" "ghcr.io/rust-lang/crates-build-env/linux@sha256:2788e3201cd34a07e3172128adcd8b3090168a8e3bcc40d7c032b9dda1df7d1c" "/opt/rustwide/cargo-home/bin/cargo" "+beta-2023-12-22" "metadata" "--no-deps" "--format-version=1", kill_on_drop: false }`
[INFO] [stdout] 8125f0eba967fab87315966d6fd9937b9046879b75233bf22ebfe4124c9f34ef
[INFO] running `Command { std: "docker" "start" "-a" "8125f0eba967fab87315966d6fd9937b9046879b75233bf22ebfe4124c9f34ef", kill_on_drop: false }`
[INFO] running `Command { std: "docker" "inspect" "8125f0eba967fab87315966d6fd9937b9046879b75233bf22ebfe4124c9f34ef", kill_on_drop: false }`
[INFO] running `Command { std: "docker" "rm" "-f" "8125f0eba967fab87315966d6fd9937b9046879b75233bf22ebfe4124c9f34ef", kill_on_drop: false }`
[INFO] [stdout] 8125f0eba967fab87315966d6fd9937b9046879b75233bf22ebfe4124c9f34ef
[INFO] running `Command { std: "docker" "create" "-v" "/var/lib/crater-agent-workspace/builds/worker-4-tc2/target:/opt/rustwide/target:rw,Z" "-v" "/var/lib/crater-agent-workspace/builds/worker-4-tc2/source:/opt/rustwide/workdir:ro,Z" "-v" "/var/lib/crater-agent-workspace/cargo-home:/opt/rustwide/cargo-home:ro,Z" "-v" "/var/lib/crater-agent-workspace/rustup-home:/opt/rustwide/rustup-home:ro,Z" "-e" "SOURCE_DIR=/opt/rustwide/workdir" "-e" "CARGO_TARGET_DIR=/opt/rustwide/target" "-e" "CARGO_INCREMENTAL=0" "-e" "RUST_BACKTRACE=full" "-e" "RUSTFLAGS=--cap-lints=warn" "-e" "RUSTDOCFLAGS=--cap-lints=warn" "-e" "CARGO_HOME=/opt/rustwide/cargo-home" "-e" "RUSTUP_HOME=/opt/rustwide/rustup-home" "-w" "/opt/rustwide/workdir" "-m" "1610612736" "--user" "0:0" "--network" "none" "ghcr.io/rust-lang/crates-build-env/linux@sha256:2788e3201cd34a07e3172128adcd8b3090168a8e3bcc40d7c032b9dda1df7d1c" "/opt/rustwide/cargo-home/bin/cargo" "+beta-2023-12-22" "build" "--frozen" "--message-format=json", kill_on_drop: false }`
[INFO] [stdout] 2665b338d5b126078284c7cf124aa1bb1a2c5555ec3991cfc44a90f0a9cd471a
[INFO] running `Command { std: "docker" "start" "-a" "2665b338d5b126078284c7cf124aa1bb1a2c5555ec3991cfc44a90f0a9cd471a", kill_on_drop: false }`
[INFO] [stderr]    Compiling libc v0.2.140
[INFO] [stderr]    Compiling log v0.4.17
[INFO] [stderr]    Compiling rppal v0.14.1
[INFO] [stderr]    Compiling as3935-bbn v0.1.0-pre.2 (/opt/rustwide/workdir)
[INFO] [stderr]     Finished dev [unoptimized + debuginfo] target(s) in 1.04s
[INFO] running `Command { std: "docker" "inspect" "2665b338d5b126078284c7cf124aa1bb1a2c5555ec3991cfc44a90f0a9cd471a", kill_on_drop: false }`
[INFO] running `Command { std: "docker" "rm" "-f" "2665b338d5b126078284c7cf124aa1bb1a2c5555ec3991cfc44a90f0a9cd471a", kill_on_drop: false }`
[INFO] [stdout] 2665b338d5b126078284c7cf124aa1bb1a2c5555ec3991cfc44a90f0a9cd471a
[INFO] running `Command { std: "docker" "create" "-v" "/var/lib/crater-agent-workspace/builds/worker-4-tc2/target:/opt/rustwide/target:rw,Z" "-v" "/var/lib/crater-agent-workspace/builds/worker-4-tc2/source:/opt/rustwide/workdir:ro,Z" "-v" "/var/lib/crater-agent-workspace/cargo-home:/opt/rustwide/cargo-home:ro,Z" "-v" "/var/lib/crater-agent-workspace/rustup-home:/opt/rustwide/rustup-home:ro,Z" "-e" "SOURCE_DIR=/opt/rustwide/workdir" "-e" "CARGO_TARGET_DIR=/opt/rustwide/target" "-e" "CARGO_INCREMENTAL=0" "-e" "RUST_BACKTRACE=full" "-e" "RUSTFLAGS=--cap-lints=warn" "-e" "RUSTDOCFLAGS=--cap-lints=warn" "-e" "CARGO_HOME=/opt/rustwide/cargo-home" "-e" "RUSTUP_HOME=/opt/rustwide/rustup-home" "-w" "/opt/rustwide/workdir" "-m" "1610612736" "--user" "0:0" "--network" "none" "ghcr.io/rust-lang/crates-build-env/linux@sha256:2788e3201cd34a07e3172128adcd8b3090168a8e3bcc40d7c032b9dda1df7d1c" "/opt/rustwide/cargo-home/bin/cargo" "+beta-2023-12-22" "test" "--frozen" "--no-run" "--message-format=json", kill_on_drop: false }`
[INFO] [stdout] 6da16612c8649a98317d0fc80751ff0c379c52194578ecd8d2b4918259b8bf1d
[INFO] running `Command { std: "docker" "start" "-a" "6da16612c8649a98317d0fc80751ff0c379c52194578ecd8d2b4918259b8bf1d", kill_on_drop: false }`
[INFO] [stderr]    Compiling log v0.4.17
[INFO] [stderr]    Compiling time-core v0.1.0
[INFO] [stderr]    Compiling atty v0.2.14
[INFO] [stderr]    Compiling itoa v1.0.6
[INFO] [stderr]    Compiling num_threads v0.1.6
[INFO] [stderr]    Compiling num-traits v0.2.15
[INFO] [stderr]    Compiling num-integer v0.1.45
[INFO] [stderr]    Compiling time v0.1.45
[INFO] [stderr]    Compiling time-macros v0.2.8
[INFO] [stderr]    Compiling colored v1.9.3
[INFO] [stderr]    Compiling iana-time-zone v0.1.53
[INFO] [stderr]    Compiling simple-signal v1.1.1
[INFO] [stderr]    Compiling as3935-bbn v0.1.0-pre.2 (/opt/rustwide/workdir)
[INFO] [stderr]    Compiling chrono v0.4.24
[INFO] [stderr]    Compiling time v0.3.20
[INFO] [stderr]    Compiling simple_logger v1.16.0
[INFO] [stdout] error[E0433]: failed to resolve: use of undeclared crate or module `as3935`
[INFO] [stdout]  --> examples/listen.rs:1:5
[INFO] [stdout]   |
[INFO] [stdout] 1 | use as3935::interface::i2c::I2cAddress;
[INFO] [stdout]   |     ^^^^^^ use of undeclared crate or module `as3935`
[INFO] [stdout] 
[INFO] [stdout] 
[INFO] [stdout] error[E0432]: unresolved import `as3935`
[INFO] [stdout]  --> examples/listen.rs:2:5
[INFO] [stdout]   |
[INFO] [stdout] 2 | use as3935::{
[INFO] [stdout]   |     ^^^^^^ use of undeclared crate or module `as3935`
[INFO] [stdout] 
[INFO] [stdout] 
[INFO] [stdout] error: aborting due to 2 previous errors
[INFO] [stdout] 
[INFO] [stdout] 
[INFO] [stdout] Some errors have detailed explanations: E0432, E0433.
[INFO] [stdout] 
[INFO] [stdout] For more information about an error, try `rustc --explain E0432`.
[INFO] [stdout] 
[INFO] [stderr] error: could not compile `as3935-bbn` (example "listen") due to 3 previous errors
[INFO] [stderr] warning: build failed, waiting for other jobs to finish...
[INFO] running `Command { std: "docker" "inspect" "6da16612c8649a98317d0fc80751ff0c379c52194578ecd8d2b4918259b8bf1d", kill_on_drop: false }`
[INFO] running `Command { std: "docker" "rm" "-f" "6da16612c8649a98317d0fc80751ff0c379c52194578ecd8d2b4918259b8bf1d", kill_on_drop: false }`
[INFO] [stdout] 6da16612c8649a98317d0fc80751ff0c379c52194578ecd8d2b4918259b8bf1d
