[INFO] fetching crate artifice-manager 0.1.4...
[INFO] testing artifice-manager-0.1.4 against 1.75.0 for beta-1.76-1
[INFO] extracting crate artifice-manager 0.1.4 into /workspace/builds/worker-7-tc1/source
[INFO] validating manifest of crates.io crate artifice-manager 0.1.4 on toolchain 1.75.0
[INFO] running `Command { std: CARGO_HOME="/workspace/cargo-home" RUSTUP_HOME="/workspace/rustup-home" "/workspace/cargo-home/bin/cargo" "+1.75.0" "metadata" "--manifest-path" "Cargo.toml" "--no-deps", kill_on_drop: false }`
[INFO] started tweaking crates.io crate artifice-manager 0.1.4
[INFO] finished tweaking crates.io crate artifice-manager 0.1.4
[INFO] tweaked toml for crates.io crate artifice-manager 0.1.4 written to /workspace/builds/worker-7-tc1/source/Cargo.toml
[INFO] crate crates.io crate artifice-manager 0.1.4 already has a lockfile, it will not be regenerated
[INFO] running `Command { std: CARGO_HOME="/workspace/cargo-home" RUSTUP_HOME="/workspace/rustup-home" "/workspace/cargo-home/bin/cargo" "+1.75.0" "fetch" "--manifest-path" "Cargo.toml", kill_on_drop: false }`
[INFO] [stderr]     Updating crates.io index
[INFO] [stderr]  Downloading crates ...
[INFO] [stderr]   Downloaded crossbeam-channel v0.4.2
[INFO] [stderr]   Downloaded generic-array v0.14.2
[INFO] [stderr]   Downloaded networking v0.1.4
[INFO] [stderr]   Downloaded serde_derive v1.0.114
[INFO] [stderr]   Downloaded pin-project-lite v0.1.7
[INFO] [stderr]   Downloaded tokio-macros v0.2.5
[INFO] [stderr]   Downloaded futures-sink v0.3.5
[INFO] [stderr]   Downloaded scoped-tls v0.1.2
[INFO] [stderr]   Downloaded arrayvec v0.5.1
[INFO] [stderr]   Downloaded tar v0.4.29
[INFO] [stderr]   Downloaded syn v1.0.33
[INFO] [stderr]   Downloaded tokio v0.2.22
[INFO] [stderr]   Downloaded futures-util v0.3.5
[INFO] [stderr]   Downloaded aho-corasick v0.7.13
[INFO] [stderr]   Downloaded regex v1.3.9
[INFO] [stderr]   Downloaded regex-syntax v0.6.18
[INFO] [stderr]   Downloaded rust-crypto v0.2.36
[INFO] [stderr]   Downloaded rle-decode-fast v1.0.1
[INFO] [stderr]   Downloaded libflate v1.0.2
[INFO] [stderr]   Downloaded zeroize v1.1.0
[INFO] [stderr]   Downloaded generator v0.6.21
[INFO] [stderr]   Downloaded loom v0.3.4
[INFO] [stderr]   Downloaded bytes v0.5.5
[INFO] [stderr]   Downloaded filetime v0.2.10
[INFO] [stderr]   Downloaded xattr v0.2.2
[INFO] [stderr]   Downloaded futures-channel v0.3.5
[INFO] [stderr]   Downloaded walkdir v2.3.1
[INFO] [stderr]   Downloaded ipc-channel v0.14.1
[INFO] [stderr]   Downloaded byteorder v1.3.4
[INFO] [stderr]   Downloaded proc-macro-hack v0.5.16
[INFO] [stderr]   Downloaded futures-macro v0.3.5
[INFO] [stderr]   Downloaded pin-project-internal v0.4.22
[INFO] [stderr]   Downloaded libm v0.2.1
[INFO] [stderr]   Downloaded cpuid-bool v0.1.0
[INFO] [stderr]   Downloaded cc v1.0.57
[INFO] [stderr]   Downloaded num-bigint-dig v0.6.0
[INFO] [stderr]   Downloaded chrono v0.4.12
[INFO] [stderr]   Downloaded simple_asn1 v0.4.0
[INFO] [stderr]   Downloaded blake2b_simd v0.5.10
[INFO] [stderr]   Downloaded rust-argon2 v0.7.0
[INFO] [stderr]   Downloaded bincode v1.3.1
[INFO] [stderr]   Downloaded zeroize_derive v1.0.0
[INFO] [stderr]   Downloaded futures-io v0.3.5
[INFO] [stderr]   Downloaded futures-core v0.3.5
[INFO] [stderr]   Downloaded dirs v3.0.1
[INFO] [stderr]   Downloaded futures-task v0.3.5
[INFO] [stderr]   Downloaded ppv-lite86 v0.2.8
[INFO] [stderr]   Downloaded futures-executor v0.3.5
[INFO] [stderr]   Downloaded thiserror v1.0.20
[INFO] [stderr]   Downloaded pin-project v0.4.22
[INFO] [stderr]   Downloaded dirs-sys v0.3.5
[INFO] [stderr]   Downloaded net2 v0.2.34
[INFO] [stderr]   Downloaded futures v0.3.5
[INFO] [stderr]   Downloaded adler32 v1.1.0
[INFO] [stderr]   Downloaded rsa v0.3.0
[INFO] [stderr]   Downloaded arrayref v0.3.6
[INFO] [stderr]   Downloaded subtle v2.2.3
[INFO] [stderr]   Downloaded uuid v0.8.1
[INFO] [stderr]   Downloaded smallvec v1.4.0
[INFO] [stderr]   Downloaded socket2 v0.3.12
[INFO] [stderr]   Downloaded synstructure v0.12.4
[INFO] [stderr]   Downloaded thiserror-impl v1.0.20
[INFO] [stderr]   Downloaded once_cell v1.4.0
[INFO] [stderr]   Downloaded redox_users v0.3.4
[INFO] [stderr]   Downloaded libflate_lz77 v1.0.0
[INFO] [stderr]   Downloaded mio v0.6.22
[INFO] [stderr]   Downloaded sha2 v0.9.1
[INFO] [stderr]   Downloaded serde v1.0.114
[INFO] [stderr]   Downloaded serde_json v1.0.56
[INFO] [stderr]   Downloaded proc-macro2 v1.0.18
[INFO] running `Command { std: "docker" "create" "-v" "/var/lib/crater-agent-workspace/builds/worker-7-tc1/target:/opt/rustwide/target:rw,Z" "-v" "/var/lib/crater-agent-workspace/builds/worker-7-tc1/source:/opt/rustwide/workdir:ro,Z" "-v" "/var/lib/crater-agent-workspace/cargo-home:/opt/rustwide/cargo-home:ro,Z" "-v" "/var/lib/crater-agent-workspace/rustup-home:/opt/rustwide/rustup-home:ro,Z" "-e" "SOURCE_DIR=/opt/rustwide/workdir" "-e" "CARGO_TARGET_DIR=/opt/rustwide/target" "-e" "CARGO_HOME=/opt/rustwide/cargo-home" "-e" "RUSTUP_HOME=/opt/rustwide/rustup-home" "-w" "/opt/rustwide/workdir" "-m" "1610612736" "--user" "0:0" "--network" "none" "ghcr.io/rust-lang/crates-build-env/linux@sha256:2788e3201cd34a07e3172128adcd8b3090168a8e3bcc40d7c032b9dda1df7d1c" "/opt/rustwide/cargo-home/bin/cargo" "+1.75.0" "metadata" "--no-deps" "--format-version=1", kill_on_drop: false }`
[INFO] [stdout] 7ec8ace9143ea7f04b38432ddf4537981f069ddba206a3e18ea4a5d409ce98d8
[INFO] running `Command { std: "docker" "start" "-a" "7ec8ace9143ea7f04b38432ddf4537981f069ddba206a3e18ea4a5d409ce98d8", kill_on_drop: false }`
[INFO] running `Command { std: "docker" "inspect" "7ec8ace9143ea7f04b38432ddf4537981f069ddba206a3e18ea4a5d409ce98d8", kill_on_drop: false }`
[INFO] running `Command { std: "docker" "rm" "-f" "7ec8ace9143ea7f04b38432ddf4537981f069ddba206a3e18ea4a5d409ce98d8", kill_on_drop: false }`
[INFO] [stdout] 7ec8ace9143ea7f04b38432ddf4537981f069ddba206a3e18ea4a5d409ce98d8
[INFO] running `Command { std: "docker" "create" "-v" "/var/lib/crater-agent-workspace/builds/worker-7-tc1/target:/opt/rustwide/target:rw,Z" "-v" "/var/lib/crater-agent-workspace/builds/worker-7-tc1/source:/opt/rustwide/workdir:ro,Z" "-v" "/var/lib/crater-agent-workspace/cargo-home:/opt/rustwide/cargo-home:ro,Z" "-v" "/var/lib/crater-agent-workspace/rustup-home:/opt/rustwide/rustup-home:ro,Z" "-e" "SOURCE_DIR=/opt/rustwide/workdir" "-e" "CARGO_TARGET_DIR=/opt/rustwide/target" "-e" "CARGO_INCREMENTAL=0" "-e" "RUST_BACKTRACE=full" "-e" "RUSTFLAGS=--cap-lints=warn" "-e" "RUSTDOCFLAGS=--cap-lints=warn" "-e" "CARGO_HOME=/opt/rustwide/cargo-home" "-e" "RUSTUP_HOME=/opt/rustwide/rustup-home" "-w" "/opt/rustwide/workdir" "-m" "1610612736" "--user" "0:0" "--network" "none" "ghcr.io/rust-lang/crates-build-env/linux@sha256:2788e3201cd34a07e3172128adcd8b3090168a8e3bcc40d7c032b9dda1df7d1c" "/opt/rustwide/cargo-home/bin/cargo" "+1.75.0" "build" "--frozen" "--message-format=json", kill_on_drop: false }`
[INFO] [stdout] f7c8f57e5d67fa9a5d4aaee7d0a6dfc623cf61100d30d2a52123aa4f3657e583
[INFO] running `Command { std: "docker" "start" "-a" "f7c8f57e5d67fa9a5d4aaee7d0a6dfc623cf61100d30d2a52123aa4f3657e583", kill_on_drop: false }`
[INFO] [stderr]    Compiling libc v0.2.71
[INFO] [stderr]    Compiling proc-macro2 v1.0.18
[INFO] [stderr]    Compiling unicode-xid v0.2.1
[INFO] [stderr]    Compiling syn v1.0.33
[INFO] [stderr]    Compiling memchr v2.3.3
[INFO] [stderr]    Compiling spin v0.5.2
[INFO] [stderr]    Compiling serde v1.0.114
[INFO] [stderr]    Compiling typenum v1.12.0
[INFO] [stderr]    Compiling version_check v0.9.2
[INFO] [stderr]    Compiling ppv-lite86 v0.2.8
[INFO] [stderr]    Compiling byteorder v1.3.4
[INFO] [stderr]    Compiling pin-project-internal v0.4.22
[INFO] [stderr]    Compiling num-traits v0.2.12
[INFO] [stderr]    Compiling num-integer v0.1.43
[INFO] [stderr]    Compiling once_cell v1.4.0
[INFO] [stderr]    Compiling log v0.4.8
[INFO] [stderr]    Compiling futures-core v0.3.5
[INFO] [stderr]    Compiling lazy_static v1.4.0
[INFO] [stderr]    Compiling proc-macro-nested v0.1.6
[INFO] [stderr]    Compiling num-bigint v0.2.6
[INFO] [stderr]    Compiling num-iter v0.1.41
[INFO] [stderr]    Compiling generic-array v0.14.2
[INFO] [stderr]    Compiling futures-sink v0.3.5
[INFO] [stderr]    Compiling libm v0.2.1
[INFO] [stderr]    Compiling proc-macro-hack v0.5.16
[INFO] [stderr]    Compiling num-bigint-dig v0.6.0
[INFO] [stderr]    Compiling futures-channel v0.3.5
[INFO] [stderr]    Compiling aho-corasick v0.7.13
[INFO] [stderr]    Compiling thread_local v1.0.1
[INFO] [stderr]    Compiling futures-task v0.3.5
[INFO] [stderr]    Compiling crossbeam-utils v0.7.2
[INFO] [stderr]    Compiling futures-io v0.3.5
[INFO] [stderr]    Compiling gcc v0.3.55
[INFO] [stderr]    Compiling ryu v1.0.5
[INFO] [stderr]    Compiling maybe-uninit v2.0.0
[INFO] [stderr]    Compiling regex-syntax v0.6.18
[INFO] [stderr]    Compiling pin-utils v0.1.0
[INFO] [stderr]    Compiling crc32fast v1.2.0
[INFO] [stderr]    Compiling getrandom v0.1.14
[INFO] [stderr]    Compiling time v0.1.43
[INFO] [stderr]    Compiling iovec v0.1.4
[INFO] [stderr]    Compiling net2 v0.2.34
[INFO] [stderr]    Compiling rand_core v0.5.1
[INFO] [stderr]    Compiling quote v1.0.7
[INFO] [stderr]    Compiling rand v0.4.6
[INFO] [stderr]    Compiling serde_derive v1.0.114
[INFO] [stderr]    Compiling rand_chacha v0.2.2
[INFO] [stderr]    Compiling mio v0.6.22
[INFO] [stderr]    Compiling fnv v1.0.7
[INFO] [stderr]    Compiling serde_json v1.0.56
[INFO] [stderr]    Compiling chrono v0.4.12
[INFO] [stderr]    Compiling base64 v0.12.3
[INFO] [stderr]    Compiling rand v0.7.3
[INFO] [stderr]    Compiling rust-crypto v0.2.36
[INFO] [stderr]    Compiling arc-swap v0.4.7
[INFO] [stderr]    Compiling smallvec v1.4.0
[INFO] [stderr]    Compiling cpuid-bool v0.1.0
[INFO] [stderr]    Compiling signal-hook-registry v1.2.0
[INFO] [stderr]    Compiling block-buffer v0.9.0
[INFO] [stderr]    Compiling digest v0.9.0
[INFO] [stderr]    Compiling rand v0.3.23
[INFO] [stderr]    Compiling sha2 v0.9.1
[INFO] [stderr]    Compiling mio-uds v0.6.8
[INFO] [stderr]    Compiling num_cpus v1.13.0
[INFO] [stderr]    Compiling bytes v0.5.5
[INFO] [stderr]    Compiling subtle v2.2.3
[INFO] [stderr]    Compiling rustc-serialize v0.3.24
[INFO] [stderr]    Compiling itoa v0.4.6
[INFO] [stderr]    Compiling remove_dir_all v0.5.3
[INFO] [stderr]    Compiling pin-project-lite v0.1.7
[INFO] [stderr]    Compiling tempfile v3.1.0
[INFO] [stderr]    Compiling uuid v0.8.1
[INFO] [stderr]    Compiling crossbeam-channel v0.4.2
[INFO] [stderr]    Compiling simple_asn1 v0.4.0
[INFO] [stderr]    Compiling xattr v0.2.2
[INFO] [stderr]    Compiling filetime v0.2.10
[INFO] [stderr]    Compiling dirs-sys v0.3.5
[INFO] [stderr]    Compiling libflate_lz77 v1.0.0
[INFO] [stderr]    Compiling rle-decode-fast v1.0.1
[INFO] [stderr]    Compiling adler32 v1.1.0
[INFO] [stderr]    Compiling walkdir v2.3.1
[INFO] [stderr]    Compiling regex v1.3.9
[INFO] [stderr]    Compiling dirs v3.0.1
[INFO] [stderr]    Compiling libflate v1.0.2
[INFO] [stderr]    Compiling tar v0.4.29
[INFO] [stderr]    Compiling bincode v1.3.1
[INFO] [stderr]    Compiling pem v0.8.1
[INFO] [stderr]    Compiling ipc-channel v0.14.1
[INFO] [stderr]    Compiling synstructure v0.12.4
[INFO] [stderr]    Compiling zeroize_derive v1.0.0
[INFO] [stderr]    Compiling futures-macro v0.3.5
[INFO] [stderr]    Compiling thiserror-impl v1.0.20
[INFO] [stderr]    Compiling tokio-macros v0.2.5
[INFO] [stderr]    Compiling tokio v0.2.22
[INFO] [stderr]    Compiling zeroize v1.1.0
[INFO] [stderr]    Compiling thiserror v1.0.20
[INFO] [stderr]    Compiling pin-project v0.4.22
[INFO] [stderr]    Compiling futures-util v0.3.5
[INFO] [stderr]    Compiling rsa v0.3.0
[INFO] [stderr]    Compiling futures-executor v0.3.5
[INFO] [stderr]    Compiling futures v0.3.5
[INFO] [stderr]    Compiling networking v0.1.4
[INFO] [stdout] error[E0554]: `#![feature]` may not be used on the stable release channel
[INFO] [stdout]    --> /opt/rustwide/cargo-home/registry/src/index.crates.io-6f17d22bba15001f/networking-0.1.4/src/lib.rs:125:12
[INFO] [stdout]     |
[INFO] [stdout] 125 | #![feature(maybe_uninit_ref)]
[INFO] [stdout]     |            ^^^^^^^^^^^^^^^^
[INFO] [stdout] 
[INFO] [stdout] 
[INFO] [stdout] error[E0554]: `#![feature]` may not be used on the stable release channel
[INFO] [stdout]    --> /opt/rustwide/cargo-home/registry/src/index.crates.io-6f17d22bba15001f/networking-0.1.4/src/lib.rs:126:12
[INFO] [stdout]     |
[INFO] [stdout] 126 | #![feature(ip)]
[INFO] [stdout]     |            ^^
[INFO] [stdout] 
[INFO] [stdout] 
[INFO] [stdout] error[E0599]: no method named `get_ref` found for reference `&MaybeUninit<Req>` in the current scope
[INFO] [stdout]   --> /opt/rustwide/cargo-home/registry/src/index.crates.io-6f17d22bba15001f/networking-0.1.4/src/query.rs:20:54
[INFO] [stdout]    |
[INFO] [stdout] 20 |             return Poll::Ready(unsafe { data.deref().get_ref().clone() });
[INFO] [stdout]    |                                                      ^^^^^^^ method not found in `&MaybeUninit<Req>`
[INFO] [stdout]    |
[INFO] [stdout] help: consider pinning the expression
[INFO] [stdout]    |
[INFO] [stdout] 20 ~             return Poll::Ready(unsafe { let mut pinned = std::pin::pin!(data.deref());
[INFO] [stdout] 21 ~             pinned.as_ref().get_ref().clone() });
[INFO] [stdout]    |
[INFO] [stdout] 
[INFO] [stdout] 
[INFO] [stdout] error[E0599]: no method named `get_mut` found for mutable reference `&mut MaybeUninit<Req>` in the current scope
[INFO] [stdout]   --> /opt/rustwide/cargo-home/registry/src/index.crates.io-6f17d22bba15001f/networking-0.1.4/src/query.rs:34:32
[INFO] [stdout]    |
[INFO] [stdout] 34 |             *gaurd.deref_mut().get_mut() = data;
[INFO] [stdout]    |                                ^^^^^^^ method not found in `&mut MaybeUninit<Req>`
[INFO] [stdout]    |
[INFO] [stdout] help: consider pinning the expression
[INFO] [stdout]    |
[INFO] [stdout] 34 ~             *let mut pinned = std::pin::pin!(gaurd.deref_mut());
[INFO] [stdout] 35 ~             pinned.as_mut().get_mut() = data;
[INFO] [stdout]    |
[INFO] [stdout] 
[INFO] [stdout] 
[INFO] [stdout] error[E0599]: no method named `get_ref` found for reference `&std::sync::MutexGuard<'_, MaybeUninit<T>>` in the current scope
[INFO] [stdout]   --> /opt/rustwide/cargo-home/registry/src/index.crates.io-6f17d22bba15001f/networking-0.1.4/src/query.rs:53:43
[INFO] [stdout]    |
[INFO] [stdout] 53 |                 return Some(data.borrow().get_ref().clone());
[INFO] [stdout]    |                                           ^^^^^^^ method not found in `&MutexGuard<'_, MaybeUninit<T>>`
[INFO] [stdout]    |
[INFO] [stdout] help: consider pinning the expression
[INFO] [stdout]    |
[INFO] [stdout] 53 ~                 return Some(let mut pinned = std::pin::pin!(data.borrow());
[INFO] [stdout] 54 ~                 pinned.as_ref().get_ref().clone());
[INFO] [stdout]    |
[INFO] [stdout] 
[INFO] [stdout] 
[INFO] [stdout] error[E0599]: no method named `get_ref` found for reference `&MaybeUninit<T>` in the current scope
[INFO] [stdout]   --> /opt/rustwide/cargo-home/registry/src/index.crates.io-6f17d22bba15001f/networking-0.1.4/src/query.rs:66:35
[INFO] [stdout]    |
[INFO] [stdout] 66 |                 Some(data.deref().get_ref().clone())
[INFO] [stdout]    |                                   ^^^^^^^ method not found in `&MaybeUninit<T>`
[INFO] [stdout]    |
[INFO] [stdout] help: consider pinning the expression
[INFO] [stdout]    |
[INFO] [stdout] 66 ~                 Some(let mut pinned = std::pin::pin!(data.deref());
[INFO] [stdout] 67 ~                 pinned.as_ref().get_ref().clone())
[INFO] [stdout]    |
[INFO] [stdout] 
[INFO] [stdout] 
[INFO] [stdout] error[E0599]: no method named `get_mut` found for mutable reference `&mut MaybeUninit<Rsp>` in the current scope
[INFO] [stdout]   --> /opt/rustwide/cargo-home/registry/src/index.crates.io-6f17d22bba15001f/networking-0.1.4/src/query.rs:91:32
[INFO] [stdout]    |
[INFO] [stdout] 91 |             *gaurd.deref_mut().get_mut() = data;
[INFO] [stdout]    |                                ^^^^^^^ method not found in `&mut MaybeUninit<Rsp>`
[INFO] [stdout]    |
[INFO] [stdout] help: consider pinning the expression
[INFO] [stdout]    |
[INFO] [stdout] 91 ~             *let mut pinned = std::pin::pin!(gaurd.deref_mut());
[INFO] [stdout] 92 ~             pinned.as_mut().get_mut() = data;
[INFO] [stdout]    |
[INFO] [stdout] 
[INFO] [stdout] 
[INFO] [stdout] error[E0599]: no method named `get_ref` found for reference `&MaybeUninit<T>` in the current scope
[INFO] [stdout]    --> /opt/rustwide/cargo-home/registry/src/index.crates.io-6f17d22bba15001f/networking-0.1.4/src/query.rs:104:47
[INFO] [stdout]     |
[INFO] [stdout] 104 |             return Some(unsafe { data.deref().get_ref().clone() });
[INFO] [stdout]     |                                               ^^^^^^^ method not found in `&MaybeUninit<T>`
[INFO] [stdout]     |
[INFO] [stdout] help: consider pinning the expression
[INFO] [stdout]     |
[INFO] [stdout] 104 ~             return Some(unsafe { let mut pinned = std::pin::pin!(data.deref());
[INFO] [stdout] 105 ~             pinned.as_ref().get_ref().clone() });
[INFO] [stdout]     |
[INFO] [stdout] 
[INFO] [stdout] 
[INFO] [stdout] error[E0599]: no method named `get_ref` found for reference `&MaybeUninit<T>` in the current scope
[INFO] [stdout]    --> /opt/rustwide/cargo-home/registry/src/index.crates.io-6f17d22bba15001f/networking-0.1.4/src/query.rs:116:35
[INFO] [stdout]     |
[INFO] [stdout] 116 |                 Some(data.deref().get_ref().clone())
[INFO] [stdout]     |                                   ^^^^^^^ method not found in `&MaybeUninit<T>`
[INFO] [stdout]     |
[INFO] [stdout] help: consider pinning the expression
[INFO] [stdout]     |
[INFO] [stdout] 116 ~                 Some(let mut pinned = std::pin::pin!(data.deref());
[INFO] [stdout] 117 ~                 pinned.as_ref().get_ref().clone())
[INFO] [stdout]     |
[INFO] [stdout] 
[INFO] [stdout] 
[INFO] [stdout] error[E0599]: no method named `get_ref` found for reference `&MaybeUninit<Rsp>` in the current scope
[INFO] [stdout]    --> /opt/rustwide/cargo-home/registry/src/index.crates.io-6f17d22bba15001f/networking-0.1.4/src/query.rs:138:54
[INFO] [stdout]     |
[INFO] [stdout] 138 |             return Poll::Ready(unsafe { data.deref().get_ref().clone() });
[INFO] [stdout]     |                                                      ^^^^^^^ method not found in `&MaybeUninit<Rsp>`
[INFO] [stdout]     |
[INFO] [stdout] help: consider pinning the expression
[INFO] [stdout]     |
[INFO] [stdout] 138 ~             return Poll::Ready(unsafe { let mut pinned = std::pin::pin!(data.deref());
[INFO] [stdout] 139 ~             pinned.as_ref().get_ref().clone() });
[INFO] [stdout]     |
[INFO] [stdout] 
[INFO] [stdout] 
[INFO] [stdout] error: aborting due to 10 previous errors
[INFO] [stdout] 
[INFO] [stdout] 
[INFO] [stdout] Some errors have detailed explanations: E0554, E0599.
[INFO] [stdout] 
[INFO] [stdout] For more information about an error, try `rustc --explain E0554`.
[INFO] [stdout] 
[INFO] [stderr] error: could not compile `networking` (lib) due to 11 previous errors
[INFO] [stderr] warning: build failed, waiting for other jobs to finish...
[INFO] running `Command { std: "docker" "inspect" "f7c8f57e5d67fa9a5d4aaee7d0a6dfc623cf61100d30d2a52123aa4f3657e583", kill_on_drop: false }`
[INFO] running `Command { std: "docker" "rm" "-f" "f7c8f57e5d67fa9a5d4aaee7d0a6dfc623cf61100d30d2a52123aa4f3657e583", kill_on_drop: false }`
[INFO] [stdout] f7c8f57e5d67fa9a5d4aaee7d0a6dfc623cf61100d30d2a52123aa4f3657e583
