[INFO] fetching crate array-matrix 0.1.4...
[INFO] testing array-matrix-0.1.4 against 1.75.0 for beta-1.76-1
[INFO] extracting crate array-matrix 0.1.4 into /workspace/builds/worker-5-tc1/source
[INFO] validating manifest of crates.io crate array-matrix 0.1.4 on toolchain 1.75.0
[INFO] running `Command { std: CARGO_HOME="/workspace/cargo-home" RUSTUP_HOME="/workspace/rustup-home" "/workspace/cargo-home/bin/cargo" "+1.75.0" "metadata" "--manifest-path" "Cargo.toml" "--no-deps", kill_on_drop: false }`
[INFO] started tweaking crates.io crate array-matrix 0.1.4
[INFO] finished tweaking crates.io crate array-matrix 0.1.4
[INFO] tweaked toml for crates.io crate array-matrix 0.1.4 written to /workspace/builds/worker-5-tc1/source/Cargo.toml
[INFO] running `Command { std: CARGO_HOME="/workspace/cargo-home" RUSTUP_HOME="/workspace/rustup-home" "/workspace/cargo-home/bin/cargo" "+1.75.0" "generate-lockfile" "--manifest-path" "Cargo.toml", kill_on_drop: false }`
[INFO] [stderr]     Updating crates.io index
[INFO] running `Command { std: CARGO_HOME="/workspace/cargo-home" RUSTUP_HOME="/workspace/rustup-home" "/workspace/cargo-home/bin/cargo" "+1.75.0" "fetch" "--manifest-path" "Cargo.toml", kill_on_drop: false }`
[INFO] [stderr]  Downloading crates ...
[INFO] [stderr]   Downloaded array-init v2.1.0
[INFO] running `Command { std: "docker" "create" "-v" "/var/lib/crater-agent-workspace/builds/worker-5-tc1/target:/opt/rustwide/target:rw,Z" "-v" "/var/lib/crater-agent-workspace/builds/worker-5-tc1/source:/opt/rustwide/workdir:ro,Z" "-v" "/var/lib/crater-agent-workspace/cargo-home:/opt/rustwide/cargo-home:ro,Z" "-v" "/var/lib/crater-agent-workspace/rustup-home:/opt/rustwide/rustup-home:ro,Z" "-e" "SOURCE_DIR=/opt/rustwide/workdir" "-e" "CARGO_TARGET_DIR=/opt/rustwide/target" "-e" "CARGO_HOME=/opt/rustwide/cargo-home" "-e" "RUSTUP_HOME=/opt/rustwide/rustup-home" "-w" "/opt/rustwide/workdir" "-m" "1610612736" "--user" "0:0" "--network" "none" "ghcr.io/rust-lang/crates-build-env/linux@sha256:2788e3201cd34a07e3172128adcd8b3090168a8e3bcc40d7c032b9dda1df7d1c" "/opt/rustwide/cargo-home/bin/cargo" "+1.75.0" "metadata" "--no-deps" "--format-version=1", kill_on_drop: false }`
[INFO] [stdout] a325aa43767c934837163f6edef58791971351dc3399b4fbee33f19de32348c2
[INFO] running `Command { std: "docker" "start" "-a" "a325aa43767c934837163f6edef58791971351dc3399b4fbee33f19de32348c2", kill_on_drop: false }`
[INFO] running `Command { std: "docker" "inspect" "a325aa43767c934837163f6edef58791971351dc3399b4fbee33f19de32348c2", kill_on_drop: false }`
[INFO] running `Command { std: "docker" "rm" "-f" "a325aa43767c934837163f6edef58791971351dc3399b4fbee33f19de32348c2", kill_on_drop: false }`
[INFO] [stdout] a325aa43767c934837163f6edef58791971351dc3399b4fbee33f19de32348c2
[INFO] running `Command { std: "docker" "create" "-v" "/var/lib/crater-agent-workspace/builds/worker-5-tc1/target:/opt/rustwide/target:rw,Z" "-v" "/var/lib/crater-agent-workspace/builds/worker-5-tc1/source:/opt/rustwide/workdir:ro,Z" "-v" "/var/lib/crater-agent-workspace/cargo-home:/opt/rustwide/cargo-home:ro,Z" "-v" "/var/lib/crater-agent-workspace/rustup-home:/opt/rustwide/rustup-home:ro,Z" "-e" "SOURCE_DIR=/opt/rustwide/workdir" "-e" "CARGO_TARGET_DIR=/opt/rustwide/target" "-e" "CARGO_INCREMENTAL=0" "-e" "RUST_BACKTRACE=full" "-e" "RUSTFLAGS=--cap-lints=warn" "-e" "RUSTDOCFLAGS=--cap-lints=warn" "-e" "CARGO_HOME=/opt/rustwide/cargo-home" "-e" "RUSTUP_HOME=/opt/rustwide/rustup-home" "-w" "/opt/rustwide/workdir" "-m" "1610612736" "--user" "0:0" "--network" "none" "ghcr.io/rust-lang/crates-build-env/linux@sha256:2788e3201cd34a07e3172128adcd8b3090168a8e3bcc40d7c032b9dda1df7d1c" "/opt/rustwide/cargo-home/bin/cargo" "+1.75.0" "build" "--frozen" "--message-format=json", kill_on_drop: false }`
[INFO] [stdout] bdb07f5a65b6fff31d836df7a07e55276de6f5cd66d51aac1d95c43d0643e939
[INFO] running `Command { std: "docker" "start" "-a" "bdb07f5a65b6fff31d836df7a07e55276de6f5cd66d51aac1d95c43d0643e939", kill_on_drop: false }`
[INFO] [stderr]    Compiling num-traits v0.2.17
[INFO] [stderr]    Compiling array-init v2.1.0
[INFO] [stderr]    Compiling num-complex v0.4.4
[INFO] [stderr]    Compiling array-matrix v0.1.4 (/opt/rustwide/workdir)
[INFO] [stdout] error[E0554]: `#![feature]` may not be used on the stable release channel
[INFO] [stdout]  --> src/lib.rs:1:1
[INFO] [stdout]   |
[INFO] [stdout] 1 | #![feature(generic_const_exprs)]
[INFO] [stdout]   | ^^^^^^^^^^^^^^^^^^^^^^^^^^^^^^^^
[INFO] [stdout] 
[INFO] [stdout] 
[INFO] [stdout] error[E0554]: `#![feature]` may not be used on the stable release channel
[INFO] [stdout]  --> src/lib.rs:2:1
[INFO] [stdout]   |
[INFO] [stdout] 2 | #![feature(portable_simd)]
[INFO] [stdout]   | ^^^^^^^^^^^^^^^^^^^^^^^^^^
[INFO] [stdout] 
[INFO] [stdout] 
[INFO] [stdout] warning: the feature `generic_const_exprs` is incomplete and may not be safe to use and/or cause compiler crashes
[INFO] [stdout]  --> src/lib.rs:1:12
[INFO] [stdout]   |
[INFO] [stdout] 1 | #![feature(generic_const_exprs)]
[INFO] [stdout]   |            ^^^^^^^^^^^^^^^^^^^
[INFO] [stdout]   |
[INFO] [stdout]   = note: see issue #76560 <https://github.com/rust-lang/rust/issues/76560> for more information
[INFO] [stdout]   = note: `#[warn(incomplete_features)]` on by default
[INFO] [stdout] 
[INFO] [stdout] 
[INFO] [stdout] warning: ambiguous glob re-exports
[INFO] [stdout]   --> src/lib.rs:9:9
[INFO] [stdout]    |
[INFO] [stdout] 9  | pub use crate::matrix::*;
[INFO] [stdout]    |         ^^^^^^^^^^^^^^^^ the name `add` in the type namespace is first re-exported here
[INFO] [stdout] 10 | pub use crate::vector::*;
[INFO] [stdout]    |         ---------------- but the name `add` in the type namespace is also re-exported here
[INFO] [stdout]    |
[INFO] [stdout]    = note: `#[warn(ambiguous_glob_reexports)]` on by default
[INFO] [stdout] 
[INFO] [stdout] 
[INFO] [stdout] warning: ambiguous glob re-exports
[INFO] [stdout]   --> src/lib.rs:9:9
[INFO] [stdout]    |
[INFO] [stdout] 9  | pub use crate::matrix::*;
[INFO] [stdout]    |         ^^^^^^^^^^^^^^^^ the name `sub` in the type namespace is first re-exported here
[INFO] [stdout] 10 | pub use crate::vector::*;
[INFO] [stdout]    |         ---------------- but the name `sub` in the type namespace is also re-exported here
[INFO] [stdout] 
[INFO] [stdout] 
[INFO] [stdout] warning: ambiguous glob re-exports
[INFO] [stdout]   --> src/lib.rs:9:9
[INFO] [stdout]    |
[INFO] [stdout] 9  | pub use crate::matrix::*;
[INFO] [stdout]    |         ^^^^^^^^^^^^^^^^ the name `mul` in the type namespace is first re-exported here
[INFO] [stdout] 10 | pub use crate::vector::*;
[INFO] [stdout]    |         ---------------- but the name `mul` in the type namespace is also re-exported here
[INFO] [stdout] 
[INFO] [stdout] 
[INFO] [stdout] warning: ambiguous glob re-exports
[INFO] [stdout]   --> src/lib.rs:9:9
[INFO] [stdout]    |
[INFO] [stdout] 9  | pub use crate::matrix::*;
[INFO] [stdout]    |         ^^^^^^^^^^^^^^^^ the name `conj` in the type namespace is first re-exported here
[INFO] [stdout] 10 | pub use crate::vector::*;
[INFO] [stdout]    |         ---------------- but the name `conj` in the type namespace is also re-exported here
[INFO] [stdout] 
[INFO] [stdout] 
[INFO] [stdout] warning: ambiguous glob re-exports
[INFO] [stdout]   --> src/lib.rs:9:9
[INFO] [stdout]    |
[INFO] [stdout] 9  | pub use crate::matrix::*;
[INFO] [stdout]    |         ^^^^^^^^^^^^^^^^ the name `div` in the type namespace is first re-exported here
[INFO] [stdout] 10 | pub use crate::vector::*;
[INFO] [stdout]    |         ---------------- but the name `div` in the type namespace is also re-exported here
[INFO] [stdout] 
[INFO] [stdout] 
[INFO] [stdout] error[E0554]: `#![feature]` may not be used on the stable release channel
[INFO] [stdout]  --> src/lib.rs:2:12
[INFO] [stdout]   |
[INFO] [stdout] 2 | #![feature(portable_simd)]
[INFO] [stdout]   |            ^^^^^^^^^^^^^
[INFO] [stdout] 
[INFO] [stdout] 
[INFO] [stdout] error: aborting due to 3 previous errors; 6 warnings emitted
[INFO] [stdout] 
[INFO] [stdout] 
[INFO] [stdout] For more information about this error, try `rustc --explain E0554`.
[INFO] [stdout] 
[INFO] [stderr] error: could not compile `array-matrix` (lib) due to 4 previous errors; 6 warnings emitted
[INFO] running `Command { std: "docker" "inspect" "bdb07f5a65b6fff31d836df7a07e55276de6f5cd66d51aac1d95c43d0643e939", kill_on_drop: false }`
[INFO] running `Command { std: "docker" "rm" "-f" "bdb07f5a65b6fff31d836df7a07e55276de6f5cd66d51aac1d95c43d0643e939", kill_on_drop: false }`
[INFO] [stdout] bdb07f5a65b6fff31d836df7a07e55276de6f5cd66d51aac1d95c43d0643e939
