[INFO] fetching crate arpy-actix 0.2.0...
[INFO] testing arpy-actix-0.2.0 against 1.75.0 for beta-1.76-1
[INFO] extracting crate arpy-actix 0.2.0 into /workspace/builds/worker-5-tc1/source
[INFO] validating manifest of crates.io crate arpy-actix 0.2.0 on toolchain 1.75.0
[INFO] running `Command { std: CARGO_HOME="/workspace/cargo-home" RUSTUP_HOME="/workspace/rustup-home" "/workspace/cargo-home/bin/cargo" "+1.75.0" "metadata" "--manifest-path" "Cargo.toml" "--no-deps", kill_on_drop: false }`
[INFO] started tweaking crates.io crate arpy-actix 0.2.0
[INFO] finished tweaking crates.io crate arpy-actix 0.2.0
[INFO] tweaked toml for crates.io crate arpy-actix 0.2.0 written to /workspace/builds/worker-5-tc1/source/Cargo.toml
[INFO] running `Command { std: CARGO_HOME="/workspace/cargo-home" RUSTUP_HOME="/workspace/rustup-home" "/workspace/cargo-home/bin/cargo" "+1.75.0" "generate-lockfile" "--manifest-path" "Cargo.toml", kill_on_drop: false }`
[INFO] [stderr]     Updating crates.io index
[INFO] running `Command { std: CARGO_HOME="/workspace/cargo-home" RUSTUP_HOME="/workspace/rustup-home" "/workspace/cargo-home/bin/cargo" "+1.75.0" "fetch" "--manifest-path" "Cargo.toml", kill_on_drop: false }`
[INFO] [stderr]     Blocking waiting for file lock on package cache
[INFO] [stderr]  Downloading crates ...
[INFO] [stderr]   Downloaded cov-mark v2.0.0-pre.1
[INFO] [stderr]   Downloaded miow v0.5.0
[INFO] [stderr]   Downloaded jod-thread v0.1.2
[INFO] [stderr]   Downloaded unic-emoji-char v0.9.0
[INFO] [stderr]   Downloaded ra-ap-rustc_lexer v0.1.0
[INFO] [stderr]   Downloaded drop_bomb v0.1.5
[INFO] [stderr]   Downloaded perf-event-open-sys v1.0.1
[INFO] [stderr]   Downloaded la-arena v0.3.1
[INFO] [stderr]   Downloaded rowan v0.15.15
[INFO] [stderr]   Downloaded perf-event v0.4.7
[INFO] [stderr]   Downloaded triomphe v0.1.11
[INFO] [stderr]   Downloaded text-size v1.1.1
[INFO] [stderr]   Downloaded actix-ws v0.2.5
[INFO] [stderr]   Downloaded smol_str v0.2.0
[INFO] [stderr]   Downloaded countme v3.0.1
[INFO] [stderr]   Downloaded slotmap v1.0.7
[INFO] [stderr]   Downloaded always-assert v0.1.3
[INFO] [stderr]   Downloaded arpy-macros v0.2.0
[INFO] [stderr]   Downloaded include-doc v0.1.2
[INFO] [stderr]   Downloaded arpy-server v0.2.0
[INFO] [stderr]   Downloaded ra_ap_limit v0.0.164
[INFO] [stderr]   Downloaded ra_ap_text_edit v0.0.164
[INFO] [stderr]   Downloaded arpy-reqwest v0.2.0
[INFO] [stderr]   Downloaded arpy v0.2.0
[INFO] [stderr]   Downloaded ra_ap_stdx v0.0.164
[INFO] [stderr]   Downloaded ra_ap_profile v0.0.164
[INFO] [stderr]   Downloaded ra_ap_parser v0.0.164
[INFO] [stderr]   Downloaded ra_ap_syntax v0.0.164
[INFO] running `Command { std: "docker" "create" "-v" "/var/lib/crater-agent-workspace/builds/worker-5-tc1/target:/opt/rustwide/target:rw,Z" "-v" "/var/lib/crater-agent-workspace/builds/worker-5-tc1/source:/opt/rustwide/workdir:ro,Z" "-v" "/var/lib/crater-agent-workspace/cargo-home:/opt/rustwide/cargo-home:ro,Z" "-v" "/var/lib/crater-agent-workspace/rustup-home:/opt/rustwide/rustup-home:ro,Z" "-e" "SOURCE_DIR=/opt/rustwide/workdir" "-e" "CARGO_TARGET_DIR=/opt/rustwide/target" "-e" "CARGO_HOME=/opt/rustwide/cargo-home" "-e" "RUSTUP_HOME=/opt/rustwide/rustup-home" "-w" "/opt/rustwide/workdir" "-m" "1610612736" "--user" "0:0" "--network" "none" "ghcr.io/rust-lang/crates-build-env/linux@sha256:2788e3201cd34a07e3172128adcd8b3090168a8e3bcc40d7c032b9dda1df7d1c" "/opt/rustwide/cargo-home/bin/cargo" "+1.75.0" "metadata" "--no-deps" "--format-version=1", kill_on_drop: false }`
[INFO] [stdout] 47ddcb8285c3e95b7f968cfbec85851393c0efb5129cc1b0b1cc7390f57acbbe
[INFO] running `Command { std: "docker" "start" "-a" "47ddcb8285c3e95b7f968cfbec85851393c0efb5129cc1b0b1cc7390f57acbbe", kill_on_drop: false }`
[INFO] running `Command { std: "docker" "inspect" "47ddcb8285c3e95b7f968cfbec85851393c0efb5129cc1b0b1cc7390f57acbbe", kill_on_drop: false }`
[INFO] running `Command { std: "docker" "rm" "-f" "47ddcb8285c3e95b7f968cfbec85851393c0efb5129cc1b0b1cc7390f57acbbe", kill_on_drop: false }`
[INFO] [stdout] 47ddcb8285c3e95b7f968cfbec85851393c0efb5129cc1b0b1cc7390f57acbbe
[INFO] running `Command { std: "docker" "create" "-v" "/var/lib/crater-agent-workspace/builds/worker-5-tc1/target:/opt/rustwide/target:rw,Z" "-v" "/var/lib/crater-agent-workspace/builds/worker-5-tc1/source:/opt/rustwide/workdir:ro,Z" "-v" "/var/lib/crater-agent-workspace/cargo-home:/opt/rustwide/cargo-home:ro,Z" "-v" "/var/lib/crater-agent-workspace/rustup-home:/opt/rustwide/rustup-home:ro,Z" "-e" "SOURCE_DIR=/opt/rustwide/workdir" "-e" "CARGO_TARGET_DIR=/opt/rustwide/target" "-e" "CARGO_INCREMENTAL=0" "-e" "RUST_BACKTRACE=full" "-e" "RUSTFLAGS=--cap-lints=warn" "-e" "RUSTDOCFLAGS=--cap-lints=warn" "-e" "CARGO_HOME=/opt/rustwide/cargo-home" "-e" "RUSTUP_HOME=/opt/rustwide/rustup-home" "-w" "/opt/rustwide/workdir" "-m" "1610612736" "--user" "0:0" "--network" "none" "ghcr.io/rust-lang/crates-build-env/linux@sha256:2788e3201cd34a07e3172128adcd8b3090168a8e3bcc40d7c032b9dda1df7d1c" "/opt/rustwide/cargo-home/bin/cargo" "+1.75.0" "build" "--frozen" "--message-format=json", kill_on_drop: false }`
[INFO] [stdout] 405d89acb3cc68360adc751ffad839204bf26fe727cac2855e2df69c3cafdca8
[INFO] running `Command { std: "docker" "start" "-a" "405d89acb3cc68360adc751ffad839204bf26fe727cac2855e2df69c3cafdca8", kill_on_drop: false }`
[INFO] [stderr]    Compiling parking_lot_core v0.9.9
[INFO] [stderr]    Compiling syn v1.0.109
[INFO] [stderr]    Compiling futures-channel v0.3.30
[INFO] [stderr]    Compiling pkg-config v0.3.28
[INFO] [stderr]    Compiling equivalent v1.0.1
[INFO] [stderr]    Compiling hashbrown v0.14.3
[INFO] [stderr]    Compiling socket2 v0.5.5
[INFO] [stderr]    Compiling jobserver v0.1.27
[INFO] [stderr]    Compiling signal-hook-registry v1.4.1
[INFO] [stderr]    Compiling mio v0.8.10
[INFO] [stderr]    Compiling getrandom v0.2.11
[INFO] [stderr]    Compiling futures-macro v0.3.30
[INFO] [stderr]    Compiling serde v1.0.194
[INFO] [stderr]    Compiling tracing v0.1.40
[INFO] [stderr]    Compiling unic-char-range v0.9.0
[INFO] [stderr]    Compiling local-waker v0.1.4
[INFO] [stderr]    Compiling unic-common v0.9.0
[INFO] [stderr]    Compiling zstd-safe v7.0.0
[INFO] [stderr]    Compiling crossbeam-utils v0.8.18
[INFO] [stderr]    Compiling alloc-no-stdlib v2.0.4
[INFO] [stderr]    Compiling parking_lot v0.12.1
[INFO] [stderr]    Compiling cc v1.0.83
[INFO] [stderr]    Compiling alloc-stdlib v0.2.2
[INFO] [stderr]    Compiling rand_core v0.6.4
[INFO] [stderr]    Compiling unic-char-property v0.9.0
[INFO] [stderr]    Compiling unic-ucd-version v0.9.0
[INFO] [stderr]    Compiling actix-macros v0.2.4
[INFO] [stderr]    Compiling memoffset v0.9.0
[INFO] [stderr]    Compiling ahash v0.8.7
[INFO] [stderr]    Compiling rustc-hash v1.1.0
[INFO] [stderr]    Compiling tokio v1.35.1
[INFO] [stderr]    Compiling tracing-core v0.1.32
[INFO] [stderr]    Compiling dashmap v5.5.3
[INFO] [stderr]    Compiling either v1.9.0
[INFO] [stderr]    Compiling time-macros v0.2.16
[INFO] [stderr]    Compiling rand_chacha v0.3.1
[INFO] [stderr]    Compiling unic-emoji-char v0.9.0
[INFO] [stderr]    Compiling digest v0.10.7
[INFO] [stderr]    Compiling actix-service v2.0.2
[INFO] [stderr]    Compiling brotli-decompressor v2.5.1
[INFO] [stderr]    Compiling countme v3.0.1
[INFO] [stderr]    Compiling actix-utils v3.0.1
[INFO] [stderr]    Compiling indexmap v2.1.0
[INFO] [stderr]    Compiling perf-event-open-sys v1.0.1
[INFO] [stderr]    Compiling cookie v0.16.2
[INFO] [stderr]    Compiling futures-util v0.3.30
[INFO] [stderr]    Compiling unicode-xid v0.2.4
[INFO] [stderr]    Compiling text-size v1.1.1
[INFO] [stderr]    Compiling sha1 v0.10.6
[INFO] [stderr]    Compiling ra-ap-rustc_lexer v0.1.0
[INFO] [stderr]    Compiling perf-event v0.4.7
[INFO] [stderr]    Compiling crossbeam-channel v0.5.10
[INFO] [stderr]    Compiling rand v0.8.5
[INFO] [stderr]    Compiling itertools v0.10.5
[INFO] [stderr]    Compiling local-channel v0.1.5
[INFO] [stderr]    Compiling pin-project-internal v1.1.3
[INFO] [stderr]    Compiling slotmap v1.0.7
[INFO] [stderr]    Compiling always-assert v0.1.3
[INFO] [stderr]    Compiling jod-thread v0.1.2
[INFO] [stderr]    Compiling drop_bomb v0.1.5
[INFO] [stderr]    Compiling httpdate v1.0.3
[INFO] [stderr]    Compiling bitflags v2.4.1
[INFO] [stderr]    Compiling la-arena v0.3.1
[INFO] [stderr]    Compiling ra_ap_limit v0.0.164
[INFO] [stderr]    Compiling base64 v0.21.5
[INFO] [stderr]    Compiling language-tags v0.3.2
[INFO] [stderr]    Compiling ra_ap_profile v0.0.164
[INFO] [stderr]    Compiling brotli v3.4.0
[INFO] [stderr]    Compiling zstd-sys v2.0.9+zstd.1.5.5
[INFO] [stderr]    Compiling ra_ap_stdx v0.0.164
[INFO] [stderr]    Compiling ra_ap_parser v0.0.164
[INFO] [stderr]    Compiling rowan v0.15.15
[INFO] [stderr]    Compiling time v0.3.31
[INFO] [stderr]    Compiling proc-macro-error-attr v1.0.4
[INFO] [stderr]    Compiling async-trait v0.1.77
[INFO] [stderr]    Compiling url v2.5.0
[INFO] [stderr]    Compiling ra_ap_text_edit v0.0.164
[INFO] [stderr]    Compiling half v1.8.2
[INFO] [stderr]    Compiling cov-mark v2.0.0-pre.1
[INFO] [stderr]    Compiling serde_json v1.0.111
[INFO] [stderr]    Compiling serde_urlencoded v0.7.1
[INFO] [stderr]    Compiling actix-router v0.5.2
[INFO] [stderr]    Compiling triomphe v0.1.11
[INFO] [stderr]    Compiling ciborium-io v0.2.1
[INFO] [stderr]    Compiling smol_str v0.2.0
[INFO] [stderr]    Compiling ciborium-ll v0.2.1
[INFO] [stderr]    Compiling proc-macro-error v1.0.4
[INFO] [stderr]    Compiling pin-project v1.1.3
[INFO] [stderr]    Compiling bincode v1.3.3
[INFO] [stderr]    Compiling ra_ap_syntax v0.0.164
[INFO] [stderr]    Compiling itertools v0.11.0
[INFO] [stderr]    Compiling ciborium v0.2.1
[INFO] [stderr]    Compiling futures-executor v0.3.30
[INFO] [stderr]    Compiling derive_more v0.99.17
[INFO] [stderr]    Compiling arpy-macros v0.2.0
[INFO] [stderr]    Compiling futures v0.3.30
[INFO] [stderr]    Compiling tokio-util v0.7.10
[INFO] [stderr]    Compiling actix-rt v2.9.0
[INFO] [stderr]    Compiling actix-server v2.3.0
[INFO] [stderr]    Compiling arpy v0.2.0
[INFO] [stderr]    Compiling arpy-server v0.2.0
[INFO] [stderr]    Compiling h2 v0.3.22
[INFO] [stderr]    Compiling actix-codec v0.5.1
[INFO] [stderr]    Compiling actix-web-codegen v4.2.2
[INFO] [stderr]    Compiling include-doc v0.1.2
[INFO] [stderr]    Compiling zstd v0.13.0
[INFO] [stderr]    Compiling actix-http v3.5.1
[INFO] [stderr]    Compiling actix-web v4.4.1
[INFO] [stderr]    Compiling actix-ws v0.2.5
[INFO] [stderr]    Compiling arpy-actix v0.2.0 (/opt/rustwide/workdir)
[INFO] [stderr]     Finished dev [unoptimized + debuginfo] target(s) in 26.40s
[INFO] running `Command { std: "docker" "inspect" "405d89acb3cc68360adc751ffad839204bf26fe727cac2855e2df69c3cafdca8", kill_on_drop: false }`
[INFO] running `Command { std: "docker" "rm" "-f" "405d89acb3cc68360adc751ffad839204bf26fe727cac2855e2df69c3cafdca8", kill_on_drop: false }`
[INFO] [stdout] 405d89acb3cc68360adc751ffad839204bf26fe727cac2855e2df69c3cafdca8
[INFO] running `Command { std: "docker" "create" "-v" "/var/lib/crater-agent-workspace/builds/worker-5-tc1/target:/opt/rustwide/target:rw,Z" "-v" "/var/lib/crater-agent-workspace/builds/worker-5-tc1/source:/opt/rustwide/workdir:ro,Z" "-v" "/var/lib/crater-agent-workspace/cargo-home:/opt/rustwide/cargo-home:ro,Z" "-v" "/var/lib/crater-agent-workspace/rustup-home:/opt/rustwide/rustup-home:ro,Z" "-e" "SOURCE_DIR=/opt/rustwide/workdir" "-e" "CARGO_TARGET_DIR=/opt/rustwide/target" "-e" "CARGO_INCREMENTAL=0" "-e" "RUST_BACKTRACE=full" "-e" "RUSTFLAGS=--cap-lints=warn" "-e" "RUSTDOCFLAGS=--cap-lints=warn" "-e" "CARGO_HOME=/opt/rustwide/cargo-home" "-e" "RUSTUP_HOME=/opt/rustwide/rustup-home" "-w" "/opt/rustwide/workdir" "-m" "1610612736" "--user" "0:0" "--network" "none" "ghcr.io/rust-lang/crates-build-env/linux@sha256:2788e3201cd34a07e3172128adcd8b3090168a8e3bcc40d7c032b9dda1df7d1c" "/opt/rustwide/cargo-home/bin/cargo" "+1.75.0" "test" "--frozen" "--no-run" "--message-format=json", kill_on_drop: false }`
[INFO] [stdout] ccb5dd8a23c451c5a07e96e7b203c3b666c8c7330653848e7b74b3545eae960d
[INFO] running `Command { std: "docker" "start" "-a" "ccb5dd8a23c451c5a07e96e7b203c3b666c8c7330653848e7b74b3545eae960d", kill_on_drop: false }`
[INFO] [stderr]    Compiling vcpkg v0.2.15
[INFO] [stderr]    Compiling num_cpus v1.16.0
[INFO] [stderr]    Compiling tokio-macros v2.2.0
[INFO] [stderr]    Compiling futures-util v0.3.30
[INFO] [stderr]    Compiling openssl v0.10.62
[INFO] [stderr]    Compiling openssl-macros v0.1.1
[INFO] [stderr]    Compiling try-lock v0.2.5
[INFO] [stderr]    Compiling http-body v0.4.6
[INFO] [stderr]    Compiling ipnet v2.9.0
[INFO] [stderr]    Compiling want v0.3.1
[INFO] [stderr]    Compiling openssl-sys v0.9.98
[INFO] [stderr]    Compiling tokio v1.35.1
[INFO] [stderr]    Compiling native-tls v0.2.11
[INFO] [stderr]    Compiling futures-executor v0.3.30
[INFO] [stderr]    Compiling futures v0.3.30
[INFO] [stderr]    Compiling arpy v0.2.0
[INFO] [stderr]    Compiling tokio-util v0.7.10
[INFO] [stderr]    Compiling actix-rt v2.9.0
[INFO] [stderr]    Compiling arpy-server v0.2.0
[INFO] [stderr]    Compiling actix-server v2.3.0
[INFO] [stderr]    Compiling h2 v0.3.22
[INFO] [stderr]    Compiling actix-codec v0.5.1
[INFO] [stderr]    Compiling tokio-native-tls v0.3.1
[INFO] [stderr]    Compiling actix-http v3.5.1
[INFO] [stderr]    Compiling hyper v0.14.28
[INFO] [stderr]    Compiling actix-web v4.4.1
[INFO] [stderr]    Compiling hyper-tls v0.5.0
[INFO] [stderr]    Compiling reqwest v0.11.23
[INFO] [stderr]    Compiling arpy-reqwest v0.2.0
[INFO] [stderr]    Compiling actix-ws v0.2.5
[INFO] [stderr]    Compiling arpy-actix v0.2.0 (/opt/rustwide/workdir)
[INFO] [stdout] error[E0433]: failed to resolve: use of undeclared crate or module `arpy_test`
[INFO] [stdout]  --> tests/integration.rs:8:5
[INFO] [stdout]   |
[INFO] [stdout] 8 | use arpy_test::{
[INFO] [stdout]   |     ^^^^^^^^^ use of undeclared crate or module `arpy_test`
[INFO] [stdout] 
[INFO] [stdout] 
[INFO] [stdout] error[E0432]: unresolved import `arpy_test`
[INFO] [stdout]  --> tests/integration.rs:8:5
[INFO] [stdout]   |
[INFO] [stdout] 8 | use arpy_test::{
[INFO] [stdout]   |     ^^^^^^^^^ use of undeclared crate or module `arpy_test`
[INFO] [stdout] 
[INFO] [stdout] 
[INFO] [stdout] warning: unused import: `arpy::FnRemote`
[INFO] [stdout]  --> tests/integration.rs:4:5
[INFO] [stdout]   |
[INFO] [stdout] 4 | use arpy::FnRemote;
[INFO] [stdout]   |     ^^^^^^^^^^^^^^
[INFO] [stdout]   |
[INFO] [stdout]   = note: `#[warn(unused_imports)]` on by default
[INFO] [stdout] 
[INFO] [stdout] 
[INFO] [stdout] error: aborting due to 2 previous errors; 1 warning emitted
[INFO] [stdout] 
[INFO] [stdout] 
[INFO] [stdout] Some errors have detailed explanations: E0432, E0433.
[INFO] [stdout] 
[INFO] [stdout] For more information about an error, try `rustc --explain E0432`.
[INFO] [stdout] 
[INFO] [stderr] error: could not compile `arpy-actix` (test "integration") due to 3 previous errors; 1 warning emitted
[INFO] [stderr] warning: build failed, waiting for other jobs to finish...
[INFO] running `Command { std: "docker" "inspect" "ccb5dd8a23c451c5a07e96e7b203c3b666c8c7330653848e7b74b3545eae960d", kill_on_drop: false }`
[INFO] running `Command { std: "docker" "rm" "-f" "ccb5dd8a23c451c5a07e96e7b203c3b666c8c7330653848e7b74b3545eae960d", kill_on_drop: false }`
[INFO] [stdout] ccb5dd8a23c451c5a07e96e7b203c3b666c8c7330653848e7b74b3545eae960d
[INFO] testing arpy-actix-0.2.0 against beta-2023-12-22 for beta-1.76-1
[INFO] extracting crate arpy-actix 0.2.0 into /workspace/builds/worker-5-tc2/source
[INFO] validating manifest of crates.io crate arpy-actix 0.2.0 on toolchain beta-2023-12-22
[INFO] running `Command { std: CARGO_HOME="/workspace/cargo-home" RUSTUP_HOME="/workspace/rustup-home" "/workspace/cargo-home/bin/cargo" "+beta-2023-12-22" "metadata" "--manifest-path" "Cargo.toml" "--no-deps", kill_on_drop: false }`
[INFO] started tweaking crates.io crate arpy-actix 0.2.0
[INFO] finished tweaking crates.io crate arpy-actix 0.2.0
[INFO] tweaked toml for crates.io crate arpy-actix 0.2.0 written to /workspace/builds/worker-5-tc2/source/Cargo.toml
[INFO] running `Command { std: CARGO_HOME="/workspace/cargo-home" RUSTUP_HOME="/workspace/rustup-home" "/workspace/cargo-home/bin/cargo" "+beta-2023-12-22" "generate-lockfile" "--manifest-path" "Cargo.toml", kill_on_drop: false }`
[INFO] [stderr]     Updating crates.io index
[INFO] running `Command { std: CARGO_HOME="/workspace/cargo-home" RUSTUP_HOME="/workspace/rustup-home" "/workspace/cargo-home/bin/cargo" "+beta-2023-12-22" "fetch" "--manifest-path" "Cargo.toml", kill_on_drop: false }`
[INFO] running `Command { std: "docker" "create" "-v" "/var/lib/crater-agent-workspace/builds/worker-5-tc2/target:/opt/rustwide/target:rw,Z" "-v" "/var/lib/crater-agent-workspace/builds/worker-5-tc2/source:/opt/rustwide/workdir:ro,Z" "-v" "/var/lib/crater-agent-workspace/cargo-home:/opt/rustwide/cargo-home:ro,Z" "-v" "/var/lib/crater-agent-workspace/rustup-home:/opt/rustwide/rustup-home:ro,Z" "-e" "SOURCE_DIR=/opt/rustwide/workdir" "-e" "CARGO_TARGET_DIR=/opt/rustwide/target" "-e" "CARGO_HOME=/opt/rustwide/cargo-home" "-e" "RUSTUP_HOME=/opt/rustwide/rustup-home" "-w" "/opt/rustwide/workdir" "-m" "1610612736" "--user" "0:0" "--network" "none" "ghcr.io/rust-lang/crates-build-env/linux@sha256:2788e3201cd34a07e3172128adcd8b3090168a8e3bcc40d7c032b9dda1df7d1c" "/opt/rustwide/cargo-home/bin/cargo" "+beta-2023-12-22" "metadata" "--no-deps" "--format-version=1", kill_on_drop: false }`
[INFO] [stdout] 0ec52579582f0a1df57264431fc165cbbc8d721c4e012f30b6a942d018fd4c6c
[INFO] running `Command { std: "docker" "start" "-a" "0ec52579582f0a1df57264431fc165cbbc8d721c4e012f30b6a942d018fd4c6c", kill_on_drop: false }`
[INFO] running `Command { std: "docker" "inspect" "0ec52579582f0a1df57264431fc165cbbc8d721c4e012f30b6a942d018fd4c6c", kill_on_drop: false }`
[INFO] running `Command { std: "docker" "rm" "-f" "0ec52579582f0a1df57264431fc165cbbc8d721c4e012f30b6a942d018fd4c6c", kill_on_drop: false }`
[INFO] [stdout] 0ec52579582f0a1df57264431fc165cbbc8d721c4e012f30b6a942d018fd4c6c
[INFO] running `Command { std: "docker" "create" "-v" "/var/lib/crater-agent-workspace/builds/worker-5-tc2/target:/opt/rustwide/target:rw,Z" "-v" "/var/lib/crater-agent-workspace/builds/worker-5-tc2/source:/opt/rustwide/workdir:ro,Z" "-v" "/var/lib/crater-agent-workspace/cargo-home:/opt/rustwide/cargo-home:ro,Z" "-v" "/var/lib/crater-agent-workspace/rustup-home:/opt/rustwide/rustup-home:ro,Z" "-e" "SOURCE_DIR=/opt/rustwide/workdir" "-e" "CARGO_TARGET_DIR=/opt/rustwide/target" "-e" "CARGO_INCREMENTAL=0" "-e" "RUST_BACKTRACE=full" "-e" "RUSTFLAGS=--cap-lints=warn" "-e" "RUSTDOCFLAGS=--cap-lints=warn" "-e" "CARGO_HOME=/opt/rustwide/cargo-home" "-e" "RUSTUP_HOME=/opt/rustwide/rustup-home" "-w" "/opt/rustwide/workdir" "-m" "1610612736" "--user" "0:0" "--network" "none" "ghcr.io/rust-lang/crates-build-env/linux@sha256:2788e3201cd34a07e3172128adcd8b3090168a8e3bcc40d7c032b9dda1df7d1c" "/opt/rustwide/cargo-home/bin/cargo" "+beta-2023-12-22" "build" "--frozen" "--message-format=json", kill_on_drop: false }`
[INFO] [stdout] 2f8cadc46336068b05b0727302dc77954e4bfa7bd98ab1b3b3a5e7a35a7b4fe2
[INFO] running `Command { std: "docker" "start" "-a" "2f8cadc46336068b05b0727302dc77954e4bfa7bd98ab1b3b3a5e7a35a7b4fe2", kill_on_drop: false }`
[INFO] [stderr]    Compiling parking_lot_core v0.9.9
[INFO] [stderr]    Compiling syn v1.0.109
[INFO] [stderr]    Compiling futures-channel v0.3.30
[INFO] [stderr]    Compiling pkg-config v0.3.28
[INFO] [stderr]    Compiling socket2 v0.5.5
[INFO] [stderr]    Compiling mio v0.8.10
[INFO] [stderr]    Compiling jobserver v0.1.27
[INFO] [stderr]    Compiling signal-hook-registry v1.4.1
[INFO] [stderr]    Compiling futures-macro v0.3.30
[INFO] [stderr]    Compiling serde v1.0.194
[INFO] [stderr]    Compiling tracing v0.1.40
[INFO] [stderr]    Compiling equivalent v1.0.1
[INFO] [stderr]    Compiling getrandom v0.2.11
[INFO] [stderr]    Compiling hashbrown v0.14.3
[INFO] [stderr]    Compiling crossbeam-utils v0.8.18
[INFO] [stderr]    Compiling unic-char-range v0.9.0
[INFO] [stderr]    Compiling unic-common v0.9.0
[INFO] [stderr]    Compiling parking_lot v0.12.1
[INFO] [stderr]    Compiling cc v1.0.83
[INFO] [stderr]    Compiling alloc-no-stdlib v2.0.4
[INFO] [stderr]    Compiling local-waker v0.1.4
[INFO] [stderr]    Compiling zstd-safe v7.0.0
[INFO] [stderr]    Compiling alloc-stdlib v0.2.2
[INFO] [stderr]    Compiling unic-ucd-version v0.9.0
[INFO] [stderr]    Compiling rand_core v0.6.4
[INFO] [stderr]    Compiling unic-char-property v0.9.0
[INFO] [stderr]    Compiling actix-macros v0.2.4
[INFO] [stderr]    Compiling ahash v0.8.7
[INFO] [stderr]    Compiling tokio v1.35.1
[INFO] [stderr]    Compiling memoffset v0.9.0
[INFO] [stderr]    Compiling either v1.9.0
[INFO] [stderr]    Compiling rustc-hash v1.1.0
[INFO] [stderr]    Compiling tracing-core v0.1.32
[INFO] [stderr]    Compiling dashmap v5.5.3
[INFO] [stderr]    Compiling rand_chacha v0.3.1
[INFO] [stderr]    Compiling time-macros v0.2.16
[INFO] [stderr]    Compiling unic-emoji-char v0.9.0
[INFO] [stderr]    Compiling digest v0.10.7
[INFO] [stderr]    Compiling actix-service v2.0.2
[INFO] [stderr]    Compiling brotli-decompressor v2.5.1
[INFO] [stderr]    Compiling countme v3.0.1
[INFO] [stderr]    Compiling indexmap v2.1.0
[INFO] [stderr]    Compiling actix-utils v3.0.1
[INFO] [stderr]    Compiling perf-event-open-sys v1.0.1
[INFO] [stderr]    Compiling cookie v0.16.2
[INFO] [stderr]    Compiling text-size v1.1.1
[INFO] [stderr]    Compiling unicode-xid v0.2.4
[INFO] [stderr]    Compiling ra-ap-rustc_lexer v0.1.0
[INFO] [stderr]    Compiling crossbeam-channel v0.5.10
[INFO] [stderr]    Compiling perf-event v0.4.7
[INFO] [stderr]    Compiling sha1 v0.10.6
[INFO] [stderr]    Compiling futures-util v0.3.30
[INFO] [stderr]    Compiling rand v0.8.5
[INFO] [stderr]    Compiling itertools v0.10.5
[INFO] [stderr]    Compiling local-channel v0.1.5
[INFO] [stderr]    Compiling pin-project-internal v1.1.3
[INFO] [stderr]    Compiling slotmap v1.0.7
[INFO] [stderr]    Compiling always-assert v0.1.3
[INFO] [stderr]    Compiling httpdate v1.0.3
[INFO] [stderr]    Compiling drop_bomb v0.1.5
[INFO] [stderr]    Compiling la-arena v0.3.1
[INFO] [stderr]    Compiling brotli v3.4.0
[INFO] [stderr]    Compiling zstd-sys v2.0.9+zstd.1.5.5
[INFO] [stderr]    Compiling jod-thread v0.1.2
[INFO] [stderr]    Compiling language-tags v0.3.2
[INFO] [stderr]    Compiling bitflags v2.4.1
[INFO] [stderr]    Compiling ra_ap_limit v0.0.164
[INFO] [stderr]    Compiling base64 v0.21.5
[INFO] [stderr]    Compiling ra_ap_parser v0.0.164
[INFO] [stderr]    Compiling ra_ap_stdx v0.0.164
[INFO] [stderr]    Compiling ra_ap_profile v0.0.164
[INFO] [stderr]    Compiling rowan v0.15.15
[INFO] [stderr]    Compiling proc-macro-error-attr v1.0.4
[INFO] [stderr]    Compiling url v2.5.0
[INFO] [stderr]    Compiling time v0.3.31
[INFO] [stderr]    Compiling serde_json v1.0.111
[INFO] [stderr]    Compiling serde_urlencoded v0.7.1
[INFO] [stderr]    Compiling actix-router v0.5.2
[INFO] [stderr]    Compiling ra_ap_text_edit v0.0.164
[INFO] [stderr]    Compiling async-trait v0.1.77
[INFO] [stderr]    Compiling ciborium-io v0.2.1
[INFO] [stderr]    Compiling triomphe v0.1.11
[INFO] [stderr]    Compiling half v1.8.2
[INFO] [stderr]    Compiling cov-mark v2.0.0-pre.1
[INFO] [stderr]    Compiling smol_str v0.2.0
[INFO] [stderr]    Compiling ciborium-ll v0.2.1
[INFO] [stderr]    Compiling pin-project v1.1.3
[INFO] [stderr]    Compiling proc-macro-error v1.0.4
[INFO] [stderr]    Compiling ra_ap_syntax v0.0.164
[INFO] [stderr]    Compiling bincode v1.3.3
[INFO] [stderr]    Compiling itertools v0.11.0
[INFO] [stderr]    Compiling ciborium v0.2.1
[INFO] [stderr]    Compiling derive_more v0.99.17
[INFO] [stderr]    Compiling tokio-util v0.7.10
[INFO] [stderr]    Compiling actix-rt v2.9.0
[INFO] [stderr]    Compiling arpy-macros v0.2.0
[INFO] [stderr]    Compiling futures-executor v0.3.30
[INFO] [stderr]    Compiling actix-server v2.3.0
[INFO] [stderr]    Compiling futures v0.3.30
[INFO] [stderr]    Compiling actix-codec v0.5.1
[INFO] [stderr]    Compiling h2 v0.3.22
[INFO] [stderr]    Compiling arpy v0.2.0
[INFO] [stderr]    Compiling actix-web-codegen v4.2.2
[INFO] [stderr]    Compiling arpy-server v0.2.0
[INFO] [stderr]    Compiling include-doc v0.1.2
[INFO] [stderr]    Compiling zstd v0.13.0
[INFO] [stderr]    Compiling actix-http v3.5.1
[INFO] [stderr]    Compiling actix-web v4.4.1
[INFO] [stderr]    Compiling actix-ws v0.2.5
[INFO] [stderr]    Compiling arpy-actix v0.2.0 (/opt/rustwide/workdir)
[INFO] [stderr]     Finished dev [unoptimized + debuginfo] target(s) in 19.13s
[INFO] running `Command { std: "docker" "inspect" "2f8cadc46336068b05b0727302dc77954e4bfa7bd98ab1b3b3a5e7a35a7b4fe2", kill_on_drop: false }`
[INFO] running `Command { std: "docker" "rm" "-f" "2f8cadc46336068b05b0727302dc77954e4bfa7bd98ab1b3b3a5e7a35a7b4fe2", kill_on_drop: false }`
[INFO] [stdout] 2f8cadc46336068b05b0727302dc77954e4bfa7bd98ab1b3b3a5e7a35a7b4fe2
[INFO] running `Command { std: "docker" "create" "-v" "/var/lib/crater-agent-workspace/builds/worker-5-tc2/target:/opt/rustwide/target:rw,Z" "-v" "/var/lib/crater-agent-workspace/builds/worker-5-tc2/source:/opt/rustwide/workdir:ro,Z" "-v" "/var/lib/crater-agent-workspace/cargo-home:/opt/rustwide/cargo-home:ro,Z" "-v" "/var/lib/crater-agent-workspace/rustup-home:/opt/rustwide/rustup-home:ro,Z" "-e" "SOURCE_DIR=/opt/rustwide/workdir" "-e" "CARGO_TARGET_DIR=/opt/rustwide/target" "-e" "CARGO_INCREMENTAL=0" "-e" "RUST_BACKTRACE=full" "-e" "RUSTFLAGS=--cap-lints=warn" "-e" "RUSTDOCFLAGS=--cap-lints=warn" "-e" "CARGO_HOME=/opt/rustwide/cargo-home" "-e" "RUSTUP_HOME=/opt/rustwide/rustup-home" "-w" "/opt/rustwide/workdir" "-m" "1610612736" "--user" "0:0" "--network" "none" "ghcr.io/rust-lang/crates-build-env/linux@sha256:2788e3201cd34a07e3172128adcd8b3090168a8e3bcc40d7c032b9dda1df7d1c" "/opt/rustwide/cargo-home/bin/cargo" "+beta-2023-12-22" "test" "--frozen" "--no-run" "--message-format=json", kill_on_drop: false }`
[INFO] [stdout] 19eb079fcb7536693ff521d8d3ebfb9f74125470b84017cde654977e9cc1e6dc
[INFO] running `Command { std: "docker" "start" "-a" "19eb079fcb7536693ff521d8d3ebfb9f74125470b84017cde654977e9cc1e6dc", kill_on_drop: false }`
[INFO] [stderr]    Compiling vcpkg v0.2.15
[INFO] [stderr]    Compiling num_cpus v1.16.0
[INFO] [stderr]    Compiling tokio-macros v2.2.0
[INFO] [stderr]    Compiling openssl v0.10.62
[INFO] [stderr]    Compiling futures-util v0.3.30
[INFO] [stderr]    Compiling openssl-macros v0.1.1
[INFO] [stderr]    Compiling try-lock v0.2.5
[INFO] [stderr]    Compiling http-body v0.4.6
[INFO] [stderr]    Compiling ipnet v2.9.0
[INFO] [stderr]    Compiling want v0.3.1
[INFO] [stderr]    Compiling openssl-sys v0.9.98
[INFO] [stderr]    Compiling tokio v1.35.1
[INFO] [stderr]    Compiling native-tls v0.2.11
[INFO] [stderr]    Compiling futures-executor v0.3.30
[INFO] [stderr]    Compiling futures v0.3.30
[INFO] [stderr]    Compiling arpy v0.2.0
[INFO] [stderr]    Compiling tokio-util v0.7.10
[INFO] [stderr]    Compiling actix-rt v2.9.0
[INFO] [stderr]    Compiling arpy-server v0.2.0
[INFO] [stderr]    Compiling actix-server v2.3.0
[INFO] [stderr]    Compiling h2 v0.3.22
[INFO] [stderr]    Compiling actix-codec v0.5.1
[INFO] [stderr]    Compiling tokio-native-tls v0.3.1
[INFO] [stderr]    Compiling hyper v0.14.28
[INFO] [stderr]    Compiling actix-http v3.5.1
[INFO] [stderr]    Compiling actix-web v4.4.1
[INFO] [stderr]    Compiling hyper-tls v0.5.0
[INFO] [stderr]    Compiling reqwest v0.11.23
[INFO] [stderr]    Compiling arpy-reqwest v0.2.0
[INFO] [stderr]    Compiling actix-ws v0.2.5
[INFO] [stderr]    Compiling arpy-actix v0.2.0 (/opt/rustwide/workdir)
[INFO] [stdout] error[E0433]: failed to resolve: use of undeclared crate or module `arpy_test`
[INFO] [stdout]  --> tests/integration.rs:8:5
[INFO] [stdout]   |
[INFO] [stdout] 8 | use arpy_test::{
[INFO] [stdout]   |     ^^^^^^^^^ use of undeclared crate or module `arpy_test`
[INFO] [stdout] 
[INFO] [stdout] 
[INFO] [stdout] error[E0432]: unresolved import `arpy_test`
[INFO] [stdout]  --> tests/integration.rs:8:5
[INFO] [stdout]   |
[INFO] [stdout] 8 | use arpy_test::{
[INFO] [stdout]   |     ^^^^^^^^^ use of undeclared crate or module `arpy_test`
[INFO] [stdout] 
[INFO] [stdout] 
[INFO] [stdout] warning: unused import: `arpy::FnRemote`
[INFO] [stdout]  --> tests/integration.rs:4:5
[INFO] [stdout]   |
[INFO] [stdout] 4 | use arpy::FnRemote;
[INFO] [stdout]   |     ^^^^^^^^^^^^^^
[INFO] [stdout]   |
[INFO] [stdout]   = note: `#[warn(unused_imports)]` on by default
[INFO] [stdout] 
[INFO] [stdout] 
[INFO] [stdout] error: aborting due to 2 previous errors; 1 warning emitted
[INFO] [stdout] 
[INFO] [stdout] 
[INFO] [stdout] Some errors have detailed explanations: E0432, E0433.
[INFO] [stdout] 
[INFO] [stdout] For more information about an error, try `rustc --explain E0432`.
[INFO] [stdout] 
[INFO] [stderr] error: could not compile `arpy-actix` (test "integration") due to 3 previous errors; 1 warning emitted
[INFO] [stderr] warning: build failed, waiting for other jobs to finish...
[INFO] running `Command { std: "docker" "inspect" "19eb079fcb7536693ff521d8d3ebfb9f74125470b84017cde654977e9cc1e6dc", kill_on_drop: false }`
[INFO] running `Command { std: "docker" "rm" "-f" "19eb079fcb7536693ff521d8d3ebfb9f74125470b84017cde654977e9cc1e6dc", kill_on_drop: false }`
[INFO] [stdout] 19eb079fcb7536693ff521d8d3ebfb9f74125470b84017cde654977e9cc1e6dc
