[INFO] fetching crate armour 0.11.0...
[INFO] testing armour-0.11.0 against 1.75.0 for beta-1.76-1
[INFO] extracting crate armour 0.11.0 into /workspace/builds/worker-2-tc1/source
[INFO] validating manifest of crates.io crate armour 0.11.0 on toolchain 1.75.0
[INFO] running `Command { std: CARGO_HOME="/workspace/cargo-home" RUSTUP_HOME="/workspace/rustup-home" "/workspace/cargo-home/bin/cargo" "+1.75.0" "metadata" "--manifest-path" "Cargo.toml" "--no-deps", kill_on_drop: false }`
[INFO] started tweaking crates.io crate armour 0.11.0
[INFO] removed 0 missing examples
[INFO] finished tweaking crates.io crate armour 0.11.0
[INFO] tweaked toml for crates.io crate armour 0.11.0 written to /workspace/builds/worker-2-tc1/source/Cargo.toml
[INFO] crate crates.io crate armour 0.11.0 already has a lockfile, it will not be regenerated
[INFO] running `Command { std: CARGO_HOME="/workspace/cargo-home" RUSTUP_HOME="/workspace/rustup-home" "/workspace/cargo-home/bin/cargo" "+1.75.0" "fetch" "--manifest-path" "Cargo.toml", kill_on_drop: false }`
[INFO] [stderr]     Blocking waiting for file lock on package cache
[INFO] [stderr]     Updating crates.io index
[INFO] [stderr]     Blocking waiting for file lock on package cache
[INFO] [stderr]  Downloading crates ...
[INFO] [stderr]   Downloaded hashbrown v0.14.2
[INFO] [stderr]   Downloaded quote v1.0.32
[INFO] [stderr]   Downloaded specta v1.0.5
[INFO] [stderr]   Downloaded streaming-decompression v0.1.2
[INFO] [stderr]   Downloaded postgres-types v0.2.5
[INFO] [stderr]   Downloaded litrs v0.2.3
[INFO] [stderr]   Downloaded specta-macros v1.0.5
[INFO] [stderr]   Downloaded crossbeam-epoch v0.9.15
[INFO] [stderr]   Downloaded criterion v0.5.1
[INFO] [stderr]   Downloaded parquet2 v0.17.2
[INFO] [stderr]   Downloaded arrow2 v0.17.3
[INFO] [stderr]   Downloaded regex-automata v0.3.4
[INFO] [stderr]   Downloaded arrow2 v0.18.0
[INFO] [stderr]   Downloaded armour-derive v0.7.0
[INFO] [stderr]   Downloaded primitive-enum-derive v0.3.0
[INFO] [stderr]   Downloaded typescript-type-def-derive v0.5.7
[INFO] [stderr]   Downloaded rapira-derive v0.6.0
[INFO] [stderr]   Downloaded primitive-from-enum v0.3.0
[INFO] [stderr]   Downloaded typescript-type-def v0.5.7
[INFO] [stderr]   Downloaded rapira v0.6.4
[INFO] [stderr]   Downloaded blowfish_rs v0.1.0
[INFO] [stderr]   Downloaded regex-syntax v0.7.4
[INFO] [stderr]   Downloaded clap v4.3.19
[INFO] [stderr]   Downloaded regex v1.9.1
[INFO] [stderr]   Downloaded plotters v0.3.5
[INFO] [stderr]   Downloaded serde v1.0.189
[INFO] [stderr]   Downloaded time v0.3.24
[INFO] [stderr]   Downloaded clap_builder v4.3.19
[INFO] [stderr]   Downloaded stringprep v0.1.3
[INFO] [stderr]   Downloaded arrow-format v0.8.1
[INFO] [stderr]   Downloaded semver v1.0.18
[INFO] [stderr]   Downloaded parquet-format-safe v0.2.4
[INFO] [stderr]   Downloaded serde_derive v1.0.189
[INFO] [stderr]   Downloaded thiserror v1.0.44
[INFO] [stderr]   Downloaded data-encoding v2.4.0
[INFO] [stderr]   Downloaded oorandom v11.1.3
[INFO] [stderr]   Downloaded arrow2_convert_derive v0.5.0
[INFO] [stderr]   Downloaded postgres-protocol v0.6.5
[INFO] [stderr]   Downloaded darling v0.13.4
[INFO] [stderr]   Downloaded async-trait v0.1.72
[INFO] [stderr]   Downloaded uuid v1.4.1
[INFO] [stderr]   Downloaded time-macros v0.2.11
[INFO] [stderr]   Downloaded ciborium v0.2.1
[INFO] [stderr]   Downloaded anes v0.1.6
[INFO] [stderr]   Downloaded const-decoder v0.3.0
[INFO] [stderr]   Downloaded darling_core v0.13.4
[INFO] [stderr]   Downloaded ciborium-ll v0.2.1
[INFO] [stderr]   Downloaded plotters-backend v0.3.5
[INFO] [stderr]   Downloaded planus v0.3.1
[INFO] [stderr]   Downloaded memoffset v0.9.0
[INFO] [stderr]   Downloaded thiserror-impl v1.0.44
[INFO] [stderr]   Downloaded seq-macro v0.3.5
[INFO] [stderr]   Downloaded err-derive v0.3.1
[INFO] [stderr]   Downloaded document-features v0.2.7
[INFO] [stderr]   Downloaded data-encoding-macro v0.1.13
[INFO] [stderr]   Downloaded async-stream-impl v0.3.5
[INFO] [stderr]   Downloaded dyn-clone v1.0.12
[INFO] [stderr]   Downloaded arrow2_convert v0.5.0
[INFO] [stderr]   Downloaded md-5 v0.10.5
[INFO] [stderr]   Downloaded foreign_vec v0.1.0
[INFO] [stderr]   Downloaded darling_macro v0.13.4
[INFO] [stderr]   Downloaded const-fnv1a-hash v1.1.0
[INFO] [stderr]   Downloaded ciborium-io v0.2.1
[INFO] [stderr]   Downloaded plotters-svg v0.3.5
[INFO] [stderr]   Downloaded array-init-cursor v0.2.0
[INFO] [stderr]   Downloaded hash_hasher v2.0.3
[INFO] [stderr]   Downloaded criterion-plot v0.5.0
[INFO] [stderr]   Downloaded data-encoding-macro-internal v0.1.11
[INFO] [stderr]   Downloaded cast v0.3.0
[INFO] [stderr]   Downloaded ctor v0.1.26
[INFO] [stderr]   Downloaded async-stream v0.3.5
[INFO] [stderr]   Downloaded indoc v1.0.9
[INFO] [stderr]   Downloaded streaming-iterator v0.1.9
[INFO] [stderr]   Downloaded deranged v0.3.6
[INFO] [stderr]   Downloaded pin-project-lite v0.2.10
[INFO] [stderr]   Downloaded ethnum v1.3.2
[INFO] [stderr]   Downloaded tinytemplate v1.2.1
[INFO] [stderr]   Downloaded postgres-derive v0.4.4
[INFO] running `Command { std: "docker" "create" "-v" "/var/lib/crater-agent-workspace/builds/worker-2-tc1/target:/opt/rustwide/target:rw,Z" "-v" "/var/lib/crater-agent-workspace/builds/worker-2-tc1/source:/opt/rustwide/workdir:ro,Z" "-v" "/var/lib/crater-agent-workspace/cargo-home:/opt/rustwide/cargo-home:ro,Z" "-v" "/var/lib/crater-agent-workspace/rustup-home:/opt/rustwide/rustup-home:ro,Z" "-e" "SOURCE_DIR=/opt/rustwide/workdir" "-e" "CARGO_TARGET_DIR=/opt/rustwide/target" "-e" "CARGO_HOME=/opt/rustwide/cargo-home" "-e" "RUSTUP_HOME=/opt/rustwide/rustup-home" "-w" "/opt/rustwide/workdir" "-m" "1610612736" "--user" "0:0" "--network" "none" "ghcr.io/rust-lang/crates-build-env/linux@sha256:2788e3201cd34a07e3172128adcd8b3090168a8e3bcc40d7c032b9dda1df7d1c" "/opt/rustwide/cargo-home/bin/cargo" "+1.75.0" "metadata" "--no-deps" "--format-version=1", kill_on_drop: false }`
[INFO] [stdout] 25dc63408e1a2c7f56cfbb43a894380f2034284129e1962d46aa92173aa0a11a
[INFO] running `Command { std: "docker" "start" "-a" "25dc63408e1a2c7f56cfbb43a894380f2034284129e1962d46aa92173aa0a11a", kill_on_drop: false }`
[INFO] running `Command { std: "docker" "inspect" "25dc63408e1a2c7f56cfbb43a894380f2034284129e1962d46aa92173aa0a11a", kill_on_drop: false }`
[INFO] running `Command { std: "docker" "rm" "-f" "25dc63408e1a2c7f56cfbb43a894380f2034284129e1962d46aa92173aa0a11a", kill_on_drop: false }`
[INFO] [stdout] 25dc63408e1a2c7f56cfbb43a894380f2034284129e1962d46aa92173aa0a11a
[INFO] running `Command { std: "docker" "create" "-v" "/var/lib/crater-agent-workspace/builds/worker-2-tc1/target:/opt/rustwide/target:rw,Z" "-v" "/var/lib/crater-agent-workspace/builds/worker-2-tc1/source:/opt/rustwide/workdir:ro,Z" "-v" "/var/lib/crater-agent-workspace/cargo-home:/opt/rustwide/cargo-home:ro,Z" "-v" "/var/lib/crater-agent-workspace/rustup-home:/opt/rustwide/rustup-home:ro,Z" "-e" "SOURCE_DIR=/opt/rustwide/workdir" "-e" "CARGO_TARGET_DIR=/opt/rustwide/target" "-e" "CARGO_INCREMENTAL=0" "-e" "RUST_BACKTRACE=full" "-e" "RUSTFLAGS=--cap-lints=warn" "-e" "RUSTDOCFLAGS=--cap-lints=warn" "-e" "CARGO_HOME=/opt/rustwide/cargo-home" "-e" "RUSTUP_HOME=/opt/rustwide/rustup-home" "-w" "/opt/rustwide/workdir" "-m" "1610612736" "--user" "0:0" "--network" "none" "ghcr.io/rust-lang/crates-build-env/linux@sha256:2788e3201cd34a07e3172128adcd8b3090168a8e3bcc40d7c032b9dda1df7d1c" "/opt/rustwide/cargo-home/bin/cargo" "+1.75.0" "build" "--frozen" "--message-format=json", kill_on_drop: false }`
[INFO] [stdout] 4f27dd2cc08e74e9aa4dea61bf313f44931f7edacc7b7cd6945e1ece731cd344
[INFO] running `Command { std: "docker" "start" "-a" "4f27dd2cc08e74e9aa4dea61bf313f44931f7edacc7b7cd6945e1ece731cd344", kill_on_drop: false }`
[INFO] [stderr]    Compiling proc-macro2 v1.0.66
[INFO] [stderr]    Compiling unicode-ident v1.0.11
[INFO] [stderr]    Compiling libc v0.2.147
[INFO] [stderr]    Compiling serde v1.0.189
[INFO] [stderr]    Compiling thiserror v1.0.44
[INFO] [stderr]    Compiling syn v1.0.109
[INFO] [stderr]    Compiling parking_lot_core v0.9.8
[INFO] [stderr]    Compiling data-encoding v2.4.0
[INFO] [stderr]    Compiling smallvec v1.11.0
[INFO] [stderr]    Compiling time-core v0.1.1
[INFO] [stderr]    Compiling lock_api v0.4.10
[INFO] [stderr]    Compiling static_assertions v1.1.0
[INFO] [stderr]    Compiling hashbrown v0.14.2
[INFO] [stderr]    Compiling simdutf8 v0.1.4
[INFO] [stderr]    Compiling log v0.4.19
[INFO] [stderr]    Compiling blowfish_rs v0.1.0
[INFO] [stderr]    Compiling const-fnv1a-hash v1.1.0
[INFO] [stderr]    Compiling const-decoder v0.3.0
[INFO] [stderr]    Compiling bytes v1.4.0
[INFO] [stderr]    Compiling uuid v1.4.1
[INFO] [stderr]    Compiling quote v1.0.32
[INFO] [stderr]    Compiling syn v2.0.28
[INFO] [stderr]    Compiling getrandom v0.2.10
[INFO] [stderr]    Compiling rand_core v0.6.4
[INFO] [stderr]    Compiling dashmap v5.5.3
[INFO] [stderr]    Compiling rand_chacha v0.3.1
[INFO] [stderr]    Compiling rand v0.8.5
[INFO] [stderr]    Compiling data-encoding-macro-internal v0.1.11
[INFO] [stderr]    Compiling twox-hash v1.6.3
[INFO] [stderr]    Compiling data-encoding-macro v0.1.13
[INFO] [stderr]    Compiling serde_derive v1.0.189
[INFO] [stderr]    Compiling thiserror-impl v1.0.44
[INFO] [stderr]    Compiling rapira-derive v0.6.0
[INFO] [stderr]    Compiling primitive-enum-derive v0.3.0
[INFO] [stderr]    Compiling armour-derive v0.7.0
[INFO] [stderr]    Compiling primitive-from-enum v0.3.0
[INFO] [stderr]    Compiling rapira v0.6.4
[INFO] [stderr]    Compiling deranged v0.3.6
[INFO] [stderr]    Compiling serde_json v1.0.107
[INFO] [stderr]    Compiling arrayvec v0.7.4
[INFO] [stderr]    Compiling time v0.3.24
[INFO] [stderr]    Compiling armour v0.11.0 (/opt/rustwide/workdir)
[INFO] [stderr]     Finished dev [unoptimized + debuginfo] target(s) in 15.34s
[INFO] running `Command { std: "docker" "inspect" "4f27dd2cc08e74e9aa4dea61bf313f44931f7edacc7b7cd6945e1ece731cd344", kill_on_drop: false }`
[INFO] running `Command { std: "docker" "rm" "-f" "4f27dd2cc08e74e9aa4dea61bf313f44931f7edacc7b7cd6945e1ece731cd344", kill_on_drop: false }`
[INFO] [stdout] 4f27dd2cc08e74e9aa4dea61bf313f44931f7edacc7b7cd6945e1ece731cd344
[INFO] running `Command { std: "docker" "create" "-v" "/var/lib/crater-agent-workspace/builds/worker-2-tc1/target:/opt/rustwide/target:rw,Z" "-v" "/var/lib/crater-agent-workspace/builds/worker-2-tc1/source:/opt/rustwide/workdir:ro,Z" "-v" "/var/lib/crater-agent-workspace/cargo-home:/opt/rustwide/cargo-home:ro,Z" "-v" "/var/lib/crater-agent-workspace/rustup-home:/opt/rustwide/rustup-home:ro,Z" "-e" "SOURCE_DIR=/opt/rustwide/workdir" "-e" "CARGO_TARGET_DIR=/opt/rustwide/target" "-e" "CARGO_INCREMENTAL=0" "-e" "RUST_BACKTRACE=full" "-e" "RUSTFLAGS=--cap-lints=warn" "-e" "RUSTDOCFLAGS=--cap-lints=warn" "-e" "CARGO_HOME=/opt/rustwide/cargo-home" "-e" "RUSTUP_HOME=/opt/rustwide/rustup-home" "-w" "/opt/rustwide/workdir" "-m" "1610612736" "--user" "0:0" "--network" "none" "ghcr.io/rust-lang/crates-build-env/linux@sha256:2788e3201cd34a07e3172128adcd8b3090168a8e3bcc40d7c032b9dda1df7d1c" "/opt/rustwide/cargo-home/bin/cargo" "+1.75.0" "test" "--frozen" "--no-run" "--message-format=json", kill_on_drop: false }`
[INFO] [stdout] 9b31b7bd51592c6554b60f10eb612f59b7cc96922f111a24a740e95707f95287
[INFO] running `Command { std: "docker" "start" "-a" "9b31b7bd51592c6554b60f10eb612f59b7cc96922f111a24a740e95707f95287", kill_on_drop: false }`
[INFO] [stderr]    Compiling crossbeam-utils v0.8.16
[INFO] [stderr]    Compiling rustix v0.38.4
[INFO] [stderr]    Compiling memoffset v0.9.0
[INFO] [stderr]    Compiling crossbeam-epoch v0.9.15
[INFO] [stderr]    Compiling num-traits v0.2.16
[INFO] [stderr]    Compiling regex-syntax v0.7.4
[INFO] [stderr]    Compiling rayon-core v1.11.0
[INFO] [stderr]    Compiling linux-raw-sys v0.4.5
[INFO] [stderr]    Compiling either v1.9.0
[INFO] [stderr]    Compiling bitflags v2.3.3
[INFO] [stderr]    Compiling aho-corasick v1.0.2
[INFO] [stderr]    Compiling num_cpus v1.16.0
[INFO] [stderr]    Compiling ciborium-io v0.2.1
[INFO] [stderr]    Compiling clap_lex v0.5.0
[INFO] [stderr]    Compiling anstyle v1.0.1
[INFO] [stderr]    Compiling plotters-backend v0.3.5
[INFO] [stderr]    Compiling half v1.8.2
[INFO] [stderr]    Compiling itertools v0.10.5
[INFO] [stderr]    Compiling cast v0.3.0
[INFO] [stderr]    Compiling clap_builder v4.3.19
[INFO] [stderr]    Compiling ciborium-ll v0.2.1
[INFO] [stderr]    Compiling plotters-svg v0.3.5
[INFO] [stderr]    Compiling log v0.4.19
[INFO] [stderr]    Compiling walkdir v2.3.3
[INFO] [stderr]    Compiling tinytemplate v1.2.1
[INFO] [stderr]    Compiling anes v0.1.6
[INFO] [stderr]    Compiling termcolor v1.2.0
[INFO] [stderr]    Compiling oorandom v11.1.3
[INFO] [stderr]    Compiling ciborium v0.2.1
[INFO] [stderr]    Compiling humantime v2.1.0
[INFO] [stderr]    Compiling armour v0.11.0 (/opt/rustwide/workdir)
[INFO] [stderr]    Compiling crossbeam-channel v0.5.8
[INFO] [stderr]    Compiling crossbeam-deque v0.8.3
[INFO] [stderr]    Compiling is-terminal v0.4.9
[INFO] [stderr]    Compiling regex-automata v0.3.4
[INFO] [stderr]    Compiling criterion-plot v0.5.0
[INFO] [stderr]    Compiling plotters v0.3.5
[INFO] [stderr]    Compiling rayon v1.7.0
[INFO] [stderr]    Compiling clap v4.3.19
[INFO] [stderr]    Compiling regex v1.9.1
[INFO] [stderr]    Compiling env_logger v0.10.0
[INFO] [stderr]    Compiling criterion v0.5.1
[INFO] [stdout] error[E0432]: unresolved import `harsh`
[INFO] [stdout]  --> examples/ids.rs:1:5
[INFO] [stdout]   |
[INFO] [stdout] 1 | use harsh::Harsh;
[INFO] [stdout]   |     ^^^^^ use of undeclared crate or module `harsh`
[INFO] [stdout] 
[INFO] [stdout] 
[INFO] [stdout] error[E0432]: unresolved import `sqids`
[INFO] [stdout]  --> examples/ids.rs:2:5
[INFO] [stdout]   |
[INFO] [stdout] 2 | use sqids::{Options, Sqids};
[INFO] [stdout]   |     ^^^^^ use of undeclared crate or module `sqids`
[INFO] [stdout] 
[INFO] [stdout] 
[INFO] [stdout] error: aborting due to 2 previous errors
[INFO] [stdout] 
[INFO] [stdout] 
[INFO] [stdout] For more information about this error, try `rustc --explain E0432`.
[INFO] [stdout] 
[INFO] [stderr] error: could not compile `armour` (example "ids") due to 3 previous errors
[INFO] [stderr] warning: build failed, waiting for other jobs to finish...
[INFO] running `Command { std: "docker" "inspect" "9b31b7bd51592c6554b60f10eb612f59b7cc96922f111a24a740e95707f95287", kill_on_drop: false }`
[INFO] running `Command { std: "docker" "rm" "-f" "9b31b7bd51592c6554b60f10eb612f59b7cc96922f111a24a740e95707f95287", kill_on_drop: false }`
[INFO] [stdout] 9b31b7bd51592c6554b60f10eb612f59b7cc96922f111a24a740e95707f95287
[INFO] testing armour-0.11.0 against beta-2023-12-22 for beta-1.76-1
[INFO] extracting crate armour 0.11.0 into /workspace/builds/worker-2-tc2/source
[INFO] validating manifest of crates.io crate armour 0.11.0 on toolchain beta-2023-12-22
[INFO] running `Command { std: CARGO_HOME="/workspace/cargo-home" RUSTUP_HOME="/workspace/rustup-home" "/workspace/cargo-home/bin/cargo" "+beta-2023-12-22" "metadata" "--manifest-path" "Cargo.toml" "--no-deps", kill_on_drop: false }`
[INFO] started tweaking crates.io crate armour 0.11.0
[INFO] removed 0 missing examples
[INFO] finished tweaking crates.io crate armour 0.11.0
[INFO] tweaked toml for crates.io crate armour 0.11.0 written to /workspace/builds/worker-2-tc2/source/Cargo.toml
[INFO] crate crates.io crate armour 0.11.0 already has a lockfile, it will not be regenerated
[INFO] running `Command { std: CARGO_HOME="/workspace/cargo-home" RUSTUP_HOME="/workspace/rustup-home" "/workspace/cargo-home/bin/cargo" "+beta-2023-12-22" "fetch" "--manifest-path" "Cargo.toml", kill_on_drop: false }`
[INFO] running `Command { std: "docker" "create" "-v" "/var/lib/crater-agent-workspace/builds/worker-2-tc2/target:/opt/rustwide/target:rw,Z" "-v" "/var/lib/crater-agent-workspace/builds/worker-2-tc2/source:/opt/rustwide/workdir:ro,Z" "-v" "/var/lib/crater-agent-workspace/cargo-home:/opt/rustwide/cargo-home:ro,Z" "-v" "/var/lib/crater-agent-workspace/rustup-home:/opt/rustwide/rustup-home:ro,Z" "-e" "SOURCE_DIR=/opt/rustwide/workdir" "-e" "CARGO_TARGET_DIR=/opt/rustwide/target" "-e" "CARGO_HOME=/opt/rustwide/cargo-home" "-e" "RUSTUP_HOME=/opt/rustwide/rustup-home" "-w" "/opt/rustwide/workdir" "-m" "1610612736" "--user" "0:0" "--network" "none" "ghcr.io/rust-lang/crates-build-env/linux@sha256:2788e3201cd34a07e3172128adcd8b3090168a8e3bcc40d7c032b9dda1df7d1c" "/opt/rustwide/cargo-home/bin/cargo" "+beta-2023-12-22" "metadata" "--no-deps" "--format-version=1", kill_on_drop: false }`
[INFO] [stdout] c8e9ceecfb151a8aeae63119ea53c3698867b2a4275f1e792f9e7df0bb5ef42a
[INFO] running `Command { std: "docker" "start" "-a" "c8e9ceecfb151a8aeae63119ea53c3698867b2a4275f1e792f9e7df0bb5ef42a", kill_on_drop: false }`
[INFO] running `Command { std: "docker" "inspect" "c8e9ceecfb151a8aeae63119ea53c3698867b2a4275f1e792f9e7df0bb5ef42a", kill_on_drop: false }`
[INFO] running `Command { std: "docker" "rm" "-f" "c8e9ceecfb151a8aeae63119ea53c3698867b2a4275f1e792f9e7df0bb5ef42a", kill_on_drop: false }`
[INFO] [stdout] c8e9ceecfb151a8aeae63119ea53c3698867b2a4275f1e792f9e7df0bb5ef42a
[INFO] running `Command { std: "docker" "create" "-v" "/var/lib/crater-agent-workspace/builds/worker-2-tc2/target:/opt/rustwide/target:rw,Z" "-v" "/var/lib/crater-agent-workspace/builds/worker-2-tc2/source:/opt/rustwide/workdir:ro,Z" "-v" "/var/lib/crater-agent-workspace/cargo-home:/opt/rustwide/cargo-home:ro,Z" "-v" "/var/lib/crater-agent-workspace/rustup-home:/opt/rustwide/rustup-home:ro,Z" "-e" "SOURCE_DIR=/opt/rustwide/workdir" "-e" "CARGO_TARGET_DIR=/opt/rustwide/target" "-e" "CARGO_INCREMENTAL=0" "-e" "RUST_BACKTRACE=full" "-e" "RUSTFLAGS=--cap-lints=warn" "-e" "RUSTDOCFLAGS=--cap-lints=warn" "-e" "CARGO_HOME=/opt/rustwide/cargo-home" "-e" "RUSTUP_HOME=/opt/rustwide/rustup-home" "-w" "/opt/rustwide/workdir" "-m" "1610612736" "--user" "0:0" "--network" "none" "ghcr.io/rust-lang/crates-build-env/linux@sha256:2788e3201cd34a07e3172128adcd8b3090168a8e3bcc40d7c032b9dda1df7d1c" "/opt/rustwide/cargo-home/bin/cargo" "+beta-2023-12-22" "build" "--frozen" "--message-format=json", kill_on_drop: false }`
[INFO] [stdout] 8da357d13b07905e2045fa8c8727487db807642a6a7376850f5e4bfbb83e92e0
[INFO] running `Command { std: "docker" "start" "-a" "8da357d13b07905e2045fa8c8727487db807642a6a7376850f5e4bfbb83e92e0", kill_on_drop: false }`
[INFO] [stderr]    Compiling proc-macro2 v1.0.66
[INFO] [stderr]    Compiling unicode-ident v1.0.11
[INFO] [stderr]    Compiling libc v0.2.147
[INFO] [stderr]    Compiling serde v1.0.189
[INFO] [stderr]    Compiling syn v1.0.109
[INFO] [stderr]    Compiling thiserror v1.0.44
[INFO] [stderr]    Compiling parking_lot_core v0.9.8
[INFO] [stderr]    Compiling data-encoding v2.4.0
[INFO] [stderr]    Compiling smallvec v1.11.0
[INFO] [stderr]    Compiling simdutf8 v0.1.4
[INFO] [stderr]    Compiling lock_api v0.4.10
[INFO] [stderr]    Compiling hashbrown v0.14.2
[INFO] [stderr]    Compiling time-core v0.1.1
[INFO] [stderr]    Compiling static_assertions v1.1.0
[INFO] [stderr]    Compiling uuid v1.4.1
[INFO] [stderr]    Compiling const-fnv1a-hash v1.1.0
[INFO] [stderr]    Compiling blowfish_rs v0.1.0
[INFO] [stderr]    Compiling log v0.4.19
[INFO] [stderr]    Compiling const-decoder v0.3.0
[INFO] [stderr]    Compiling bytes v1.4.0
[INFO] [stderr]    Compiling quote v1.0.32
[INFO] [stderr]    Compiling syn v2.0.28
[INFO] [stderr]    Compiling getrandom v0.2.10
[INFO] [stderr]    Compiling rand_core v0.6.4
[INFO] [stderr]    Compiling dashmap v5.5.3
[INFO] [stderr]    Compiling rand_chacha v0.3.1
[INFO] [stderr]    Compiling rand v0.8.5
[INFO] [stderr]    Compiling data-encoding-macro-internal v0.1.11
[INFO] [stderr]    Compiling twox-hash v1.6.3
[INFO] [stderr]    Compiling data-encoding-macro v0.1.13
[INFO] [stderr]    Compiling serde_derive v1.0.189
[INFO] [stderr]    Compiling thiserror-impl v1.0.44
[INFO] [stderr]    Compiling primitive-enum-derive v0.3.0
[INFO] [stderr]    Compiling rapira-derive v0.6.0
[INFO] [stderr]    Compiling armour-derive v0.7.0
[INFO] [stderr]    Compiling primitive-from-enum v0.3.0
[INFO] [stderr]    Compiling rapira v0.6.4
[INFO] [stderr]    Compiling deranged v0.3.6
[INFO] [stderr]    Compiling arrayvec v0.7.4
[INFO] [stderr]    Compiling serde_json v1.0.107
[INFO] [stderr]    Compiling time v0.3.24
[INFO] [stderr]    Compiling armour v0.11.0 (/opt/rustwide/workdir)
[INFO] [stderr]     Finished dev [unoptimized + debuginfo] target(s) in 9.96s
[INFO] running `Command { std: "docker" "inspect" "8da357d13b07905e2045fa8c8727487db807642a6a7376850f5e4bfbb83e92e0", kill_on_drop: false }`
[INFO] running `Command { std: "docker" "rm" "-f" "8da357d13b07905e2045fa8c8727487db807642a6a7376850f5e4bfbb83e92e0", kill_on_drop: false }`
[INFO] [stdout] 8da357d13b07905e2045fa8c8727487db807642a6a7376850f5e4bfbb83e92e0
[INFO] running `Command { std: "docker" "create" "-v" "/var/lib/crater-agent-workspace/builds/worker-2-tc2/target:/opt/rustwide/target:rw,Z" "-v" "/var/lib/crater-agent-workspace/builds/worker-2-tc2/source:/opt/rustwide/workdir:ro,Z" "-v" "/var/lib/crater-agent-workspace/cargo-home:/opt/rustwide/cargo-home:ro,Z" "-v" "/var/lib/crater-agent-workspace/rustup-home:/opt/rustwide/rustup-home:ro,Z" "-e" "SOURCE_DIR=/opt/rustwide/workdir" "-e" "CARGO_TARGET_DIR=/opt/rustwide/target" "-e" "CARGO_INCREMENTAL=0" "-e" "RUST_BACKTRACE=full" "-e" "RUSTFLAGS=--cap-lints=warn" "-e" "RUSTDOCFLAGS=--cap-lints=warn" "-e" "CARGO_HOME=/opt/rustwide/cargo-home" "-e" "RUSTUP_HOME=/opt/rustwide/rustup-home" "-w" "/opt/rustwide/workdir" "-m" "1610612736" "--user" "0:0" "--network" "none" "ghcr.io/rust-lang/crates-build-env/linux@sha256:2788e3201cd34a07e3172128adcd8b3090168a8e3bcc40d7c032b9dda1df7d1c" "/opt/rustwide/cargo-home/bin/cargo" "+beta-2023-12-22" "test" "--frozen" "--no-run" "--message-format=json", kill_on_drop: false }`
[INFO] [stdout] b0d0bb68c5561c85052242d5bb4a6aebf5ce114c35f68865edef88db7efea91e
[INFO] running `Command { std: "docker" "start" "-a" "b0d0bb68c5561c85052242d5bb4a6aebf5ce114c35f68865edef88db7efea91e", kill_on_drop: false }`
[INFO] [stderr]    Compiling crossbeam-utils v0.8.16
[INFO] [stderr]    Compiling rustix v0.38.4
[INFO] [stderr]    Compiling memoffset v0.9.0
[INFO] [stderr]    Compiling crossbeam-epoch v0.9.15
[INFO] [stderr]    Compiling num-traits v0.2.16
[INFO] [stderr]    Compiling regex-syntax v0.7.4
[INFO] [stderr]    Compiling bitflags v2.3.3
[INFO] [stderr]    Compiling rayon-core v1.11.0
[INFO] [stderr]    Compiling linux-raw-sys v0.4.5
[INFO] [stderr]    Compiling either v1.9.0
[INFO] [stderr]    Compiling aho-corasick v1.0.2
[INFO] [stderr]    Compiling num_cpus v1.16.0
[INFO] [stderr]    Compiling clap_lex v0.5.0
[INFO] [stderr]    Compiling anstyle v1.0.1
[INFO] [stderr]    Compiling plotters-backend v0.3.5
[INFO] [stderr]    Compiling ciborium-io v0.2.1
[INFO] [stderr]    Compiling half v1.8.2
[INFO] [stderr]    Compiling log v0.4.19
[INFO] [stderr]    Compiling itertools v0.10.5
[INFO] [stderr]    Compiling plotters-svg v0.3.5
[INFO] [stderr]    Compiling clap_builder v4.3.19
[INFO] [stderr]    Compiling cast v0.3.0
[INFO] [stderr]    Compiling walkdir v2.3.3
[INFO] [stderr]    Compiling ciborium-ll v0.2.1
[INFO] [stderr]    Compiling tinytemplate v1.2.1
[INFO] [stderr]    Compiling termcolor v1.2.0
[INFO] [stderr]    Compiling humantime v2.1.0
[INFO] [stderr]    Compiling anes v0.1.6
[INFO] [stderr]    Compiling oorandom v11.1.3
[INFO] [stderr]    Compiling ciborium v0.2.1
[INFO] [stderr]    Compiling crossbeam-channel v0.5.8
[INFO] [stderr]    Compiling armour v0.11.0 (/opt/rustwide/workdir)
[INFO] [stderr]    Compiling crossbeam-deque v0.8.3
[INFO] [stderr]    Compiling is-terminal v0.4.9
[INFO] [stderr]    Compiling criterion-plot v0.5.0
[INFO] [stderr]    Compiling regex-automata v0.3.4
[INFO] [stderr]    Compiling plotters v0.3.5
[INFO] [stderr]    Compiling rayon v1.7.0
[INFO] [stderr]    Compiling clap v4.3.19
[INFO] [stderr]    Compiling regex v1.9.1
[INFO] [stderr]    Compiling criterion v0.5.1
[INFO] [stderr]    Compiling env_logger v0.10.0
[INFO] [stdout] error[E0432]: unresolved import `harsh`
[INFO] [stdout]  --> examples/ids.rs:1:5
[INFO] [stdout]   |
[INFO] [stdout] 1 | use harsh::Harsh;
[INFO] [stdout]   |     ^^^^^ use of undeclared crate or module `harsh`
[INFO] [stdout] 
[INFO] [stdout] 
[INFO] [stdout] error[E0432]: unresolved import `sqids`
[INFO] [stdout]  --> examples/ids.rs:2:5
[INFO] [stdout]   |
[INFO] [stdout] 2 | use sqids::{Options, Sqids};
[INFO] [stdout]   |     ^^^^^ use of undeclared crate or module `sqids`
[INFO] [stdout] 
[INFO] [stdout] 
[INFO] [stdout] error: aborting due to 2 previous errors
[INFO] [stdout] 
[INFO] [stdout] 
[INFO] [stdout] For more information about this error, try `rustc --explain E0432`.
[INFO] [stdout] 
[INFO] [stderr] error: could not compile `armour` (example "ids") due to 3 previous errors
[INFO] [stderr] warning: build failed, waiting for other jobs to finish...
[INFO] running `Command { std: "docker" "inspect" "b0d0bb68c5561c85052242d5bb4a6aebf5ce114c35f68865edef88db7efea91e", kill_on_drop: false }`
[INFO] running `Command { std: "docker" "rm" "-f" "b0d0bb68c5561c85052242d5bb4a6aebf5ce114c35f68865edef88db7efea91e", kill_on_drop: false }`
[INFO] [stdout] b0d0bb68c5561c85052242d5bb4a6aebf5ce114c35f68865edef88db7efea91e
