[INFO] fetching crate arloader 0.1.63...
[INFO] testing arloader-0.1.63 against 1.75.0 for beta-1.76-1
[INFO] extracting crate arloader 0.1.63 into /workspace/builds/worker-0-tc1/source
[INFO] validating manifest of crates.io crate arloader 0.1.63 on toolchain 1.75.0
[INFO] running `Command { std: CARGO_HOME="/workspace/cargo-home" RUSTUP_HOME="/workspace/rustup-home" "/workspace/cargo-home/bin/cargo" "+1.75.0" "metadata" "--manifest-path" "Cargo.toml" "--no-deps", kill_on_drop: false }`
[INFO] started tweaking crates.io crate arloader 0.1.63
[INFO] finished tweaking crates.io crate arloader 0.1.63
[INFO] tweaked toml for crates.io crate arloader 0.1.63 written to /workspace/builds/worker-0-tc1/source/Cargo.toml
[INFO] crate crates.io crate arloader 0.1.63 already has a lockfile, it will not be regenerated
[INFO] running `Command { std: CARGO_HOME="/workspace/cargo-home" RUSTUP_HOME="/workspace/rustup-home" "/workspace/cargo-home/bin/cargo" "+1.75.0" "fetch" "--manifest-path" "Cargo.toml", kill_on_drop: false }`
[INFO] [stderr]     Updating crates.io index
[INFO] [stderr]  Downloading crates ...
[INFO] [stderr]   Downloaded proc-macro2 v1.0.38
[INFO] [stderr]   Downloaded miniz_oxide v0.3.7
[INFO] [stderr]   Downloaded num-derive v0.3.3
[INFO] [stderr]   Downloaded hmac v0.8.1
[INFO] [stderr]   Downloaded libsecp256k1-core v0.2.2
[INFO] [stderr]   Downloaded rustversion v1.0.6
[INFO] [stderr]   Downloaded borsh v0.9.3
[INFO] [stderr]   Downloaded gif v0.11.3
[INFO] [stderr]   Downloaded derivation-path v0.2.0
[INFO] [stderr]   Downloaded rle-decode-fast v1.0.3
[INFO] [stderr]   Downloaded zeroize_derive v1.3.2
[INFO] [stderr]   Downloaded jsonwebkey v0.3.5
[INFO] [stderr]   Downloaded zerocopy-derive v0.2.0
[INFO] [stderr]   Downloaded sha3 v0.10.1
[INFO] [stderr]   Downloaded tiff v0.6.1
[INFO] [stderr]   Downloaded imageproc v0.22.0
[INFO] [stderr]   Downloaded csv v1.1.6
[INFO] [stderr]   Downloaded libc v0.2.125
[INFO] [stderr]   Downloaded solana-logger v1.10.0
[INFO] [stderr]   Downloaded infer v0.7.0
[INFO] [stderr]   Downloaded solana-program v1.10.0
[INFO] [stderr]   Downloaded solana-frozen-abi-macro v1.10.0
[INFO] [stderr]   Downloaded plotters v0.3.1
[INFO] [stderr]   Downloaded solana-frozen-abi v1.10.0
[INFO] [stderr]   Downloaded mio v0.8.3
[INFO] [stderr]   Downloaded rayon v1.5.2
[INFO] [stderr]   Downloaded deflate v0.8.6
[INFO] [stderr]   Downloaded crossbeam-channel v0.5.4
[INFO] [stderr]   Downloaded serde_bytes v0.11.6
[INFO] [stderr]   Downloaded num v0.3.1
[INFO] [stderr]   Downloaded unicode-xid v0.2.3
[INFO] [stderr]   Downloaded solana-sdk-macro v1.10.0
[INFO] [stderr]   Downloaded bv v0.11.1
[INFO] [stderr]   Downloaded dirs-next v2.0.0
[INFO] [stderr]   Downloaded syn v1.0.93
[INFO] [stderr]   Downloaded matrixmultiply v0.1.15
[INFO] [stderr]   Downloaded strum v0.18.0
[INFO] [stderr]   Downloaded strum_macros v0.18.0
[INFO] [stderr]   Downloaded num-complex v0.3.1
[INFO] [stderr]   Downloaded bstr v0.2.17
[INFO] [stderr]   Downloaded jpeg-decoder v0.1.22
[INFO] [stderr]   Downloaded rulinalg v0.4.2
[INFO] [stderr]   Downloaded yasna v0.4.0
[INFO] [stderr]   Downloaded openssl v0.10.40
[INFO] [stderr]   Downloaded signature v1.5.0
[INFO] [stderr]   Downloaded arrayref v0.3.6
[INFO] [stderr]   Downloaded unicode-width v0.1.9
[INFO] [stderr]   Downloaded num-rational v0.3.2
[INFO] [stderr]   Downloaded custom_derive v0.1.7
[INFO] [stderr]   Downloaded libsecp256k1 v0.6.0
[INFO] [stderr]   Downloaded solana-sdk v1.10.0
[INFO] [stderr]   Downloaded tempdir v0.3.7
[INFO] [stderr]   Downloaded zerocopy v0.3.0
[INFO] [stderr]   Downloaded avro-rs v0.13.0
[INFO] [stderr]   Downloaded blake3 v1.3.1
[INFO] [stderr]   Downloaded criterion-plot v0.4.4
[INFO] [stderr]   Downloaded plotters-backend v0.3.2
[INFO] [stderr]   Downloaded criterion v0.3.5
[INFO] [stderr]   Downloaded rayon-core v1.9.2
[INFO] [stderr]   Downloaded http v0.2.7
[INFO] [stderr]   Downloaded openssl-sys v0.9.73
[INFO] [stderr]   Downloaded memmap2 v0.5.3
[INFO] [stderr]   Downloaded cast v0.2.7
[INFO] [stderr]   Downloaded csv-core v0.1.10
[INFO] [stderr]   Downloaded plotters-svg v0.3.1
[INFO] [stderr]   Downloaded conv v0.3.3
[INFO] [stderr]   Downloaded scoped_threadpool v0.1.9
[INFO] [stderr]   Downloaded weezl v0.1.6
[INFO] [stderr]   Downloaded rand_distr v0.2.2
[INFO] [stderr]   Downloaded rawpointer v0.1.0
[INFO] [stderr]   Downloaded crossbeam-deque v0.8.1
[INFO] [stderr]   Downloaded httparse v1.7.1
[INFO] [stderr]   Downloaded assert_matches v1.5.0
[INFO] [stderr]   Downloaded image v0.23.14
[INFO] [stderr]   Downloaded ttf-parser v0.6.2
[INFO] [stderr]   Downloaded owned_ttf_parser v0.6.0
[INFO] [stderr]   Downloaded bytemuck_derive v1.1.0
[INFO] [stderr]   Downloaded rand v0.4.6
[INFO] [stderr]   Downloaded tokio v1.18.2
[INFO] [stderr]   Downloaded dirs-sys-next v0.1.2
[INFO] [stderr]   Downloaded png v0.16.8
[INFO] [stderr]   Downloaded num v0.1.42
[INFO] [stderr]   Downloaded typed-builder v0.5.1
[INFO] [stderr]   Downloaded num-complex v0.4.1
[INFO] [stderr]   Downloaded rusttype v0.9.2
[INFO] [stderr]   Downloaded ed25519 v1.5.0
[INFO] [stderr]   Downloaded ab_glyph_rasterizer v0.1.5
[INFO] [stderr]   Downloaded ed25519-dalek v1.0.1
[INFO] [stderr]   Downloaded pbkdf2 v0.10.1
[INFO] [stderr]   Downloaded borsh-derive-internal v0.9.3
[INFO] [stderr]   Downloaded borsh-schema-derive-internal v0.9.3
[INFO] [stderr]   Downloaded crossbeam-epoch v0.9.8
[INFO] [stderr]   Downloaded console_log v0.2.0
[INFO] [stderr]   Downloaded libflate v1.2.0
[INFO] [stderr]   Downloaded hmac-drbg v0.3.0
[INFO] [stderr]   Downloaded libflate_lz77 v1.1.0
[INFO] [stderr]   Downloaded bytemuck v1.9.1
[INFO] [stderr]   Downloaded proc-macro-crate v0.1.5
[INFO] [stderr]   Downloaded feature-probe v0.1.1
[INFO] [stderr]   Downloaded semver v1.0.9
[INFO] [stderr]   Downloaded qstring v0.7.2
[INFO] [stderr]   Downloaded ed25519-dalek-bip32 v0.2.0
[INFO] [stderr]   Downloaded borsh-derive v0.9.3
[INFO] [stderr]   Downloaded env_logger v0.9.0
[INFO] [stderr]   Downloaded libsecp256k1-gen-ecmult v0.2.1
[INFO] [stderr]   Downloaded openssl-macros v0.1.0
[INFO] [stderr]   Downloaded libsecp256k1-gen-genmult v0.2.1
[INFO] [stderr]   Downloaded sha2 v0.10.2
[INFO] [stderr]   Downloaded tracing-attributes v0.1.21
[INFO] running `Command { std: "docker" "create" "-v" "/var/lib/crater-agent-workspace/builds/worker-0-tc1/target:/opt/rustwide/target:rw,Z" "-v" "/var/lib/crater-agent-workspace/builds/worker-0-tc1/source:/opt/rustwide/workdir:ro,Z" "-v" "/var/lib/crater-agent-workspace/cargo-home:/opt/rustwide/cargo-home:ro,Z" "-v" "/var/lib/crater-agent-workspace/rustup-home:/opt/rustwide/rustup-home:ro,Z" "-e" "SOURCE_DIR=/opt/rustwide/workdir" "-e" "CARGO_TARGET_DIR=/opt/rustwide/target" "-e" "CARGO_HOME=/opt/rustwide/cargo-home" "-e" "RUSTUP_HOME=/opt/rustwide/rustup-home" "-w" "/opt/rustwide/workdir" "-m" "1610612736" "--user" "0:0" "--network" "none" "ghcr.io/rust-lang/crates-build-env/linux@sha256:2788e3201cd34a07e3172128adcd8b3090168a8e3bcc40d7c032b9dda1df7d1c" "/opt/rustwide/cargo-home/bin/cargo" "+1.75.0" "metadata" "--no-deps" "--format-version=1", kill_on_drop: false }`
[INFO] [stdout] 565ddec3cb65507be32d857f1f6baf9f38068aa95b563020052beee3da8a04eb
[INFO] running `Command { std: "docker" "start" "-a" "565ddec3cb65507be32d857f1f6baf9f38068aa95b563020052beee3da8a04eb", kill_on_drop: false }`
[INFO] running `Command { std: "docker" "inspect" "565ddec3cb65507be32d857f1f6baf9f38068aa95b563020052beee3da8a04eb", kill_on_drop: false }`
[INFO] running `Command { std: "docker" "rm" "-f" "565ddec3cb65507be32d857f1f6baf9f38068aa95b563020052beee3da8a04eb", kill_on_drop: false }`
[INFO] [stdout] 565ddec3cb65507be32d857f1f6baf9f38068aa95b563020052beee3da8a04eb
[INFO] running `Command { std: "docker" "create" "-v" "/var/lib/crater-agent-workspace/builds/worker-0-tc1/target:/opt/rustwide/target:rw,Z" "-v" "/var/lib/crater-agent-workspace/builds/worker-0-tc1/source:/opt/rustwide/workdir:ro,Z" "-v" "/var/lib/crater-agent-workspace/cargo-home:/opt/rustwide/cargo-home:ro,Z" "-v" "/var/lib/crater-agent-workspace/rustup-home:/opt/rustwide/rustup-home:ro,Z" "-e" "SOURCE_DIR=/opt/rustwide/workdir" "-e" "CARGO_TARGET_DIR=/opt/rustwide/target" "-e" "CARGO_INCREMENTAL=0" "-e" "RUST_BACKTRACE=full" "-e" "RUSTFLAGS=--cap-lints=warn" "-e" "RUSTDOCFLAGS=--cap-lints=warn" "-e" "CARGO_HOME=/opt/rustwide/cargo-home" "-e" "RUSTUP_HOME=/opt/rustwide/rustup-home" "-w" "/opt/rustwide/workdir" "-m" "1610612736" "--user" "0:0" "--network" "none" "ghcr.io/rust-lang/crates-build-env/linux@sha256:2788e3201cd34a07e3172128adcd8b3090168a8e3bcc40d7c032b9dda1df7d1c" "/opt/rustwide/cargo-home/bin/cargo" "+1.75.0" "build" "--frozen" "--message-format=json", kill_on_drop: false }`
[INFO] [stdout] 7dcb29748c8748078ceaf2e08651b95497746fb542f2033364815f55a8299b8a
[INFO] running `Command { std: "docker" "start" "-a" "7dcb29748c8748078ceaf2e08651b95497746fb542f2033364815f55a8299b8a", kill_on_drop: false }`
[INFO] [stderr]    Compiling proc-macro2 v1.0.38
[INFO] [stderr]    Compiling unicode-xid v0.2.3
[INFO] [stderr]    Compiling syn v1.0.93
[INFO] [stderr]    Compiling libc v0.2.125
[INFO] [stderr]    Compiling serde_derive v1.0.137
[INFO] [stderr]    Compiling serde v1.0.137
[INFO] [stderr]    Compiling typenum v1.15.0
[INFO] [stderr]    Compiling subtle v2.4.1
[INFO] [stderr]    Compiling once_cell v1.10.0
[INFO] [stderr]    Compiling cc v1.0.73
[INFO] [stderr]    Compiling log v0.4.17
[INFO] [stderr]    Compiling generic-array v0.14.5
[INFO] [stderr]    Compiling semver v1.0.9
[INFO] [stderr]    Compiling ahash v0.7.6
[INFO] [stderr]    Compiling num-traits v0.2.15
[INFO] [stderr]    Compiling crunchy v0.2.2
[INFO] [stderr]    Compiling futures-core v0.3.21
[INFO] [stderr]    Compiling itoa v1.0.1
[INFO] [stderr]    Compiling indexmap v1.8.1
[INFO] [stderr]    Compiling pkg-config v0.3.25
[INFO] [stderr]    Compiling futures-task v0.3.21
[INFO] [stderr]    Compiling futures-sink v0.3.21
[INFO] [stderr]    Compiling bytes v1.1.0
[INFO] [stderr]    Compiling futures-channel v0.3.21
[INFO] [stderr]    Compiling wasm-bindgen-shared v0.2.80
[INFO] [stderr]    Compiling cpufeatures v0.2.2
[INFO] [stderr]    Compiling futures-util v0.3.21
[INFO] [stderr]    Compiling ppv-lite86 v0.2.16
[INFO] [stderr]    Compiling byteorder v1.4.3
[INFO] [stderr]    Compiling slab v0.4.6
[INFO] [stderr]    Compiling futures-io v0.3.21
[INFO] [stderr]    Compiling rustc_version v0.4.0
[INFO] [stderr]    Compiling crossbeam-utils v0.8.8
[INFO] [stderr]    Compiling tracing-core v0.1.26
[INFO] [stderr]    Compiling quote v1.0.18
[INFO] [stderr]    Compiling memoffset v0.6.5
[INFO] [stderr]    Compiling ryu v1.0.9
[INFO] [stderr]    Compiling bumpalo v3.9.1
[INFO] [stderr]    Compiling percent-encoding v2.1.0
[INFO] [stderr]    Compiling feature-probe v0.1.1
[INFO] [stderr]    Compiling serde_json v1.0.81
[INFO] [stderr]    Compiling getrandom v0.2.6
[INFO] [stderr]    Compiling getrandom v0.1.16
[INFO] [stderr]    Compiling num_cpus v1.13.1
[INFO] [stderr]    Compiling mio v0.8.3
[INFO] [stderr]    Compiling socket2 v0.4.4
[INFO] [stderr]    Compiling foreign-types-shared v0.1.1
[INFO] [stderr]    Compiling openssl v0.10.40
[INFO] [stderr]    Compiling foreign-types v0.3.2
[INFO] [stderr]    Compiling rand_core v0.5.1
[INFO] [stderr]    Compiling openssl-sys v0.9.73
[INFO] [stderr]    Compiling bv v0.11.1
[INFO] [stderr]    Compiling solana-frozen-abi-macro v1.10.0
[INFO] [stderr]    Compiling http v0.2.7
[INFO] [stderr]    Compiling unicase v2.6.0
[INFO] [stderr]    Compiling hashbrown v0.11.2
[INFO] [stderr]    Compiling rand_chacha v0.2.2
[INFO] [stderr]    Compiling num-integer v0.1.45
[INFO] [stderr]    Compiling crossbeam-epoch v0.9.8
[INFO] [stderr]    Compiling native-tls v0.2.10
[INFO] [stderr]    Compiling httparse v1.7.1
[INFO] [stderr]    Compiling tinyvec_macros v0.1.0
[INFO] [stderr]    Compiling rustversion v1.0.6
[INFO] [stderr]    Compiling matches v0.1.9
[INFO] [stderr]    Compiling rand v0.7.3
[INFO] [stderr]    Compiling tinyvec v1.6.0
[INFO] [stderr]    Compiling digest v0.9.0
[INFO] [stderr]    Compiling blake3 v1.3.1
[INFO] [stderr]    Compiling libsecp256k1-core v0.2.2
[INFO] [stderr]    Compiling solana-frozen-abi v1.10.0
[INFO] [stderr]    Compiling atty v0.2.14
[INFO] [stderr]    Compiling aho-corasick v0.7.18
[INFO] [stderr]    Compiling num-bigint v0.4.3
[INFO] [stderr]    Compiling arrayref v0.3.6
[INFO] [stderr]    Compiling bs58 v0.4.0
[INFO] [stderr]    Compiling base64 v0.13.0
[INFO] [stderr]    Compiling wasm-bindgen v0.2.80
[INFO] [stderr]    Compiling regex-syntax v0.6.25
[INFO] [stderr]    Compiling openssl-probe v0.1.5
[INFO] [stderr]    Compiling either v1.6.1
[INFO] [stderr]    Compiling rayon-core v1.9.2
[INFO] [stderr]    Compiling try-lock v0.2.3
[INFO] [stderr]    Compiling signature v1.5.0
[INFO] [stderr]    Compiling want v0.3.0
[INFO] [stderr]    Compiling ed25519 v1.5.0
[INFO] [stderr]    Compiling http-body v0.4.4
[INFO] [stderr]    Compiling form_urlencoded v1.0.1
[INFO] [stderr]    Compiling unicode-normalization v0.1.19
[INFO] [stderr]    Compiling libsecp256k1-gen-ecmult v0.2.1
[INFO] [stderr]    Compiling libsecp256k1-gen-genmult v0.2.1
[INFO] [stderr]    Compiling solana-program v1.10.0
[INFO] [stderr]    Compiling memmap2 v0.5.3
[INFO] [stderr]    Compiling num-bigint v0.2.6
[INFO] [stderr]    Compiling unicode-bidi v0.3.8
[INFO] [stderr]    Compiling regex v1.5.5
[INFO] [stderr]    Compiling unicode-segmentation v1.9.0
[INFO] [stderr]    Compiling httpdate v1.0.2
[INFO] [stderr]    Compiling encoding_rs v0.8.31
[INFO] [stderr]    Compiling tower-service v0.3.1
[INFO] [stderr]    Compiling base64 v0.12.3
[INFO] [stderr]    Compiling constant_time_eq v0.1.5
[INFO] [stderr]    Compiling arrayvec v0.7.2
[INFO] [stderr]    Compiling keccak v0.1.0
[INFO] [stderr]    Compiling libsecp256k1 v0.6.0
[INFO] [stderr]    Compiling rle-decode-fast v1.0.3
[INFO] [stderr]    Compiling libflate_lz77 v1.1.0
[INFO] [stderr]    Compiling heck v0.3.3
[INFO] [stderr]    Compiling idna v0.2.3
[INFO] [stderr]    Compiling mime_guess v2.0.4
[INFO] [stderr]    Compiling crossbeam-deque v0.8.1
[INFO] [stderr]    Compiling itertools v0.10.3
[INFO] [stderr]    Compiling crossbeam-channel v0.5.4
[INFO] [stderr]    Compiling ring v0.16.20
[INFO] [stderr]    Compiling solana-sdk v1.10.0
[INFO] [stderr]    Compiling time v0.1.44
[INFO] [stderr]    Compiling rayon v1.5.2
[INFO] [stderr]    Compiling adler32 v1.2.0
[INFO] [stderr]    Compiling derivation-path v0.2.0
[INFO] [stderr]    Compiling unicode-width v0.1.9
[INFO] [stderr]    Compiling mime v0.3.16
[INFO] [stderr]    Compiling textwrap v0.11.0
[INFO] [stderr]    Compiling url v2.2.2
[INFO] [stderr]    Compiling env_logger v0.9.0
[INFO] [stderr]    Compiling libflate v1.2.0
[INFO] [stderr]    Compiling toml v0.5.9
[INFO] [stderr]    Compiling dirs-sys-next v0.1.2
[INFO] [stderr]    Compiling qstring v0.7.2
[INFO] [stderr]    Compiling uriparse v0.6.4
[INFO] [stderr]    Compiling solana-logger v1.10.0
[INFO] [stderr]    Compiling strsim v0.8.0
[INFO] [stderr]    Compiling ansi_term v0.12.1
[INFO] [stderr]    Compiling vec_map v0.8.2
[INFO] [stderr]    Compiling strum v0.18.0
[INFO] [stderr]    Compiling ipnet v2.5.0
[INFO] [stderr]    Compiling assert_matches v1.5.0
[INFO] [stderr]    Compiling proc-macro-crate v0.1.5
[INFO] [stderr]    Compiling clap v2.34.0
[INFO] [stderr]    Compiling dirs-next v2.0.0
[INFO] [stderr]    Compiling infer v0.7.0
[INFO] [stderr]    Compiling glob v0.3.0
[INFO] [stderr]    Compiling synstructure v0.12.6
[INFO] [stderr]    Compiling wasm-bindgen-backend v0.2.80
[INFO] [stderr]    Compiling borsh-schema-derive-internal v0.9.3
[INFO] [stderr]    Compiling borsh-derive-internal v0.9.3
[INFO] [stderr]    Compiling wasm-bindgen-macro-support v0.2.80
[INFO] [stderr]    Compiling zeroize_derive v1.3.2
[INFO] [stderr]    Compiling futures-macro v0.3.21
[INFO] [stderr]    Compiling tokio-macros v1.7.0
[INFO] [stderr]    Compiling thiserror-impl v1.0.31
[INFO] [stderr]    Compiling tracing-attributes v0.1.21
[INFO] [stderr]    Compiling openssl-macros v0.1.0
[INFO] [stderr]    Compiling borsh-derive v0.9.3
[INFO] [stderr]    Compiling bytemuck_derive v1.1.0
[INFO] [stderr]    Compiling num-derive v0.3.3
[INFO] [stderr]    Compiling zerocopy-derive v0.2.0
[INFO] [stderr]    Compiling solana-sdk-macro v1.10.0
[INFO] [stderr]    Compiling borsh v0.9.3
[INFO] [stderr]    Compiling typed-builder v0.5.1
[INFO] [stderr]    Compiling wasm-bindgen-macro v0.2.80
[INFO] [stderr]    Compiling zeroize v1.5.5
[INFO] [stderr]    Compiling strum_macros v0.18.0
[INFO] [stderr]    Compiling tokio v1.18.2
[INFO] [stderr]    Compiling bytemuck v1.9.1
[INFO] [stderr]    Compiling zerocopy v0.3.0
[INFO] [stderr]    Compiling thiserror v1.0.31
[INFO] [stderr]    Compiling tracing v0.1.34
[INFO] [stderr]    Compiling futures-executor v0.3.21
[INFO] [stderr]    Compiling futures v0.3.21
[INFO] [stderr]    Compiling tokio-util v0.7.1
[INFO] [stderr]    Compiling tokio-native-tls v0.3.0
[INFO] [stderr]    Compiling h2 v0.3.13
[INFO] [stderr]    Compiling bincode v1.3.3
[INFO] [stderr]    Compiling serde_bytes v0.11.6
[INFO] [stderr]    Compiling uuid v0.8.2
[INFO] [stderr]    Compiling serde_urlencoded v0.7.1
[INFO] [stderr]    Compiling chrono v0.4.19
[INFO] [stderr]    Compiling block-buffer v0.10.2
[INFO] [stderr]    Compiling crypto-common v0.1.3
[INFO] [stderr]    Compiling block-buffer v0.9.0
[INFO] [stderr]    Compiling crypto-mac v0.8.0
[INFO] [stderr]    Compiling sha2 v0.9.9
[INFO] [stderr]    Compiling hmac v0.8.1
[INFO] [stderr]    Compiling curve25519-dalek v3.2.0
[INFO] [stderr]    Compiling digest v0.10.3
[INFO] [stderr]    Compiling hmac-drbg v0.3.0
[INFO] [stderr]    Compiling sha2 v0.10.2
[INFO] [stderr]    Compiling hmac v0.12.1
[INFO] [stderr]    Compiling sha3 v0.10.1
[INFO] [stderr]    Compiling pbkdf2 v0.10.1
[INFO] [stderr]    Compiling hyper v0.14.18
[INFO] [stderr]    Compiling avro-rs v0.13.0
[INFO] [stderr]    Compiling ed25519-dalek v1.0.1
[INFO] [stderr]    Compiling yasna v0.4.0
[INFO] [stderr]    Compiling ed25519-dalek-bip32 v0.2.0
[INFO] [stderr]    Compiling jsonwebkey v0.3.5
[INFO] [stderr]    Compiling hyper-tls v0.5.0
[INFO] [stderr]    Compiling reqwest v0.11.10
[INFO] [stderr]    Compiling arloader v0.1.63 (/opt/rustwide/workdir)
[INFO] [stdout] warning: call to `.clone()` on a reference in this situation does nothing
[INFO] [stdout]     --> src/lib.rs:1524:68
[INFO] [stdout]      |
[INFO] [stdout] 1524 |         let paths: Vec<PathBuf> = glob(&format!("{}*.json", log_dir.clone()))?
[INFO] [stdout]      |                                                                    ^^^^^^^^ help: remove this redundant call
[INFO] [stdout]      |
[INFO] [stdout]      = note: the type `str` does not implement `Clone`, so calling `clone` on `&str` copies the reference, which does not do anything and can be removed
[INFO] [stdout]      = note: `#[warn(noop_method_call)]` on by default
[INFO] [stdout] 
[INFO] [stdout] 
[INFO] [stdout] warning: 1 warning emitted
[INFO] [stdout] 
[INFO] [stdout] 
[INFO] [stderr]     Finished dev [unoptimized + debuginfo] target(s) in 41.11s
[INFO] running `Command { std: "docker" "inspect" "7dcb29748c8748078ceaf2e08651b95497746fb542f2033364815f55a8299b8a", kill_on_drop: false }`
[INFO] running `Command { std: "docker" "rm" "-f" "7dcb29748c8748078ceaf2e08651b95497746fb542f2033364815f55a8299b8a", kill_on_drop: false }`
[INFO] [stdout] 7dcb29748c8748078ceaf2e08651b95497746fb542f2033364815f55a8299b8a
[INFO] running `Command { std: "docker" "create" "-v" "/var/lib/crater-agent-workspace/builds/worker-0-tc1/target:/opt/rustwide/target:rw,Z" "-v" "/var/lib/crater-agent-workspace/builds/worker-0-tc1/source:/opt/rustwide/workdir:ro,Z" "-v" "/var/lib/crater-agent-workspace/cargo-home:/opt/rustwide/cargo-home:ro,Z" "-v" "/var/lib/crater-agent-workspace/rustup-home:/opt/rustwide/rustup-home:ro,Z" "-e" "SOURCE_DIR=/opt/rustwide/workdir" "-e" "CARGO_TARGET_DIR=/opt/rustwide/target" "-e" "CARGO_INCREMENTAL=0" "-e" "RUST_BACKTRACE=full" "-e" "RUSTFLAGS=--cap-lints=warn" "-e" "RUSTDOCFLAGS=--cap-lints=warn" "-e" "CARGO_HOME=/opt/rustwide/cargo-home" "-e" "RUSTUP_HOME=/opt/rustwide/rustup-home" "-w" "/opt/rustwide/workdir" "-m" "1610612736" "--user" "0:0" "--network" "none" "ghcr.io/rust-lang/crates-build-env/linux@sha256:2788e3201cd34a07e3172128adcd8b3090168a8e3bcc40d7c032b9dda1df7d1c" "/opt/rustwide/cargo-home/bin/cargo" "+1.75.0" "test" "--frozen" "--no-run" "--message-format=json", kill_on_drop: false }`
[INFO] [stdout] a760c429d957762772f91f65752ed02d5c4b3a0e183977ed6fc7d2fb66747c73
[INFO] running `Command { std: "docker" "start" "-a" "a760c429d957762772f91f65752ed02d5c4b3a0e183977ed6fc7d2fb66747c73", kill_on_drop: false }`
[INFO] [stderr]    Compiling num-integer v0.1.45
[INFO] [stderr]    Compiling getrandom v0.2.6
[INFO] [stderr]    Compiling num-iter v0.1.43
[INFO] [stderr]    Compiling num-bigint v0.3.3
[INFO] [stderr]    Compiling num-rational v0.3.2
[INFO] [stderr]    Compiling miniz_oxide v0.4.4
[INFO] [stderr]    Compiling cast v0.2.7
[INFO] [stderr]    Compiling weezl v0.1.6
[INFO] [stderr]    Compiling matrixmultiply v0.1.15
[INFO] [stderr]    Compiling jpeg-decoder v0.1.22
[INFO] [stderr]    Compiling miniz_oxide v0.3.7
[INFO] [stderr]    Compiling deflate v0.8.6
[INFO] [stderr]    Compiling color_quant v1.1.0
[INFO] [stderr]    Compiling rawpointer v0.1.0
[INFO] [stderr]    Compiling ttf-parser v0.6.2
[INFO] [stderr]    Compiling plotters-backend v0.3.2
[INFO] [stderr]    Compiling regex-automata v0.1.10
[INFO] [stderr]    Compiling ahash v0.7.6
[INFO] [stderr]    Compiling uuid v0.8.2
[INFO] [stderr]    Compiling bstr v0.2.17
[INFO] [stderr]    Compiling gif v0.11.3
[INFO] [stderr]    Compiling plotters-svg v0.3.1
[INFO] [stderr]    Compiling hashbrown v0.11.2
[INFO] [stderr]    Compiling png v0.16.8
[INFO] [stderr]    Compiling rand_core v0.6.3
[INFO] [stderr]    Compiling num-bigint v0.4.3
[INFO] [stderr]    Compiling chrono v0.4.19
[INFO] [stderr]    Compiling num-bigint v0.2.6
[INFO] [stderr]    Compiling num v0.1.42
[INFO] [stderr]    Compiling num-complex v0.3.1
[INFO] [stderr]    Compiling csv-core v0.1.10
[INFO] [stderr]    Compiling custom_derive v0.1.7
[INFO] [stderr]    Compiling indexmap v1.8.1
[INFO] [stderr]    Compiling borsh v0.9.3
[INFO] [stderr]    Compiling tiff v0.6.1
[INFO] [stderr]    Compiling owned_ttf_parser v0.6.0
[INFO] [stderr]    Compiling serde_json v1.0.81
[INFO] [stderr]    Compiling h2 v0.3.13
[INFO] [stderr]    Compiling scoped_threadpool v0.1.9
[INFO] [stderr]    Compiling itoa v0.4.8
[INFO] [stderr]    Compiling ab_glyph_rasterizer v0.1.5
[INFO] [stderr]    Compiling csv v1.1.6
[INFO] [stderr]    Compiling conv v0.3.3
[INFO] [stderr]    Compiling walkdir v2.3.2
[INFO] [stderr]    Compiling rusttype v0.9.2
[INFO] [stderr]    Compiling serde_cbor v0.11.2
[INFO] [stderr]    Compiling rulinalg v0.4.2
[INFO] [stderr]    Compiling rand_chacha v0.3.1
[INFO] [stderr]    Compiling plotters v0.3.1
[INFO] [stderr]    Compiling yasna v0.4.0
[INFO] [stderr]    Compiling criterion-plot v0.4.4
[INFO] [stderr]    Compiling rand_distr v0.2.2
[INFO] [stderr]    Compiling itertools v0.9.0
[INFO] [stderr]    Compiling rand v0.4.6
[INFO] [stderr]    Compiling rand v0.8.5
[INFO] [stderr]    Compiling num-complex v0.4.1
[INFO] [stderr]    Compiling solana-program v1.10.0
[INFO] [stderr]    Compiling tempdir v0.3.7
[INFO] [stderr]    Compiling avro-rs v0.13.0
[INFO] [stderr]    Compiling jsonwebkey v0.3.5
[INFO] [stderr]    Compiling image v0.23.14
[INFO] [stderr]    Compiling num v0.3.1
[INFO] [stderr]    Compiling tinytemplate v1.2.1
[INFO] [stderr]    Compiling criterion v0.3.5
[INFO] [stderr]    Compiling hyper v0.14.18
[INFO] [stderr]    Compiling imageproc v0.22.0
[INFO] [stderr]    Compiling hyper-tls v0.5.0
[INFO] [stderr]    Compiling reqwest v0.11.10
[INFO] [stderr]    Compiling solana-sdk v1.10.0
[INFO] [stderr]    Compiling arloader v0.1.63 (/opt/rustwide/workdir)
[INFO] [stdout] warning: call to `.clone()` on a reference in this situation does nothing
[INFO] [stdout]     --> src/lib.rs:1524:68
[INFO] [stdout]      |
[INFO] [stdout] 1524 |         let paths: Vec<PathBuf> = glob(&format!("{}*.json", log_dir.clone()))?
[INFO] [stdout]      |                                                                    ^^^^^^^^ help: remove this redundant call
[INFO] [stdout]      |
[INFO] [stdout]      = note: the type `str` does not implement `Clone`, so calling `clone` on `&str` copies the reference, which does not do anything and can be removed
[INFO] [stdout]      = note: `#[warn(noop_method_call)]` on by default
[INFO] [stdout] 
[INFO] [stdout] 
[INFO] [stdout] warning: call to `.clone()` on a reference in this situation does nothing
[INFO] [stdout]     --> src/lib.rs:1524:68
[INFO] [stdout]      |
[INFO] [stdout] 1524 |         let paths: Vec<PathBuf> = glob(&format!("{}*.json", log_dir.clone()))?
[INFO] [stdout]      |                                                                    ^^^^^^^^ help: remove this redundant call
[INFO] [stdout]      |
[INFO] [stdout]      = note: the type `str` does not implement `Clone`, so calling `clone` on `&str` copies the reference, which does not do anything and can be removed
[INFO] [stdout]      = note: `#[warn(noop_method_call)]` on by default
[INFO] [stdout] 
[INFO] [stdout] 
[INFO] [stdout] warning: 1 warning emitted
[INFO] [stdout] 
[INFO] [stdout] 
[INFO] [stderr] error: could not compile `arloader` (lib test); 1 warning emitted
[INFO] [stderr] 
[INFO] [stderr] Caused by:
[INFO] [stderr]   process didn't exit successfully: `/opt/rustwide/rustup-home/toolchains/1.75.0-x86_64-unknown-linux-gnu/bin/rustc --crate-name arloader --edition=2021 src/lib.rs --error-format=json --json=diagnostic-rendered-ansi,artifacts,future-incompat --emit=dep-info,link -C embed-bitcode=no -C debuginfo=2 --test -C metadata=bdf4dacecbcf7fd4 -C extra-filename=-bdf4dacecbcf7fd4 --out-dir /opt/rustwide/target/debug/deps -L dependency=/opt/rustwide/target/debug/deps --extern avro_rs=/opt/rustwide/target/debug/deps/libavro_rs-f8a19416073d4044.rlib --extern base64=/opt/rustwide/target/debug/deps/libbase64-8ea64d3566a9d67e.rlib --extern bincode=/opt/rustwide/target/debug/deps/libbincode-93b886704626747e.rlib --extern blake3=/opt/rustwide/target/debug/deps/libblake3-443165fbda68be66.rlib --extern borsh=/opt/rustwide/target/debug/deps/libborsh-3334cc4e6ced881d.rlib --extern bs58=/opt/rustwide/target/debug/deps/libbs58-6b52eb147dc37b19.rlib --extern bytes=/opt/rustwide/target/debug/deps/libbytes-55e4baa7bb335bc7.rlib --extern chrono=/opt/rustwide/target/debug/deps/libchrono-4e742e5a179b51ce.rlib --extern clap=/opt/rustwide/target/debug/deps/libclap-1b12062db61840dc.rlib --extern criterion=/opt/rustwide/target/debug/deps/libcriterion-fe24c9cd8399315e.rlib --extern dirs_next=/opt/rustwide/target/debug/deps/libdirs_next-bfc73f40f08cf941.rlib --extern env_logger=/opt/rustwide/target/debug/deps/libenv_logger-a6941f6cf6ecdfac.rlib --extern futures=/opt/rustwide/target/debug/deps/libfutures-bc5c8ffb5df076ff.rlib --extern glob=/opt/rustwide/target/debug/deps/libglob-aa3e98918aa39898.rlib --extern image=/opt/rustwide/target/debug/deps/libimage-95645bd956a0e81e.rlib --extern imageproc=/opt/rustwide/target/debug/deps/libimageproc-138b7c1598ff19e5.rlib --extern infer=/opt/rustwide/target/debug/deps/libinfer-f1617b701983b737.rlib --extern jsonwebkey=/opt/rustwide/target/debug/deps/libjsonwebkey-58f5f34ccb2342c7.rlib --extern log=/opt/rustwide/target/debug/deps/liblog-d88d404ed4a3e8b9.rlib --extern matches=/opt/rustwide/target/debug/deps/libmatches-e0861c3f10bd1789.rlib --extern mime_guess=/opt/rustwide/target/debug/deps/libmime_guess-7905d38d07540ea7.rlib --extern num_bigint=/opt/rustwide/target/debug/deps/libnum_bigint-22b3ead28bdbf2ee.rlib --extern num_complex=/opt/rustwide/target/debug/deps/libnum_complex-d9919e3f8c0dcc5e.rlib --extern num_traits=/opt/rustwide/target/debug/deps/libnum_traits-a6410cac0a25d3f1.rlib --extern rand=/opt/rustwide/target/debug/deps/librand-cb206640b156813c.rlib --extern rayon=/opt/rustwide/target/debug/deps/librayon-fce7acd90a405c93.rlib --extern reqwest=/opt/rustwide/target/debug/deps/libreqwest-7ad4951bffe4b880.rlib --extern ring=/opt/rustwide/target/debug/deps/libring-9df4799806c15d38.rlib --extern rusttype=/opt/rustwide/target/debug/deps/librusttype-88306bd3b28e2eae.rlib --extern serde=/opt/rustwide/target/debug/deps/libserde-8fabdc4c15019e5d.rlib --extern serde_derive=/opt/rustwide/target/debug/deps/libserde_derive-7d2c6764cdb3fc36.so --extern serde_json=/opt/rustwide/target/debug/deps/libserde_json-17efe7ac6e497110.rlib --extern solana_sdk=/opt/rustwide/target/debug/deps/libsolana_sdk-2c327a45d295b30d.rlib --extern tempdir=/opt/rustwide/target/debug/deps/libtempdir-67f59cad268a3afa.rlib --extern thiserror=/opt/rustwide/target/debug/deps/libthiserror-d79a4c9614cc0925.rlib --extern tokio=/opt/rustwide/target/debug/deps/libtokio-47a6fefcf11561ac.rlib --extern url=/opt/rustwide/target/debug/deps/liburl-4aadbc53fb69fc2d.rlib --cap-lints=warn -L native=/opt/rustwide/target/debug/build/blake3-028d9b87716f6990/out -L native=/opt/rustwide/target/debug/build/blake3-028d9b87716f6990/out -L native=/opt/rustwide/target/debug/build/ring-19a85d311dc269dd/out` (signal: 9, SIGKILL: kill)
[INFO] [stderr] warning: build failed, waiting for other jobs to finish...
[INFO] [stderr] error: could not compile `arloader` (bin "arloader")
[INFO] [stderr] 
[INFO] [stderr] Caused by:
[INFO] [stderr]   process didn't exit successfully: `/opt/rustwide/rustup-home/toolchains/1.75.0-x86_64-unknown-linux-gnu/bin/rustc --crate-name arloader --edition=2021 src/main.rs --error-format=json --json=diagnostic-rendered-ansi,artifacts,future-incompat --crate-type bin --emit=dep-info,link -C embed-bitcode=no -C debuginfo=2 -C metadata=08e60b4867f35bc7 -C extra-filename=-08e60b4867f35bc7 --out-dir /opt/rustwide/target/debug/deps -L dependency=/opt/rustwide/target/debug/deps --extern arloader=/opt/rustwide/target/debug/deps/libarloader-7abfa610a09e90ae.rlib --extern avro_rs=/opt/rustwide/target/debug/deps/libavro_rs-f8a19416073d4044.rlib --extern base64=/opt/rustwide/target/debug/deps/libbase64-8ea64d3566a9d67e.rlib --extern bincode=/opt/rustwide/target/debug/deps/libbincode-93b886704626747e.rlib --extern blake3=/opt/rustwide/target/debug/deps/libblake3-443165fbda68be66.rlib --extern borsh=/opt/rustwide/target/debug/deps/libborsh-3334cc4e6ced881d.rlib --extern bs58=/opt/rustwide/target/debug/deps/libbs58-6b52eb147dc37b19.rlib --extern bytes=/opt/rustwide/target/debug/deps/libbytes-55e4baa7bb335bc7.rlib --extern chrono=/opt/rustwide/target/debug/deps/libchrono-4e742e5a179b51ce.rlib --extern clap=/opt/rustwide/target/debug/deps/libclap-1b12062db61840dc.rlib --extern dirs_next=/opt/rustwide/target/debug/deps/libdirs_next-bfc73f40f08cf941.rlib --extern env_logger=/opt/rustwide/target/debug/deps/libenv_logger-a6941f6cf6ecdfac.rlib --extern futures=/opt/rustwide/target/debug/deps/libfutures-bc5c8ffb5df076ff.rlib --extern glob=/opt/rustwide/target/debug/deps/libglob-aa3e98918aa39898.rlib --extern infer=/opt/rustwide/target/debug/deps/libinfer-f1617b701983b737.rlib --extern jsonwebkey=/opt/rustwide/target/debug/deps/libjsonwebkey-58f5f34ccb2342c7.rlib --extern log=/opt/rustwide/target/debug/deps/liblog-d88d404ed4a3e8b9.rlib --extern matches=/opt/rustwide/target/debug/deps/libmatches-e0861c3f10bd1789.rlib --extern mime_guess=/opt/rustwide/target/debug/deps/libmime_guess-7905d38d07540ea7.rlib --extern num_bigint=/opt/rustwide/target/debug/deps/libnum_bigint-22b3ead28bdbf2ee.rlib --extern num_traits=/opt/rustwide/target/debug/deps/libnum_traits-a6410cac0a25d3f1.rlib --extern rayon=/opt/rustwide/target/debug/deps/librayon-fce7acd90a405c93.rlib --extern reqwest=/opt/rustwide/target/debug/deps/libreqwest-7ad4951bffe4b880.rlib --extern ring=/opt/rustwide/target/debug/deps/libring-9df4799806c15d38.rlib --extern serde=/opt/rustwide/target/debug/deps/libserde-8fabdc4c15019e5d.rlib --extern serde_derive=/opt/rustwide/target/debug/deps/libserde_derive-7d2c6764cdb3fc36.so --extern serde_json=/opt/rustwide/target/debug/deps/libserde_json-17efe7ac6e497110.rlib --extern solana_sdk=/opt/rustwide/target/debug/deps/libsolana_sdk-2c327a45d295b30d.rlib --extern thiserror=/opt/rustwide/target/debug/deps/libthiserror-d79a4c9614cc0925.rlib --extern tokio=/opt/rustwide/target/debug/deps/libtokio-47a6fefcf11561ac.rlib --extern url=/opt/rustwide/target/debug/deps/liburl-4aadbc53fb69fc2d.rlib --cap-lints=warn -L native=/opt/rustwide/target/debug/build/blake3-028d9b87716f6990/out -L native=/opt/rustwide/target/debug/build/blake3-028d9b87716f6990/out -L native=/opt/rustwide/target/debug/build/ring-19a85d311dc269dd/out` (signal: 9, SIGKILL: kill)
[INFO] [stderr] error: could not compile `arloader` (test "integration")
[INFO] [stderr] 
[INFO] [stderr] Caused by:
[INFO] [stderr]   process didn't exit successfully: `/opt/rustwide/rustup-home/toolchains/1.75.0-x86_64-unknown-linux-gnu/bin/rustc --crate-name integration --edition=2021 tests/integration.rs --error-format=json --json=diagnostic-rendered-ansi,artifacts,future-incompat --emit=dep-info,link -C embed-bitcode=no -C debuginfo=2 --test -C metadata=25d01dec12eabdf7 -C extra-filename=-25d01dec12eabdf7 --out-dir /opt/rustwide/target/debug/deps -L dependency=/opt/rustwide/target/debug/deps --extern arloader=/opt/rustwide/target/debug/deps/libarloader-7abfa610a09e90ae.rlib --extern avro_rs=/opt/rustwide/target/debug/deps/libavro_rs-f8a19416073d4044.rlib --extern base64=/opt/rustwide/target/debug/deps/libbase64-8ea64d3566a9d67e.rlib --extern bincode=/opt/rustwide/target/debug/deps/libbincode-93b886704626747e.rlib --extern blake3=/opt/rustwide/target/debug/deps/libblake3-443165fbda68be66.rlib --extern borsh=/opt/rustwide/target/debug/deps/libborsh-3334cc4e6ced881d.rlib --extern bs58=/opt/rustwide/target/debug/deps/libbs58-6b52eb147dc37b19.rlib --extern bytes=/opt/rustwide/target/debug/deps/libbytes-55e4baa7bb335bc7.rlib --extern chrono=/opt/rustwide/target/debug/deps/libchrono-4e742e5a179b51ce.rlib --extern clap=/opt/rustwide/target/debug/deps/libclap-1b12062db61840dc.rlib --extern criterion=/opt/rustwide/target/debug/deps/libcriterion-fe24c9cd8399315e.rlib --extern dirs_next=/opt/rustwide/target/debug/deps/libdirs_next-bfc73f40f08cf941.rlib --extern env_logger=/opt/rustwide/target/debug/deps/libenv_logger-a6941f6cf6ecdfac.rlib --extern futures=/opt/rustwide/target/debug/deps/libfutures-bc5c8ffb5df076ff.rlib --extern glob=/opt/rustwide/target/debug/deps/libglob-aa3e98918aa39898.rlib --extern image=/opt/rustwide/target/debug/deps/libimage-95645bd956a0e81e.rlib --extern imageproc=/opt/rustwide/target/debug/deps/libimageproc-138b7c1598ff19e5.rlib --extern infer=/opt/rustwide/target/debug/deps/libinfer-f1617b701983b737.rlib --extern jsonwebkey=/opt/rustwide/target/debug/deps/libjsonwebkey-58f5f34ccb2342c7.rlib --extern log=/opt/rustwide/target/debug/deps/liblog-d88d404ed4a3e8b9.rlib --extern matches=/opt/rustwide/target/debug/deps/libmatches-e0861c3f10bd1789.rlib --extern mime_guess=/opt/rustwide/target/debug/deps/libmime_guess-7905d38d07540ea7.rlib --extern num_bigint=/opt/rustwide/target/debug/deps/libnum_bigint-22b3ead28bdbf2ee.rlib --extern num_complex=/opt/rustwide/target/debug/deps/libnum_complex-d9919e3f8c0dcc5e.rlib --extern num_traits=/opt/rustwide/target/debug/deps/libnum_traits-a6410cac0a25d3f1.rlib --extern rand=/opt/rustwide/target/debug/deps/librand-cb206640b156813c.rlib --extern rayon=/opt/rustwide/target/debug/deps/librayon-fce7acd90a405c93.rlib --extern reqwest=/opt/rustwide/target/debug/deps/libreqwest-7ad4951bffe4b880.rlib --extern ring=/opt/rustwide/target/debug/deps/libring-9df4799806c15d38.rlib --extern rusttype=/opt/rustwide/target/debug/deps/librusttype-88306bd3b28e2eae.rlib --extern serde=/opt/rustwide/target/debug/deps/libserde-8fabdc4c15019e5d.rlib --extern serde_derive=/opt/rustwide/target/debug/deps/libserde_derive-7d2c6764cdb3fc36.so --extern serde_json=/opt/rustwide/target/debug/deps/libserde_json-17efe7ac6e497110.rlib --extern solana_sdk=/opt/rustwide/target/debug/deps/libsolana_sdk-2c327a45d295b30d.rlib --extern tempdir=/opt/rustwide/target/debug/deps/libtempdir-67f59cad268a3afa.rlib --extern thiserror=/opt/rustwide/target/debug/deps/libthiserror-d79a4c9614cc0925.rlib --extern tokio=/opt/rustwide/target/debug/deps/libtokio-47a6fefcf11561ac.rlib --extern url=/opt/rustwide/target/debug/deps/liburl-4aadbc53fb69fc2d.rlib --cap-lints=warn -L native=/opt/rustwide/target/debug/build/blake3-028d9b87716f6990/out -L native=/opt/rustwide/target/debug/build/blake3-028d9b87716f6990/out -L native=/opt/rustwide/target/debug/build/ring-19a85d311dc269dd/out` (signal: 9, SIGKILL: kill)
[INFO] [stderr] error: could not compile `arloader` (example "upload_nfts")
[INFO] [stderr] 
[INFO] [stderr] Caused by:
[INFO] [stderr]   process didn't exit successfully: `/opt/rustwide/rustup-home/toolchains/1.75.0-x86_64-unknown-linux-gnu/bin/rustc --crate-name upload_nfts --edition=2021 examples/upload_nfts.rs --error-format=json --json=diagnostic-rendered-ansi,artifacts,future-incompat --crate-type bin --emit=dep-info,link -C embed-bitcode=no -C debuginfo=2 -C metadata=beae5e91015ede2d -C extra-filename=-beae5e91015ede2d --out-dir /opt/rustwide/target/debug/examples -L dependency=/opt/rustwide/target/debug/deps --extern arloader=/opt/rustwide/target/debug/deps/libarloader-7abfa610a09e90ae.rlib --extern avro_rs=/opt/rustwide/target/debug/deps/libavro_rs-f8a19416073d4044.rlib --extern base64=/opt/rustwide/target/debug/deps/libbase64-8ea64d3566a9d67e.rlib --extern bincode=/opt/rustwide/target/debug/deps/libbincode-93b886704626747e.rlib --extern blake3=/opt/rustwide/target/debug/deps/libblake3-443165fbda68be66.rlib --extern borsh=/opt/rustwide/target/debug/deps/libborsh-3334cc4e6ced881d.rlib --extern bs58=/opt/rustwide/target/debug/deps/libbs58-6b52eb147dc37b19.rlib --extern bytes=/opt/rustwide/target/debug/deps/libbytes-55e4baa7bb335bc7.rlib --extern chrono=/opt/rustwide/target/debug/deps/libchrono-4e742e5a179b51ce.rlib --extern clap=/opt/rustwide/target/debug/deps/libclap-1b12062db61840dc.rlib --extern criterion=/opt/rustwide/target/debug/deps/libcriterion-fe24c9cd8399315e.rlib --extern dirs_next=/opt/rustwide/target/debug/deps/libdirs_next-bfc73f40f08cf941.rlib --extern env_logger=/opt/rustwide/target/debug/deps/libenv_logger-a6941f6cf6ecdfac.rlib --extern futures=/opt/rustwide/target/debug/deps/libfutures-bc5c8ffb5df076ff.rlib --extern glob=/opt/rustwide/target/debug/deps/libglob-aa3e98918aa39898.rlib --extern image=/opt/rustwide/target/debug/deps/libimage-95645bd956a0e81e.rlib --extern imageproc=/opt/rustwide/target/debug/deps/libimageproc-138b7c1598ff19e5.rlib --extern infer=/opt/rustwide/target/debug/deps/libinfer-f1617b701983b737.rlib --extern jsonwebkey=/opt/rustwide/target/debug/deps/libjsonwebkey-58f5f34ccb2342c7.rlib --extern log=/opt/rustwide/target/debug/deps/liblog-d88d404ed4a3e8b9.rlib --extern matches=/opt/rustwide/target/debug/deps/libmatches-e0861c3f10bd1789.rlib --extern mime_guess=/opt/rustwide/target/debug/deps/libmime_guess-7905d38d07540ea7.rlib --extern num_bigint=/opt/rustwide/target/debug/deps/libnum_bigint-22b3ead28bdbf2ee.rlib --extern num_complex=/opt/rustwide/target/debug/deps/libnum_complex-d9919e3f8c0dcc5e.rlib --extern num_traits=/opt/rustwide/target/debug/deps/libnum_traits-a6410cac0a25d3f1.rlib --extern rand=/opt/rustwide/target/debug/deps/librand-cb206640b156813c.rlib --extern rayon=/opt/rustwide/target/debug/deps/librayon-fce7acd90a405c93.rlib --extern reqwest=/opt/rustwide/target/debug/deps/libreqwest-7ad4951bffe4b880.rlib --extern ring=/opt/rustwide/target/debug/deps/libring-9df4799806c15d38.rlib --extern rusttype=/opt/rustwide/target/debug/deps/librusttype-88306bd3b28e2eae.rlib --extern serde=/opt/rustwide/target/debug/deps/libserde-8fabdc4c15019e5d.rlib --extern serde_derive=/opt/rustwide/target/debug/deps/libserde_derive-7d2c6764cdb3fc36.so --extern serde_json=/opt/rustwide/target/debug/deps/libserde_json-17efe7ac6e497110.rlib --extern solana_sdk=/opt/rustwide/target/debug/deps/libsolana_sdk-2c327a45d295b30d.rlib --extern tempdir=/opt/rustwide/target/debug/deps/libtempdir-67f59cad268a3afa.rlib --extern thiserror=/opt/rustwide/target/debug/deps/libthiserror-d79a4c9614cc0925.rlib --extern tokio=/opt/rustwide/target/debug/deps/libtokio-47a6fefcf11561ac.rlib --extern url=/opt/rustwide/target/debug/deps/liburl-4aadbc53fb69fc2d.rlib --cap-lints=warn -L native=/opt/rustwide/target/debug/build/blake3-028d9b87716f6990/out -L native=/opt/rustwide/target/debug/build/blake3-028d9b87716f6990/out -L native=/opt/rustwide/target/debug/build/ring-19a85d311dc269dd/out` (signal: 9, SIGKILL: kill)
[INFO] [stderr] error: could not compile `arloader` (example "upload_files")
[INFO] [stderr] 
[INFO] [stderr] Caused by:
[INFO] [stderr]   process didn't exit successfully: `/opt/rustwide/rustup-home/toolchains/1.75.0-x86_64-unknown-linux-gnu/bin/rustc --crate-name upload_files --edition=2021 examples/upload_files.rs --error-format=json --json=diagnostic-rendered-ansi,artifacts,future-incompat --crate-type bin --emit=dep-info,link -C embed-bitcode=no -C debuginfo=2 -C metadata=4a134f76259e8bd0 -C extra-filename=-4a134f76259e8bd0 --out-dir /opt/rustwide/target/debug/examples -L dependency=/opt/rustwide/target/debug/deps --extern arloader=/opt/rustwide/target/debug/deps/libarloader-7abfa610a09e90ae.rlib --extern avro_rs=/opt/rustwide/target/debug/deps/libavro_rs-f8a19416073d4044.rlib --extern base64=/opt/rustwide/target/debug/deps/libbase64-8ea64d3566a9d67e.rlib --extern bincode=/opt/rustwide/target/debug/deps/libbincode-93b886704626747e.rlib --extern blake3=/opt/rustwide/target/debug/deps/libblake3-443165fbda68be66.rlib --extern borsh=/opt/rustwide/target/debug/deps/libborsh-3334cc4e6ced881d.rlib --extern bs58=/opt/rustwide/target/debug/deps/libbs58-6b52eb147dc37b19.rlib --extern bytes=/opt/rustwide/target/debug/deps/libbytes-55e4baa7bb335bc7.rlib --extern chrono=/opt/rustwide/target/debug/deps/libchrono-4e742e5a179b51ce.rlib --extern clap=/opt/rustwide/target/debug/deps/libclap-1b12062db61840dc.rlib --extern criterion=/opt/rustwide/target/debug/deps/libcriterion-fe24c9cd8399315e.rlib --extern dirs_next=/opt/rustwide/target/debug/deps/libdirs_next-bfc73f40f08cf941.rlib --extern env_logger=/opt/rustwide/target/debug/deps/libenv_logger-a6941f6cf6ecdfac.rlib --extern futures=/opt/rustwide/target/debug/deps/libfutures-bc5c8ffb5df076ff.rlib --extern glob=/opt/rustwide/target/debug/deps/libglob-aa3e98918aa39898.rlib --extern image=/opt/rustwide/target/debug/deps/libimage-95645bd956a0e81e.rlib --extern imageproc=/opt/rustwide/target/debug/deps/libimageproc-138b7c1598ff19e5.rlib --extern infer=/opt/rustwide/target/debug/deps/libinfer-f1617b701983b737.rlib --extern jsonwebkey=/opt/rustwide/target/debug/deps/libjsonwebkey-58f5f34ccb2342c7.rlib --extern log=/opt/rustwide/target/debug/deps/liblog-d88d404ed4a3e8b9.rlib --extern matches=/opt/rustwide/target/debug/deps/libmatches-e0861c3f10bd1789.rlib --extern mime_guess=/opt/rustwide/target/debug/deps/libmime_guess-7905d38d07540ea7.rlib --extern num_bigint=/opt/rustwide/target/debug/deps/libnum_bigint-22b3ead28bdbf2ee.rlib --extern num_complex=/opt/rustwide/target/debug/deps/libnum_complex-d9919e3f8c0dcc5e.rlib --extern num_traits=/opt/rustwide/target/debug/deps/libnum_traits-a6410cac0a25d3f1.rlib --extern rand=/opt/rustwide/target/debug/deps/librand-cb206640b156813c.rlib --extern rayon=/opt/rustwide/target/debug/deps/librayon-fce7acd90a405c93.rlib --extern reqwest=/opt/rustwide/target/debug/deps/libreqwest-7ad4951bffe4b880.rlib --extern ring=/opt/rustwide/target/debug/deps/libring-9df4799806c15d38.rlib --extern rusttype=/opt/rustwide/target/debug/deps/librusttype-88306bd3b28e2eae.rlib --extern serde=/opt/rustwide/target/debug/deps/libserde-8fabdc4c15019e5d.rlib --extern serde_derive=/opt/rustwide/target/debug/deps/libserde_derive-7d2c6764cdb3fc36.so --extern serde_json=/opt/rustwide/target/debug/deps/libserde_json-17efe7ac6e497110.rlib --extern solana_sdk=/opt/rustwide/target/debug/deps/libsolana_sdk-2c327a45d295b30d.rlib --extern tempdir=/opt/rustwide/target/debug/deps/libtempdir-67f59cad268a3afa.rlib --extern thiserror=/opt/rustwide/target/debug/deps/libthiserror-d79a4c9614cc0925.rlib --extern tokio=/opt/rustwide/target/debug/deps/libtokio-47a6fefcf11561ac.rlib --extern url=/opt/rustwide/target/debug/deps/liburl-4aadbc53fb69fc2d.rlib --cap-lints=warn -L native=/opt/rustwide/target/debug/build/blake3-028d9b87716f6990/out -L native=/opt/rustwide/target/debug/build/blake3-028d9b87716f6990/out -L native=/opt/rustwide/target/debug/build/ring-19a85d311dc269dd/out` (signal: 9, SIGKILL: kill)
[INFO] [stderr] error: could not compile `arloader` (example "upload_bundles")
[INFO] [stderr] 
[INFO] [stderr] Caused by:
[INFO] [stderr]   process didn't exit successfully: `/opt/rustwide/rustup-home/toolchains/1.75.0-x86_64-unknown-linux-gnu/bin/rustc --crate-name upload_bundles --edition=2021 examples/upload_bundles.rs --error-format=json --json=diagnostic-rendered-ansi,artifacts,future-incompat --crate-type bin --emit=dep-info,link -C embed-bitcode=no -C debuginfo=2 -C metadata=4d1b3964f41dd27c -C extra-filename=-4d1b3964f41dd27c --out-dir /opt/rustwide/target/debug/examples -L dependency=/opt/rustwide/target/debug/deps --extern arloader=/opt/rustwide/target/debug/deps/libarloader-7abfa610a09e90ae.rlib --extern avro_rs=/opt/rustwide/target/debug/deps/libavro_rs-f8a19416073d4044.rlib --extern base64=/opt/rustwide/target/debug/deps/libbase64-8ea64d3566a9d67e.rlib --extern bincode=/opt/rustwide/target/debug/deps/libbincode-93b886704626747e.rlib --extern blake3=/opt/rustwide/target/debug/deps/libblake3-443165fbda68be66.rlib --extern borsh=/opt/rustwide/target/debug/deps/libborsh-3334cc4e6ced881d.rlib --extern bs58=/opt/rustwide/target/debug/deps/libbs58-6b52eb147dc37b19.rlib --extern bytes=/opt/rustwide/target/debug/deps/libbytes-55e4baa7bb335bc7.rlib --extern chrono=/opt/rustwide/target/debug/deps/libchrono-4e742e5a179b51ce.rlib --extern clap=/opt/rustwide/target/debug/deps/libclap-1b12062db61840dc.rlib --extern criterion=/opt/rustwide/target/debug/deps/libcriterion-fe24c9cd8399315e.rlib --extern dirs_next=/opt/rustwide/target/debug/deps/libdirs_next-bfc73f40f08cf941.rlib --extern env_logger=/opt/rustwide/target/debug/deps/libenv_logger-a6941f6cf6ecdfac.rlib --extern futures=/opt/rustwide/target/debug/deps/libfutures-bc5c8ffb5df076ff.rlib --extern glob=/opt/rustwide/target/debug/deps/libglob-aa3e98918aa39898.rlib --extern image=/opt/rustwide/target/debug/deps/libimage-95645bd956a0e81e.rlib --extern imageproc=/opt/rustwide/target/debug/deps/libimageproc-138b7c1598ff19e5.rlib --extern infer=/opt/rustwide/target/debug/deps/libinfer-f1617b701983b737.rlib --extern jsonwebkey=/opt/rustwide/target/debug/deps/libjsonwebkey-58f5f34ccb2342c7.rlib --extern log=/opt/rustwide/target/debug/deps/liblog-d88d404ed4a3e8b9.rlib --extern matches=/opt/rustwide/target/debug/deps/libmatches-e0861c3f10bd1789.rlib --extern mime_guess=/opt/rustwide/target/debug/deps/libmime_guess-7905d38d07540ea7.rlib --extern num_bigint=/opt/rustwide/target/debug/deps/libnum_bigint-22b3ead28bdbf2ee.rlib --extern num_complex=/opt/rustwide/target/debug/deps/libnum_complex-d9919e3f8c0dcc5e.rlib --extern num_traits=/opt/rustwide/target/debug/deps/libnum_traits-a6410cac0a25d3f1.rlib --extern rand=/opt/rustwide/target/debug/deps/librand-cb206640b156813c.rlib --extern rayon=/opt/rustwide/target/debug/deps/librayon-fce7acd90a405c93.rlib --extern reqwest=/opt/rustwide/target/debug/deps/libreqwest-7ad4951bffe4b880.rlib --extern ring=/opt/rustwide/target/debug/deps/libring-9df4799806c15d38.rlib --extern rusttype=/opt/rustwide/target/debug/deps/librusttype-88306bd3b28e2eae.rlib --extern serde=/opt/rustwide/target/debug/deps/libserde-8fabdc4c15019e5d.rlib --extern serde_derive=/opt/rustwide/target/debug/deps/libserde_derive-7d2c6764cdb3fc36.so --extern serde_json=/opt/rustwide/target/debug/deps/libserde_json-17efe7ac6e497110.rlib --extern solana_sdk=/opt/rustwide/target/debug/deps/libsolana_sdk-2c327a45d295b30d.rlib --extern tempdir=/opt/rustwide/target/debug/deps/libtempdir-67f59cad268a3afa.rlib --extern thiserror=/opt/rustwide/target/debug/deps/libthiserror-d79a4c9614cc0925.rlib --extern tokio=/opt/rustwide/target/debug/deps/libtokio-47a6fefcf11561ac.rlib --extern url=/opt/rustwide/target/debug/deps/liburl-4aadbc53fb69fc2d.rlib --cap-lints=warn -L native=/opt/rustwide/target/debug/build/blake3-028d9b87716f6990/out -L native=/opt/rustwide/target/debug/build/blake3-028d9b87716f6990/out -L native=/opt/rustwide/target/debug/build/ring-19a85d311dc269dd/out` (signal: 9, SIGKILL: kill)
[INFO] [stdout] error: linking with `cc` failed: exit status: 1
[INFO] [stdout]   |
[INFO] [stdout]   = note: LC_ALL="C" PATH="/opt/rustwide/rustup-home/toolchains/1.75.0-x86_64-unknown-linux-gnu/lib/rustlib/x86_64-unknown-linux-gnu/bin:/opt/rustwide/cargo-home/bin:/usr/local/sbin:/usr/local/bin:/usr/sbin:/usr/bin:/sbin:/bin" VSLANG="1033" "cc" "-m64" "/tmp/rustcnp0PJK/symbols.o" "/opt/rustwide/target/debug/examples/verify_bundle-32a08418b7f98f3c.verify_bundle.6fcfe2c91aae3aed-cgu.0.rcgu.o" "/opt/rustwide/target/debug/examples/verify_bundle-32a08418b7f98f3c.verify_bundle.6fcfe2c91aae3aed-cgu.1.rcgu.o" "/opt/rustwide/target/debug/examples/verify_bundle-32a08418b7f98f3c.4nir46kkyy86ou3f.rcgu.o" "-Wl,--as-needed" "-L" "/opt/rustwide/target/debug/deps" "-L" "/opt/rustwide/target/debug/build/blake3-028d9b87716f6990/out" "-L" "/opt/rustwide/target/debug/build/blake3-028d9b87716f6990/out" "-L" "/opt/rustwide/target/debug/build/ring-19a85d311dc269dd/out" "-L" "/opt/rustwide/rustup-home/toolchains/1.75.0-x86_64-unknown-linux-gnu/lib/rustlib/x86_64-unknown-linux-gnu/lib" "-Wl,-Bstatic" "/opt/rustwide/target/debug/deps/libarloader-7abfa610a09e90ae.rlib" "/opt/rustwide/target/debug/deps/libmime_guess-7905d38d07540ea7.rlib" "/opt/rustwide/target/debug/deps/libunicase-b17828595a2c57e7.rlib" "/opt/rustwide/target/debug/deps/libring-9df4799806c15d38.rlib" "/opt/rustwide/target/debug/deps/libspin-c4098cd951aef6c9.rlib" "/opt/rustwide/target/debug/deps/libuntrusted-5ec0aa78ed8cda5c.rlib" "/opt/rustwide/target/debug/deps/libjsonwebkey-58f5f34ccb2342c7.rlib" "/opt/rustwide/target/debug/deps/libyasna-4d36d7d543933f75.rlib" "/opt/rustwide/target/debug/deps/libavro_rs-f8a19416073d4044.rlib" "/opt/rustwide/target/debug/deps/libstrum-db9cc0f4a7cd26a4.rlib" "/opt/rustwide/target/debug/deps/libzerocopy-19a7822faa91345d.rlib" "/opt/rustwide/target/debug/deps/libuuid-c64162fb2ea700f3.rlib" "/opt/rustwide/target/debug/deps/libnum_bigint-8b7a829d58084c68.rlib" "/opt/rustwide/target/debug/deps/liblibflate-235030d134b846b9.rlib" "/opt/rustwide/target/debug/deps/libcrc32fast-664446237529ebff.rlib" "/opt/rustwide/target/debug/deps/libadler32-8dd0b9a34d7f5b64.rlib" "/opt/rustwide/target/debug/deps/liblibflate_lz77-0c7150f7867b0a35.rlib" "/opt/rustwide/target/debug/deps/librle_decode_fast-52e5739432589f3f.rlib" "/opt/rustwide/target/debug/deps/libsolana_sdk-2c327a45d295b30d.rlib" "/opt/rustwide/target/debug/deps/libpbkdf2-ed4d33dd80800191.rlib" "/opt/rustwide/target/debug/deps/libqstring-b507e0a6bfe6d312.rlib" "/opt/rustwide/target/debug/deps/libed25519_dalek_bip32-d87c03e88f0912a8.rlib" "/opt/rustwide/target/debug/deps/libhmac-8d82cebdd380f72d.rlib" "/opt/rustwide/target/debug/deps/libmemmap2-bd33ddf521295af5.rlib" "/opt/rustwide/target/debug/deps/libed25519_dalek-292e315faed6fbe1.rlib" "/opt/rustwide/target/debug/deps/libed25519-c5c2c7c687e213ce.rlib" "/opt/rustwide/target/debug/deps/libsignature-3ef46d34a3bd5a43.rlib" "/opt/rustwide/target/debug/deps/liburiparse-8f679681de9ce923.rlib" "/opt/rustwide/target/debug/deps/libderivation_path-ff42cc1f20f9c2a7.rlib" "/opt/rustwide/target/debug/deps/libsolana_program-55c980f3bc134fba.rlib" "/opt/rustwide/target/debug/deps/liblibsecp256k1-052047f3016c0c18.rlib" "/opt/rustwide/target/debug/deps/libbase64-a29b27598b578f1a.rlib" "/opt/rustwide/target/debug/deps/libsha2-d19e7c43bc82d8c8.rlib" "/opt/rustwide/target/debug/deps/libopaque_debug-15273823c1ba1453.rlib" "/opt/rustwide/target/debug/deps/libblock_buffer-ed02815012413e27.rlib" "/opt/rustwide/target/debug/deps/libhmac_drbg-1805c1b79d26782e.rlib" "/opt/rustwide/target/debug/deps/libhmac-7a1a15a8bf6c2717.rlib" "/opt/rustwide/target/debug/deps/libcrypto_mac-448e1e911ec717de.rlib" "/opt/rustwide/target/debug/deps/liblibsecp256k1_core-46da15028c0aee14.rlib" "/opt/rustwide/target/debug/deps/libcrunchy-0ba5056183083a99.rlib" "/opt/rustwide/target/debug/deps/librand-f6b046fe651c73cf.rlib" "/opt/rustwide/target/debug/deps/librand_chacha-b25062e6add2947a.rlib" "/opt/rustwide/target/debug/deps/libppv_lite86-a99ab8a0983e0261.rlib" "/opt/rustwide/target/debug/deps/libcurve25519_dalek-62cb1aa4bc96aa54.rlib" "/opt/rustwide/target/debug/deps/libzeroize-27cf337ccfbaa280.rlib" "/opt/rustwide/target/debug/deps/librand_core-54465fc7b6292b28.rlib" "/opt/rustwide/target/debug/deps/libgetrandom-43a17c8e6d52e13a.rlib" "/opt/rustwide/target/debug/deps/libdigest-eb371f2027b687c2.rlib" "/opt/rustwide/target/debug/deps/libbyteorder-80df7aa73d7d6480.rlib" "/opt/rustwide/target/debug/deps/libserde_bytes-b2eeea55abd3127b.rlib" "/opt/rustwide/target/debug/deps/libwasm_bindgen-9866cc2010162a3a.rlib" "/opt/rustwide/target/debug/deps/libbv-bc877aae436b2cbd.rlib" "/opt/rustwide/target/debug/deps/libbytemuck-aab72c2697a3d627.rlib" "/opt/rustwide/target/debug/deps/libitertools-c35821b23775529e.rlib" "/opt/rustwide/target/debug/deps/libsha3-96f7355d17f9d5bd.rlib" "/opt/rustwide/target/debug/deps/libkeccak-64bdda24f9360f5d.rlib" "/opt/rustwide/target/debug/deps/libsha2-b138179f84ddd849.rlib" "/opt/rustwide/target/debug/deps/libcpufeatures-59f0e929fa0e0586.rlib" "/opt/rustwide/target/debug/deps/libbincode-93b886704626747e.rlib" "/opt/rustwide/target/debug/deps/libthiserror-d79a4c9614cc0925.rlib" "/opt/rustwide/target/debug/deps/libborsh-3334cc4e6ced881d.rlib" "/opt/rustwide/target/debug/deps/libbs58-6b52eb147dc37b19.rlib" "/opt/rustwide/target/debug/deps/libreqwest-7ad4951bffe4b880.rlib" "/opt/rustwide/target/debug/deps/libhyper_tls-4f53ac1cbe8a6be6.rlib" "/opt/rustwide/target/debug/deps/libserde_urlencoded-4ffef89ab8d80aaf.rlib" "/opt/rustwide/target/debug/deps/libipnet-55fdaaa4d0006a30.rlib" "/opt/rustwide/target/debug/deps/libtokio_native_tls-7ce81eeb2e18ec50.rlib" "/opt/rustwide/target/debug/deps/libmime-450b243d21db2a61.rlib" "/opt/rustwide/target/debug/deps/libencoding_rs-6ac919aaf73aa201.rlib" "/opt/rustwide/target/debug/deps/libserde_json-17efe7ac6e497110.rlib" "/opt/rustwide/target/debug/deps/libryu-f7e2acf8545a3e65.rlib" "/opt/rustwide/target/debug/deps/libbase64-8ea64d3566a9d67e.rlib" "/opt/rustwide/target/debug/deps/libnative_tls-c2eb415f88b2cd53.rlib" "/opt/rustwide/target/debug/deps/libopenssl_probe-d850575132083d7c.rlib" "/opt/rustwide/target/debug/deps/libopenssl-f469f8d15c007217.rlib" "/opt/rustwide/target/debug/deps/libbitflags-b7cee2ca4fb438d0.rlib" "/opt/rustwide/target/debug/deps/libforeign_types-c05743815e5b8a9d.rlib" "/opt/rustwide/target/debug/deps/libforeign_types_shared-d149f5491fde2862.rlib" "/opt/rustwide/target/debug/deps/libopenssl_sys-015d46f233af7876.rlib" "/opt/rustwide/target/debug/deps/libhyper-535a552c4016ef68.rlib" "/opt/rustwide/target/debug/deps/libwant-361582c635a6617d.rlib" "/opt/rustwide/target/debug/deps/libtry_lock-6573df21d991c823.rlib" "/opt/rustwide/target/debug/deps/libhttparse-b7073590dbcceffb.rlib" "/opt/rustwide/target/debug/deps/libh2-adcf9f0986af102b.rlib" "/opt/rustwide/target/debug/deps/libindexmap-ee1fe105788eed56.rlib" "/opt/rustwide/target/debug/deps/libhashbrown-4ba3058b990f5752.rlib" "/opt/rustwide/target/debug/deps/libahash-2008d4845e0a6b77.rlib" "/opt/rustwide/target/debug/deps/libgetrandom-c826a55b3bf10b44.rlib" "/opt/rustwide/target/debug/deps/libonce_cell-d4185e3ff62717e2.rlib" "/opt/rustwide/target/debug/deps/libtokio_util-2d29e947b2710c02.rlib" "/opt/rustwide/target/debug/deps/libtower_service-9991ae2cafd1f41b.rlib" "/opt/rustwide/target/debug/deps/libtracing-5c2c6419638b90f1.rlib" "/opt/rustwide/target/debug/deps/libtracing_core-2319fb4a7f482636.rlib" "/opt/rustwide/target/debug/deps/libtokio-47a6fefcf11561ac.rlib" "/opt/rustwide/target/debug/deps/libsocket2-590920b482ff7e35.rlib" "/opt/rustwide/target/debug/deps/libmio-1a703c8af9babb15.rlib" "/opt/rustwide/target/debug/deps/libhttp_body-c90089eedd1b3dc2.rlib" "/opt/rustwide/target/debug/deps/liburl-4aadbc53fb69fc2d.rlib" "/opt/rustwide/target/debug/deps/libidna-cf88d4d370bf5b51.rlib" "/opt/rustwide/target/debug/deps/libunicode_normalization-5a87305eef6f445b.rlib" "/opt/rustwide/target/debug/deps/libtinyvec-e78be141da4aa4a4.rlib" "/opt/rustwide/target/debug/deps/libtinyvec_macros-bfeb7a087f0273ce.rlib" "/opt/rustwide/target/debug/deps/libunicode_bidi-6e4d9a1bf3170bfc.rlib" "/opt/rustwide/target/debug/deps/libform_urlencoded-74b1dcad9e8d80e6.rlib" "/opt/rustwide/target/debug/deps/libpercent_encoding-526c9d71c02fb5bb.rlib" "/opt/rustwide/target/debug/deps/libmatches-e0861c3f10bd1789.rlib" "/opt/rustwide/target/debug/deps/libhttp-9460f10be91de23f.rlib" "/opt/rustwide/target/debug/deps/libitoa-c68eaa30402a4ff5.rlib" "/opt/rustwide/target/debug/deps/libbytes-55e4baa7bb335bc7.rlib" "/opt/rustwide/target/debug/deps/libfnv-18bf5144d055e772.rlib" "/opt/rustwide/target/debug/deps/librayon-fce7acd90a405c93.rlib" "/opt/rustwide/target/debug/deps/librayon_core-d4e05c9e14ab5afd.rlib" "/opt/rustwide/target/debug/deps/libnum_cpus-0aceaaee6315a853.rlib" "/opt/rustwide/target/debug/deps/libcrossbeam_deque-990111f0f253f70b.rlib" "/opt/rustwide/target/debug/deps/libcrossbeam_epoch-4d5fc89af1900fb9.rlib" "/opt/rustwide/target/debug/deps/libmemoffset-c7b1b1cc44d01308.rlib" "/opt/rustwide/target/debug/deps/libscopeguard-b35f5c652940acc2.rlib" "/opt/rustwide/target/debug/deps/libcrossbeam_channel-cbbfa53da9aeb612.rlib" "/opt/rustwide/target/debug/deps/libcrossbeam_utils-503ac2290280b93a.rlib" "/opt/rustwide/target/debug/deps/liblazy_static-591486ebcb9a7ead.rlib" "/opt/rustwide/target/debug/deps/libeither-4beac2e2abd4c5f7.rlib" "/opt/rustwide/target/debug/deps/libnum_bigint-22b3ead28bdbf2ee.rlib" "/opt/rustwide/target/debug/deps/liblog-d88d404ed4a3e8b9.rlib" "/opt/rustwide/target/debug/deps/libinfer-f1617b701983b737.rlib" "/opt/rustwide/target/debug/deps/libglob-aa3e98918aa39898.rlib" "/opt/rustwide/target/debug/deps/libfutures-bc5c8ffb5df076ff.rlib" "/opt/rustwide/target/debug/deps/libfutures_executor-52e9f67162bfb4dd.rlib" "/opt/rustwide/target/debug/deps/libfutures_util-9b8b8311c3b502dd.rlib" "/opt/rustwide/target/debug/deps/libmemchr-4fdcfd9ddfba30cb.rlib" "/opt/rustwide/target/debug/deps/libfutures_io-116bfed72b11ea9e.rlib" "/opt/rustwide/target/debug/deps/libslab-16df553d075f3057.rlib" "/opt/rustwide/target/debug/deps/libfutures_channel-b12d3100cbcad3e3.rlib" "/opt/rustwide/target/debug/deps/libpin_project_lite-cead9f5d94689600.rlib" "/opt/rustwide/target/debug/deps/libfutures_sink-05f2cb5fbc7977ea.rlib" "/opt/rustwide/target/debug/deps/libfutures_task-be5dcf70b5fcba4c.rlib" "/opt/rustwide/target/debug/deps/libpin_utils-741f7d9d160e4a16.rlib" "/opt/rustwide/target/debug/deps/libfutures_core-561ba3cced7f43f6.rlib" "/opt/rustwide/target/debug/deps/libchrono-4e742e5a179b51ce.rlib" "/opt/rustwide/target/debug/deps/libnum_integer-c21462f9d929a875.rlib" "/opt/rustwide/target/debug/deps/libnum_traits-a6410cac0a25d3f1.rlib" "/opt/rustwide/target/debug/deps/libtime-952abcabab62fb7d.rlib" "/opt/rustwide/target/debug/deps/liblibc-b44e6a28fb80319a.rlib" "/opt/rustwide/target/debug/deps/libblake3-443165fbda68be66.rlib" "/opt/rustwide/target/debug/deps/libconstant_time_eq-47127742af566368.rlib" "/opt/rustwide/target/debug/deps/libcfg_if-61dc7a6799e72b18.rlib" "/opt/rustwide/target/debug/deps/libarrayvec-e9346d0f13006eff.rlib" "/opt/rustwide/target/debug/deps/libdigest-a6f39ed179f83068.rlib" "/opt/rustwide/target/debug/deps/libsubtle-e81364e96654a740.rlib" "/opt/rustwide/target/debug/deps/libblock_buffer-3781d9a98f535c9d.rlib" "/opt/rustwide/target/debug/deps/libcrypto_common-c9d5899c325107c3.rlib" "/opt/rustwide/target/debug/deps/libgeneric_array-7c9efea01a58221e.rlib" "/opt/rustwide/target/debug/deps/libtypenum-62ca5a12b60d0fda.rlib" "/opt/rustwide/target/debug/deps/libserde-8fabdc4c15019e5d.rlib" "/opt/rustwide/target/debug/deps/libarrayref-ff686991724e9e8c.rlib" "/opt/rustwide/rustup-home/toolchains/1.75.0-x86_64-unknown-linux-gnu/lib/rustlib/x86_64-unknown-linux-gnu/lib/libstd-90f6ddbf82de36ec.rlib" "/opt/rustwide/rustup-home/toolchains/1.75.0-x86_64-unknown-linux-gnu/lib/rustlib/x86_64-unknown-linux-gnu/lib/libpanic_unwind-480c41e9d4e1f677.rlib" "/opt/rustwide/rustup-home/toolchains/1.75.0-x86_64-unknown-linux-gnu/lib/rustlib/x86_64-unknown-linux-gnu/lib/libobject-db744c0ca03eed1d.rlib" "/opt/rustwide/rustup-home/toolchains/1.75.0-x86_64-unknown-linux-gnu/lib/rustlib/x86_64-unknown-linux-gnu/lib/libmemchr-8ba652dc7d4b285a.rlib" "/opt/rustwide/rustup-home/toolchains/1.75.0-x86_64-unknown-linux-gnu/lib/rustlib/x86_64-unknown-linux-gnu/lib/libaddr2line-d5f4520a9ebc0d58.rlib" "/opt/rustwide/rustup-home/toolchains/1.75.0-x86_64-unknown-linux-gnu/lib/rustlib/x86_64-unknown-linux-gnu/lib/libgimli-4ad84de58f0cb463.rlib" "/opt/rustwide/rustup-home/toolchains/1.75.0-x86_64-unknown-linux-gnu/lib/rustlib/x86_64-unknown-linux-gnu/lib/librustc_demangle-0d10aae2e0f38735.rlib" "/opt/rustwide/rustup-home/toolchains/1.75.0-x86_64-unknown-linux-gnu/lib/rustlib/x86_64-unknown-linux-gnu/lib/libstd_detect-0c17cff739e6745b.rlib" "/opt/rustwide/rustup-home/toolchains/1.75.0-x86_64-unknown-linux-gnu/lib/rustlib/x86_64-unknown-linux-gnu/lib/libhashbrown-b29e17139dde1aa8.rlib" "/opt/rustwide/rustup-home/toolchains/1.75.0-x86_64-unknown-linux-gnu/lib/rustlib/x86_64-unknown-linux-gnu/lib/librustc_std_workspace_alloc-1f975299829cc7bd.rlib" "/opt/rustwide/rustup-home/toolchains/1.75.0-x86_64-unknown-linux-gnu/lib/rustlib/x86_64-unknown-linux-gnu/lib/libminiz_oxide-86bae3bc3079f89b.rlib" "/opt/rustwide/rustup-home/toolchains/1.75.0-x86_64-unknown-linux-gnu/lib/rustlib/x86_64-unknown-linux-gnu/lib/libadler-321b82c30dffdf5f.rlib" "/opt/rustwide/rustup-home/toolchains/1.75.0-x86_64-unknown-linux-gnu/lib/rustlib/x86_64-unknown-linux-gnu/lib/libunwind-3dd8a6810a0bdfef.rlib" "/opt/rustwide/rustup-home/toolchains/1.75.0-x86_64-unknown-linux-gnu/lib/rustlib/x86_64-unknown-linux-gnu/lib/libcfg_if-eb39a61c0c879984.rlib" "/opt/rustwide/rustup-home/toolchains/1.75.0-x86_64-unknown-linux-gnu/lib/rustlib/x86_64-unknown-linux-gnu/lib/liblibc-aa769569f91c3548.rlib" "/opt/rustwide/rustup-home/toolchains/1.75.0-x86_64-unknown-linux-gnu/lib/rustlib/x86_64-unknown-linux-gnu/lib/liballoc-510a192a50a983ed.rlib" "/opt/rustwide/rustup-home/toolchains/1.75.0-x86_64-unknown-linux-gnu/lib/rustlib/x86_64-unknown-linux-gnu/lib/librustc_std_workspace_core-0577018320f99037.rlib" "/opt/rustwide/rustup-home/toolchains/1.75.0-x86_64-unknown-linux-gnu/lib/rustlib/x86_64-unknown-linux-gnu/lib/libcore-193cf992125ccd4c.rlib" "/opt/rustwide/rustup-home/toolchains/1.75.0-x86_64-unknown-linux-gnu/lib/rustlib/x86_64-unknown-linux-gnu/lib/libcompiler_builtins-8e138eaf26ebb4a8.rlib" "-Wl,-Bdynamic" "-lssl" "-lcrypto" "-lgcc_s" "-lutil" "-lrt" "-lpthread" "-lm" "-ldl" "-lc" "-Wl,--eh-frame-hdr" "-Wl,-z,noexecstack" "-L" "/opt/rustwide/rustup-home/toolchains/1.75.0-x86_64-unknown-linux-gnu/lib/rustlib/x86_64-unknown-linux-gnu/lib" "-o" "/opt/rustwide/target/debug/examples/verify_bundle-32a08418b7f98f3c" "-Wl,--gc-sections" "-pie" "-Wl,-z,relro,-z,now" "-nodefaultlibs"
[INFO] [stdout]   = note: collect2: fatal error: ld terminated with signal 9 [Killed]
[INFO] [stdout]           compilation terminated.
[INFO] [stdout]           
[INFO] [stdout] 
[INFO] [stdout] 
[INFO] [stdout] error: aborting due to previous error
[INFO] [stdout] 
[INFO] [stdout] 
[INFO] [stderr] error: could not compile `arloader` (example "verify_bundle") due to 2 previous errors
[INFO] [stdout] error: linking with `cc` failed: exit status: 1
[INFO] [stdout]   |
[INFO] [stdout]   = note: LC_ALL="C" PATH="/opt/rustwide/rustup-home/toolchains/1.75.0-x86_64-unknown-linux-gnu/lib/rustlib/x86_64-unknown-linux-gnu/bin:/opt/rustwide/cargo-home/bin:/usr/local/sbin:/usr/local/bin:/usr/sbin:/usr/bin:/sbin:/bin" VSLANG="1033" "cc" "-m64" "/tmp/rustcBUpMqE/symbols.o" "/opt/rustwide/target/debug/examples/pricing-f2d90fa44d16535f.pricing.177f657137b2f82c-cgu.0.rcgu.o" "/opt/rustwide/target/debug/examples/pricing-f2d90fa44d16535f.pricing.177f657137b2f82c-cgu.1.rcgu.o" "/opt/rustwide/target/debug/examples/pricing-f2d90fa44d16535f.26sehrcetu73eq7e.rcgu.o" "-Wl,--as-needed" "-L" "/opt/rustwide/target/debug/deps" "-L" "/opt/rustwide/target/debug/build/blake3-028d9b87716f6990/out" "-L" "/opt/rustwide/target/debug/build/blake3-028d9b87716f6990/out" "-L" "/opt/rustwide/target/debug/build/ring-19a85d311dc269dd/out" "-L" "/opt/rustwide/rustup-home/toolchains/1.75.0-x86_64-unknown-linux-gnu/lib/rustlib/x86_64-unknown-linux-gnu/lib" "-Wl,-Bstatic" "/opt/rustwide/target/debug/deps/libarloader-7abfa610a09e90ae.rlib" "/opt/rustwide/target/debug/deps/libmime_guess-7905d38d07540ea7.rlib" "/opt/rustwide/target/debug/deps/libunicase-b17828595a2c57e7.rlib" "/opt/rustwide/target/debug/deps/libring-9df4799806c15d38.rlib" "/opt/rustwide/target/debug/deps/libspin-c4098cd951aef6c9.rlib" "/opt/rustwide/target/debug/deps/libuntrusted-5ec0aa78ed8cda5c.rlib" "/opt/rustwide/target/debug/deps/libjsonwebkey-58f5f34ccb2342c7.rlib" "/opt/rustwide/target/debug/deps/libyasna-4d36d7d543933f75.rlib" "/opt/rustwide/target/debug/deps/libavro_rs-f8a19416073d4044.rlib" "/opt/rustwide/target/debug/deps/libstrum-db9cc0f4a7cd26a4.rlib" "/opt/rustwide/target/debug/deps/libzerocopy-19a7822faa91345d.rlib" "/opt/rustwide/target/debug/deps/libuuid-c64162fb2ea700f3.rlib" "/opt/rustwide/target/debug/deps/libnum_bigint-8b7a829d58084c68.rlib" "/opt/rustwide/target/debug/deps/liblibflate-235030d134b846b9.rlib" "/opt/rustwide/target/debug/deps/libcrc32fast-664446237529ebff.rlib" "/opt/rustwide/target/debug/deps/libadler32-8dd0b9a34d7f5b64.rlib" "/opt/rustwide/target/debug/deps/liblibflate_lz77-0c7150f7867b0a35.rlib" "/opt/rustwide/target/debug/deps/librle_decode_fast-52e5739432589f3f.rlib" "/opt/rustwide/target/debug/deps/libsolana_sdk-2c327a45d295b30d.rlib" "/opt/rustwide/target/debug/deps/libpbkdf2-ed4d33dd80800191.rlib" "/opt/rustwide/target/debug/deps/libqstring-b507e0a6bfe6d312.rlib" "/opt/rustwide/target/debug/deps/libed25519_dalek_bip32-d87c03e88f0912a8.rlib" "/opt/rustwide/target/debug/deps/libhmac-8d82cebdd380f72d.rlib" "/opt/rustwide/target/debug/deps/libmemmap2-bd33ddf521295af5.rlib" "/opt/rustwide/target/debug/deps/libed25519_dalek-292e315faed6fbe1.rlib" "/opt/rustwide/target/debug/deps/libed25519-c5c2c7c687e213ce.rlib" "/opt/rustwide/target/debug/deps/libsignature-3ef46d34a3bd5a43.rlib" "/opt/rustwide/target/debug/deps/liburiparse-8f679681de9ce923.rlib" "/opt/rustwide/target/debug/deps/libderivation_path-ff42cc1f20f9c2a7.rlib" "/opt/rustwide/target/debug/deps/libsolana_program-55c980f3bc134fba.rlib" "/opt/rustwide/target/debug/deps/liblibsecp256k1-052047f3016c0c18.rlib" "/opt/rustwide/target/debug/deps/libbase64-a29b27598b578f1a.rlib" "/opt/rustwide/target/debug/deps/libsha2-d19e7c43bc82d8c8.rlib" "/opt/rustwide/target/debug/deps/libopaque_debug-15273823c1ba1453.rlib" "/opt/rustwide/target/debug/deps/libblock_buffer-ed02815012413e27.rlib" "/opt/rustwide/target/debug/deps/libhmac_drbg-1805c1b79d26782e.rlib" "/opt/rustwide/target/debug/deps/libhmac-7a1a15a8bf6c2717.rlib" "/opt/rustwide/target/debug/deps/libcrypto_mac-448e1e911ec717de.rlib" "/opt/rustwide/target/debug/deps/liblibsecp256k1_core-46da15028c0aee14.rlib" "/opt/rustwide/target/debug/deps/libcrunchy-0ba5056183083a99.rlib" "/opt/rustwide/target/debug/deps/librand-f6b046fe651c73cf.rlib" "/opt/rustwide/target/debug/deps/librand_chacha-b25062e6add2947a.rlib" "/opt/rustwide/target/debug/deps/libppv_lite86-a99ab8a0983e0261.rlib" "/opt/rustwide/target/debug/deps/libcurve25519_dalek-62cb1aa4bc96aa54.rlib" "/opt/rustwide/target/debug/deps/libzeroize-27cf337ccfbaa280.rlib" "/opt/rustwide/target/debug/deps/librand_core-54465fc7b6292b28.rlib" "/opt/rustwide/target/debug/deps/libgetrandom-43a17c8e6d52e13a.rlib" "/opt/rustwide/target/debug/deps/libdigest-eb371f2027b687c2.rlib" "/opt/rustwide/target/debug/deps/libbyteorder-80df7aa73d7d6480.rlib" "/opt/rustwide/target/debug/deps/libserde_bytes-b2eeea55abd3127b.rlib" "/opt/rustwide/target/debug/deps/libwasm_bindgen-9866cc2010162a3a.rlib" "/opt/rustwide/target/debug/deps/libbv-bc877aae436b2cbd.rlib" "/opt/rustwide/target/debug/deps/libbytemuck-aab72c2697a3d627.rlib" "/opt/rustwide/target/debug/deps/libitertools-c35821b23775529e.rlib" "/opt/rustwide/target/debug/deps/libsha3-96f7355d17f9d5bd.rlib" "/opt/rustwide/target/debug/deps/libkeccak-64bdda24f9360f5d.rlib" "/opt/rustwide/target/debug/deps/libsha2-b138179f84ddd849.rlib" "/opt/rustwide/target/debug/deps/libcpufeatures-59f0e929fa0e0586.rlib" "/opt/rustwide/target/debug/deps/libbincode-93b886704626747e.rlib" "/opt/rustwide/target/debug/deps/libthiserror-d79a4c9614cc0925.rlib" "/opt/rustwide/target/debug/deps/libborsh-3334cc4e6ced881d.rlib" "/opt/rustwide/target/debug/deps/libbs58-6b52eb147dc37b19.rlib" "/opt/rustwide/target/debug/deps/libreqwest-7ad4951bffe4b880.rlib" "/opt/rustwide/target/debug/deps/libhyper_tls-4f53ac1cbe8a6be6.rlib" "/opt/rustwide/target/debug/deps/libserde_urlencoded-4ffef89ab8d80aaf.rlib" "/opt/rustwide/target/debug/deps/libipnet-55fdaaa4d0006a30.rlib" "/opt/rustwide/target/debug/deps/libtokio_native_tls-7ce81eeb2e18ec50.rlib" "/opt/rustwide/target/debug/deps/libmime-450b243d21db2a61.rlib" "/opt/rustwide/target/debug/deps/libencoding_rs-6ac919aaf73aa201.rlib" "/opt/rustwide/target/debug/deps/libserde_json-17efe7ac6e497110.rlib" "/opt/rustwide/target/debug/deps/libryu-f7e2acf8545a3e65.rlib" "/opt/rustwide/target/debug/deps/libbase64-8ea64d3566a9d67e.rlib" "/opt/rustwide/target/debug/deps/libnative_tls-c2eb415f88b2cd53.rlib" "/opt/rustwide/target/debug/deps/libopenssl_probe-d850575132083d7c.rlib" "/opt/rustwide/target/debug/deps/libopenssl-f469f8d15c007217.rlib" "/opt/rustwide/target/debug/deps/libbitflags-b7cee2ca4fb438d0.rlib" "/opt/rustwide/target/debug/deps/libforeign_types-c05743815e5b8a9d.rlib" "/opt/rustwide/target/debug/deps/libforeign_types_shared-d149f5491fde2862.rlib" "/opt/rustwide/target/debug/deps/libopenssl_sys-015d46f233af7876.rlib" "/opt/rustwide/target/debug/deps/libhyper-535a552c4016ef68.rlib" "/opt/rustwide/target/debug/deps/libwant-361582c635a6617d.rlib" "/opt/rustwide/target/debug/deps/libtry_lock-6573df21d991c823.rlib" "/opt/rustwide/target/debug/deps/libhttparse-b7073590dbcceffb.rlib" "/opt/rustwide/target/debug/deps/libh2-adcf9f0986af102b.rlib" "/opt/rustwide/target/debug/deps/libindexmap-ee1fe105788eed56.rlib" "/opt/rustwide/target/debug/deps/libhashbrown-4ba3058b990f5752.rlib" "/opt/rustwide/target/debug/deps/libahash-2008d4845e0a6b77.rlib" "/opt/rustwide/target/debug/deps/libgetrandom-c826a55b3bf10b44.rlib" "/opt/rustwide/target/debug/deps/libonce_cell-d4185e3ff62717e2.rlib" "/opt/rustwide/target/debug/deps/libtokio_util-2d29e947b2710c02.rlib" "/opt/rustwide/target/debug/deps/libtower_service-9991ae2cafd1f41b.rlib" "/opt/rustwide/target/debug/deps/libtracing-5c2c6419638b90f1.rlib" "/opt/rustwide/target/debug/deps/libtracing_core-2319fb4a7f482636.rlib" "/opt/rustwide/target/debug/deps/libtokio-47a6fefcf11561ac.rlib" "/opt/rustwide/target/debug/deps/libsocket2-590920b482ff7e35.rlib" "/opt/rustwide/target/debug/deps/libmio-1a703c8af9babb15.rlib" "/opt/rustwide/target/debug/deps/libhttp_body-c90089eedd1b3dc2.rlib" "/opt/rustwide/target/debug/deps/liburl-4aadbc53fb69fc2d.rlib" "/opt/rustwide/target/debug/deps/libidna-cf88d4d370bf5b51.rlib" "/opt/rustwide/target/debug/deps/libunicode_normalization-5a87305eef6f445b.rlib" "/opt/rustwide/target/debug/deps/libtinyvec-e78be141da4aa4a4.rlib" "/opt/rustwide/target/debug/deps/libtinyvec_macros-bfeb7a087f0273ce.rlib" "/opt/rustwide/target/debug/deps/libunicode_bidi-6e4d9a1bf3170bfc.rlib" "/opt/rustwide/target/debug/deps/libform_urlencoded-74b1dcad9e8d80e6.rlib" "/opt/rustwide/target/debug/deps/libpercent_encoding-526c9d71c02fb5bb.rlib" "/opt/rustwide/target/debug/deps/libmatches-e0861c3f10bd1789.rlib" "/opt/rustwide/target/debug/deps/libhttp-9460f10be91de23f.rlib" "/opt/rustwide/target/debug/deps/libitoa-c68eaa30402a4ff5.rlib" "/opt/rustwide/target/debug/deps/libbytes-55e4baa7bb335bc7.rlib" "/opt/rustwide/target/debug/deps/libfnv-18bf5144d055e772.rlib" "/opt/rustwide/target/debug/deps/librayon-fce7acd90a405c93.rlib" "/opt/rustwide/target/debug/deps/librayon_core-d4e05c9e14ab5afd.rlib" "/opt/rustwide/target/debug/deps/libnum_cpus-0aceaaee6315a853.rlib" "/opt/rustwide/target/debug/deps/libcrossbeam_deque-990111f0f253f70b.rlib" "/opt/rustwide/target/debug/deps/libcrossbeam_epoch-4d5fc89af1900fb9.rlib" "/opt/rustwide/target/debug/deps/libmemoffset-c7b1b1cc44d01308.rlib" "/opt/rustwide/target/debug/deps/libscopeguard-b35f5c652940acc2.rlib" "/opt/rustwide/target/debug/deps/libcrossbeam_channel-cbbfa53da9aeb612.rlib" "/opt/rustwide/target/debug/deps/libcrossbeam_utils-503ac2290280b93a.rlib" "/opt/rustwide/target/debug/deps/liblazy_static-591486ebcb9a7ead.rlib" "/opt/rustwide/target/debug/deps/libeither-4beac2e2abd4c5f7.rlib" "/opt/rustwide/target/debug/deps/libnum_bigint-22b3ead28bdbf2ee.rlib" "/opt/rustwide/target/debug/deps/liblog-d88d404ed4a3e8b9.rlib" "/opt/rustwide/target/debug/deps/libinfer-f1617b701983b737.rlib" "/opt/rustwide/target/debug/deps/libglob-aa3e98918aa39898.rlib" "/opt/rustwide/target/debug/deps/libfutures-bc5c8ffb5df076ff.rlib" "/opt/rustwide/target/debug/deps/libfutures_executor-52e9f67162bfb4dd.rlib" "/opt/rustwide/target/debug/deps/libfutures_util-9b8b8311c3b502dd.rlib" "/opt/rustwide/target/debug/deps/libmemchr-4fdcfd9ddfba30cb.rlib" "/opt/rustwide/target/debug/deps/libfutures_io-116bfed72b11ea9e.rlib" "/opt/rustwide/target/debug/deps/libslab-16df553d075f3057.rlib" "/opt/rustwide/target/debug/deps/libfutures_channel-b12d3100cbcad3e3.rlib" "/opt/rustwide/target/debug/deps/libpin_project_lite-cead9f5d94689600.rlib" "/opt/rustwide/target/debug/deps/libfutures_sink-05f2cb5fbc7977ea.rlib" "/opt/rustwide/target/debug/deps/libfutures_task-be5dcf70b5fcba4c.rlib" "/opt/rustwide/target/debug/deps/libpin_utils-741f7d9d160e4a16.rlib" "/opt/rustwide/target/debug/deps/libfutures_core-561ba3cced7f43f6.rlib" "/opt/rustwide/target/debug/deps/libchrono-4e742e5a179b51ce.rlib" "/opt/rustwide/target/debug/deps/libnum_integer-c21462f9d929a875.rlib" "/opt/rustwide/target/debug/deps/libnum_traits-a6410cac0a25d3f1.rlib" "/opt/rustwide/target/debug/deps/libtime-952abcabab62fb7d.rlib" "/opt/rustwide/target/debug/deps/liblibc-b44e6a28fb80319a.rlib" "/opt/rustwide/target/debug/deps/libblake3-443165fbda68be66.rlib" "/opt/rustwide/target/debug/deps/libconstant_time_eq-47127742af566368.rlib" "/opt/rustwide/target/debug/deps/libcfg_if-61dc7a6799e72b18.rlib" "/opt/rustwide/target/debug/deps/libarrayvec-e9346d0f13006eff.rlib" "/opt/rustwide/target/debug/deps/libdigest-a6f39ed179f83068.rlib" "/opt/rustwide/target/debug/deps/libsubtle-e81364e96654a740.rlib" "/opt/rustwide/target/debug/deps/libblock_buffer-3781d9a98f535c9d.rlib" "/opt/rustwide/target/debug/deps/libcrypto_common-c9d5899c325107c3.rlib" "/opt/rustwide/target/debug/deps/libgeneric_array-7c9efea01a58221e.rlib" "/opt/rustwide/target/debug/deps/libtypenum-62ca5a12b60d0fda.rlib" "/opt/rustwide/target/debug/deps/libserde-8fabdc4c15019e5d.rlib" "/opt/rustwide/target/debug/deps/libarrayref-ff686991724e9e8c.rlib" "/opt/rustwide/rustup-home/toolchains/1.75.0-x86_64-unknown-linux-gnu/lib/rustlib/x86_64-unknown-linux-gnu/lib/libstd-90f6ddbf82de36ec.rlib" "/opt/rustwide/rustup-home/toolchains/1.75.0-x86_64-unknown-linux-gnu/lib/rustlib/x86_64-unknown-linux-gnu/lib/libpanic_unwind-480c41e9d4e1f677.rlib" "/opt/rustwide/rustup-home/toolchains/1.75.0-x86_64-unknown-linux-gnu/lib/rustlib/x86_64-unknown-linux-gnu/lib/libobject-db744c0ca03eed1d.rlib" "/opt/rustwide/rustup-home/toolchains/1.75.0-x86_64-unknown-linux-gnu/lib/rustlib/x86_64-unknown-linux-gnu/lib/libmemchr-8ba652dc7d4b285a.rlib" "/opt/rustwide/rustup-home/toolchains/1.75.0-x86_64-unknown-linux-gnu/lib/rustlib/x86_64-unknown-linux-gnu/lib/libaddr2line-d5f4520a9ebc0d58.rlib" "/opt/rustwide/rustup-home/toolchains/1.75.0-x86_64-unknown-linux-gnu/lib/rustlib/x86_64-unknown-linux-gnu/lib/libgimli-4ad84de58f0cb463.rlib" "/opt/rustwide/rustup-home/toolchains/1.75.0-x86_64-unknown-linux-gnu/lib/rustlib/x86_64-unknown-linux-gnu/lib/librustc_demangle-0d10aae2e0f38735.rlib" "/opt/rustwide/rustup-home/toolchains/1.75.0-x86_64-unknown-linux-gnu/lib/rustlib/x86_64-unknown-linux-gnu/lib/libstd_detect-0c17cff739e6745b.rlib" "/opt/rustwide/rustup-home/toolchains/1.75.0-x86_64-unknown-linux-gnu/lib/rustlib/x86_64-unknown-linux-gnu/lib/libhashbrown-b29e17139dde1aa8.rlib" "/opt/rustwide/rustup-home/toolchains/1.75.0-x86_64-unknown-linux-gnu/lib/rustlib/x86_64-unknown-linux-gnu/lib/librustc_std_workspace_alloc-1f975299829cc7bd.rlib" "/opt/rustwide/rustup-home/toolchains/1.75.0-x86_64-unknown-linux-gnu/lib/rustlib/x86_64-unknown-linux-gnu/lib/libminiz_oxide-86bae3bc3079f89b.rlib" "/opt/rustwide/rustup-home/toolchains/1.75.0-x86_64-unknown-linux-gnu/lib/rustlib/x86_64-unknown-linux-gnu/lib/libadler-321b82c30dffdf5f.rlib" "/opt/rustwide/rustup-home/toolchains/1.75.0-x86_64-unknown-linux-gnu/lib/rustlib/x86_64-unknown-linux-gnu/lib/libunwind-3dd8a6810a0bdfef.rlib" "/opt/rustwide/rustup-home/toolchains/1.75.0-x86_64-unknown-linux-gnu/lib/rustlib/x86_64-unknown-linux-gnu/lib/libcfg_if-eb39a61c0c879984.rlib" "/opt/rustwide/rustup-home/toolchains/1.75.0-x86_64-unknown-linux-gnu/lib/rustlib/x86_64-unknown-linux-gnu/lib/liblibc-aa769569f91c3548.rlib" "/opt/rustwide/rustup-home/toolchains/1.75.0-x86_64-unknown-linux-gnu/lib/rustlib/x86_64-unknown-linux-gnu/lib/liballoc-510a192a50a983ed.rlib" "/opt/rustwide/rustup-home/toolchains/1.75.0-x86_64-unknown-linux-gnu/lib/rustlib/x86_64-unknown-linux-gnu/lib/librustc_std_workspace_core-0577018320f99037.rlib" "/opt/rustwide/rustup-home/toolchains/1.75.0-x86_64-unknown-linux-gnu/lib/rustlib/x86_64-unknown-linux-gnu/lib/libcore-193cf992125ccd4c.rlib" "/opt/rustwide/rustup-home/toolchains/1.75.0-x86_64-unknown-linux-gnu/lib/rustlib/x86_64-unknown-linux-gnu/lib/libcompiler_builtins-8e138eaf26ebb4a8.rlib" "-Wl,-Bdynamic" "-lssl" "-lcrypto" "-lgcc_s" "-lutil" "-lrt" "-lpthread" "-lm" "-ldl" "-lc" "-Wl,--eh-frame-hdr" "-Wl,-z,noexecstack" "-L" "/opt/rustwide/rustup-home/toolchains/1.75.0-x86_64-unknown-linux-gnu/lib/rustlib/x86_64-unknown-linux-gnu/lib" "-o" "/opt/rustwide/target/debug/examples/pricing-f2d90fa44d16535f" "-Wl,--gc-sections" "-pie" "-Wl,-z,relro,-z,now" "-nodefaultlibs"
[INFO] [stdout]   = note: collect2: fatal error: ld terminated with signal 9 [Killed]
[INFO] [stdout]           compilation terminated.
[INFO] [stdout]           
[INFO] [stdout] 
[INFO] [stdout] 
[INFO] [stdout] error: aborting due to previous error
[INFO] [stdout] 
[INFO] [stdout] 
[INFO] [stderr] error: could not compile `arloader` (example "pricing") due to 2 previous errors
[INFO] [stdout] error: linking with `cc` failed: exit status: 1
[INFO] [stdout]   |
[INFO] [stdout]   = note: LC_ALL="C" PATH="/opt/rustwide/rustup-home/toolchains/1.75.0-x86_64-unknown-linux-gnu/lib/rustlib/x86_64-unknown-linux-gnu/bin:/opt/rustwide/cargo-home/bin:/usr/local/sbin:/usr/local/bin:/usr/sbin:/usr/bin:/sbin:/bin" VSLANG="1033" "cc" "-m64" "/tmp/rustcRzS0WL/symbols.o" "/opt/rustwide/target/debug/examples/create_tx-7c4b5c58f6ce69b7.create_tx.5e6d014e186e5b6-cgu.0.rcgu.o" "/opt/rustwide/target/debug/examples/create_tx-7c4b5c58f6ce69b7.create_tx.5e6d014e186e5b6-cgu.1.rcgu.o" "/opt/rustwide/target/debug/examples/create_tx-7c4b5c58f6ce69b7.create_tx.5e6d014e186e5b6-cgu.2.rcgu.o" "/opt/rustwide/target/debug/examples/create_tx-7c4b5c58f6ce69b7.create_tx.5e6d014e186e5b6-cgu.3.rcgu.o" "/opt/rustwide/target/debug/examples/create_tx-7c4b5c58f6ce69b7.2mv1q1s8yc3ecmmz.rcgu.o" "-Wl,--as-needed" "-L" "/opt/rustwide/target/debug/deps" "-L" "/opt/rustwide/target/debug/build/blake3-028d9b87716f6990/out" "-L" "/opt/rustwide/target/debug/build/blake3-028d9b87716f6990/out" "-L" "/opt/rustwide/target/debug/build/ring-19a85d311dc269dd/out" "-L" "/opt/rustwide/rustup-home/toolchains/1.75.0-x86_64-unknown-linux-gnu/lib/rustlib/x86_64-unknown-linux-gnu/lib" "-Wl,-Bstatic" "/opt/rustwide/target/debug/deps/libarloader-7abfa610a09e90ae.rlib" "/opt/rustwide/target/debug/deps/libmime_guess-7905d38d07540ea7.rlib" "/opt/rustwide/target/debug/deps/libunicase-b17828595a2c57e7.rlib" "/opt/rustwide/target/debug/deps/libring-9df4799806c15d38.rlib" "/opt/rustwide/target/debug/deps/libspin-c4098cd951aef6c9.rlib" "/opt/rustwide/target/debug/deps/libuntrusted-5ec0aa78ed8cda5c.rlib" "/opt/rustwide/target/debug/deps/libjsonwebkey-58f5f34ccb2342c7.rlib" "/opt/rustwide/target/debug/deps/libyasna-4d36d7d543933f75.rlib" "/opt/rustwide/target/debug/deps/libavro_rs-f8a19416073d4044.rlib" "/opt/rustwide/target/debug/deps/libstrum-db9cc0f4a7cd26a4.rlib" "/opt/rustwide/target/debug/deps/libzerocopy-19a7822faa91345d.rlib" "/opt/rustwide/target/debug/deps/libuuid-c64162fb2ea700f3.rlib" "/opt/rustwide/target/debug/deps/libnum_bigint-8b7a829d58084c68.rlib" "/opt/rustwide/target/debug/deps/liblibflate-235030d134b846b9.rlib" "/opt/rustwide/target/debug/deps/libcrc32fast-664446237529ebff.rlib" "/opt/rustwide/target/debug/deps/libadler32-8dd0b9a34d7f5b64.rlib" "/opt/rustwide/target/debug/deps/liblibflate_lz77-0c7150f7867b0a35.rlib" "/opt/rustwide/target/debug/deps/librle_decode_fast-52e5739432589f3f.rlib" "/opt/rustwide/target/debug/deps/libsolana_sdk-2c327a45d295b30d.rlib" "/opt/rustwide/target/debug/deps/libpbkdf2-ed4d33dd80800191.rlib" "/opt/rustwide/target/debug/deps/libqstring-b507e0a6bfe6d312.rlib" "/opt/rustwide/target/debug/deps/libed25519_dalek_bip32-d87c03e88f0912a8.rlib" "/opt/rustwide/target/debug/deps/libhmac-8d82cebdd380f72d.rlib" "/opt/rustwide/target/debug/deps/libmemmap2-bd33ddf521295af5.rlib" "/opt/rustwide/target/debug/deps/libed25519_dalek-292e315faed6fbe1.rlib" "/opt/rustwide/target/debug/deps/libed25519-c5c2c7c687e213ce.rlib" "/opt/rustwide/target/debug/deps/libsignature-3ef46d34a3bd5a43.rlib" "/opt/rustwide/target/debug/deps/liburiparse-8f679681de9ce923.rlib" "/opt/rustwide/target/debug/deps/libderivation_path-ff42cc1f20f9c2a7.rlib" "/opt/rustwide/target/debug/deps/libsolana_program-55c980f3bc134fba.rlib" "/opt/rustwide/target/debug/deps/liblibsecp256k1-052047f3016c0c18.rlib" "/opt/rustwide/target/debug/deps/libbase64-a29b27598b578f1a.rlib" "/opt/rustwide/target/debug/deps/libsha2-d19e7c43bc82d8c8.rlib" "/opt/rustwide/target/debug/deps/libopaque_debug-15273823c1ba1453.rlib" "/opt/rustwide/target/debug/deps/libblock_buffer-ed02815012413e27.rlib" "/opt/rustwide/target/debug/deps/libhmac_drbg-1805c1b79d26782e.rlib" "/opt/rustwide/target/debug/deps/libhmac-7a1a15a8bf6c2717.rlib" "/opt/rustwide/target/debug/deps/libcrypto_mac-448e1e911ec717de.rlib" "/opt/rustwide/target/debug/deps/liblibsecp256k1_core-46da15028c0aee14.rlib" "/opt/rustwide/target/debug/deps/libcrunchy-0ba5056183083a99.rlib" "/opt/rustwide/target/debug/deps/librand-f6b046fe651c73cf.rlib" "/opt/rustwide/target/debug/deps/librand_chacha-b25062e6add2947a.rlib" "/opt/rustwide/target/debug/deps/libppv_lite86-a99ab8a0983e0261.rlib" "/opt/rustwide/target/debug/deps/libcurve25519_dalek-62cb1aa4bc96aa54.rlib" "/opt/rustwide/target/debug/deps/libzeroize-27cf337ccfbaa280.rlib" "/opt/rustwide/target/debug/deps/librand_core-54465fc7b6292b28.rlib" "/opt/rustwide/target/debug/deps/libgetrandom-43a17c8e6d52e13a.rlib" "/opt/rustwide/target/debug/deps/libdigest-eb371f2027b687c2.rlib" "/opt/rustwide/target/debug/deps/libbyteorder-80df7aa73d7d6480.rlib" "/opt/rustwide/target/debug/deps/libserde_bytes-b2eeea55abd3127b.rlib" "/opt/rustwide/target/debug/deps/libwasm_bindgen-9866cc2010162a3a.rlib" "/opt/rustwide/target/debug/deps/libbv-bc877aae436b2cbd.rlib" "/opt/rustwide/target/debug/deps/libbytemuck-aab72c2697a3d627.rlib" "/opt/rustwide/target/debug/deps/libitertools-c35821b23775529e.rlib" "/opt/rustwide/target/debug/deps/libsha3-96f7355d17f9d5bd.rlib" "/opt/rustwide/target/debug/deps/libkeccak-64bdda24f9360f5d.rlib" "/opt/rustwide/target/debug/deps/libsha2-b138179f84ddd849.rlib" "/opt/rustwide/target/debug/deps/libcpufeatures-59f0e929fa0e0586.rlib" "/opt/rustwide/target/debug/deps/libbincode-93b886704626747e.rlib" "/opt/rustwide/target/debug/deps/libthiserror-d79a4c9614cc0925.rlib" "/opt/rustwide/target/debug/deps/libborsh-3334cc4e6ced881d.rlib" "/opt/rustwide/target/debug/deps/libbs58-6b52eb147dc37b19.rlib" "/opt/rustwide/target/debug/deps/libreqwest-7ad4951bffe4b880.rlib" "/opt/rustwide/target/debug/deps/libhyper_tls-4f53ac1cbe8a6be6.rlib" "/opt/rustwide/target/debug/deps/libserde_urlencoded-4ffef89ab8d80aaf.rlib" "/opt/rustwide/target/debug/deps/libipnet-55fdaaa4d0006a30.rlib" "/opt/rustwide/target/debug/deps/libtokio_native_tls-7ce81eeb2e18ec50.rlib" "/opt/rustwide/target/debug/deps/libmime-450b243d21db2a61.rlib" "/opt/rustwide/target/debug/deps/libencoding_rs-6ac919aaf73aa201.rlib" "/opt/rustwide/target/debug/deps/libserde_json-17efe7ac6e497110.rlib" "/opt/rustwide/target/debug/deps/libryu-f7e2acf8545a3e65.rlib" "/opt/rustwide/target/debug/deps/libbase64-8ea64d3566a9d67e.rlib" "/opt/rustwide/target/debug/deps/libnative_tls-c2eb415f88b2cd53.rlib" "/opt/rustwide/target/debug/deps/libopenssl_probe-d850575132083d7c.rlib" "/opt/rustwide/target/debug/deps/libopenssl-f469f8d15c007217.rlib" "/opt/rustwide/target/debug/deps/libbitflags-b7cee2ca4fb438d0.rlib" "/opt/rustwide/target/debug/deps/libforeign_types-c05743815e5b8a9d.rlib" "/opt/rustwide/target/debug/deps/libforeign_types_shared-d149f5491fde2862.rlib" "/opt/rustwide/target/debug/deps/libopenssl_sys-015d46f233af7876.rlib" "/opt/rustwide/target/debug/deps/libhyper-535a552c4016ef68.rlib" "/opt/rustwide/target/debug/deps/libwant-361582c635a6617d.rlib" "/opt/rustwide/target/debug/deps/libtry_lock-6573df21d991c823.rlib" "/opt/rustwide/target/debug/deps/libhttparse-b7073590dbcceffb.rlib" "/opt/rustwide/target/debug/deps/libh2-adcf9f0986af102b.rlib" "/opt/rustwide/target/debug/deps/libindexmap-ee1fe105788eed56.rlib" "/opt/rustwide/target/debug/deps/libhashbrown-4ba3058b990f5752.rlib" "/opt/rustwide/target/debug/deps/libahash-2008d4845e0a6b77.rlib" "/opt/rustwide/target/debug/deps/libgetrandom-c826a55b3bf10b44.rlib" "/opt/rustwide/target/debug/deps/libonce_cell-d4185e3ff62717e2.rlib" "/opt/rustwide/target/debug/deps/libtokio_util-2d29e947b2710c02.rlib" "/opt/rustwide/target/debug/deps/libtower_service-9991ae2cafd1f41b.rlib" "/opt/rustwide/target/debug/deps/libtracing-5c2c6419638b90f1.rlib" "/opt/rustwide/target/debug/deps/libtracing_core-2319fb4a7f482636.rlib" "/opt/rustwide/target/debug/deps/libtokio-47a6fefcf11561ac.rlib" "/opt/rustwide/target/debug/deps/libsocket2-590920b482ff7e35.rlib" "/opt/rustwide/target/debug/deps/libmio-1a703c8af9babb15.rlib" "/opt/rustwide/target/debug/deps/libhttp_body-c90089eedd1b3dc2.rlib" "/opt/rustwide/target/debug/deps/liburl-4aadbc53fb69fc2d.rlib" "/opt/rustwide/target/debug/deps/libidna-cf88d4d370bf5b51.rlib" "/opt/rustwide/target/debug/deps/libunicode_normalization-5a87305eef6f445b.rlib" "/opt/rustwide/target/debug/deps/libtinyvec-e78be141da4aa4a4.rlib" "/opt/rustwide/target/debug/deps/libtinyvec_macros-bfeb7a087f0273ce.rlib" "/opt/rustwide/target/debug/deps/libunicode_bidi-6e4d9a1bf3170bfc.rlib" "/opt/rustwide/target/debug/deps/libform_urlencoded-74b1dcad9e8d80e6.rlib" "/opt/rustwide/target/debug/deps/libpercent_encoding-526c9d71c02fb5bb.rlib" "/opt/rustwide/target/debug/deps/libmatches-e0861c3f10bd1789.rlib" "/opt/rustwide/target/debug/deps/libhttp-9460f10be91de23f.rlib" "/opt/rustwide/target/debug/deps/libitoa-c68eaa30402a4ff5.rlib" "/opt/rustwide/target/debug/deps/libbytes-55e4baa7bb335bc7.rlib" "/opt/rustwide/target/debug/deps/libfnv-18bf5144d055e772.rlib" "/opt/rustwide/target/debug/deps/librayon-fce7acd90a405c93.rlib" "/opt/rustwide/target/debug/deps/librayon_core-d4e05c9e14ab5afd.rlib" "/opt/rustwide/target/debug/deps/libnum_cpus-0aceaaee6315a853.rlib" "/opt/rustwide/target/debug/deps/libcrossbeam_deque-990111f0f253f70b.rlib" "/opt/rustwide/target/debug/deps/libcrossbeam_epoch-4d5fc89af1900fb9.rlib" "/opt/rustwide/target/debug/deps/libmemoffset-c7b1b1cc44d01308.rlib" "/opt/rustwide/target/debug/deps/libscopeguard-b35f5c652940acc2.rlib" "/opt/rustwide/target/debug/deps/libcrossbeam_channel-cbbfa53da9aeb612.rlib" "/opt/rustwide/target/debug/deps/libcrossbeam_utils-503ac2290280b93a.rlib" "/opt/rustwide/target/debug/deps/liblazy_static-591486ebcb9a7ead.rlib" "/opt/rustwide/target/debug/deps/libeither-4beac2e2abd4c5f7.rlib" "/opt/rustwide/target/debug/deps/libnum_bigint-22b3ead28bdbf2ee.rlib" "/opt/rustwide/target/debug/deps/liblog-d88d404ed4a3e8b9.rlib" "/opt/rustwide/target/debug/deps/libinfer-f1617b701983b737.rlib" "/opt/rustwide/target/debug/deps/libglob-aa3e98918aa39898.rlib" "/opt/rustwide/target/debug/deps/libfutures-bc5c8ffb5df076ff.rlib" "/opt/rustwide/target/debug/deps/libfutures_executor-52e9f67162bfb4dd.rlib" "/opt/rustwide/target/debug/deps/libfutures_util-9b8b8311c3b502dd.rlib" "/opt/rustwide/target/debug/deps/libmemchr-4fdcfd9ddfba30cb.rlib" "/opt/rustwide/target/debug/deps/libfutures_io-116bfed72b11ea9e.rlib" "/opt/rustwide/target/debug/deps/libslab-16df553d075f3057.rlib" "/opt/rustwide/target/debug/deps/libfutures_channel-b12d3100cbcad3e3.rlib" "/opt/rustwide/target/debug/deps/libpin_project_lite-cead9f5d94689600.rlib" "/opt/rustwide/target/debug/deps/libfutures_sink-05f2cb5fbc7977ea.rlib" "/opt/rustwide/target/debug/deps/libfutures_task-be5dcf70b5fcba4c.rlib" "/opt/rustwide/target/debug/deps/libpin_utils-741f7d9d160e4a16.rlib" "/opt/rustwide/target/debug/deps/libfutures_core-561ba3cced7f43f6.rlib" "/opt/rustwide/target/debug/deps/libchrono-4e742e5a179b51ce.rlib" "/opt/rustwide/target/debug/deps/libnum_integer-c21462f9d929a875.rlib" "/opt/rustwide/target/debug/deps/libnum_traits-a6410cac0a25d3f1.rlib" "/opt/rustwide/target/debug/deps/libtime-952abcabab62fb7d.rlib" "/opt/rustwide/target/debug/deps/liblibc-b44e6a28fb80319a.rlib" "/opt/rustwide/target/debug/deps/libblake3-443165fbda68be66.rlib" "/opt/rustwide/target/debug/deps/libconstant_time_eq-47127742af566368.rlib" "/opt/rustwide/target/debug/deps/libcfg_if-61dc7a6799e72b18.rlib" "/opt/rustwide/target/debug/deps/libarrayvec-e9346d0f13006eff.rlib" "/opt/rustwide/target/debug/deps/libdigest-a6f39ed179f83068.rlib" "/opt/rustwide/target/debug/deps/libsubtle-e81364e96654a740.rlib" "/opt/rustwide/target/debug/deps/libblock_buffer-3781d9a98f535c9d.rlib" "/opt/rustwide/target/debug/deps/libcrypto_common-c9d5899c325107c3.rlib" "/opt/rustwide/target/debug/deps/libgeneric_array-7c9efea01a58221e.rlib" "/opt/rustwide/target/debug/deps/libtypenum-62ca5a12b60d0fda.rlib" "/opt/rustwide/target/debug/deps/libserde-8fabdc4c15019e5d.rlib" "/opt/rustwide/target/debug/deps/libarrayref-ff686991724e9e8c.rlib" "/opt/rustwide/rustup-home/toolchains/1.75.0-x86_64-unknown-linux-gnu/lib/rustlib/x86_64-unknown-linux-gnu/lib/libstd-90f6ddbf82de36ec.rlib" "/opt/rustwide/rustup-home/toolchains/1.75.0-x86_64-unknown-linux-gnu/lib/rustlib/x86_64-unknown-linux-gnu/lib/libpanic_unwind-480c41e9d4e1f677.rlib" "/opt/rustwide/rustup-home/toolchains/1.75.0-x86_64-unknown-linux-gnu/lib/rustlib/x86_64-unknown-linux-gnu/lib/libobject-db744c0ca03eed1d.rlib" "/opt/rustwide/rustup-home/toolchains/1.75.0-x86_64-unknown-linux-gnu/lib/rustlib/x86_64-unknown-linux-gnu/lib/libmemchr-8ba652dc7d4b285a.rlib" "/opt/rustwide/rustup-home/toolchains/1.75.0-x86_64-unknown-linux-gnu/lib/rustlib/x86_64-unknown-linux-gnu/lib/libaddr2line-d5f4520a9ebc0d58.rlib" "/opt/rustwide/rustup-home/toolchains/1.75.0-x86_64-unknown-linux-gnu/lib/rustlib/x86_64-unknown-linux-gnu/lib/libgimli-4ad84de58f0cb463.rlib" "/opt/rustwide/rustup-home/toolchains/1.75.0-x86_64-unknown-linux-gnu/lib/rustlib/x86_64-unknown-linux-gnu/lib/librustc_demangle-0d10aae2e0f38735.rlib" "/opt/rustwide/rustup-home/toolchains/1.75.0-x86_64-unknown-linux-gnu/lib/rustlib/x86_64-unknown-linux-gnu/lib/libstd_detect-0c17cff739e6745b.rlib" "/opt/rustwide/rustup-home/toolchains/1.75.0-x86_64-unknown-linux-gnu/lib/rustlib/x86_64-unknown-linux-gnu/lib/libhashbrown-b29e17139dde1aa8.rlib" "/opt/rustwide/rustup-home/toolchains/1.75.0-x86_64-unknown-linux-gnu/lib/rustlib/x86_64-unknown-linux-gnu/lib/librustc_std_workspace_alloc-1f975299829cc7bd.rlib" "/opt/rustwide/rustup-home/toolchains/1.75.0-x86_64-unknown-linux-gnu/lib/rustlib/x86_64-unknown-linux-gnu/lib/libminiz_oxide-86bae3bc3079f89b.rlib" "/opt/rustwide/rustup-home/toolchains/1.75.0-x86_64-unknown-linux-gnu/lib/rustlib/x86_64-unknown-linux-gnu/lib/libadler-321b82c30dffdf5f.rlib" "/opt/rustwide/rustup-home/toolchains/1.75.0-x86_64-unknown-linux-gnu/lib/rustlib/x86_64-unknown-linux-gnu/lib/libunwind-3dd8a6810a0bdfef.rlib" "/opt/rustwide/rustup-home/toolchains/1.75.0-x86_64-unknown-linux-gnu/lib/rustlib/x86_64-unknown-linux-gnu/lib/libcfg_if-eb39a61c0c879984.rlib" "/opt/rustwide/rustup-home/toolchains/1.75.0-x86_64-unknown-linux-gnu/lib/rustlib/x86_64-unknown-linux-gnu/lib/liblibc-aa769569f91c3548.rlib" "/opt/rustwide/rustup-home/toolchains/1.75.0-x86_64-unknown-linux-gnu/lib/rustlib/x86_64-unknown-linux-gnu/lib/liballoc-510a192a50a983ed.rlib" "/opt/rustwide/rustup-home/toolchains/1.75.0-x86_64-unknown-linux-gnu/lib/rustlib/x86_64-unknown-linux-gnu/lib/librustc_std_workspace_core-0577018320f99037.rlib" "/opt/rustwide/rustup-home/toolchains/1.75.0-x86_64-unknown-linux-gnu/lib/rustlib/x86_64-unknown-linux-gnu/lib/libcore-193cf992125ccd4c.rlib" "/opt/rustwide/rustup-home/toolchains/1.75.0-x86_64-unknown-linux-gnu/lib/rustlib/x86_64-unknown-linux-gnu/lib/libcompiler_builtins-8e138eaf26ebb4a8.rlib" "-Wl,-Bdynamic" "-lssl" "-lcrypto" "-lgcc_s" "-lutil" "-lrt" "-lpthread" "-lm" "-ldl" "-lc" "-Wl,--eh-frame-hdr" "-Wl,-z,noexecstack" "-L" "/opt/rustwide/rustup-home/toolchains/1.75.0-x86_64-unknown-linux-gnu/lib/rustlib/x86_64-unknown-linux-gnu/lib" "-o" "/opt/rustwide/target/debug/examples/create_tx-7c4b5c58f6ce69b7" "-Wl,--gc-sections" "-pie" "-Wl,-z,relro,-z,now" "-nodefaultlibs"
[INFO] [stdout]   = note: collect2: fatal error: ld terminated with signal 9 [Killed]
[INFO] [stdout]           compilation terminated.
[INFO] [stdout]           
[INFO] [stdout] 
[INFO] [stdout] 
[INFO] [stdout] error: aborting due to previous error
[INFO] [stdout] 
[INFO] [stdout] 
[INFO] [stderr] error: could not compile `arloader` (example "create_tx") due to 2 previous errors
[INFO] [stdout] error: linking with `cc` failed: exit status: 1
[INFO] [stdout]   |
[INFO] [stdout]   = note: LC_ALL="C" PATH="/opt/rustwide/rustup-home/toolchains/1.75.0-x86_64-unknown-linux-gnu/lib/rustlib/x86_64-unknown-linux-gnu/bin:/opt/rustwide/cargo-home/bin:/usr/local/sbin:/usr/local/bin:/usr/sbin:/usr/bin:/sbin:/bin" VSLANG="1033" "cc" "-m64" "/tmp/rustcwWdeTV/symbols.o" "/opt/rustwide/target/debug/examples/repo_image-400a41048269c7ef.repo_image.8b5095ec1632765d-cgu.0.rcgu.o" "/opt/rustwide/target/debug/examples/repo_image-400a41048269c7ef.repo_image.8b5095ec1632765d-cgu.1.rcgu.o" "/opt/rustwide/target/debug/examples/repo_image-400a41048269c7ef.9e0wvlgiw3w0no4.rcgu.o" "-Wl,--as-needed" "-L" "/opt/rustwide/target/debug/deps" "-L" "/opt/rustwide/target/debug/build/blake3-028d9b87716f6990/out" "-L" "/opt/rustwide/target/debug/build/blake3-028d9b87716f6990/out" "-L" "/opt/rustwide/target/debug/build/ring-19a85d311dc269dd/out" "-L" "/opt/rustwide/rustup-home/toolchains/1.75.0-x86_64-unknown-linux-gnu/lib/rustlib/x86_64-unknown-linux-gnu/lib" "-Wl,-Bstatic" "/opt/rustwide/target/debug/deps/libnum_complex-d9919e3f8c0dcc5e.rlib" "/opt/rustwide/target/debug/deps/librand-cb206640b156813c.rlib" "/opt/rustwide/target/debug/deps/librand_chacha-da3c7fcd63ccc398.rlib" "/opt/rustwide/target/debug/deps/librand_core-12c896f89d854bb6.rlib" "/opt/rustwide/target/debug/deps/libimageproc-138b7c1598ff19e5.rlib" "/opt/rustwide/target/debug/deps/librand_distr-14c035699ef2a8dd.rlib" "/opt/rustwide/target/debug/deps/librulinalg-bd7c55cd6caa55f8.rlib" "/opt/rustwide/target/debug/deps/libmatrixmultiply-de1795908bc81b5e.rlib" "/opt/rustwide/target/debug/deps/librawpointer-fe37435ebd1878b7.rlib" "/opt/rustwide/target/debug/deps/libnum-9f694e213f19092f.rlib" "/opt/rustwide/target/debug/deps/librusttype-88306bd3b28e2eae.rlib" "/opt/rustwide/target/debug/deps/libab_glyph_rasterizer-ae620163dbdf749a.rlib" "/opt/rustwide/target/debug/deps/libowned_ttf_parser-3189940d1b7750bf.rlib" "/opt/rustwide/target/debug/deps/libttf_parser-211dd0139aa9f1fb.rlib" "/opt/rustwide/target/debug/deps/libconv-608501d863e3ee1e.rlib" "/opt/rustwide/target/debug/deps/libcustom_derive-f927846deac21d0b.rlib" "/opt/rustwide/target/debug/deps/libnum-fa225e2aa3d37fa8.rlib" "/opt/rustwide/target/debug/deps/libnum_complex-9f7c7088f4033efa.rlib" "/opt/rustwide/target/debug/deps/libitertools-80da6b6b1672f4bf.rlib" "/opt/rustwide/target/debug/deps/libimage-95645bd956a0e81e.rlib" "/opt/rustwide/target/debug/deps/libpng-e4f6590747695539.rlib" "/opt/rustwide/target/debug/deps/libminiz_oxide-f0f70e23dbb2504a.rlib" "/opt/rustwide/target/debug/deps/libdeflate-5f0f1435c316b6e8.rlib" "/opt/rustwide/target/debug/deps/libnum_iter-1a02551b67366c5d.rlib" "/opt/rustwide/target/debug/deps/libscoped_threadpool-cf49c53216faf76b.rlib" "/opt/rustwide/target/debug/deps/libnum_rational-019e6cedc71d40cd.rlib" "/opt/rustwide/target/debug/deps/libnum_bigint-fb031d79583a4b8c.rlib" "/opt/rustwide/target/debug/deps/libgif-b942d7d2c4235c66.rlib" "/opt/rustwide/target/debug/deps/libcolor_quant-76e42fe6d44f3f56.rlib" "/opt/rustwide/target/debug/deps/libtiff-c82c03af86ed9eef.rlib" "/opt/rustwide/target/debug/deps/libweezl-e637fbd3efcded1d.rlib" "/opt/rustwide/target/debug/deps/libminiz_oxide-1581aa5f6a84a1e1.rlib" "/opt/rustwide/target/debug/deps/libadler-c8f2240c56a0abca.rlib" "/opt/rustwide/target/debug/deps/libjpeg_decoder-aa186441f9a8bd6b.rlib" "/opt/rustwide/target/debug/deps/libarloader-7abfa610a09e90ae.rlib" "/opt/rustwide/target/debug/deps/libmime_guess-7905d38d07540ea7.rlib" "/opt/rustwide/target/debug/deps/libunicase-b17828595a2c57e7.rlib" "/opt/rustwide/target/debug/deps/libring-9df4799806c15d38.rlib" "/opt/rustwide/target/debug/deps/libspin-c4098cd951aef6c9.rlib" "/opt/rustwide/target/debug/deps/libuntrusted-5ec0aa78ed8cda5c.rlib" "/opt/rustwide/target/debug/deps/libjsonwebkey-58f5f34ccb2342c7.rlib" "/opt/rustwide/target/debug/deps/libyasna-4d36d7d543933f75.rlib" "/opt/rustwide/target/debug/deps/libavro_rs-f8a19416073d4044.rlib" "/opt/rustwide/target/debug/deps/libstrum-db9cc0f4a7cd26a4.rlib" "/opt/rustwide/target/debug/deps/libzerocopy-19a7822faa91345d.rlib" "/opt/rustwide/target/debug/deps/libuuid-c64162fb2ea700f3.rlib" "/opt/rustwide/target/debug/deps/libnum_bigint-8b7a829d58084c68.rlib" "/opt/rustwide/target/debug/deps/liblibflate-235030d134b846b9.rlib" "/opt/rustwide/target/debug/deps/libcrc32fast-664446237529ebff.rlib" "/opt/rustwide/target/debug/deps/libadler32-8dd0b9a34d7f5b64.rlib" "/opt/rustwide/target/debug/deps/liblibflate_lz77-0c7150f7867b0a35.rlib" "/opt/rustwide/target/debug/deps/librle_decode_fast-52e5739432589f3f.rlib" "/opt/rustwide/target/debug/deps/libsolana_sdk-2c327a45d295b30d.rlib" "/opt/rustwide/target/debug/deps/libpbkdf2-ed4d33dd80800191.rlib" "/opt/rustwide/target/debug/deps/libqstring-b507e0a6bfe6d312.rlib" "/opt/rustwide/target/debug/deps/libed25519_dalek_bip32-d87c03e88f0912a8.rlib" "/opt/rustwide/target/debug/deps/libhmac-8d82cebdd380f72d.rlib" "/opt/rustwide/target/debug/deps/libmemmap2-bd33ddf521295af5.rlib" "/opt/rustwide/target/debug/deps/libed25519_dalek-292e315faed6fbe1.rlib" "/opt/rustwide/target/debug/deps/libed25519-c5c2c7c687e213ce.rlib" "/opt/rustwide/target/debug/deps/libsignature-3ef46d34a3bd5a43.rlib" "/opt/rustwide/target/debug/deps/liburiparse-8f679681de9ce923.rlib" "/opt/rustwide/target/debug/deps/libderivation_path-ff42cc1f20f9c2a7.rlib" "/opt/rustwide/target/debug/deps/libsolana_program-55c980f3bc134fba.rlib" "/opt/rustwide/target/debug/deps/liblibsecp256k1-052047f3016c0c18.rlib" "/opt/rustwide/target/debug/deps/libbase64-a29b27598b578f1a.rlib" "/opt/rustwide/target/debug/deps/libsha2-d19e7c43bc82d8c8.rlib" "/opt/rustwide/target/debug/deps/libopaque_debug-15273823c1ba1453.rlib" "/opt/rustwide/target/debug/deps/libblock_buffer-ed02815012413e27.rlib" "/opt/rustwide/target/debug/deps/libhmac_drbg-1805c1b79d26782e.rlib" "/opt/rustwide/target/debug/deps/libhmac-7a1a15a8bf6c2717.rlib" "/opt/rustwide/target/debug/deps/libcrypto_mac-448e1e911ec717de.rlib" "/opt/rustwide/target/debug/deps/liblibsecp256k1_core-46da15028c0aee14.rlib" "/opt/rustwide/target/debug/deps/libcrunchy-0ba5056183083a99.rlib" "/opt/rustwide/target/debug/deps/librand-f6b046fe651c73cf.rlib" "/opt/rustwide/target/debug/deps/librand_chacha-b25062e6add2947a.rlib" "/opt/rustwide/target/debug/deps/libppv_lite86-a99ab8a0983e0261.rlib" "/opt/rustwide/target/debug/deps/libcurve25519_dalek-62cb1aa4bc96aa54.rlib" "/opt/rustwide/target/debug/deps/libzeroize-27cf337ccfbaa280.rlib" "/opt/rustwide/target/debug/deps/librand_core-54465fc7b6292b28.rlib" "/opt/rustwide/target/debug/deps/libgetrandom-43a17c8e6d52e13a.rlib" "/opt/rustwide/target/debug/deps/libdigest-eb371f2027b687c2.rlib" "/opt/rustwide/target/debug/deps/libbyteorder-80df7aa73d7d6480.rlib" "/opt/rustwide/target/debug/deps/libserde_bytes-b2eeea55abd3127b.rlib" "/opt/rustwide/target/debug/deps/libwasm_bindgen-9866cc2010162a3a.rlib" "/opt/rustwide/target/debug/deps/libbv-bc877aae436b2cbd.rlib" "/opt/rustwide/target/debug/deps/libbytemuck-aab72c2697a3d627.rlib" "/opt/rustwide/target/debug/deps/libitertools-c35821b23775529e.rlib" "/opt/rustwide/target/debug/deps/libsha3-96f7355d17f9d5bd.rlib" "/opt/rustwide/target/debug/deps/libkeccak-64bdda24f9360f5d.rlib" "/opt/rustwide/target/debug/deps/libsha2-b138179f84ddd849.rlib" "/opt/rustwide/target/debug/deps/libcpufeatures-59f0e929fa0e0586.rlib" "/opt/rustwide/target/debug/deps/libbincode-93b886704626747e.rlib" "/opt/rustwide/target/debug/deps/libthiserror-d79a4c9614cc0925.rlib" "/opt/rustwide/target/debug/deps/libborsh-3334cc4e6ced881d.rlib" "/opt/rustwide/target/debug/deps/libbs58-6b52eb147dc37b19.rlib" "/opt/rustwide/target/debug/deps/libreqwest-7ad4951bffe4b880.rlib" "/opt/rustwide/target/debug/deps/libhyper_tls-4f53ac1cbe8a6be6.rlib" "/opt/rustwide/target/debug/deps/libserde_urlencoded-4ffef89ab8d80aaf.rlib" "/opt/rustwide/target/debug/deps/libipnet-55fdaaa4d0006a30.rlib" "/opt/rustwide/target/debug/deps/libtokio_native_tls-7ce81eeb2e18ec50.rlib" "/opt/rustwide/target/debug/deps/libmime-450b243d21db2a61.rlib" "/opt/rustwide/target/debug/deps/libencoding_rs-6ac919aaf73aa201.rlib" "/opt/rustwide/target/debug/deps/libserde_json-17efe7ac6e497110.rlib" "/opt/rustwide/target/debug/deps/libryu-f7e2acf8545a3e65.rlib" "/opt/rustwide/target/debug/deps/libbase64-8ea64d3566a9d67e.rlib" "/opt/rustwide/target/debug/deps/libnative_tls-c2eb415f88b2cd53.rlib" "/opt/rustwide/target/debug/deps/libopenssl_probe-d850575132083d7c.rlib" "/opt/rustwide/target/debug/deps/libopenssl-f469f8d15c007217.rlib" "/opt/rustwide/target/debug/deps/libbitflags-b7cee2ca4fb438d0.rlib" "/opt/rustwide/target/debug/deps/libforeign_types-c05743815e5b8a9d.rlib" "/opt/rustwide/target/debug/deps/libforeign_types_shared-d149f5491fde2862.rlib" "/opt/rustwide/target/debug/deps/libopenssl_sys-015d46f233af7876.rlib" "/opt/rustwide/target/debug/deps/libhyper-535a552c4016ef68.rlib" "/opt/rustwide/target/debug/deps/libwant-361582c635a6617d.rlib" "/opt/rustwide/target/debug/deps/libtry_lock-6573df21d991c823.rlib" "/opt/rustwide/target/debug/deps/libhttparse-b7073590dbcceffb.rlib" "/opt/rustwide/target/debug/deps/libh2-adcf9f0986af102b.rlib" "/opt/rustwide/target/debug/deps/libindexmap-ee1fe105788eed56.rlib" "/opt/rustwide/target/debug/deps/libhashbrown-4ba3058b990f5752.rlib" "/opt/rustwide/target/debug/deps/libahash-2008d4845e0a6b77.rlib" "/opt/rustwide/target/debug/deps/libgetrandom-c826a55b3bf10b44.rlib" "/opt/rustwide/target/debug/deps/libonce_cell-d4185e3ff62717e2.rlib" "/opt/rustwide/target/debug/deps/libtokio_util-2d29e947b2710c02.rlib" "/opt/rustwide/target/debug/deps/libtower_service-9991ae2cafd1f41b.rlib" "/opt/rustwide/target/debug/deps/libtracing-5c2c6419638b90f1.rlib" "/opt/rustwide/target/debug/deps/libtracing_core-2319fb4a7f482636.rlib" "/opt/rustwide/target/debug/deps/libtokio-47a6fefcf11561ac.rlib" "/opt/rustwide/target/debug/deps/libsocket2-590920b482ff7e35.rlib" "/opt/rustwide/target/debug/deps/libmio-1a703c8af9babb15.rlib" "/opt/rustwide/target/debug/deps/libhttp_body-c90089eedd1b3dc2.rlib" "/opt/rustwide/target/debug/deps/liburl-4aadbc53fb69fc2d.rlib" "/opt/rustwide/target/debug/deps/libidna-cf88d4d370bf5b51.rlib" "/opt/rustwide/target/debug/deps/libunicode_normalization-5a87305eef6f445b.rlib" "/opt/rustwide/target/debug/deps/libtinyvec-e78be141da4aa4a4.rlib" "/opt/rustwide/target/debug/deps/libtinyvec_macros-bfeb7a087f0273ce.rlib" "/opt/rustwide/target/debug/deps/libunicode_bidi-6e4d9a1bf3170bfc.rlib" "/opt/rustwide/target/debug/deps/libform_urlencoded-74b1dcad9e8d80e6.rlib" "/opt/rustwide/target/debug/deps/libpercent_encoding-526c9d71c02fb5bb.rlib" "/opt/rustwide/target/debug/deps/libmatches-e0861c3f10bd1789.rlib" "/opt/rustwide/target/debug/deps/libhttp-9460f10be91de23f.rlib" "/opt/rustwide/target/debug/deps/libitoa-c68eaa30402a4ff5.rlib" "/opt/rustwide/target/debug/deps/libbytes-55e4baa7bb335bc7.rlib" "/opt/rustwide/target/debug/deps/libfnv-18bf5144d055e772.rlib" "/opt/rustwide/target/debug/deps/librayon-fce7acd90a405c93.rlib" "/opt/rustwide/target/debug/deps/librayon_core-d4e05c9e14ab5afd.rlib" "/opt/rustwide/target/debug/deps/libnum_cpus-0aceaaee6315a853.rlib" "/opt/rustwide/target/debug/deps/libcrossbeam_deque-990111f0f253f70b.rlib" "/opt/rustwide/target/debug/deps/libcrossbeam_epoch-4d5fc89af1900fb9.rlib" "/opt/rustwide/target/debug/deps/libmemoffset-c7b1b1cc44d01308.rlib" "/opt/rustwide/target/debug/deps/libscopeguard-b35f5c652940acc2.rlib" "/opt/rustwide/target/debug/deps/libcrossbeam_channel-cbbfa53da9aeb612.rlib" "/opt/rustwide/target/debug/deps/libcrossbeam_utils-503ac2290280b93a.rlib" "/opt/rustwide/target/debug/deps/liblazy_static-591486ebcb9a7ead.rlib" "/opt/rustwide/target/debug/deps/libeither-4beac2e2abd4c5f7.rlib" "/opt/rustwide/target/debug/deps/libnum_bigint-22b3ead28bdbf2ee.rlib" "/opt/rustwide/target/debug/deps/liblog-d88d404ed4a3e8b9.rlib" "/opt/rustwide/target/debug/deps/libinfer-f1617b701983b737.rlib" "/opt/rustwide/target/debug/deps/libglob-aa3e98918aa39898.rlib" "/opt/rustwide/target/debug/deps/libfutures-bc5c8ffb5df076ff.rlib" "/opt/rustwide/target/debug/deps/libfutures_executor-52e9f67162bfb4dd.rlib" "/opt/rustwide/target/debug/deps/libfutures_util-9b8b8311c3b502dd.rlib" "/opt/rustwide/target/debug/deps/libmemchr-4fdcfd9ddfba30cb.rlib" "/opt/rustwide/target/debug/deps/libfutures_io-116bfed72b11ea9e.rlib" "/opt/rustwide/target/debug/deps/libslab-16df553d075f3057.rlib" "/opt/rustwide/target/debug/deps/libfutures_channel-b12d3100cbcad3e3.rlib" "/opt/rustwide/target/debug/deps/libpin_project_lite-cead9f5d94689600.rlib" "/opt/rustwide/target/debug/deps/libfutures_sink-05f2cb5fbc7977ea.rlib" "/opt/rustwide/target/debug/deps/libfutures_task-be5dcf70b5fcba4c.rlib" "/opt/rustwide/target/debug/deps/libpin_utils-741f7d9d160e4a16.rlib" "/opt/rustwide/target/debug/deps/libfutures_core-561ba3cced7f43f6.rlib" "/opt/rustwide/target/debug/deps/libchrono-4e742e5a179b51ce.rlib" "/opt/rustwide/target/debug/deps/libnum_integer-c21462f9d929a875.rlib" "/opt/rustwide/target/debug/deps/libnum_traits-a6410cac0a25d3f1.rlib" "/opt/rustwide/target/debug/deps/libtime-952abcabab62fb7d.rlib" "/opt/rustwide/target/debug/deps/liblibc-b44e6a28fb80319a.rlib" "/opt/rustwide/target/debug/deps/libblake3-443165fbda68be66.rlib" "/opt/rustwide/target/debug/deps/libconstant_time_eq-47127742af566368.rlib" "/opt/rustwide/target/debug/deps/libcfg_if-61dc7a6799e72b18.rlib" "/opt/rustwide/target/debug/deps/libarrayvec-e9346d0f13006eff.rlib" "/opt/rustwide/target/debug/deps/libdigest-a6f39ed179f83068.rlib" "/opt/rustwide/target/debug/deps/libsubtle-e81364e96654a740.rlib" "/opt/rustwide/target/debug/deps/libblock_buffer-3781d9a98f535c9d.rlib" "/opt/rustwide/target/debug/deps/libcrypto_common-c9d5899c325107c3.rlib" "/opt/rustwide/target/debug/deps/libgeneric_array-7c9efea01a58221e.rlib" "/opt/rustwide/target/debug/deps/libtypenum-62ca5a12b60d0fda.rlib" "/opt/rustwide/target/debug/deps/libserde-8fabdc4c15019e5d.rlib" "/opt/rustwide/target/debug/deps/libarrayref-ff686991724e9e8c.rlib" "/opt/rustwide/rustup-home/toolchains/1.75.0-x86_64-unknown-linux-gnu/lib/rustlib/x86_64-unknown-linux-gnu/lib/libstd-90f6ddbf82de36ec.rlib" "/opt/rustwide/rustup-home/toolchains/1.75.0-x86_64-unknown-linux-gnu/lib/rustlib/x86_64-unknown-linux-gnu/lib/libpanic_unwind-480c41e9d4e1f677.rlib" "/opt/rustwide/rustup-home/toolchains/1.75.0-x86_64-unknown-linux-gnu/lib/rustlib/x86_64-unknown-linux-gnu/lib/libobject-db744c0ca03eed1d.rlib" "/opt/rustwide/rustup-home/toolchains/1.75.0-x86_64-unknown-linux-gnu/lib/rustlib/x86_64-unknown-linux-gnu/lib/libmemchr-8ba652dc7d4b285a.rlib" "/opt/rustwide/rustup-home/toolchains/1.75.0-x86_64-unknown-linux-gnu/lib/rustlib/x86_64-unknown-linux-gnu/lib/libaddr2line-d5f4520a9ebc0d58.rlib" "/opt/rustwide/rustup-home/toolchains/1.75.0-x86_64-unknown-linux-gnu/lib/rustlib/x86_64-unknown-linux-gnu/lib/libgimli-4ad84de58f0cb463.rlib" "/opt/rustwide/rustup-home/toolchains/1.75.0-x86_64-unknown-linux-gnu/lib/rustlib/x86_64-unknown-linux-gnu/lib/librustc_demangle-0d10aae2e0f38735.rlib" "/opt/rustwide/rustup-home/toolchains/1.75.0-x86_64-unknown-linux-gnu/lib/rustlib/x86_64-unknown-linux-gnu/lib/libstd_detect-0c17cff739e6745b.rlib" "/opt/rustwide/rustup-home/toolchains/1.75.0-x86_64-unknown-linux-gnu/lib/rustlib/x86_64-unknown-linux-gnu/lib/libhashbrown-b29e17139dde1aa8.rlib" "/opt/rustwide/rustup-home/toolchains/1.75.0-x86_64-unknown-linux-gnu/lib/rustlib/x86_64-unknown-linux-gnu/lib/librustc_std_workspace_alloc-1f975299829cc7bd.rlib" "/opt/rustwide/rustup-home/toolchains/1.75.0-x86_64-unknown-linux-gnu/lib/rustlib/x86_64-unknown-linux-gnu/lib/libminiz_oxide-86bae3bc3079f89b.rlib" "/opt/rustwide/rustup-home/toolchains/1.75.0-x86_64-unknown-linux-gnu/lib/rustlib/x86_64-unknown-linux-gnu/lib/libadler-321b82c30dffdf5f.rlib" "/opt/rustwide/rustup-home/toolchains/1.75.0-x86_64-unknown-linux-gnu/lib/rustlib/x86_64-unknown-linux-gnu/lib/libunwind-3dd8a6810a0bdfef.rlib" "/opt/rustwide/rustup-home/toolchains/1.75.0-x86_64-unknown-linux-gnu/lib/rustlib/x86_64-unknown-linux-gnu/lib/libcfg_if-eb39a61c0c879984.rlib" "/opt/rustwide/rustup-home/toolchains/1.75.0-x86_64-unknown-linux-gnu/lib/rustlib/x86_64-unknown-linux-gnu/lib/liblibc-aa769569f91c3548.rlib" "/opt/rustwide/rustup-home/toolchains/1.75.0-x86_64-unknown-linux-gnu/lib/rustlib/x86_64-unknown-linux-gnu/lib/liballoc-510a192a50a983ed.rlib" "/opt/rustwide/rustup-home/toolchains/1.75.0-x86_64-unknown-linux-gnu/lib/rustlib/x86_64-unknown-linux-gnu/lib/librustc_std_workspace_core-0577018320f99037.rlib" "/opt/rustwide/rustup-home/toolchains/1.75.0-x86_64-unknown-linux-gnu/lib/rustlib/x86_64-unknown-linux-gnu/lib/libcore-193cf992125ccd4c.rlib" "/opt/rustwide/rustup-home/toolchains/1.75.0-x86_64-unknown-linux-gnu/lib/rustlib/x86_64-unknown-linux-gnu/lib/libcompiler_builtins-8e138eaf26ebb4a8.rlib" "-Wl,-Bdynamic" "-lssl" "-lcrypto" "-lgcc_s" "-lutil" "-lrt" "-lpthread" "-lm" "-ldl" "-lc" "-Wl,--eh-frame-hdr" "-Wl,-z,noexecstack" "-L" "/opt/rustwide/rustup-home/toolchains/1.75.0-x86_64-unknown-linux-gnu/lib/rustlib/x86_64-unknown-linux-gnu/lib" "-o" "/opt/rustwide/target/debug/examples/repo_image-400a41048269c7ef" "-Wl,--gc-sections" "-pie" "-Wl,-z,relro,-z,now" "-nodefaultlibs"
[INFO] [stdout]   = note: collect2: fatal error: ld terminated with signal 9 [Killed]
[INFO] [stdout]           compilation terminated.
[INFO] [stdout]           
[INFO] [stdout] 
[INFO] [stdout] 
[INFO] [stdout] error: aborting due to previous error
[INFO] [stdout] 
[INFO] [stdout] 
[INFO] [stderr] error: could not compile `arloader` (example "repo_image") due to 2 previous errors
[INFO] running `Command { std: "docker" "inspect" "a760c429d957762772f91f65752ed02d5c4b3a0e183977ed6fc7d2fb66747c73", kill_on_drop: false }`
[INFO] running `Command { std: "docker" "rm" "-f" "a760c429d957762772f91f65752ed02d5c4b3a0e183977ed6fc7d2fb66747c73", kill_on_drop: false }`
[INFO] [stdout] a760c429d957762772f91f65752ed02d5c4b3a0e183977ed6fc7d2fb66747c73
