[INFO] fetching crate ark-ed-on-bls12-381-bandersnatch-ext 0.4.1...
[INFO] testing ark-ed-on-bls12-381-bandersnatch-ext-0.4.1 against 1.75.0 for beta-1.76-1
[INFO] extracting crate ark-ed-on-bls12-381-bandersnatch-ext 0.4.1 into /workspace/builds/worker-2-tc1/source
[INFO] validating manifest of crates.io crate ark-ed-on-bls12-381-bandersnatch-ext 0.4.1 on toolchain 1.75.0
[INFO] running `Command { std: CARGO_HOME="/workspace/cargo-home" RUSTUP_HOME="/workspace/rustup-home" "/workspace/cargo-home/bin/cargo" "+1.75.0" "metadata" "--manifest-path" "Cargo.toml" "--no-deps", kill_on_drop: false }`
[INFO] started tweaking crates.io crate ark-ed-on-bls12-381-bandersnatch-ext 0.4.1
[INFO] finished tweaking crates.io crate ark-ed-on-bls12-381-bandersnatch-ext 0.4.1
[INFO] tweaked toml for crates.io crate ark-ed-on-bls12-381-bandersnatch-ext 0.4.1 written to /workspace/builds/worker-2-tc1/source/Cargo.toml
[INFO] running `Command { std: CARGO_HOME="/workspace/cargo-home" RUSTUP_HOME="/workspace/rustup-home" "/workspace/cargo-home/bin/cargo" "+1.75.0" "generate-lockfile" "--manifest-path" "Cargo.toml", kill_on_drop: false }`
[INFO] [stderr]     Updating crates.io index
[INFO] running `Command { std: CARGO_HOME="/workspace/cargo-home" RUSTUP_HOME="/workspace/rustup-home" "/workspace/cargo-home/bin/cargo" "+1.75.0" "fetch" "--manifest-path" "Cargo.toml", kill_on_drop: false }`
[INFO] [stderr]  Downloading crates ...
[INFO] [stderr]   Downloaded ark-ed-on-bls12-381-bandersnatch v0.4.0
[INFO] running `Command { std: "docker" "create" "-v" "/var/lib/crater-agent-workspace/builds/worker-2-tc1/target:/opt/rustwide/target:rw,Z" "-v" "/var/lib/crater-agent-workspace/builds/worker-2-tc1/source:/opt/rustwide/workdir:ro,Z" "-v" "/var/lib/crater-agent-workspace/cargo-home:/opt/rustwide/cargo-home:ro,Z" "-v" "/var/lib/crater-agent-workspace/rustup-home:/opt/rustwide/rustup-home:ro,Z" "-e" "SOURCE_DIR=/opt/rustwide/workdir" "-e" "CARGO_TARGET_DIR=/opt/rustwide/target" "-e" "CARGO_HOME=/opt/rustwide/cargo-home" "-e" "RUSTUP_HOME=/opt/rustwide/rustup-home" "-w" "/opt/rustwide/workdir" "-m" "1610612736" "--user" "0:0" "--network" "none" "ghcr.io/rust-lang/crates-build-env/linux@sha256:2788e3201cd34a07e3172128adcd8b3090168a8e3bcc40d7c032b9dda1df7d1c" "/opt/rustwide/cargo-home/bin/cargo" "+1.75.0" "metadata" "--no-deps" "--format-version=1", kill_on_drop: false }`
[INFO] [stdout] 489fb90f3a59dc5bc359fa87e34fbb6d518d5667b1a5825531255a88ae536ed0
[INFO] running `Command { std: "docker" "start" "-a" "489fb90f3a59dc5bc359fa87e34fbb6d518d5667b1a5825531255a88ae536ed0", kill_on_drop: false }`
[INFO] running `Command { std: "docker" "inspect" "489fb90f3a59dc5bc359fa87e34fbb6d518d5667b1a5825531255a88ae536ed0", kill_on_drop: false }`
[INFO] running `Command { std: "docker" "rm" "-f" "489fb90f3a59dc5bc359fa87e34fbb6d518d5667b1a5825531255a88ae536ed0", kill_on_drop: false }`
[INFO] [stdout] 489fb90f3a59dc5bc359fa87e34fbb6d518d5667b1a5825531255a88ae536ed0
[INFO] running `Command { std: "docker" "create" "-v" "/var/lib/crater-agent-workspace/builds/worker-2-tc1/target:/opt/rustwide/target:rw,Z" "-v" "/var/lib/crater-agent-workspace/builds/worker-2-tc1/source:/opt/rustwide/workdir:ro,Z" "-v" "/var/lib/crater-agent-workspace/cargo-home:/opt/rustwide/cargo-home:ro,Z" "-v" "/var/lib/crater-agent-workspace/rustup-home:/opt/rustwide/rustup-home:ro,Z" "-e" "SOURCE_DIR=/opt/rustwide/workdir" "-e" "CARGO_TARGET_DIR=/opt/rustwide/target" "-e" "CARGO_INCREMENTAL=0" "-e" "RUST_BACKTRACE=full" "-e" "RUSTFLAGS=--cap-lints=warn" "-e" "RUSTDOCFLAGS=--cap-lints=warn" "-e" "CARGO_HOME=/opt/rustwide/cargo-home" "-e" "RUSTUP_HOME=/opt/rustwide/rustup-home" "-w" "/opt/rustwide/workdir" "-m" "1610612736" "--user" "0:0" "--network" "none" "ghcr.io/rust-lang/crates-build-env/linux@sha256:2788e3201cd34a07e3172128adcd8b3090168a8e3bcc40d7c032b9dda1df7d1c" "/opt/rustwide/cargo-home/bin/cargo" "+1.75.0" "build" "--frozen" "--message-format=json", kill_on_drop: false }`
[INFO] [stdout] f662305135051a306373dff605b6ea8f6788704e42d5af8d97cf9e871edffcc2
[INFO] running `Command { std: "docker" "start" "-a" "f662305135051a306373dff605b6ea8f6788704e42d5af8d97cf9e871edffcc2", kill_on_drop: false }`
[INFO] [stderr]    Compiling num-traits v0.2.17
[INFO] [stderr]    Compiling syn v1.0.109
[INFO] [stderr]    Compiling num-bigint v0.4.4
[INFO] [stderr]    Compiling ppv-lite86 v0.2.17
[INFO] [stderr]    Compiling rand_core v0.6.4
[INFO] [stderr]    Compiling paste v1.0.14
[INFO] [stderr]    Compiling zerocopy v0.7.32
[INFO] [stderr]    Compiling ahash v0.8.7
[INFO] [stderr]    Compiling once_cell v1.19.0
[INFO] [stderr]    Compiling itertools v0.10.5
[INFO] [stderr]    Compiling syn v2.0.48
[INFO] [stderr]    Compiling crypto-common v0.1.6
[INFO] [stderr]    Compiling digest v0.10.7
[INFO] [stderr]    Compiling rand_chacha v0.3.1
[INFO] [stderr]    Compiling rand v0.8.5
[INFO] [stderr]    Compiling hashbrown v0.13.2
[INFO] [stderr]    Compiling num-integer v0.1.45
[INFO] [stderr]    Compiling ark-std v0.4.0
[INFO] [stderr]    Compiling zeroize_derive v1.4.2
[INFO] [stderr]    Compiling ark-serialize-derive v0.4.2
[INFO] [stderr]    Compiling derivative v2.2.0
[INFO] [stderr]    Compiling ark-ff-macros v0.4.2
[INFO] [stderr]    Compiling ark-ff-asm v0.4.2
[INFO] [stderr]    Compiling zeroize v1.7.0
[INFO] [stderr]    Compiling ark-serialize v0.4.2
[INFO] [stderr]    Compiling ark-ff v0.4.2
[INFO] [stderr]    Compiling ark-poly v0.4.2
[INFO] [stderr]    Compiling ark-ec v0.4.2
[INFO] [stderr]    Compiling ark-bls12-381 v0.4.0
[INFO] [stderr]    Compiling ark-models-ext v0.4.1
[INFO] [stderr]    Compiling ark-ed-on-bls12-381-bandersnatch v0.4.0
[INFO] [stderr]    Compiling ark-ed-on-bls12-381-bandersnatch-ext v0.4.1 (/opt/rustwide/workdir)
[INFO] [stderr]     Finished dev [unoptimized + debuginfo] target(s) in 11.90s
[INFO] running `Command { std: "docker" "inspect" "f662305135051a306373dff605b6ea8f6788704e42d5af8d97cf9e871edffcc2", kill_on_drop: false }`
[INFO] running `Command { std: "docker" "rm" "-f" "f662305135051a306373dff605b6ea8f6788704e42d5af8d97cf9e871edffcc2", kill_on_drop: false }`
[INFO] [stdout] f662305135051a306373dff605b6ea8f6788704e42d5af8d97cf9e871edffcc2
[INFO] running `Command { std: "docker" "create" "-v" "/var/lib/crater-agent-workspace/builds/worker-2-tc1/target:/opt/rustwide/target:rw,Z" "-v" "/var/lib/crater-agent-workspace/builds/worker-2-tc1/source:/opt/rustwide/workdir:ro,Z" "-v" "/var/lib/crater-agent-workspace/cargo-home:/opt/rustwide/cargo-home:ro,Z" "-v" "/var/lib/crater-agent-workspace/rustup-home:/opt/rustwide/rustup-home:ro,Z" "-e" "SOURCE_DIR=/opt/rustwide/workdir" "-e" "CARGO_TARGET_DIR=/opt/rustwide/target" "-e" "CARGO_INCREMENTAL=0" "-e" "RUST_BACKTRACE=full" "-e" "RUSTFLAGS=--cap-lints=warn" "-e" "RUSTDOCFLAGS=--cap-lints=warn" "-e" "CARGO_HOME=/opt/rustwide/cargo-home" "-e" "RUSTUP_HOME=/opt/rustwide/rustup-home" "-w" "/opt/rustwide/workdir" "-m" "1610612736" "--user" "0:0" "--network" "none" "ghcr.io/rust-lang/crates-build-env/linux@sha256:2788e3201cd34a07e3172128adcd8b3090168a8e3bcc40d7c032b9dda1df7d1c" "/opt/rustwide/cargo-home/bin/cargo" "+1.75.0" "test" "--frozen" "--no-run" "--message-format=json", kill_on_drop: false }`
[INFO] [stdout] 954620c0fcbdc990a47bba2fd97f7edb93e1a02a6332815442e407fd3b19d737
[INFO] running `Command { std: "docker" "start" "-a" "954620c0fcbdc990a47bba2fd97f7edb93e1a02a6332815442e407fd3b19d737", kill_on_drop: false }`
[INFO] [stderr]    Compiling serde v1.0.194
[INFO] [stderr]    Compiling serde_derive v1.0.194
[INFO] [stderr]    Compiling digest v0.10.7
[INFO] [stderr]    Compiling ark-serialize v0.4.2
[INFO] [stderr]    Compiling sha2 v0.10.8
[INFO] [stderr]    Compiling ark-ff v0.4.2
[INFO] [stderr]    Compiling serde_json v1.0.111
[INFO] [stderr]    Compiling ark-poly v0.4.2
[INFO] [stderr]    Compiling ark-ec v0.4.2
[INFO] [stderr]    Compiling ark-bls12-381 v0.4.0
[INFO] [stderr]    Compiling ark-models-ext v0.4.1
[INFO] [stderr]    Compiling ark-algebra-test-templates v0.4.2
[INFO] [stderr]    Compiling ark-ed-on-bls12-381-bandersnatch v0.4.0
[INFO] [stderr]    Compiling ark-ed-on-bls12-381-bandersnatch-ext v0.4.1 (/opt/rustwide/workdir)
[INFO] [stdout] error[E0433]: failed to resolve: use of undeclared crate or module `test_utils`
[INFO] [stdout]   --> src/curves/tests.rs:20:9
[INFO] [stdout]    |
[INFO] [stdout] 20 |         test_utils::msm_te_generic::<Config, ArkConfig>(bases, scalars)
[INFO] [stdout]    |         ^^^^^^^^^^ use of undeclared crate or module `test_utils`
[INFO] [stdout] 
[INFO] [stdout] 
[INFO] [stdout] error[E0433]: failed to resolve: use of undeclared crate or module `test_utils`
[INFO] [stdout]   --> src/curves/tests.rs:27:9
[INFO] [stdout]    |
[INFO] [stdout] 27 |         test_utils::mul_projective_te_generic::<Config, ArkConfig>(base, scalar)
[INFO] [stdout]    |         ^^^^^^^^^^ use of undeclared crate or module `test_utils`
[INFO] [stdout] 
[INFO] [stdout] 
[INFO] [stdout] error[E0433]: failed to resolve: use of undeclared crate or module `test_utils`
[INFO] [stdout]   --> src/curves/tests.rs:34:9
[INFO] [stdout]    |
[INFO] [stdout] 34 |         test_utils::msm_sw_generic::<Config, ArkConfig>(bases, scalars)
[INFO] [stdout]    |         ^^^^^^^^^^ use of undeclared crate or module `test_utils`
[INFO] [stdout] 
[INFO] [stdout] 
[INFO] [stdout] error[E0433]: failed to resolve: use of undeclared crate or module `test_utils`
[INFO] [stdout]   --> src/curves/tests.rs:41:9
[INFO] [stdout]    |
[INFO] [stdout] 41 |         test_utils::mul_projective_sw_generic::<Config, ArkConfig>(base, scalar)
[INFO] [stdout]    |         ^^^^^^^^^^ use of undeclared crate or module `test_utils`
[INFO] [stdout] 
[INFO] [stdout] 
[INFO] [stdout] error: aborting due to 4 previous errors
[INFO] [stdout] 
[INFO] [stdout] 
[INFO] [stdout] For more information about this error, try `rustc --explain E0433`.
[INFO] [stdout] 
[INFO] [stderr] error: could not compile `ark-ed-on-bls12-381-bandersnatch-ext` (lib test) due to 5 previous errors
[INFO] [stderr] warning: build failed, waiting for other jobs to finish...
[INFO] running `Command { std: "docker" "inspect" "954620c0fcbdc990a47bba2fd97f7edb93e1a02a6332815442e407fd3b19d737", kill_on_drop: false }`
[INFO] running `Command { std: "docker" "rm" "-f" "954620c0fcbdc990a47bba2fd97f7edb93e1a02a6332815442e407fd3b19d737", kill_on_drop: false }`
[INFO] [stdout] 954620c0fcbdc990a47bba2fd97f7edb93e1a02a6332815442e407fd3b19d737
[INFO] testing ark-ed-on-bls12-381-bandersnatch-ext-0.4.1 against beta-2023-12-22 for beta-1.76-1
[INFO] extracting crate ark-ed-on-bls12-381-bandersnatch-ext 0.4.1 into /workspace/builds/worker-2-tc2/source
[INFO] validating manifest of crates.io crate ark-ed-on-bls12-381-bandersnatch-ext 0.4.1 on toolchain beta-2023-12-22
[INFO] running `Command { std: CARGO_HOME="/workspace/cargo-home" RUSTUP_HOME="/workspace/rustup-home" "/workspace/cargo-home/bin/cargo" "+beta-2023-12-22" "metadata" "--manifest-path" "Cargo.toml" "--no-deps", kill_on_drop: false }`
[INFO] started tweaking crates.io crate ark-ed-on-bls12-381-bandersnatch-ext 0.4.1
[INFO] finished tweaking crates.io crate ark-ed-on-bls12-381-bandersnatch-ext 0.4.1
[INFO] tweaked toml for crates.io crate ark-ed-on-bls12-381-bandersnatch-ext 0.4.1 written to /workspace/builds/worker-2-tc2/source/Cargo.toml
[INFO] running `Command { std: CARGO_HOME="/workspace/cargo-home" RUSTUP_HOME="/workspace/rustup-home" "/workspace/cargo-home/bin/cargo" "+beta-2023-12-22" "generate-lockfile" "--manifest-path" "Cargo.toml", kill_on_drop: false }`
[INFO] [stderr]     Blocking waiting for file lock on package cache
[INFO] [stderr]     Updating crates.io index
[INFO] running `Command { std: CARGO_HOME="/workspace/cargo-home" RUSTUP_HOME="/workspace/rustup-home" "/workspace/cargo-home/bin/cargo" "+beta-2023-12-22" "fetch" "--manifest-path" "Cargo.toml", kill_on_drop: false }`
[INFO] running `Command { std: "docker" "create" "-v" "/var/lib/crater-agent-workspace/builds/worker-2-tc2/target:/opt/rustwide/target:rw,Z" "-v" "/var/lib/crater-agent-workspace/builds/worker-2-tc2/source:/opt/rustwide/workdir:ro,Z" "-v" "/var/lib/crater-agent-workspace/cargo-home:/opt/rustwide/cargo-home:ro,Z" "-v" "/var/lib/crater-agent-workspace/rustup-home:/opt/rustwide/rustup-home:ro,Z" "-e" "SOURCE_DIR=/opt/rustwide/workdir" "-e" "CARGO_TARGET_DIR=/opt/rustwide/target" "-e" "CARGO_HOME=/opt/rustwide/cargo-home" "-e" "RUSTUP_HOME=/opt/rustwide/rustup-home" "-w" "/opt/rustwide/workdir" "-m" "1610612736" "--user" "0:0" "--network" "none" "ghcr.io/rust-lang/crates-build-env/linux@sha256:2788e3201cd34a07e3172128adcd8b3090168a8e3bcc40d7c032b9dda1df7d1c" "/opt/rustwide/cargo-home/bin/cargo" "+beta-2023-12-22" "metadata" "--no-deps" "--format-version=1", kill_on_drop: false }`
[INFO] [stdout] 13acf18bda605ea51ade0e11faf3080f88568344fe77fdc929da35eddc42beb1
[INFO] running `Command { std: "docker" "start" "-a" "13acf18bda605ea51ade0e11faf3080f88568344fe77fdc929da35eddc42beb1", kill_on_drop: false }`
[INFO] running `Command { std: "docker" "inspect" "13acf18bda605ea51ade0e11faf3080f88568344fe77fdc929da35eddc42beb1", kill_on_drop: false }`
[INFO] running `Command { std: "docker" "rm" "-f" "13acf18bda605ea51ade0e11faf3080f88568344fe77fdc929da35eddc42beb1", kill_on_drop: false }`
[INFO] [stdout] 13acf18bda605ea51ade0e11faf3080f88568344fe77fdc929da35eddc42beb1
[INFO] running `Command { std: "docker" "create" "-v" "/var/lib/crater-agent-workspace/builds/worker-2-tc2/target:/opt/rustwide/target:rw,Z" "-v" "/var/lib/crater-agent-workspace/builds/worker-2-tc2/source:/opt/rustwide/workdir:ro,Z" "-v" "/var/lib/crater-agent-workspace/cargo-home:/opt/rustwide/cargo-home:ro,Z" "-v" "/var/lib/crater-agent-workspace/rustup-home:/opt/rustwide/rustup-home:ro,Z" "-e" "SOURCE_DIR=/opt/rustwide/workdir" "-e" "CARGO_TARGET_DIR=/opt/rustwide/target" "-e" "CARGO_INCREMENTAL=0" "-e" "RUST_BACKTRACE=full" "-e" "RUSTFLAGS=--cap-lints=warn" "-e" "RUSTDOCFLAGS=--cap-lints=warn" "-e" "CARGO_HOME=/opt/rustwide/cargo-home" "-e" "RUSTUP_HOME=/opt/rustwide/rustup-home" "-w" "/opt/rustwide/workdir" "-m" "1610612736" "--user" "0:0" "--network" "none" "ghcr.io/rust-lang/crates-build-env/linux@sha256:2788e3201cd34a07e3172128adcd8b3090168a8e3bcc40d7c032b9dda1df7d1c" "/opt/rustwide/cargo-home/bin/cargo" "+beta-2023-12-22" "build" "--frozen" "--message-format=json", kill_on_drop: false }`
[INFO] [stdout] 365169a7bb5511830578c351f0c0275c766a0b14426c91f050cc090e0a3315a4
[INFO] running `Command { std: "docker" "start" "-a" "365169a7bb5511830578c351f0c0275c766a0b14426c91f050cc090e0a3315a4", kill_on_drop: false }`
[INFO] [stderr]    Compiling num-traits v0.2.17
[INFO] [stderr]    Compiling syn v1.0.109
[INFO] [stderr]    Compiling num-bigint v0.4.4
[INFO] [stderr]    Compiling ppv-lite86 v0.2.17
[INFO] [stderr]    Compiling rand_core v0.6.4
[INFO] [stderr]    Compiling ahash v0.8.7
[INFO] [stderr]    Compiling paste v1.0.14
[INFO] [stderr]    Compiling zerocopy v0.7.32
[INFO] [stderr]    Compiling once_cell v1.19.0
[INFO] [stderr]    Compiling itertools v0.10.5
[INFO] [stderr]    Compiling syn v2.0.48
[INFO] [stderr]    Compiling crypto-common v0.1.6
[INFO] [stderr]    Compiling digest v0.10.7
[INFO] [stderr]    Compiling rand_chacha v0.3.1
[INFO] [stderr]    Compiling rand v0.8.5
[INFO] [stderr]    Compiling hashbrown v0.13.2
[INFO] [stderr]    Compiling num-integer v0.1.45
[INFO] [stderr]    Compiling ark-std v0.4.0
[INFO] [stderr]    Compiling zeroize_derive v1.4.2
[INFO] [stderr]    Compiling ark-serialize-derive v0.4.2
[INFO] [stderr]    Compiling ark-ff-macros v0.4.2
[INFO] [stderr]    Compiling ark-ff-asm v0.4.2
[INFO] [stderr]    Compiling derivative v2.2.0
[INFO] [stderr]    Compiling zeroize v1.7.0
[INFO] [stderr]    Compiling ark-serialize v0.4.2
[INFO] [stderr]    Compiling ark-ff v0.4.2
[INFO] [stderr]    Compiling ark-poly v0.4.2
[INFO] [stderr]    Compiling ark-ec v0.4.2
[INFO] [stderr]    Compiling ark-bls12-381 v0.4.0
[INFO] [stderr]    Compiling ark-models-ext v0.4.1
[INFO] [stderr]    Compiling ark-ed-on-bls12-381-bandersnatch v0.4.0
[INFO] [stderr]    Compiling ark-ed-on-bls12-381-bandersnatch-ext v0.4.1 (/opt/rustwide/workdir)
[INFO] [stderr]     Finished dev [unoptimized + debuginfo] target(s) in 12.49s
[INFO] running `Command { std: "docker" "inspect" "365169a7bb5511830578c351f0c0275c766a0b14426c91f050cc090e0a3315a4", kill_on_drop: false }`
[INFO] running `Command { std: "docker" "rm" "-f" "365169a7bb5511830578c351f0c0275c766a0b14426c91f050cc090e0a3315a4", kill_on_drop: false }`
[INFO] [stdout] 365169a7bb5511830578c351f0c0275c766a0b14426c91f050cc090e0a3315a4
[INFO] running `Command { std: "docker" "create" "-v" "/var/lib/crater-agent-workspace/builds/worker-2-tc2/target:/opt/rustwide/target:rw,Z" "-v" "/var/lib/crater-agent-workspace/builds/worker-2-tc2/source:/opt/rustwide/workdir:ro,Z" "-v" "/var/lib/crater-agent-workspace/cargo-home:/opt/rustwide/cargo-home:ro,Z" "-v" "/var/lib/crater-agent-workspace/rustup-home:/opt/rustwide/rustup-home:ro,Z" "-e" "SOURCE_DIR=/opt/rustwide/workdir" "-e" "CARGO_TARGET_DIR=/opt/rustwide/target" "-e" "CARGO_INCREMENTAL=0" "-e" "RUST_BACKTRACE=full" "-e" "RUSTFLAGS=--cap-lints=warn" "-e" "RUSTDOCFLAGS=--cap-lints=warn" "-e" "CARGO_HOME=/opt/rustwide/cargo-home" "-e" "RUSTUP_HOME=/opt/rustwide/rustup-home" "-w" "/opt/rustwide/workdir" "-m" "1610612736" "--user" "0:0" "--network" "none" "ghcr.io/rust-lang/crates-build-env/linux@sha256:2788e3201cd34a07e3172128adcd8b3090168a8e3bcc40d7c032b9dda1df7d1c" "/opt/rustwide/cargo-home/bin/cargo" "+beta-2023-12-22" "test" "--frozen" "--no-run" "--message-format=json", kill_on_drop: false }`
[INFO] [stdout] 0ede7f25020ab3c93adfd1e7502d5304327654fe6fa75117129a67dc09604cc0
[INFO] running `Command { std: "docker" "start" "-a" "0ede7f25020ab3c93adfd1e7502d5304327654fe6fa75117129a67dc09604cc0", kill_on_drop: false }`
[INFO] [stderr]    Compiling serde v1.0.194
[INFO] [stderr]    Compiling serde_derive v1.0.194
[INFO] [stderr]    Compiling digest v0.10.7
[INFO] [stderr]    Compiling ark-serialize v0.4.2
[INFO] [stderr]    Compiling sha2 v0.10.8
[INFO] [stderr]    Compiling ark-ff v0.4.2
[INFO] [stderr]    Compiling serde_json v1.0.111
[INFO] [stderr]    Compiling ark-poly v0.4.2
[INFO] [stderr]    Compiling ark-ec v0.4.2
[INFO] [stderr]    Compiling ark-bls12-381 v0.4.0
[INFO] [stderr]    Compiling ark-models-ext v0.4.1
[INFO] [stderr]    Compiling ark-algebra-test-templates v0.4.2
[INFO] [stderr]    Compiling ark-ed-on-bls12-381-bandersnatch v0.4.0
[INFO] [stderr]    Compiling ark-ed-on-bls12-381-bandersnatch-ext v0.4.1 (/opt/rustwide/workdir)
[INFO] [stdout] error[E0433]: failed to resolve: use of undeclared crate or module `test_utils`
[INFO] [stdout]   --> src/curves/tests.rs:20:9
[INFO] [stdout]    |
[INFO] [stdout] 20 |         test_utils::msm_te_generic::<Config, ArkConfig>(bases, scalars)
[INFO] [stdout]    |         ^^^^^^^^^^ use of undeclared crate or module `test_utils`
[INFO] [stdout] 
[INFO] [stdout] 
[INFO] [stdout] error[E0433]: failed to resolve: use of undeclared crate or module `test_utils`
[INFO] [stdout]   --> src/curves/tests.rs:27:9
[INFO] [stdout]    |
[INFO] [stdout] 27 |         test_utils::mul_projective_te_generic::<Config, ArkConfig>(base, scalar)
[INFO] [stdout]    |         ^^^^^^^^^^ use of undeclared crate or module `test_utils`
[INFO] [stdout] 
[INFO] [stdout] 
[INFO] [stdout] error[E0433]: failed to resolve: use of undeclared crate or module `test_utils`
[INFO] [stdout]   --> src/curves/tests.rs:34:9
[INFO] [stdout]    |
[INFO] [stdout] 34 |         test_utils::msm_sw_generic::<Config, ArkConfig>(bases, scalars)
[INFO] [stdout]    |         ^^^^^^^^^^ use of undeclared crate or module `test_utils`
[INFO] [stdout] 
[INFO] [stdout] 
[INFO] [stdout] error[E0433]: failed to resolve: use of undeclared crate or module `test_utils`
[INFO] [stdout]   --> src/curves/tests.rs:41:9
[INFO] [stdout]    |
[INFO] [stdout] 41 |         test_utils::mul_projective_sw_generic::<Config, ArkConfig>(base, scalar)
[INFO] [stdout]    |         ^^^^^^^^^^ use of undeclared crate or module `test_utils`
[INFO] [stdout] 
[INFO] [stdout] 
[INFO] [stdout] error: aborting due to 4 previous errors
[INFO] [stdout] 
[INFO] [stdout] 
[INFO] [stdout] For more information about this error, try `rustc --explain E0433`.
[INFO] [stdout] 
[INFO] [stderr] error: could not compile `ark-ed-on-bls12-381-bandersnatch-ext` (lib test) due to 5 previous errors
[INFO] [stderr] warning: build failed, waiting for other jobs to finish...
[INFO] running `Command { std: "docker" "inspect" "0ede7f25020ab3c93adfd1e7502d5304327654fe6fa75117129a67dc09604cc0", kill_on_drop: false }`
[INFO] running `Command { std: "docker" "rm" "-f" "0ede7f25020ab3c93adfd1e7502d5304327654fe6fa75117129a67dc09604cc0", kill_on_drop: false }`
[INFO] [stdout] 0ede7f25020ab3c93adfd1e7502d5304327654fe6fa75117129a67dc09604cc0
