[INFO] fetching crate ark-bw6-761-ext 0.4.1...
[INFO] testing ark-bw6-761-ext-0.4.1 against 1.75.0 for beta-1.76-1
[INFO] extracting crate ark-bw6-761-ext 0.4.1 into /workspace/builds/worker-1-tc1/source
[INFO] validating manifest of crates.io crate ark-bw6-761-ext 0.4.1 on toolchain 1.75.0
[INFO] running `Command { std: CARGO_HOME="/workspace/cargo-home" RUSTUP_HOME="/workspace/rustup-home" "/workspace/cargo-home/bin/cargo" "+1.75.0" "metadata" "--manifest-path" "Cargo.toml" "--no-deps", kill_on_drop: false }`
[INFO] started tweaking crates.io crate ark-bw6-761-ext 0.4.1
[INFO] finished tweaking crates.io crate ark-bw6-761-ext 0.4.1
[INFO] tweaked toml for crates.io crate ark-bw6-761-ext 0.4.1 written to /workspace/builds/worker-1-tc1/source/Cargo.toml
[INFO] running `Command { std: CARGO_HOME="/workspace/cargo-home" RUSTUP_HOME="/workspace/rustup-home" "/workspace/cargo-home/bin/cargo" "+1.75.0" "generate-lockfile" "--manifest-path" "Cargo.toml", kill_on_drop: false }`
[INFO] [stderr]     Updating crates.io index
[INFO] running `Command { std: CARGO_HOME="/workspace/cargo-home" RUSTUP_HOME="/workspace/rustup-home" "/workspace/cargo-home/bin/cargo" "+1.75.0" "fetch" "--manifest-path" "Cargo.toml", kill_on_drop: false }`
[INFO] [stderr]  Downloading crates ...
[INFO] [stderr]   Downloaded zeroize_derive v1.4.2
[INFO] [stderr]   Downloaded ark-ff-asm v0.4.2
[INFO] [stderr]   Downloaded ark-bw6-761 v0.4.0
[INFO] [stderr]   Downloaded ark-std v0.4.0
[INFO] [stderr]   Downloaded ark-models-ext v0.4.1
[INFO] [stderr]   Downloaded ark-serialize-derive v0.4.2
[INFO] [stderr]   Downloaded ark-algebra-test-templates v0.4.2
[INFO] [stderr]   Downloaded ark-serialize v0.4.2
[INFO] [stderr]   Downloaded ark-ff v0.4.2
[INFO] [stderr]   Downloaded derivative v2.2.0
[INFO] [stderr]   Downloaded ark-bls12-377 v0.4.0
[INFO] [stderr]   Downloaded ark-ec v0.4.2
[INFO] [stderr]   Downloaded ark-ff-macros v0.4.2
[INFO] [stderr]   Downloaded hashbrown v0.13.2
[INFO] [stderr]   Downloaded ark-poly v0.4.2
[INFO] running `Command { std: "docker" "create" "-v" "/var/lib/crater-agent-workspace/builds/worker-1-tc1/target:/opt/rustwide/target:rw,Z" "-v" "/var/lib/crater-agent-workspace/builds/worker-1-tc1/source:/opt/rustwide/workdir:ro,Z" "-v" "/var/lib/crater-agent-workspace/cargo-home:/opt/rustwide/cargo-home:ro,Z" "-v" "/var/lib/crater-agent-workspace/rustup-home:/opt/rustwide/rustup-home:ro,Z" "-e" "SOURCE_DIR=/opt/rustwide/workdir" "-e" "CARGO_TARGET_DIR=/opt/rustwide/target" "-e" "CARGO_HOME=/opt/rustwide/cargo-home" "-e" "RUSTUP_HOME=/opt/rustwide/rustup-home" "-w" "/opt/rustwide/workdir" "-m" "1610612736" "--user" "0:0" "--network" "none" "ghcr.io/rust-lang/crates-build-env/linux@sha256:2788e3201cd34a07e3172128adcd8b3090168a8e3bcc40d7c032b9dda1df7d1c" "/opt/rustwide/cargo-home/bin/cargo" "+1.75.0" "metadata" "--no-deps" "--format-version=1", kill_on_drop: false }`
[INFO] [stdout] 0a5c081b77ae6ca3971edaae13dfaa4d81b09307e07f42346f3b0f8cbc40e605
[INFO] running `Command { std: "docker" "start" "-a" "0a5c081b77ae6ca3971edaae13dfaa4d81b09307e07f42346f3b0f8cbc40e605", kill_on_drop: false }`
[INFO] running `Command { std: "docker" "inspect" "0a5c081b77ae6ca3971edaae13dfaa4d81b09307e07f42346f3b0f8cbc40e605", kill_on_drop: false }`
[INFO] running `Command { std: "docker" "rm" "-f" "0a5c081b77ae6ca3971edaae13dfaa4d81b09307e07f42346f3b0f8cbc40e605", kill_on_drop: false }`
[INFO] [stdout] 0a5c081b77ae6ca3971edaae13dfaa4d81b09307e07f42346f3b0f8cbc40e605
[INFO] running `Command { std: "docker" "create" "-v" "/var/lib/crater-agent-workspace/builds/worker-1-tc1/target:/opt/rustwide/target:rw,Z" "-v" "/var/lib/crater-agent-workspace/builds/worker-1-tc1/source:/opt/rustwide/workdir:ro,Z" "-v" "/var/lib/crater-agent-workspace/cargo-home:/opt/rustwide/cargo-home:ro,Z" "-v" "/var/lib/crater-agent-workspace/rustup-home:/opt/rustwide/rustup-home:ro,Z" "-e" "SOURCE_DIR=/opt/rustwide/workdir" "-e" "CARGO_TARGET_DIR=/opt/rustwide/target" "-e" "CARGO_INCREMENTAL=0" "-e" "RUST_BACKTRACE=full" "-e" "RUSTFLAGS=--cap-lints=warn" "-e" "RUSTDOCFLAGS=--cap-lints=warn" "-e" "CARGO_HOME=/opt/rustwide/cargo-home" "-e" "RUSTUP_HOME=/opt/rustwide/rustup-home" "-w" "/opt/rustwide/workdir" "-m" "1610612736" "--user" "0:0" "--network" "none" "ghcr.io/rust-lang/crates-build-env/linux@sha256:2788e3201cd34a07e3172128adcd8b3090168a8e3bcc40d7c032b9dda1df7d1c" "/opt/rustwide/cargo-home/bin/cargo" "+1.75.0" "build" "--frozen" "--message-format=json", kill_on_drop: false }`
[INFO] [stdout] d4a8ea6af4a18a3adc6c59de9b1cfde0a1ba825ce408381eb9d4a95606934822
[INFO] running `Command { std: "docker" "start" "-a" "d4a8ea6af4a18a3adc6c59de9b1cfde0a1ba825ce408381eb9d4a95606934822", kill_on_drop: false }`
[INFO] [stderr]    Compiling num-traits v0.2.17
[INFO] [stderr]    Compiling syn v1.0.109
[INFO] [stderr]    Compiling num-integer v0.1.45
[INFO] [stderr]    Compiling num-bigint v0.4.4
[INFO] [stderr]    Compiling ppv-lite86 v0.2.17
[INFO] [stderr]    Compiling rand_core v0.6.4
[INFO] [stderr]    Compiling syn v2.0.48
[INFO] [stderr]    Compiling crypto-common v0.1.6
[INFO] [stderr]    Compiling ahash v0.8.7
[INFO] [stderr]    Compiling digest v0.10.7
[INFO] [stderr]    Compiling zerocopy v0.7.32
[INFO] [stderr]    Compiling once_cell v1.19.0
[INFO] [stderr]    Compiling either v1.9.0
[INFO] [stderr]    Compiling rand_chacha v0.3.1
[INFO] [stderr]    Compiling itertools v0.10.5
[INFO] [stderr]    Compiling rand v0.8.5
[INFO] [stderr]    Compiling hashbrown v0.13.2
[INFO] [stderr]    Compiling ark-std v0.4.0
[INFO] [stderr]    Compiling zeroize_derive v1.4.2
[INFO] [stderr]    Compiling ark-serialize-derive v0.4.2
[INFO] [stderr]    Compiling ark-ff-macros v0.4.2
[INFO] [stderr]    Compiling ark-ff-asm v0.4.2
[INFO] [stderr]    Compiling derivative v2.2.0
[INFO] [stderr]    Compiling zeroize v1.7.0
[INFO] [stderr]    Compiling ark-serialize v0.4.2
[INFO] [stderr]    Compiling ark-ff v0.4.2
[INFO] [stderr]    Compiling ark-poly v0.4.2
[INFO] [stderr]    Compiling ark-ec v0.4.2
[INFO] [stderr]    Compiling ark-bls12-377 v0.4.0
[INFO] [stderr]    Compiling ark-models-ext v0.4.1
[INFO] [stderr]    Compiling ark-bw6-761 v0.4.0
[INFO] [stderr]    Compiling ark-bw6-761-ext v0.4.1 (/opt/rustwide/workdir)
[INFO] [stderr]     Finished dev [unoptimized + debuginfo] target(s) in 16.51s
[INFO] running `Command { std: "docker" "inspect" "d4a8ea6af4a18a3adc6c59de9b1cfde0a1ba825ce408381eb9d4a95606934822", kill_on_drop: false }`
[INFO] running `Command { std: "docker" "rm" "-f" "d4a8ea6af4a18a3adc6c59de9b1cfde0a1ba825ce408381eb9d4a95606934822", kill_on_drop: false }`
[INFO] [stdout] d4a8ea6af4a18a3adc6c59de9b1cfde0a1ba825ce408381eb9d4a95606934822
[INFO] running `Command { std: "docker" "create" "-v" "/var/lib/crater-agent-workspace/builds/worker-1-tc1/target:/opt/rustwide/target:rw,Z" "-v" "/var/lib/crater-agent-workspace/builds/worker-1-tc1/source:/opt/rustwide/workdir:ro,Z" "-v" "/var/lib/crater-agent-workspace/cargo-home:/opt/rustwide/cargo-home:ro,Z" "-v" "/var/lib/crater-agent-workspace/rustup-home:/opt/rustwide/rustup-home:ro,Z" "-e" "SOURCE_DIR=/opt/rustwide/workdir" "-e" "CARGO_TARGET_DIR=/opt/rustwide/target" "-e" "CARGO_INCREMENTAL=0" "-e" "RUST_BACKTRACE=full" "-e" "RUSTFLAGS=--cap-lints=warn" "-e" "RUSTDOCFLAGS=--cap-lints=warn" "-e" "CARGO_HOME=/opt/rustwide/cargo-home" "-e" "RUSTUP_HOME=/opt/rustwide/rustup-home" "-w" "/opt/rustwide/workdir" "-m" "1610612736" "--user" "0:0" "--network" "none" "ghcr.io/rust-lang/crates-build-env/linux@sha256:2788e3201cd34a07e3172128adcd8b3090168a8e3bcc40d7c032b9dda1df7d1c" "/opt/rustwide/cargo-home/bin/cargo" "+1.75.0" "test" "--frozen" "--no-run" "--message-format=json", kill_on_drop: false }`
[INFO] [stdout] 14013a84e86a0fd9da1d1a807c282038c1f676e13f26c17d92a7ca31dec30b8e
[INFO] running `Command { std: "docker" "start" "-a" "14013a84e86a0fd9da1d1a807c282038c1f676e13f26c17d92a7ca31dec30b8e", kill_on_drop: false }`
[INFO] [stderr]    Compiling digest v0.10.7
[INFO] [stderr]    Compiling serde_derive v1.0.194
[INFO] [stderr]    Compiling serde_json v1.0.111
[INFO] [stderr]    Compiling ark-serialize v0.4.2
[INFO] [stderr]    Compiling sha2 v0.10.8
[INFO] [stderr]    Compiling ark-ff v0.4.2
[INFO] [stderr]    Compiling ark-poly v0.4.2
[INFO] [stderr]    Compiling ark-ec v0.4.2
[INFO] [stderr]    Compiling ark-bls12-377 v0.4.0
[INFO] [stderr]    Compiling ark-models-ext v0.4.1
[INFO] [stderr]    Compiling ark-algebra-test-templates v0.4.2
[INFO] [stderr]    Compiling ark-bw6-761 v0.4.0
[INFO] [stderr]    Compiling ark-bw6-761-ext v0.4.1 (/opt/rustwide/workdir)
[INFO] [stdout] error[E0433]: failed to resolve: use of undeclared crate or module `test_utils`
[INFO] [stdout]   --> src/curves/tests.rs:25:9
[INFO] [stdout]    |
[INFO] [stdout] 25 |         test_utils::multi_miller_loop_generic::<BW6_761, ArkBW6_761>(g1, g2)
[INFO] [stdout]    |         ^^^^^^^^^^ use of undeclared crate or module `test_utils`
[INFO] [stdout] 
[INFO] [stdout] 
[INFO] [stdout] error[E0433]: failed to resolve: use of undeclared crate or module `test_utils`
[INFO] [stdout]   --> src/curves/tests.rs:31:9
[INFO] [stdout]    |
[INFO] [stdout] 31 |         test_utils::final_exponentiation_generic::<BW6_761, ArkBW6_761>(target)
[INFO] [stdout]    |         ^^^^^^^^^^ use of undeclared crate or module `test_utils`
[INFO] [stdout] 
[INFO] [stdout] 
[INFO] [stdout] error[E0433]: failed to resolve: use of undeclared crate or module `test_utils`
[INFO] [stdout]   --> src/curves/tests.rs:38:9
[INFO] [stdout]    |
[INFO] [stdout] 38 |         test_utils::msm_sw_generic::<G1Config, ArkG1Config>(bases, scalars)
[INFO] [stdout]    |         ^^^^^^^^^^ use of undeclared crate or module `test_utils`
[INFO] [stdout] 
[INFO] [stdout] 
[INFO] [stdout] error[E0433]: failed to resolve: use of undeclared crate or module `test_utils`
[INFO] [stdout]   --> src/curves/tests.rs:45:9
[INFO] [stdout]    |
[INFO] [stdout] 45 |         test_utils::msm_sw_generic::<G2Config, ArkG2Config>(bases, scalars)
[INFO] [stdout]    |         ^^^^^^^^^^ use of undeclared crate or module `test_utils`
[INFO] [stdout] 
[INFO] [stdout] 
[INFO] [stdout] error[E0433]: failed to resolve: use of undeclared crate or module `test_utils`
[INFO] [stdout]   --> src/curves/tests.rs:49:9
[INFO] [stdout]    |
[INFO] [stdout] 49 |         test_utils::mul_projective_sw_generic::<G1Config, ArkG1Config>(base, scalar)
[INFO] [stdout]    |         ^^^^^^^^^^ use of undeclared crate or module `test_utils`
[INFO] [stdout] 
[INFO] [stdout] 
[INFO] [stdout] error[E0433]: failed to resolve: use of undeclared crate or module `test_utils`
[INFO] [stdout]   --> src/curves/tests.rs:53:9
[INFO] [stdout]    |
[INFO] [stdout] 53 |         test_utils::mul_projective_sw_generic::<G2Config, ArkG2Config>(base, scalar)
[INFO] [stdout]    |         ^^^^^^^^^^ use of undeclared crate or module `test_utils`
[INFO] [stdout] 
[INFO] [stdout] 
[INFO] [stdout] error: aborting due to 6 previous errors
[INFO] [stdout] 
[INFO] [stdout] 
[INFO] [stdout] For more information about this error, try `rustc --explain E0433`.
[INFO] [stdout] 
[INFO] [stderr] error: could not compile `ark-bw6-761-ext` (lib test) due to 7 previous errors
[INFO] [stderr] warning: build failed, waiting for other jobs to finish...
[INFO] running `Command { std: "docker" "inspect" "14013a84e86a0fd9da1d1a807c282038c1f676e13f26c17d92a7ca31dec30b8e", kill_on_drop: false }`
[INFO] running `Command { std: "docker" "rm" "-f" "14013a84e86a0fd9da1d1a807c282038c1f676e13f26c17d92a7ca31dec30b8e", kill_on_drop: false }`
[INFO] [stdout] 14013a84e86a0fd9da1d1a807c282038c1f676e13f26c17d92a7ca31dec30b8e
