[INFO] fetching crate argos 0.1.0...
[INFO] testing argos-0.1.0 against 1.75.0 for beta-1.76-1
[INFO] extracting crate argos 0.1.0 into /workspace/builds/worker-7-tc1/source
[INFO] validating manifest of crates.io crate argos 0.1.0 on toolchain 1.75.0
[INFO] running `Command { std: CARGO_HOME="/workspace/cargo-home" RUSTUP_HOME="/workspace/rustup-home" "/workspace/cargo-home/bin/cargo" "+1.75.0" "metadata" "--manifest-path" "Cargo.toml" "--no-deps", kill_on_drop: false }`
[INFO] started tweaking crates.io crate argos 0.1.0
[INFO] removed 0 missing examples
[INFO] finished tweaking crates.io crate argos 0.1.0
[INFO] tweaked toml for crates.io crate argos 0.1.0 written to /workspace/builds/worker-7-tc1/source/Cargo.toml
[INFO] crate crates.io crate argos 0.1.0 already has a lockfile, it will not be regenerated
[INFO] running `Command { std: CARGO_HOME="/workspace/cargo-home" RUSTUP_HOME="/workspace/rustup-home" "/workspace/cargo-home/bin/cargo" "+1.75.0" "fetch" "--manifest-path" "Cargo.toml", kill_on_drop: false }`
[INFO] [stderr]     Blocking waiting for file lock on package cache
[INFO] [stderr]     Updating crates.io index
[INFO] [stderr]     Blocking waiting for file lock on package cache
[INFO] [stderr]  Downloading crates ...
[INFO] [stderr]   Downloaded http-body v1.0.0-rc.2
[INFO] [stderr]   Downloaded hyper v1.0.0-rc.4
[INFO] [stderr]   Downloaded http-body-util v0.1.0-rc.3
[INFO] [stderr]   Downloaded fs_extra v1.3.0
[INFO] [stderr]   Downloaded fslock v0.2.1
[INFO] [stderr]   Downloaded serde_json v1.0.106
[INFO] [stderr]   Downloaded boring v3.0.4
[INFO] [stderr]   Downloaded bindgen v0.66.1
[INFO] [stderr]   Downloaded boring-sys v3.0.4
[INFO] [stderr]   Downloaded tokio-boring v3.0.4
[INFO] running `Command { std: "docker" "create" "-v" "/var/lib/crater-agent-workspace/builds/worker-7-tc1/target:/opt/rustwide/target:rw,Z" "-v" "/var/lib/crater-agent-workspace/builds/worker-7-tc1/source:/opt/rustwide/workdir:ro,Z" "-v" "/var/lib/crater-agent-workspace/cargo-home:/opt/rustwide/cargo-home:ro,Z" "-v" "/var/lib/crater-agent-workspace/rustup-home:/opt/rustwide/rustup-home:ro,Z" "-e" "SOURCE_DIR=/opt/rustwide/workdir" "-e" "CARGO_TARGET_DIR=/opt/rustwide/target" "-e" "CARGO_HOME=/opt/rustwide/cargo-home" "-e" "RUSTUP_HOME=/opt/rustwide/rustup-home" "-w" "/opt/rustwide/workdir" "-m" "1610612736" "--user" "0:0" "--network" "none" "ghcr.io/rust-lang/crates-build-env/linux@sha256:2788e3201cd34a07e3172128adcd8b3090168a8e3bcc40d7c032b9dda1df7d1c" "/opt/rustwide/cargo-home/bin/cargo" "+1.75.0" "metadata" "--no-deps" "--format-version=1", kill_on_drop: false }`
[INFO] [stdout] 3faad84b2abff7cdaccd32b87bfa2eb370c32993054882e7e71325b6493a8956
[INFO] running `Command { std: "docker" "start" "-a" "3faad84b2abff7cdaccd32b87bfa2eb370c32993054882e7e71325b6493a8956", kill_on_drop: false }`
[INFO] running `Command { std: "docker" "inspect" "3faad84b2abff7cdaccd32b87bfa2eb370c32993054882e7e71325b6493a8956", kill_on_drop: false }`
[INFO] running `Command { std: "docker" "rm" "-f" "3faad84b2abff7cdaccd32b87bfa2eb370c32993054882e7e71325b6493a8956", kill_on_drop: false }`
[INFO] [stdout] 3faad84b2abff7cdaccd32b87bfa2eb370c32993054882e7e71325b6493a8956
[INFO] running `Command { std: "docker" "create" "-v" "/var/lib/crater-agent-workspace/builds/worker-7-tc1/target:/opt/rustwide/target:rw,Z" "-v" "/var/lib/crater-agent-workspace/builds/worker-7-tc1/source:/opt/rustwide/workdir:ro,Z" "-v" "/var/lib/crater-agent-workspace/cargo-home:/opt/rustwide/cargo-home:ro,Z" "-v" "/var/lib/crater-agent-workspace/rustup-home:/opt/rustwide/rustup-home:ro,Z" "-e" "SOURCE_DIR=/opt/rustwide/workdir" "-e" "CARGO_TARGET_DIR=/opt/rustwide/target" "-e" "CARGO_INCREMENTAL=0" "-e" "RUST_BACKTRACE=full" "-e" "RUSTFLAGS=--cap-lints=warn" "-e" "RUSTDOCFLAGS=--cap-lints=warn" "-e" "CARGO_HOME=/opt/rustwide/cargo-home" "-e" "RUSTUP_HOME=/opt/rustwide/rustup-home" "-w" "/opt/rustwide/workdir" "-m" "1610612736" "--user" "0:0" "--network" "none" "ghcr.io/rust-lang/crates-build-env/linux@sha256:2788e3201cd34a07e3172128adcd8b3090168a8e3bcc40d7c032b9dda1df7d1c" "/opt/rustwide/cargo-home/bin/cargo" "+1.75.0" "build" "--frozen" "--message-format=json", kill_on_drop: false }`
[INFO] [stdout] 7b508640886e13d5c67c0e5333570d58120ccf9d5bfadc2cb46ca3ee8b9ea748
[INFO] running `Command { std: "docker" "start" "-a" "7b508640886e13d5c67c0e5333570d58120ccf9d5bfadc2cb46ca3ee8b9ea748", kill_on_drop: false }`
[INFO] [stderr]    Compiling libc v0.2.147
[INFO] [stderr]    Compiling proc-macro2 v1.0.66
[INFO] [stderr]    Compiling futures-core v0.3.28
[INFO] [stderr]    Compiling parking_lot_core v0.9.8
[INFO] [stderr]    Compiling smallvec v1.11.0
[INFO] [stderr]    Compiling once_cell v1.18.0
[INFO] [stderr]    Compiling lock_api v0.4.10
[INFO] [stderr]    Compiling aho-corasick v1.0.5
[INFO] [stderr]    Compiling nom v7.1.3
[INFO] [stderr]    Compiling bindgen v0.66.1
[INFO] [stderr]    Compiling futures-task v0.3.28
[INFO] [stderr]    Compiling fs_extra v1.3.0
[INFO] [stderr]    Compiling futures-util v0.3.28
[INFO] [stderr]    Compiling http v0.2.9
[INFO] [stderr]    Compiling indexmap v1.9.3
[INFO] [stderr]    Compiling futures-sink v0.3.28
[INFO] [stderr]    Compiling foreign-types-shared v0.3.1
[INFO] [stderr]    Compiling tracing-core v0.1.31
[INFO] [stderr]    Compiling futures-channel v0.3.28
[INFO] [stderr]    Compiling hashbrown v0.12.3
[INFO] [stderr]    Compiling try-lock v0.2.4
[INFO] [stderr]    Compiling want v0.3.1
[INFO] [stderr]    Compiling tracing v0.1.37
[INFO] [stderr]    Compiling quote v1.0.33
[INFO] [stderr]    Compiling http-body v1.0.0-rc.2
[INFO] [stderr]    Compiling syn v2.0.32
[INFO] [stderr]    Compiling cc v1.0.83
[INFO] [stderr]    Compiling clang-sys v1.6.1
[INFO] [stderr]    Compiling mio v0.8.8
[INFO] [stderr]    Compiling signal-hook-registry v1.4.1
[INFO] [stderr]    Compiling num_cpus v1.16.0
[INFO] [stderr]    Compiling socket2 v0.5.4
[INFO] [stderr]    Compiling fslock v0.2.1
[INFO] [stderr]    Compiling regex-automata v0.3.8
[INFO] [stderr]    Compiling parking_lot v0.12.1
[INFO] [stderr]    Compiling cmake v0.1.50
[INFO] [stderr]    Compiling cexpr v0.6.0
[INFO] [stderr]    Compiling regex v1.9.5
[INFO] [stderr]    Compiling tokio-macros v2.1.0
[INFO] [stderr]    Compiling futures-macro v0.3.28
[INFO] [stderr]    Compiling foreign-types-macros v0.2.3
[INFO] [stderr]    Compiling foreign-types v0.5.0
[INFO] [stderr]    Compiling tokio v1.32.0
[INFO] [stderr]    Compiling http-body-util v0.1.0-rc.3
[INFO] [stderr]    Compiling boring-sys v3.0.4
[INFO] [stderr]    Compiling tokio-util v0.7.8
[INFO] [stderr]    Compiling h2 v0.3.21
[INFO] [stderr]    Compiling hyper v1.0.0-rc.4
[INFO] [stderr]    Compiling boring v3.0.4
[INFO] [stderr]    Compiling tokio-boring v3.0.4
[INFO] [stderr]    Compiling argos v0.1.0 (/opt/rustwide/workdir)
[INFO] [stderr]     Finished dev [unoptimized + debuginfo] target(s) in 29.29s
[INFO] running `Command { std: "docker" "inspect" "7b508640886e13d5c67c0e5333570d58120ccf9d5bfadc2cb46ca3ee8b9ea748", kill_on_drop: false }`
[INFO] running `Command { std: "docker" "rm" "-f" "7b508640886e13d5c67c0e5333570d58120ccf9d5bfadc2cb46ca3ee8b9ea748", kill_on_drop: false }`
[INFO] [stdout] 7b508640886e13d5c67c0e5333570d58120ccf9d5bfadc2cb46ca3ee8b9ea748
[INFO] running `Command { std: "docker" "create" "-v" "/var/lib/crater-agent-workspace/builds/worker-7-tc1/target:/opt/rustwide/target:rw,Z" "-v" "/var/lib/crater-agent-workspace/builds/worker-7-tc1/source:/opt/rustwide/workdir:ro,Z" "-v" "/var/lib/crater-agent-workspace/cargo-home:/opt/rustwide/cargo-home:ro,Z" "-v" "/var/lib/crater-agent-workspace/rustup-home:/opt/rustwide/rustup-home:ro,Z" "-e" "SOURCE_DIR=/opt/rustwide/workdir" "-e" "CARGO_TARGET_DIR=/opt/rustwide/target" "-e" "CARGO_INCREMENTAL=0" "-e" "RUST_BACKTRACE=full" "-e" "RUSTFLAGS=--cap-lints=warn" "-e" "RUSTDOCFLAGS=--cap-lints=warn" "-e" "CARGO_HOME=/opt/rustwide/cargo-home" "-e" "RUSTUP_HOME=/opt/rustwide/rustup-home" "-w" "/opt/rustwide/workdir" "-m" "1610612736" "--user" "0:0" "--network" "none" "ghcr.io/rust-lang/crates-build-env/linux@sha256:2788e3201cd34a07e3172128adcd8b3090168a8e3bcc40d7c032b9dda1df7d1c" "/opt/rustwide/cargo-home/bin/cargo" "+1.75.0" "test" "--frozen" "--no-run" "--message-format=json", kill_on_drop: false }`
[INFO] [stdout] ec313eb1462f68d1ec65de4836ba3de33fb9e284bd68b0c23290bb34dfb6f7fd
[INFO] running `Command { std: "docker" "start" "-a" "ec313eb1462f68d1ec65de4836ba3de33fb9e284bd68b0c23290bb34dfb6f7fd", kill_on_drop: false }`
[INFO] [stderr]    Compiling serde_derive v1.0.188
[INFO] [stderr]    Compiling serde_json v1.0.106
[INFO] [stderr]    Compiling serde v1.0.188
[INFO] [stderr]    Compiling argos v0.1.0 (/opt/rustwide/workdir)
[INFO] [stdout] error[E0432]: unresolved import `argos_macros`
[INFO] [stdout]  --> examples/h2.rs:2:5
[INFO] [stdout]   |
[INFO] [stdout] 2 | use argos_macros::{route, register};
[INFO] [stdout]   |     ^^^^^^^^^^^^ use of undeclared crate or module `argos_macros`
[INFO] [stdout] 
[INFO] [stdout] 
[INFO] [stdout] error[E0432]: unresolved import `argos_macros`
[INFO] [stdout]  --> examples/hello.rs:3:5
[INFO] [stdout]   |
[INFO] [stdout] 3 | use argos_macros::{route, register};
[INFO] [stdout]   |     ^^^^^^^^^^^^ use of undeclared crate or module `argos_macros`
[INFO] [stdout] 
[INFO] [stdout] 
[INFO] [stdout] error[E0432]: unresolved import `argos_macros`
[INFO] [stdout]  --> examples/filter.rs:3:5
[INFO] [stdout]   |
[INFO] [stdout] 3 | use argos_macros::{route, filter, register};
[INFO] [stdout]   |     ^^^^^^^^^^^^ use of undeclared crate or module `argos_macros`
[INFO] [stdout] 
[INFO] [stdout] 
[INFO] [stdout] error: cannot determine resolution for the attribute macro `route`
[INFO] [stdout]   --> examples/h2.rs:25:3
[INFO] [stdout]    |
[INFO] [stdout] 25 | #[route(GET, path = "/api/hello", formatter = "json")]
[INFO] [stdout]    |   ^^^^^
[INFO] [stdout]    |
[INFO] [stdout]    = note: import resolution is stuck, try simplifying macro imports
[INFO] [stdout] 
[INFO] [stdout] 
[INFO] [stdout] error: cannot determine resolution for the attribute macro `route`
[INFO] [stdout]   --> examples/hello.rs:26:3
[INFO] [stdout]    |
[INFO] [stdout] 26 | #[route(GET, path = "/api/hello", formatter = "json")]
[INFO] [stdout]    |   ^^^^^
[INFO] [stdout]    |
[INFO] [stdout]    = note: import resolution is stuck, try simplifying macro imports
[INFO] [stdout] 
[INFO] [stdout] 
[INFO] [stdout] error: cannot determine resolution for the attribute macro `route`
[INFO] [stdout]  --> examples/filter.rs:5:3
[INFO] [stdout]   |
[INFO] [stdout] 5 | #[route(GET, path = "/api/hello", formatter = "text")]
[INFO] [stdout]   |   ^^^^^
[INFO] [stdout]   |
[INFO] [stdout]   = note: import resolution is stuck, try simplifying macro imports
[INFO] [stdout] 
[INFO] [stdout] 
[INFO] [stdout] error: cannot determine resolution for the attribute macro `filter`
[INFO] [stdout]   --> examples/filter.rs:16:3
[INFO] [stdout]    |
[INFO] [stdout] 16 | #[filter(path_pattern="/api/hello.*", order=1)]
[INFO] [stdout]    |   ^^^^^^
[INFO] [stdout]    |
[INFO] [stdout]    = note: import resolution is stuck, try simplifying macro imports
[INFO] [stdout] 
[INFO] [stdout] 
[INFO] [stdout] warning: unused import: `serde_json`
[INFO] [stdout]  --> examples/h2.rs:3:5
[INFO] [stdout]   |
[INFO] [stdout] 3 | use serde_json;
[INFO] [stdout]   |     ^^^^^^^^^^
[INFO] [stdout]   |
[INFO] [stdout]   = note: `#[warn(unused_imports)]` on by default
[INFO] [stdout] 
[INFO] [stdout] 
[INFO] [stdout] warning: unused import: `serde_json`
[INFO] [stdout]  --> examples/hello.rs:4:5
[INFO] [stdout]   |
[INFO] [stdout] 4 | use serde_json;
[INFO] [stdout]   |     ^^^^^^^^^^
[INFO] [stdout]   |
[INFO] [stdout]   = note: `#[warn(unused_imports)]` on by default
[INFO] [stdout] 
[INFO] [stdout] 
[INFO] [stdout] error: aborting due to 3 previous errors
[INFO] [stdout] 
[INFO] [stdout] 
[INFO] [stdout] For more information about this error, try `rustc --explain E0432`.
[INFO] [stdout] 
[INFO] [stderr] error: could not compile `argos` (example "filter") due to 4 previous errors
[INFO] [stderr] warning: build failed, waiting for other jobs to finish...
[INFO] [stdout] error: aborting due to 2 previous errors; 1 warning emitted
[INFO] [stdout] 
[INFO] [stdout] 
[INFO] [stdout] error: aborting due to 2 previous errors; 1 warning emitted
[INFO] [stdout] 
[INFO] [stdout] 
[INFO] [stdout] For more information about this error, try `rustc --explain E0432`.
[INFO] [stdout] 
[INFO] [stdout] For more information about this error, try `rustc --explain E0432`.
[INFO] [stdout] 
[INFO] [stderr] error: could not compile `argos` (example "hello") due to 3 previous errors; 1 warning emitted
[INFO] [stderr] error: could not compile `argos` (example "h2") due to 3 previous errors; 1 warning emitted
[INFO] running `Command { std: "docker" "inspect" "ec313eb1462f68d1ec65de4836ba3de33fb9e284bd68b0c23290bb34dfb6f7fd", kill_on_drop: false }`
[INFO] running `Command { std: "docker" "rm" "-f" "ec313eb1462f68d1ec65de4836ba3de33fb9e284bd68b0c23290bb34dfb6f7fd", kill_on_drop: false }`
[INFO] [stdout] ec313eb1462f68d1ec65de4836ba3de33fb9e284bd68b0c23290bb34dfb6f7fd
[INFO] testing argos-0.1.0 against beta-2023-12-22 for beta-1.76-1
[INFO] extracting crate argos 0.1.0 into /workspace/builds/worker-7-tc2/source
[INFO] validating manifest of crates.io crate argos 0.1.0 on toolchain beta-2023-12-22
[INFO] running `Command { std: CARGO_HOME="/workspace/cargo-home" RUSTUP_HOME="/workspace/rustup-home" "/workspace/cargo-home/bin/cargo" "+beta-2023-12-22" "metadata" "--manifest-path" "Cargo.toml" "--no-deps", kill_on_drop: false }`
[INFO] started tweaking crates.io crate argos 0.1.0
[INFO] removed 0 missing examples
[INFO] finished tweaking crates.io crate argos 0.1.0
[INFO] tweaked toml for crates.io crate argos 0.1.0 written to /workspace/builds/worker-7-tc2/source/Cargo.toml
[INFO] crate crates.io crate argos 0.1.0 already has a lockfile, it will not be regenerated
[INFO] running `Command { std: CARGO_HOME="/workspace/cargo-home" RUSTUP_HOME="/workspace/rustup-home" "/workspace/cargo-home/bin/cargo" "+beta-2023-12-22" "fetch" "--manifest-path" "Cargo.toml", kill_on_drop: false }`
[INFO] running `Command { std: "docker" "create" "-v" "/var/lib/crater-agent-workspace/builds/worker-7-tc2/target:/opt/rustwide/target:rw,Z" "-v" "/var/lib/crater-agent-workspace/builds/worker-7-tc2/source:/opt/rustwide/workdir:ro,Z" "-v" "/var/lib/crater-agent-workspace/cargo-home:/opt/rustwide/cargo-home:ro,Z" "-v" "/var/lib/crater-agent-workspace/rustup-home:/opt/rustwide/rustup-home:ro,Z" "-e" "SOURCE_DIR=/opt/rustwide/workdir" "-e" "CARGO_TARGET_DIR=/opt/rustwide/target" "-e" "CARGO_HOME=/opt/rustwide/cargo-home" "-e" "RUSTUP_HOME=/opt/rustwide/rustup-home" "-w" "/opt/rustwide/workdir" "-m" "1610612736" "--user" "0:0" "--network" "none" "ghcr.io/rust-lang/crates-build-env/linux@sha256:2788e3201cd34a07e3172128adcd8b3090168a8e3bcc40d7c032b9dda1df7d1c" "/opt/rustwide/cargo-home/bin/cargo" "+beta-2023-12-22" "metadata" "--no-deps" "--format-version=1", kill_on_drop: false }`
[INFO] [stdout] 96a85c3fc2e5376fb361dd8a57e39650a270a640a03cc95f9a3db29ae68fe715
[INFO] running `Command { std: "docker" "start" "-a" "96a85c3fc2e5376fb361dd8a57e39650a270a640a03cc95f9a3db29ae68fe715", kill_on_drop: false }`
[INFO] running `Command { std: "docker" "inspect" "96a85c3fc2e5376fb361dd8a57e39650a270a640a03cc95f9a3db29ae68fe715", kill_on_drop: false }`
[INFO] running `Command { std: "docker" "rm" "-f" "96a85c3fc2e5376fb361dd8a57e39650a270a640a03cc95f9a3db29ae68fe715", kill_on_drop: false }`
[INFO] [stdout] 96a85c3fc2e5376fb361dd8a57e39650a270a640a03cc95f9a3db29ae68fe715
[INFO] running `Command { std: "docker" "create" "-v" "/var/lib/crater-agent-workspace/builds/worker-7-tc2/target:/opt/rustwide/target:rw,Z" "-v" "/var/lib/crater-agent-workspace/builds/worker-7-tc2/source:/opt/rustwide/workdir:ro,Z" "-v" "/var/lib/crater-agent-workspace/cargo-home:/opt/rustwide/cargo-home:ro,Z" "-v" "/var/lib/crater-agent-workspace/rustup-home:/opt/rustwide/rustup-home:ro,Z" "-e" "SOURCE_DIR=/opt/rustwide/workdir" "-e" "CARGO_TARGET_DIR=/opt/rustwide/target" "-e" "CARGO_INCREMENTAL=0" "-e" "RUST_BACKTRACE=full" "-e" "RUSTFLAGS=--cap-lints=warn" "-e" "RUSTDOCFLAGS=--cap-lints=warn" "-e" "CARGO_HOME=/opt/rustwide/cargo-home" "-e" "RUSTUP_HOME=/opt/rustwide/rustup-home" "-w" "/opt/rustwide/workdir" "-m" "1610612736" "--user" "0:0" "--network" "none" "ghcr.io/rust-lang/crates-build-env/linux@sha256:2788e3201cd34a07e3172128adcd8b3090168a8e3bcc40d7c032b9dda1df7d1c" "/opt/rustwide/cargo-home/bin/cargo" "+beta-2023-12-22" "build" "--frozen" "--message-format=json", kill_on_drop: false }`
[INFO] [stdout] 075683b8729574f48e6e6e384344ea2649ed306df1421e732b21d92f22689642
[INFO] running `Command { std: "docker" "start" "-a" "075683b8729574f48e6e6e384344ea2649ed306df1421e732b21d92f22689642", kill_on_drop: false }`
[INFO] [stderr]    Compiling libc v0.2.147
[INFO] [stderr]    Compiling proc-macro2 v1.0.66
[INFO] [stderr]    Compiling futures-core v0.3.28
[INFO] [stderr]    Compiling parking_lot_core v0.9.8
[INFO] [stderr]    Compiling smallvec v1.11.0
[INFO] [stderr]    Compiling bindgen v0.66.1
[INFO] [stderr]    Compiling lock_api v0.4.10
[INFO] [stderr]    Compiling aho-corasick v1.0.5
[INFO] [stderr]    Compiling nom v7.1.3
[INFO] [stderr]    Compiling once_cell v1.18.0
[INFO] [stderr]    Compiling futures-task v0.3.28
[INFO] [stderr]    Compiling futures-util v0.3.28
[INFO] [stderr]    Compiling fs_extra v1.3.0
[INFO] [stderr]    Compiling http v0.2.9
[INFO] [stderr]    Compiling indexmap v1.9.3
[INFO] [stderr]    Compiling foreign-types-shared v0.3.1
[INFO] [stderr]    Compiling hashbrown v0.12.3
[INFO] [stderr]    Compiling tracing-core v0.1.31
[INFO] [stderr]    Compiling futures-channel v0.3.28
[INFO] [stderr]    Compiling futures-sink v0.3.28
[INFO] [stderr]    Compiling try-lock v0.2.4
[INFO] [stderr]    Compiling want v0.3.1
[INFO] [stderr]    Compiling tracing v0.1.37
[INFO] [stderr]    Compiling quote v1.0.33
[INFO] [stderr]    Compiling cc v1.0.83
[INFO] [stderr]    Compiling clang-sys v1.6.1
[INFO] [stderr]    Compiling mio v0.8.8
[INFO] [stderr]    Compiling signal-hook-registry v1.4.1
[INFO] [stderr]    Compiling socket2 v0.5.4
[INFO] [stderr]    Compiling num_cpus v1.16.0
[INFO] [stderr]    Compiling fslock v0.2.1
[INFO] [stderr]    Compiling syn v2.0.32
[INFO] [stderr]    Compiling regex-automata v0.3.8
[INFO] [stderr]    Compiling http-body v1.0.0-rc.2
[INFO] [stderr]    Compiling parking_lot v0.12.1
[INFO] [stderr]    Compiling cmake v0.1.50
[INFO] [stderr]    Compiling cexpr v0.6.0
[INFO] [stderr]    Compiling regex v1.9.5
[INFO] [stderr]    Compiling tokio-macros v2.1.0
[INFO] [stderr]    Compiling futures-macro v0.3.28
[INFO] [stderr]    Compiling foreign-types-macros v0.2.3
[INFO] [stderr]    Compiling tokio v1.32.0
[INFO] [stderr]    Compiling foreign-types v0.5.0
[INFO] [stderr]    Compiling http-body-util v0.1.0-rc.3
[INFO] [stderr]    Compiling boring-sys v3.0.4
[INFO] [stderr]    Compiling tokio-util v0.7.8
[INFO] [stderr]    Compiling h2 v0.3.21
[INFO] [stderr]    Compiling hyper v1.0.0-rc.4
[INFO] [stderr]    Compiling boring v3.0.4
[INFO] [stderr]    Compiling tokio-boring v3.0.4
[INFO] [stderr]    Compiling argos v0.1.0 (/opt/rustwide/workdir)
[INFO] [stderr]     Finished dev [unoptimized + debuginfo] target(s) in 31.76s
[INFO] running `Command { std: "docker" "inspect" "075683b8729574f48e6e6e384344ea2649ed306df1421e732b21d92f22689642", kill_on_drop: false }`
[INFO] running `Command { std: "docker" "rm" "-f" "075683b8729574f48e6e6e384344ea2649ed306df1421e732b21d92f22689642", kill_on_drop: false }`
[INFO] [stdout] 075683b8729574f48e6e6e384344ea2649ed306df1421e732b21d92f22689642
[INFO] running `Command { std: "docker" "create" "-v" "/var/lib/crater-agent-workspace/builds/worker-7-tc2/target:/opt/rustwide/target:rw,Z" "-v" "/var/lib/crater-agent-workspace/builds/worker-7-tc2/source:/opt/rustwide/workdir:ro,Z" "-v" "/var/lib/crater-agent-workspace/cargo-home:/opt/rustwide/cargo-home:ro,Z" "-v" "/var/lib/crater-agent-workspace/rustup-home:/opt/rustwide/rustup-home:ro,Z" "-e" "SOURCE_DIR=/opt/rustwide/workdir" "-e" "CARGO_TARGET_DIR=/opt/rustwide/target" "-e" "CARGO_INCREMENTAL=0" "-e" "RUST_BACKTRACE=full" "-e" "RUSTFLAGS=--cap-lints=warn" "-e" "RUSTDOCFLAGS=--cap-lints=warn" "-e" "CARGO_HOME=/opt/rustwide/cargo-home" "-e" "RUSTUP_HOME=/opt/rustwide/rustup-home" "-w" "/opt/rustwide/workdir" "-m" "1610612736" "--user" "0:0" "--network" "none" "ghcr.io/rust-lang/crates-build-env/linux@sha256:2788e3201cd34a07e3172128adcd8b3090168a8e3bcc40d7c032b9dda1df7d1c" "/opt/rustwide/cargo-home/bin/cargo" "+beta-2023-12-22" "test" "--frozen" "--no-run" "--message-format=json", kill_on_drop: false }`
[INFO] [stdout] c65dbbeccf3d5b8a67533131a61df3cef5d0f8548f8ac12a8d3f1034d6558831
[INFO] running `Command { std: "docker" "start" "-a" "c65dbbeccf3d5b8a67533131a61df3cef5d0f8548f8ac12a8d3f1034d6558831", kill_on_drop: false }`
[INFO] [stderr]    Compiling serde_derive v1.0.188
[INFO] [stderr]    Compiling serde_json v1.0.106
[INFO] [stderr]    Compiling serde v1.0.188
[INFO] [stderr]    Compiling argos v0.1.0 (/opt/rustwide/workdir)
[INFO] [stdout] error[E0432]: unresolved import `argos_macros`
[INFO] [stdout]  --> examples/h2.rs:2:5
[INFO] [stdout]   |
[INFO] [stdout] 2 | use argos_macros::{route, register};
[INFO] [stdout]   |     ^^^^^^^^^^^^ use of undeclared crate or module `argos_macros`
[INFO] [stdout] 
[INFO] [stdout] 
[INFO] [stdout] error[E0432]: unresolved import `argos_macros`
[INFO] [stdout]  --> examples/filter.rs:3:5
[INFO] [stdout]   |
[INFO] [stdout] 3 | use argos_macros::{route, filter, register};
[INFO] [stdout]   |     ^^^^^^^^^^^^ use of undeclared crate or module `argos_macros`
[INFO] [stdout] 
[INFO] [stdout] 
[INFO] [stdout] error: cannot determine resolution for the attribute macro `route`
[INFO] [stdout]   --> examples/h2.rs:25:3
[INFO] [stdout]    |
[INFO] [stdout] 25 | #[route(GET, path = "/api/hello", formatter = "json")]
[INFO] [stdout]    |   ^^^^^
[INFO] [stdout]    |
[INFO] [stdout]    = note: import resolution is stuck, try simplifying macro imports
[INFO] [stdout] 
[INFO] [stdout] 
[INFO] [stdout] error: cannot determine resolution for the attribute macro `route`
[INFO] [stdout]  --> examples/filter.rs:5:3
[INFO] [stdout]   |
[INFO] [stdout] 5 | #[route(GET, path = "/api/hello", formatter = "text")]
[INFO] [stdout]   |   ^^^^^
[INFO] [stdout]   |
[INFO] [stdout]   = note: import resolution is stuck, try simplifying macro imports
[INFO] [stdout] 
[INFO] [stdout] 
[INFO] [stdout] error: cannot determine resolution for the attribute macro `filter`
[INFO] [stdout]   --> examples/filter.rs:16:3
[INFO] [stdout]    |
[INFO] [stdout] 16 | #[filter(path_pattern="/api/hello.*", order=1)]
[INFO] [stdout]    |   ^^^^^^
[INFO] [stdout]    |
[INFO] [stdout]    = note: import resolution is stuck, try simplifying macro imports
[INFO] [stdout] 
[INFO] [stdout] 
[INFO] [stdout] warning: unused import: `serde_json`
[INFO] [stdout]  --> examples/h2.rs:3:5
[INFO] [stdout]   |
[INFO] [stdout] 3 | use serde_json;
[INFO] [stdout]   |     ^^^^^^^^^^
[INFO] [stdout]   |
[INFO] [stdout]   = note: `#[warn(unused_imports)]` on by default
[INFO] [stdout] 
[INFO] [stdout] 
[INFO] [stdout] error[E0432]: unresolved import `argos_macros`
[INFO] [stdout]  --> examples/hello.rs:3:5
[INFO] [stdout]   |
[INFO] [stdout] 3 | use argos_macros::{route, register};
[INFO] [stdout]   |     ^^^^^^^^^^^^ use of undeclared crate or module `argos_macros`
[INFO] [stdout] 
[INFO] [stdout] 
[INFO] [stdout] error: cannot determine resolution for the attribute macro `route`
[INFO] [stdout]   --> examples/hello.rs:26:3
[INFO] [stdout]    |
[INFO] [stdout] 26 | #[route(GET, path = "/api/hello", formatter = "json")]
[INFO] [stdout]    |   ^^^^^
[INFO] [stdout]    |
[INFO] [stdout]    = note: import resolution is stuck, try simplifying macro imports
[INFO] [stdout] 
[INFO] [stdout] 
[INFO] [stdout] warning: unused import: `serde_json`
[INFO] [stdout]  --> examples/hello.rs:4:5
[INFO] [stdout]   |
[INFO] [stdout] 4 | use serde_json;
[INFO] [stdout]   |     ^^^^^^^^^^
[INFO] [stdout]   |
[INFO] [stdout]   = note: `#[warn(unused_imports)]` on by default
[INFO] [stdout] 
[INFO] [stdout] 
[INFO] [stdout] error: aborting due to 3 previous errors
[INFO] [stdout] 
[INFO] [stdout] 
[INFO] [stdout] For more information about this error, try `rustc --explain E0432`.
[INFO] [stdout] 
[INFO] [stderr] error: could not compile `argos` (example "filter") due to 4 previous errors
[INFO] [stderr] warning: build failed, waiting for other jobs to finish...
[INFO] [stdout] error: aborting due to 2 previous errors; 1 warning emitted
[INFO] [stdout] 
[INFO] [stdout] 
[INFO] [stdout] For more information about this error, try `rustc --explain E0432`.
[INFO] [stdout] 
[INFO] [stdout] error: aborting due to 2 previous errors; 1 warning emitted
[INFO] [stdout] 
[INFO] [stdout] 
[INFO] [stdout] For more information about this error, try `rustc --explain E0432`.
[INFO] [stdout] 
[INFO] [stderr] error: could not compile `argos` (example "hello") due to 3 previous errors; 1 warning emitted
[INFO] [stderr] error: could not compile `argos` (example "h2") due to 3 previous errors; 1 warning emitted
[INFO] running `Command { std: "docker" "inspect" "c65dbbeccf3d5b8a67533131a61df3cef5d0f8548f8ac12a8d3f1034d6558831", kill_on_drop: false }`
[INFO] running `Command { std: "docker" "rm" "-f" "c65dbbeccf3d5b8a67533131a61df3cef5d0f8548f8ac12a8d3f1034d6558831", kill_on_drop: false }`
[INFO] [stdout] c65dbbeccf3d5b8a67533131a61df3cef5d0f8548f8ac12a8d3f1034d6558831
