[INFO] fetching crate archflow 0.1.1...
[INFO] testing archflow-0.1.1 against 1.75.0 for beta-1.76-1
[INFO] extracting crate archflow 0.1.1 into /workspace/builds/worker-1-tc1/source
[INFO] validating manifest of crates.io crate archflow 0.1.1 on toolchain 1.75.0
[INFO] running `Command { std: CARGO_HOME="/workspace/cargo-home" RUSTUP_HOME="/workspace/rustup-home" "/workspace/cargo-home/bin/cargo" "+1.75.0" "metadata" "--manifest-path" "Cargo.toml" "--no-deps", kill_on_drop: false }`
[INFO] started tweaking crates.io crate archflow 0.1.1
[INFO] removed 0 missing examples
[INFO] finished tweaking crates.io crate archflow 0.1.1
[INFO] tweaked toml for crates.io crate archflow 0.1.1 written to /workspace/builds/worker-1-tc1/source/Cargo.toml
[INFO] crate crates.io crate archflow 0.1.1 already has a lockfile, it will not be regenerated
[INFO] running `Command { std: CARGO_HOME="/workspace/cargo-home" RUSTUP_HOME="/workspace/rustup-home" "/workspace/cargo-home/bin/cargo" "+1.75.0" "fetch" "--manifest-path" "Cargo.toml", kill_on_drop: false }`
[INFO] [stderr]  Downloading crates ...
[INFO] [stderr]   Downloaded time-core v0.1.0
[INFO] [stderr]   Downloaded actix-server v2.2.0
[INFO] [stderr]   Downloaded actix-web-codegen v4.2.0
[INFO] [stderr]   Downloaded actix-rt v2.8.0
[INFO] [stderr]   Downloaded time-macros v0.2.8
[INFO] [stderr]   Downloaded flate2 v1.0.25
[INFO] [stderr]   Downloaded actix-http v3.3.1
[INFO] [stderr]   Downloaded regex-syntax v0.7.1
[INFO] [stderr]   Downloaded actix-web v4.3.1
[INFO] [stderr]   Downloaded regex v1.8.1
[INFO] [stderr]   Downloaded aho-corasick v1.0.1
[INFO] [stderr]   Downloaded time v0.3.20
[INFO] [stderr]   Downloaded miniz_oxide v0.6.2
[INFO] [stderr]   Downloaded tokio-macros v2.0.0
[INFO] [stderr]   Downloaded zstd v0.12.3+zstd.1.5.2
[INFO] [stderr]   Downloaded cpufeatures v0.2.7
[INFO] [stderr]   Downloaded zstd-safe v6.0.5+zstd.1.5.4
[INFO] running `Command { std: "docker" "create" "-v" "/var/lib/crater-agent-workspace/builds/worker-1-tc1/target:/opt/rustwide/target:rw,Z" "-v" "/var/lib/crater-agent-workspace/builds/worker-1-tc1/source:/opt/rustwide/workdir:ro,Z" "-v" "/var/lib/crater-agent-workspace/cargo-home:/opt/rustwide/cargo-home:ro,Z" "-v" "/var/lib/crater-agent-workspace/rustup-home:/opt/rustwide/rustup-home:ro,Z" "-e" "SOURCE_DIR=/opt/rustwide/workdir" "-e" "CARGO_TARGET_DIR=/opt/rustwide/target" "-e" "CARGO_HOME=/opt/rustwide/cargo-home" "-e" "RUSTUP_HOME=/opt/rustwide/rustup-home" "-w" "/opt/rustwide/workdir" "-m" "1610612736" "--user" "0:0" "--network" "none" "ghcr.io/rust-lang/crates-build-env/linux@sha256:2788e3201cd34a07e3172128adcd8b3090168a8e3bcc40d7c032b9dda1df7d1c" "/opt/rustwide/cargo-home/bin/cargo" "+1.75.0" "metadata" "--no-deps" "--format-version=1", kill_on_drop: false }`
[INFO] [stdout] 1a962802e81790bbd7469bd526e6c488a036a62d264a398926ef2ed6c7ccdebf
[INFO] running `Command { std: "docker" "start" "-a" "1a962802e81790bbd7469bd526e6c488a036a62d264a398926ef2ed6c7ccdebf", kill_on_drop: false }`
[INFO] running `Command { std: "docker" "inspect" "1a962802e81790bbd7469bd526e6c488a036a62d264a398926ef2ed6c7ccdebf", kill_on_drop: false }`
[INFO] running `Command { std: "docker" "rm" "-f" "1a962802e81790bbd7469bd526e6c488a036a62d264a398926ef2ed6c7ccdebf", kill_on_drop: false }`
[INFO] [stdout] 1a962802e81790bbd7469bd526e6c488a036a62d264a398926ef2ed6c7ccdebf
[INFO] running `Command { std: "docker" "create" "-v" "/var/lib/crater-agent-workspace/builds/worker-1-tc1/target:/opt/rustwide/target:rw,Z" "-v" "/var/lib/crater-agent-workspace/builds/worker-1-tc1/source:/opt/rustwide/workdir:ro,Z" "-v" "/var/lib/crater-agent-workspace/cargo-home:/opt/rustwide/cargo-home:ro,Z" "-v" "/var/lib/crater-agent-workspace/rustup-home:/opt/rustwide/rustup-home:ro,Z" "-e" "SOURCE_DIR=/opt/rustwide/workdir" "-e" "CARGO_TARGET_DIR=/opt/rustwide/target" "-e" "CARGO_INCREMENTAL=0" "-e" "RUST_BACKTRACE=full" "-e" "RUSTFLAGS=--cap-lints=warn" "-e" "RUSTDOCFLAGS=--cap-lints=warn" "-e" "CARGO_HOME=/opt/rustwide/cargo-home" "-e" "RUSTUP_HOME=/opt/rustwide/rustup-home" "-w" "/opt/rustwide/workdir" "-m" "1610612736" "--user" "0:0" "--network" "none" "ghcr.io/rust-lang/crates-build-env/linux@sha256:2788e3201cd34a07e3172128adcd8b3090168a8e3bcc40d7c032b9dda1df7d1c" "/opt/rustwide/cargo-home/bin/cargo" "+1.75.0" "build" "--frozen" "--message-format=json", kill_on_drop: false }`
[INFO] [stdout] 699a9058f08308009b944d961d646d2fb82e0879a4e1ed61c745f9914ba69099
[INFO] running `Command { std: "docker" "start" "-a" "699a9058f08308009b944d961d646d2fb82e0879a4e1ed61c745f9914ba69099", kill_on_drop: false }`
[INFO] [stderr]    Compiling libc v0.2.142
[INFO] [stderr]    Compiling pkg-config v0.3.26
[INFO] [stderr]    Compiling zstd-safe v5.0.2+zstd.1.5.2
[INFO] [stderr]    Compiling alloc-no-stdlib v2.0.4
[INFO] [stderr]    Compiling memchr v2.5.0
[INFO] [stderr]    Compiling zstd-safe v6.0.5+zstd.1.5.4
[INFO] [stderr]    Compiling futures-core v0.3.28
[INFO] [stderr]    Compiling num-traits v0.2.15
[INFO] [stderr]    Compiling num-integer v0.1.45
[INFO] [stderr]    Compiling tokio v1.27.0
[INFO] [stderr]    Compiling miniz_oxide v0.6.2
[INFO] [stderr]    Compiling iana-time-zone v0.1.56
[INFO] [stderr]    Compiling tokio-macros v2.0.0
[INFO] [stderr]    Compiling alloc-stdlib v0.2.2
[INFO] [stderr]    Compiling brotli-decompressor v2.3.4
[INFO] [stderr]    Compiling flate2 v1.0.25
[INFO] [stderr]    Compiling jobserver v0.1.26
[INFO] [stderr]    Compiling num_cpus v1.15.0
[INFO] [stderr]    Compiling time v0.1.45
[INFO] [stderr]    Compiling cc v1.0.79
[INFO] [stderr]    Compiling brotli v3.3.4
[INFO] [stderr]    Compiling chrono v0.4.24
[INFO] [stderr]    Compiling zstd-sys v2.0.8+zstd.1.5.5
[INFO] [stderr]    Compiling lzma-sys v0.1.20
[INFO] [stderr]    Compiling bzip2-sys v0.1.11+1.0.8
[INFO] [stderr]    Compiling xz2 v0.1.7
[INFO] [stderr]    Compiling bzip2 v0.4.4
[INFO] [stderr]    Compiling zstd v0.11.2+zstd.1.5.2
[INFO] [stderr]    Compiling zstd v0.12.3+zstd.1.5.2
[INFO] [stderr]    Compiling async-compression v0.3.15
[INFO] [stderr]    Compiling archflow v0.1.1 (/opt/rustwide/workdir)
[INFO] [stderr]     Finished dev [unoptimized + debuginfo] target(s) in 6.27s
[INFO] running `Command { std: "docker" "inspect" "699a9058f08308009b944d961d646d2fb82e0879a4e1ed61c745f9914ba69099", kill_on_drop: false }`
[INFO] running `Command { std: "docker" "rm" "-f" "699a9058f08308009b944d961d646d2fb82e0879a4e1ed61c745f9914ba69099", kill_on_drop: false }`
[INFO] [stdout] 699a9058f08308009b944d961d646d2fb82e0879a4e1ed61c745f9914ba69099
[INFO] running `Command { std: "docker" "create" "-v" "/var/lib/crater-agent-workspace/builds/worker-1-tc1/target:/opt/rustwide/target:rw,Z" "-v" "/var/lib/crater-agent-workspace/builds/worker-1-tc1/source:/opt/rustwide/workdir:ro,Z" "-v" "/var/lib/crater-agent-workspace/cargo-home:/opt/rustwide/cargo-home:ro,Z" "-v" "/var/lib/crater-agent-workspace/rustup-home:/opt/rustwide/rustup-home:ro,Z" "-e" "SOURCE_DIR=/opt/rustwide/workdir" "-e" "CARGO_TARGET_DIR=/opt/rustwide/target" "-e" "CARGO_INCREMENTAL=0" "-e" "RUST_BACKTRACE=full" "-e" "RUSTFLAGS=--cap-lints=warn" "-e" "RUSTDOCFLAGS=--cap-lints=warn" "-e" "CARGO_HOME=/opt/rustwide/cargo-home" "-e" "RUSTUP_HOME=/opt/rustwide/rustup-home" "-w" "/opt/rustwide/workdir" "-m" "1610612736" "--user" "0:0" "--network" "none" "ghcr.io/rust-lang/crates-build-env/linux@sha256:2788e3201cd34a07e3172128adcd8b3090168a8e3bcc40d7c032b9dda1df7d1c" "/opt/rustwide/cargo-home/bin/cargo" "+1.75.0" "test" "--frozen" "--no-run" "--message-format=json", kill_on_drop: false }`
[INFO] [stdout] edc07c81f3e1aafa314c72fff399c505b141d2cec035eea3c30beaf08c3a46cd
[INFO] running `Command { std: "docker" "start" "-a" "edc07c81f3e1aafa314c72fff399c505b141d2cec035eea3c30beaf08c3a46cd", kill_on_drop: false }`
[INFO] [stderr]    Compiling log v0.4.17
[INFO] [stderr]    Compiling tokio v1.27.0
[INFO] [stderr]    Compiling once_cell v1.17.1
[INFO] [stderr]    Compiling typenum v1.16.0
[INFO] [stderr]    Compiling futures-task v0.3.28
[INFO] [stderr]    Compiling generic-array v0.14.7
[INFO] [stderr]    Compiling serde v1.0.160
[INFO] [stderr]    Compiling futures-util v0.3.28
[INFO] [stderr]    Compiling parking_lot_core v0.9.7
[INFO] [stderr]    Compiling socket2 v0.4.9
[INFO] [stderr]    Compiling signal-hook-registry v1.4.1
[INFO] [stderr]    Compiling getrandom v0.2.9
[INFO] [stderr]    Compiling syn v1.0.109
[INFO] [stderr]    Compiling paste v1.0.12
[INFO] [stderr]    Compiling aho-corasick v1.0.1
[INFO] [stderr]    Compiling bytestring v1.3.0
[INFO] [stderr]    Compiling tracing-core v0.1.30
[INFO] [stderr]    Compiling regex-syntax v0.7.1
[INFO] [stderr]    Compiling parking_lot v0.12.1
[INFO] [stderr]    Compiling local-waker v0.1.3
[INFO] [stderr]    Compiling rand_core v0.6.4
[INFO] [stderr]    Compiling brotli v3.3.4
[INFO] [stderr]    Compiling ahash v0.8.3
[INFO] [stderr]    Compiling mio v0.8.6
[INFO] [stderr]    Compiling time-core v0.1.0
[INFO] [stderr]    Compiling ppv-lite86 v0.2.17
[INFO] [stderr]    Compiling tracing v0.1.37
[INFO] [stderr]    Compiling time-macros v0.2.8
[INFO] [stderr]    Compiling actix-utils v3.0.1
[INFO] [stderr]    Compiling cookie v0.16.2
[INFO] [stderr]    Compiling cpufeatures v0.2.7
[INFO] [stderr]    Compiling rand_chacha v0.3.1
[INFO] [stderr]    Compiling convert_case v0.4.0
[INFO] [stderr]    Compiling language-tags v0.3.2
[INFO] [stderr]    Compiling want v0.3.0
[INFO] [stderr]    Compiling actix-service v2.0.2
[INFO] [stderr]    Compiling ahash v0.7.6
[INFO] [stderr]    Compiling rand v0.8.5
[INFO] [stderr]    Compiling regex v1.8.1
[INFO] [stderr]    Compiling crypto-common v0.1.6
[INFO] [stderr]    Compiling block-buffer v0.10.4
[INFO] [stderr]    Compiling digest v0.10.6
[INFO] [stderr]    Compiling time v0.3.20
[INFO] [stderr]    Compiling sha1 v0.10.5
[INFO] [stderr]    Compiling local-channel v0.1.3
[INFO] [stderr]    Compiling actix-router v0.5.1
[INFO] [stderr]    Compiling serde_json v1.0.96
[INFO] [stderr]    Compiling serde_urlencoded v0.7.1
[INFO] [stderr]    Compiling derive_more v0.99.17
[INFO] [stderr]    Compiling actix-macros v0.2.3
[INFO] [stderr]    Compiling actix-web-codegen v4.2.0
[INFO] [stderr]    Compiling tokio-util v0.7.7
[INFO] [stderr]    Compiling actix-rt v2.8.0
[INFO] [stderr]    Compiling async-compression v0.3.15
[INFO] [stderr]    Compiling hyper v0.14.26
[INFO] [stderr]    Compiling actix-server v2.2.0
[INFO] [stderr]    Compiling archflow v0.1.1 (/opt/rustwide/workdir)
[INFO] [stderr]    Compiling actix-codec v0.5.0
[INFO] [stderr]    Compiling h2 v0.3.18
[INFO] [stderr]    Compiling actix-http v3.3.1
[INFO] [stderr]    Compiling actix-web v4.3.1
[INFO] [stdout] error[E0432]: unresolved import `archflow::uncompress`
[INFO] [stdout]  --> tests/archivezip_std_test_integrity.rs:5:26
[INFO] [stdout]   |
[INFO] [stdout] 5 |     error::ArchiveError, uncompress::ArchiveReader,
[INFO] [stdout]   |                          ^^^^^^^^^^ could not find `uncompress` in `archflow`
[INFO] [stdout] 
[INFO] [stdout] 
[INFO] [stdout] error[E0432]: unresolved import `archflow::uncompress`
[INFO] [stdout]  --> tests/archivezip_tokio_test_integrity.rs:7:26
[INFO] [stdout]   |
[INFO] [stdout] 7 |     error::ArchiveError, uncompress::ArchiveReader,
[INFO] [stdout]   |                          ^^^^^^^^^^ could not find `uncompress` in `archflow`
[INFO] [stdout] 
[INFO] [stdout] 
[INFO] [stdout] error: aborting due to previous error
[INFO] [stdout] 
[INFO] [stdout] 
[INFO] [stdout] For more information about this error, try `rustc --explain E0432`.
[INFO] [stdout] 
[INFO] [stdout] error: aborting due to previous error
[INFO] [stdout] 
[INFO] [stdout] 
[INFO] [stdout] For more information about this error, try `rustc --explain E0432`.
[INFO] [stdout] 
[INFO] [stderr] error: could not compile `archflow` (test "archivezip_std_test_integrity") due to 2 previous errors
[INFO] [stderr] warning: build failed, waiting for other jobs to finish...
[INFO] [stderr] error: could not compile `archflow` (test "archivezip_tokio_test_integrity") due to 2 previous errors
[INFO] [stdout] error[E0599]: no method named `is_empty` found for struct `archive_common::ArchiveDescriptor` in the current scope
[INFO] [stdout]   --> src/./tests/external_fields.rs:77:36
[INFO] [stdout]    |
[INFO] [stdout] 77 |         assert!(archive_descriptor.is_empty());
[INFO] [stdout]    |                                    ^^^^^^^^ method not found in `ArchiveDescriptor`
[INFO] [stdout]    |
[INFO] [stdout]   ::: src/archive_common.rs:28:1
[INFO] [stdout]    |
[INFO] [stdout] 28 | pub struct ArchiveDescriptor {
[INFO] [stdout]    | ---------------------------- method `is_empty` not found for this struct
[INFO] [stdout]    |
[INFO] [stdout]    = help: items from traits can only be used if the trait is implemented and in scope
[INFO] [stdout]    = note: the following trait defines an item `is_empty`, perhaps you need to implement it:
[INFO] [stdout]            candidate #1: `ExactSizeIterator`
[INFO] [stdout] help: one of the expressions' fields has a method of the same name
[INFO] [stdout]    |
[INFO] [stdout] 77 |         assert!(archive_descriptor.buffer.is_empty());
[INFO] [stdout]    |                                    +++++++
[INFO] [stdout] 
[INFO] [stdout] 
[INFO] [stdout] error[E0599]: no method named `is_empty` found for struct `archive_common::ArchiveDescriptor` in the current scope
[INFO] [stdout]   --> src/./tests/external_fields.rs:81:36
[INFO] [stdout]    |
[INFO] [stdout] 81 |         assert!(archive_descriptor.is_empty());
[INFO] [stdout]    |                                    ^^^^^^^^ method not found in `ArchiveDescriptor`
[INFO] [stdout]    |
[INFO] [stdout]   ::: src/archive_common.rs:28:1
[INFO] [stdout]    |
[INFO] [stdout] 28 | pub struct ArchiveDescriptor {
[INFO] [stdout]    | ---------------------------- method `is_empty` not found for this struct
[INFO] [stdout]    |
[INFO] [stdout]    = help: items from traits can only be used if the trait is implemented and in scope
[INFO] [stdout]    = note: the following trait defines an item `is_empty`, perhaps you need to implement it:
[INFO] [stdout]            candidate #1: `ExactSizeIterator`
[INFO] [stdout] help: one of the expressions' fields has a method of the same name
[INFO] [stdout]    |
[INFO] [stdout] 81 |         assert!(archive_descriptor.buffer.is_empty());
[INFO] [stdout]    |                                    +++++++
[INFO] [stdout] 
[INFO] [stdout] 
[INFO] [stdout] error[E0599]: no method named `is_empty` found for struct `archive_common::ArchiveDescriptor` in the current scope
[INFO] [stdout]   --> src/./tests/external_fields.rs:87:37
[INFO] [stdout]    |
[INFO] [stdout] 87 |         assert!(!archive_descriptor.is_empty());
[INFO] [stdout]    |                                     ^^^^^^^^ method not found in `ArchiveDescriptor`
[INFO] [stdout]    |
[INFO] [stdout]   ::: src/archive_common.rs:28:1
[INFO] [stdout]    |
[INFO] [stdout] 28 | pub struct ArchiveDescriptor {
[INFO] [stdout]    | ---------------------------- method `is_empty` not found for this struct
[INFO] [stdout]    |
[INFO] [stdout]    = help: items from traits can only be used if the trait is implemented and in scope
[INFO] [stdout]    = note: the following trait defines an item `is_empty`, perhaps you need to implement it:
[INFO] [stdout]            candidate #1: `ExactSizeIterator`
[INFO] [stdout] help: one of the expressions' fields has a method of the same name
[INFO] [stdout]    |
[INFO] [stdout] 87 |         assert!(!archive_descriptor.buffer.is_empty());
[INFO] [stdout]    |                                     +++++++
[INFO] [stdout] 
[INFO] [stdout] 
[INFO] [stdout] error[E0599]: no method named `is_empty` found for struct `archive_common::ArchiveDescriptor` in the current scope
[INFO] [stdout]   --> src/./tests/external_fields.rs:96:37
[INFO] [stdout]    |
[INFO] [stdout] 96 |         assert!(!archive_descriptor.is_empty());
[INFO] [stdout]    |                                     ^^^^^^^^ method not found in `ArchiveDescriptor`
[INFO] [stdout]    |
[INFO] [stdout]   ::: src/archive_common.rs:28:1
[INFO] [stdout]    |
[INFO] [stdout] 28 | pub struct ArchiveDescriptor {
[INFO] [stdout]    | ---------------------------- method `is_empty` not found for this struct
[INFO] [stdout]    |
[INFO] [stdout]    = help: items from traits can only be used if the trait is implemented and in scope
[INFO] [stdout]    = note: the following trait defines an item `is_empty`, perhaps you need to implement it:
[INFO] [stdout]            candidate #1: `ExactSizeIterator`
[INFO] [stdout] help: one of the expressions' fields has a method of the same name
[INFO] [stdout]    |
[INFO] [stdout] 96 |         assert!(!archive_descriptor.buffer.is_empty());
[INFO] [stdout]    |                                     +++++++
[INFO] [stdout] 
[INFO] [stdout] 
[INFO] [stdout] error[E0599]: no method named `finish` found for struct `archive_common::ArchiveDescriptor` in the current scope
[INFO] [stdout]     --> src/archive_common.rs:1303:24
[INFO] [stdout]      |
[INFO] [stdout] 28   | pub struct ArchiveDescriptor {
[INFO] [stdout]      | ---------------------------- method `finish` not found for this struct
[INFO] [stdout] ...
[INFO] [stdout] 1303 |         let vec = desc.finish();
[INFO] [stdout]      |                        ^^^^^^ method not found in `ArchiveDescriptor`
[INFO] [stdout]      |
[INFO] [stdout]      = help: items from traits can only be used if the trait is implemented and in scope
[INFO] [stdout]      = note: the following traits define an item `finish`, perhaps you need to implement one of them:
[INFO] [stdout]              candidate #1: `std::hash::Hasher`
[INFO] [stdout]              candidate #2: `flate2::zio::Flush`
[INFO] [stdout]              candidate #3: `async_compression::codec::Encode`
[INFO] [stdout]              candidate #4: `async_compression::codec::Decode`
[INFO] [stdout]              candidate #5: `zstd::stream::raw::Operation`
[INFO] [stdout]              candidate #6: `Operation`
[INFO] [stdout] 
[INFO] [stdout] 
[INFO] [stdout] error[E0599]: no function or associated item named `read_file_descriptor` found for struct `archive_common::ArchiveDescriptor` in the current scope
[INFO] [stdout]     --> src/archive_common.rs:1307:40
[INFO] [stdout]      |
[INFO] [stdout] 28   | pub struct ArchiveDescriptor {
[INFO] [stdout]      | ---------------------------- function or associated item `read_file_descriptor` not found for this struct
[INFO] [stdout] ...
[INFO] [stdout] 1307 |         let entry = ArchiveDescriptor::read_file_descriptor(&vec);
[INFO] [stdout]      |                                        ^^^^^^^^^^^^^^^^^^^^ function or associated item not found in `ArchiveDescriptor`
[INFO] [stdout]      |
[INFO] [stdout] note: if you're trying to build a new `archive_common::ArchiveDescriptor`, consider using `archive_common::ArchiveDescriptor::new` which returns `archive_common::ArchiveDescriptor`
[INFO] [stdout]     --> src/archive_common.rs:33:5
[INFO] [stdout]      |
[INFO] [stdout] 33   |     pub fn new(capacity: u64) -> ArchiveDescriptor {
[INFO] [stdout]      |     ^^^^^^^^^^^^^^^^^^^^^^^^^^^^^^^^^^^^^^^^^^^^^^
[INFO] [stdout] 
[INFO] [stdout] 
[INFO] [stdout] error[E0599]: no function or associated item named `read_file_descriptor` found for struct `archive_common::ArchiveDescriptor` in the current scope
[INFO] [stdout]     --> src/archive_common.rs:1325:40
[INFO] [stdout]      |
[INFO] [stdout] 28   | pub struct ArchiveDescriptor {
[INFO] [stdout]      | ---------------------------- function or associated item `read_file_descriptor` not found for this struct
[INFO] [stdout] ...
[INFO] [stdout] 1325 |         let entry = ArchiveDescriptor::read_file_descriptor(&vec);
[INFO] [stdout]      |                                        ^^^^^^^^^^^^^^^^^^^^ function or associated item not found in `ArchiveDescriptor`
[INFO] [stdout]      |
[INFO] [stdout] note: if you're trying to build a new `archive_common::ArchiveDescriptor`, consider using `archive_common::ArchiveDescriptor::new` which returns `archive_common::ArchiveDescriptor`
[INFO] [stdout]     --> src/archive_common.rs:33:5
[INFO] [stdout]      |
[INFO] [stdout] 33   |     pub fn new(capacity: u64) -> ArchiveDescriptor {
[INFO] [stdout]      |     ^^^^^^^^^^^^^^^^^^^^^^^^^^^^^^^^^^^^^^^^^^^^^^
[INFO] [stdout] 
[INFO] [stdout] 
[INFO] [stdout] error[E0599]: no function or associated item named `read_file_descriptor` found for struct `archive_common::ArchiveDescriptor` in the current scope
[INFO] [stdout]     --> src/archive_common.rs:1338:40
[INFO] [stdout]      |
[INFO] [stdout] 28   | pub struct ArchiveDescriptor {
[INFO] [stdout]      | ---------------------------- function or associated item `read_file_descriptor` not found for this struct
[INFO] [stdout] ...
[INFO] [stdout] 1338 |         let entry = ArchiveDescriptor::read_file_descriptor(&vec);
[INFO] [stdout]      |                                        ^^^^^^^^^^^^^^^^^^^^ function or associated item not found in `ArchiveDescriptor`
[INFO] [stdout]      |
[INFO] [stdout] note: if you're trying to build a new `archive_common::ArchiveDescriptor`, consider using `archive_common::ArchiveDescriptor::new` which returns `archive_common::ArchiveDescriptor`
[INFO] [stdout]     --> src/archive_common.rs:33:5
[INFO] [stdout]      |
[INFO] [stdout] 33   |     pub fn new(capacity: u64) -> ArchiveDescriptor {
[INFO] [stdout]      |     ^^^^^^^^^^^^^^^^^^^^^^^^^^^^^^^^^^^^^^^^^^^^^^
[INFO] [stdout] 
[INFO] [stdout] 
[INFO] [stdout] error[E0599]: no function or associated item named `read_file_descriptor` found for struct `archive_common::ArchiveDescriptor` in the current scope
[INFO] [stdout]     --> src/archive_common.rs:1351:40
[INFO] [stdout]      |
[INFO] [stdout] 28   | pub struct ArchiveDescriptor {
[INFO] [stdout]      | ---------------------------- function or associated item `read_file_descriptor` not found for this struct
[INFO] [stdout] ...
[INFO] [stdout] 1351 |         let entry = ArchiveDescriptor::read_file_descriptor(&vec).unwrap();
[INFO] [stdout]      |                                        ^^^^^^^^^^^^^^^^^^^^ function or associated item not found in `ArchiveDescriptor`
[INFO] [stdout]      |
[INFO] [stdout] note: if you're trying to build a new `archive_common::ArchiveDescriptor`, consider using `archive_common::ArchiveDescriptor::new` which returns `archive_common::ArchiveDescriptor`
[INFO] [stdout]     --> src/archive_common.rs:33:5
[INFO] [stdout]      |
[INFO] [stdout] 33   |     pub fn new(capacity: u64) -> ArchiveDescriptor {
[INFO] [stdout]      |     ^^^^^^^^^^^^^^^^^^^^^^^^^^^^^^^^^^^^^^^^^^^^^^
[INFO] [stdout] 
[INFO] [stdout] 
[INFO] [stdout] error[E0599]: no function or associated item named `read_file_descriptor` found for struct `archive_common::ArchiveDescriptor` in the current scope
[INFO] [stdout]     --> src/archive_common.rs:1376:40
[INFO] [stdout]      |
[INFO] [stdout] 28   | pub struct ArchiveDescriptor {
[INFO] [stdout]      | ---------------------------- function or associated item `read_file_descriptor` not found for this struct
[INFO] [stdout] ...
[INFO] [stdout] 1376 |         let entry = ArchiveDescriptor::read_file_descriptor(&vec).unwrap();
[INFO] [stdout]      |                                        ^^^^^^^^^^^^^^^^^^^^ function or associated item not found in `ArchiveDescriptor`
[INFO] [stdout]      |
[INFO] [stdout] note: if you're trying to build a new `archive_common::ArchiveDescriptor`, consider using `archive_common::ArchiveDescriptor::new` which returns `archive_common::ArchiveDescriptor`
[INFO] [stdout]     --> src/archive_common.rs:33:5
[INFO] [stdout]      |
[INFO] [stdout] 33   |     pub fn new(capacity: u64) -> ArchiveDescriptor {
[INFO] [stdout]      |     ^^^^^^^^^^^^^^^^^^^^^^^^^^^^^^^^^^^^^^^^^^^^^^
[INFO] [stdout] 
[INFO] [stdout] 
[INFO] [stdout] error[E0599]: no function or associated item named `read_file_descriptor` found for struct `archive_common::ArchiveDescriptor` in the current scope
[INFO] [stdout]     --> src/archive_common.rs:1400:40
[INFO] [stdout]      |
[INFO] [stdout] 28   | pub struct ArchiveDescriptor {
[INFO] [stdout]      | ---------------------------- function or associated item `read_file_descriptor` not found for this struct
[INFO] [stdout] ...
[INFO] [stdout] 1400 |         let entry = ArchiveDescriptor::read_file_descriptor(&vec).unwrap();
[INFO] [stdout]      |                                        ^^^^^^^^^^^^^^^^^^^^ function or associated item not found in `ArchiveDescriptor`
[INFO] [stdout]      |
[INFO] [stdout] note: if you're trying to build a new `archive_common::ArchiveDescriptor`, consider using `archive_common::ArchiveDescriptor::new` which returns `archive_common::ArchiveDescriptor`
[INFO] [stdout]     --> src/archive_common.rs:33:5
[INFO] [stdout]      |
[INFO] [stdout] 33   |     pub fn new(capacity: u64) -> ArchiveDescriptor {
[INFO] [stdout]      |     ^^^^^^^^^^^^^^^^^^^^^^^^^^^^^^^^^^^^^^^^^^^^^^
[INFO] [stdout] 
[INFO] [stdout] 
[INFO] [stdout] error: aborting due to 11 previous errors
[INFO] [stdout] 
[INFO] [stdout] 
[INFO] [stdout] For more information about this error, try `rustc --explain E0599`.
[INFO] [stdout] 
[INFO] [stderr] error: could not compile `archflow` (lib test) due to 12 previous errors
[INFO] running `Command { std: "docker" "inspect" "edc07c81f3e1aafa314c72fff399c505b141d2cec035eea3c30beaf08c3a46cd", kill_on_drop: false }`
[INFO] running `Command { std: "docker" "rm" "-f" "edc07c81f3e1aafa314c72fff399c505b141d2cec035eea3c30beaf08c3a46cd", kill_on_drop: false }`
[INFO] [stdout] edc07c81f3e1aafa314c72fff399c505b141d2cec035eea3c30beaf08c3a46cd
[INFO] testing archflow-0.1.1 against beta-2023-12-22 for beta-1.76-1
[INFO] extracting crate archflow 0.1.1 into /workspace/builds/worker-1-tc2/source
[INFO] validating manifest of crates.io crate archflow 0.1.1 on toolchain beta-2023-12-22
[INFO] running `Command { std: CARGO_HOME="/workspace/cargo-home" RUSTUP_HOME="/workspace/rustup-home" "/workspace/cargo-home/bin/cargo" "+beta-2023-12-22" "metadata" "--manifest-path" "Cargo.toml" "--no-deps", kill_on_drop: false }`
[INFO] started tweaking crates.io crate archflow 0.1.1
[INFO] removed 0 missing examples
[INFO] finished tweaking crates.io crate archflow 0.1.1
[INFO] tweaked toml for crates.io crate archflow 0.1.1 written to /workspace/builds/worker-1-tc2/source/Cargo.toml
[INFO] crate crates.io crate archflow 0.1.1 already has a lockfile, it will not be regenerated
[INFO] running `Command { std: CARGO_HOME="/workspace/cargo-home" RUSTUP_HOME="/workspace/rustup-home" "/workspace/cargo-home/bin/cargo" "+beta-2023-12-22" "fetch" "--manifest-path" "Cargo.toml", kill_on_drop: false }`
[INFO] running `Command { std: "docker" "create" "-v" "/var/lib/crater-agent-workspace/builds/worker-1-tc2/target:/opt/rustwide/target:rw,Z" "-v" "/var/lib/crater-agent-workspace/builds/worker-1-tc2/source:/opt/rustwide/workdir:ro,Z" "-v" "/var/lib/crater-agent-workspace/cargo-home:/opt/rustwide/cargo-home:ro,Z" "-v" "/var/lib/crater-agent-workspace/rustup-home:/opt/rustwide/rustup-home:ro,Z" "-e" "SOURCE_DIR=/opt/rustwide/workdir" "-e" "CARGO_TARGET_DIR=/opt/rustwide/target" "-e" "CARGO_HOME=/opt/rustwide/cargo-home" "-e" "RUSTUP_HOME=/opt/rustwide/rustup-home" "-w" "/opt/rustwide/workdir" "-m" "1610612736" "--user" "0:0" "--network" "none" "ghcr.io/rust-lang/crates-build-env/linux@sha256:2788e3201cd34a07e3172128adcd8b3090168a8e3bcc40d7c032b9dda1df7d1c" "/opt/rustwide/cargo-home/bin/cargo" "+beta-2023-12-22" "metadata" "--no-deps" "--format-version=1", kill_on_drop: false }`
[INFO] [stdout] ac4c01a32c053cab2f061035ce2e7bdef186bab98e62a446405051b54c5605fd
[INFO] running `Command { std: "docker" "start" "-a" "ac4c01a32c053cab2f061035ce2e7bdef186bab98e62a446405051b54c5605fd", kill_on_drop: false }`
[INFO] running `Command { std: "docker" "inspect" "ac4c01a32c053cab2f061035ce2e7bdef186bab98e62a446405051b54c5605fd", kill_on_drop: false }`
[INFO] running `Command { std: "docker" "rm" "-f" "ac4c01a32c053cab2f061035ce2e7bdef186bab98e62a446405051b54c5605fd", kill_on_drop: false }`
[INFO] [stdout] ac4c01a32c053cab2f061035ce2e7bdef186bab98e62a446405051b54c5605fd
[INFO] running `Command { std: "docker" "create" "-v" "/var/lib/crater-agent-workspace/builds/worker-1-tc2/target:/opt/rustwide/target:rw,Z" "-v" "/var/lib/crater-agent-workspace/builds/worker-1-tc2/source:/opt/rustwide/workdir:ro,Z" "-v" "/var/lib/crater-agent-workspace/cargo-home:/opt/rustwide/cargo-home:ro,Z" "-v" "/var/lib/crater-agent-workspace/rustup-home:/opt/rustwide/rustup-home:ro,Z" "-e" "SOURCE_DIR=/opt/rustwide/workdir" "-e" "CARGO_TARGET_DIR=/opt/rustwide/target" "-e" "CARGO_INCREMENTAL=0" "-e" "RUST_BACKTRACE=full" "-e" "RUSTFLAGS=--cap-lints=warn" "-e" "RUSTDOCFLAGS=--cap-lints=warn" "-e" "CARGO_HOME=/opt/rustwide/cargo-home" "-e" "RUSTUP_HOME=/opt/rustwide/rustup-home" "-w" "/opt/rustwide/workdir" "-m" "1610612736" "--user" "0:0" "--network" "none" "ghcr.io/rust-lang/crates-build-env/linux@sha256:2788e3201cd34a07e3172128adcd8b3090168a8e3bcc40d7c032b9dda1df7d1c" "/opt/rustwide/cargo-home/bin/cargo" "+beta-2023-12-22" "build" "--frozen" "--message-format=json", kill_on_drop: false }`
[INFO] [stdout] ac1a62f50ebec4070077fb9c1d6d0a9ad37578db3269900a68f0a788ca214dd5
[INFO] running `Command { std: "docker" "start" "-a" "ac1a62f50ebec4070077fb9c1d6d0a9ad37578db3269900a68f0a788ca214dd5", kill_on_drop: false }`
[INFO] [stderr]    Compiling libc v0.2.142
[INFO] [stderr]    Compiling pkg-config v0.3.26
[INFO] [stderr]    Compiling alloc-no-stdlib v2.0.4
[INFO] [stderr]    Compiling zstd-safe v5.0.2+zstd.1.5.2
[INFO] [stderr]    Compiling futures-core v0.3.28
[INFO] [stderr]    Compiling memchr v2.5.0
[INFO] [stderr]    Compiling zstd-safe v6.0.5+zstd.1.5.4
[INFO] [stderr]    Compiling num-traits v0.2.15
[INFO] [stderr]    Compiling tokio v1.27.0
[INFO] [stderr]    Compiling num-integer v0.1.45
[INFO] [stderr]    Compiling miniz_oxide v0.6.2
[INFO] [stderr]    Compiling iana-time-zone v0.1.56
[INFO] [stderr]    Compiling tokio-macros v2.0.0
[INFO] [stderr]    Compiling alloc-stdlib v0.2.2
[INFO] [stderr]    Compiling brotli-decompressor v2.3.4
[INFO] [stderr]    Compiling flate2 v1.0.25
[INFO] [stderr]    Compiling jobserver v0.1.26
[INFO] [stderr]    Compiling num_cpus v1.15.0
[INFO] [stderr]    Compiling time v0.1.45
[INFO] [stderr]    Compiling cc v1.0.79
[INFO] [stderr]    Compiling brotli v3.3.4
[INFO] [stderr]    Compiling chrono v0.4.24
[INFO] [stderr]    Compiling zstd-sys v2.0.8+zstd.1.5.5
[INFO] [stderr]    Compiling bzip2-sys v0.1.11+1.0.8
[INFO] [stderr]    Compiling lzma-sys v0.1.20
[INFO] [stderr]    Compiling xz2 v0.1.7
[INFO] [stderr]    Compiling bzip2 v0.4.4
[INFO] [stderr]    Compiling zstd v0.11.2+zstd.1.5.2
[INFO] [stderr]    Compiling zstd v0.12.3+zstd.1.5.2
[INFO] [stderr]    Compiling async-compression v0.3.15
[INFO] [stderr]    Compiling archflow v0.1.1 (/opt/rustwide/workdir)
[INFO] [stderr]     Finished dev [unoptimized + debuginfo] target(s) in 5.13s
[INFO] running `Command { std: "docker" "inspect" "ac1a62f50ebec4070077fb9c1d6d0a9ad37578db3269900a68f0a788ca214dd5", kill_on_drop: false }`
[INFO] running `Command { std: "docker" "rm" "-f" "ac1a62f50ebec4070077fb9c1d6d0a9ad37578db3269900a68f0a788ca214dd5", kill_on_drop: false }`
[INFO] [stdout] ac1a62f50ebec4070077fb9c1d6d0a9ad37578db3269900a68f0a788ca214dd5
[INFO] running `Command { std: "docker" "create" "-v" "/var/lib/crater-agent-workspace/builds/worker-1-tc2/target:/opt/rustwide/target:rw,Z" "-v" "/var/lib/crater-agent-workspace/builds/worker-1-tc2/source:/opt/rustwide/workdir:ro,Z" "-v" "/var/lib/crater-agent-workspace/cargo-home:/opt/rustwide/cargo-home:ro,Z" "-v" "/var/lib/crater-agent-workspace/rustup-home:/opt/rustwide/rustup-home:ro,Z" "-e" "SOURCE_DIR=/opt/rustwide/workdir" "-e" "CARGO_TARGET_DIR=/opt/rustwide/target" "-e" "CARGO_INCREMENTAL=0" "-e" "RUST_BACKTRACE=full" "-e" "RUSTFLAGS=--cap-lints=warn" "-e" "RUSTDOCFLAGS=--cap-lints=warn" "-e" "CARGO_HOME=/opt/rustwide/cargo-home" "-e" "RUSTUP_HOME=/opt/rustwide/rustup-home" "-w" "/opt/rustwide/workdir" "-m" "1610612736" "--user" "0:0" "--network" "none" "ghcr.io/rust-lang/crates-build-env/linux@sha256:2788e3201cd34a07e3172128adcd8b3090168a8e3bcc40d7c032b9dda1df7d1c" "/opt/rustwide/cargo-home/bin/cargo" "+beta-2023-12-22" "test" "--frozen" "--no-run" "--message-format=json", kill_on_drop: false }`
[INFO] [stdout] f5e0aecd9a451753bd9341a05e3c31b401a4e37c55e8de1d8636b607e4d448d3
[INFO] running `Command { std: "docker" "start" "-a" "f5e0aecd9a451753bd9341a05e3c31b401a4e37c55e8de1d8636b607e4d448d3", kill_on_drop: false }`
[INFO] [stderr]    Compiling log v0.4.17
[INFO] [stderr]    Compiling tokio v1.27.0
[INFO] [stderr]    Compiling once_cell v1.17.1
[INFO] [stderr]    Compiling typenum v1.16.0
[INFO] [stderr]    Compiling futures-task v0.3.28
[INFO] [stderr]    Compiling generic-array v0.14.7
[INFO] [stderr]    Compiling futures-util v0.3.28
[INFO] [stderr]    Compiling serde v1.0.160
[INFO] [stderr]    Compiling parking_lot_core v0.9.7
[INFO] [stderr]    Compiling signal-hook-registry v1.4.1
[INFO] [stderr]    Compiling socket2 v0.4.9
[INFO] [stderr]    Compiling getrandom v0.2.9
[INFO] [stderr]    Compiling syn v1.0.109
[INFO] [stderr]    Compiling paste v1.0.12
[INFO] [stderr]    Compiling aho-corasick v1.0.1
[INFO] [stderr]    Compiling bytestring v1.3.0
[INFO] [stderr]    Compiling tracing-core v0.1.30
[INFO] [stderr]    Compiling regex-syntax v0.7.1
[INFO] [stderr]    Compiling parking_lot v0.12.1
[INFO] [stderr]    Compiling local-waker v0.1.3
[INFO] [stderr]    Compiling rand_core v0.6.4
[INFO] [stderr]    Compiling brotli v3.3.4
[INFO] [stderr]    Compiling ahash v0.8.3
[INFO] [stderr]    Compiling mio v0.8.6
[INFO] [stderr]    Compiling time-core v0.1.0
[INFO] [stderr]    Compiling ppv-lite86 v0.2.17
[INFO] [stderr]    Compiling tracing v0.1.37
[INFO] [stderr]    Compiling time-macros v0.2.8
[INFO] [stderr]    Compiling actix-utils v3.0.1
[INFO] [stderr]    Compiling cookie v0.16.2
[INFO] [stderr]    Compiling rand_chacha v0.3.1
[INFO] [stderr]    Compiling convert_case v0.4.0
[INFO] [stderr]    Compiling cpufeatures v0.2.7
[INFO] [stderr]    Compiling language-tags v0.3.2
[INFO] [stderr]    Compiling want v0.3.0
[INFO] [stderr]    Compiling actix-service v2.0.2
[INFO] [stderr]    Compiling rand v0.8.5
[INFO] [stderr]    Compiling ahash v0.7.6
[INFO] [stderr]    Compiling time v0.3.20
[INFO] [stderr]    Compiling crypto-common v0.1.6
[INFO] [stderr]    Compiling block-buffer v0.10.4
[INFO] [stderr]    Compiling regex v1.8.1
[INFO] [stderr]    Compiling digest v0.10.6
[INFO] [stderr]    Compiling sha1 v0.10.5
[INFO] [stderr]    Compiling local-channel v0.1.3
[INFO] [stderr]    Compiling actix-router v0.5.1
[INFO] [stderr]    Compiling serde_json v1.0.96
[INFO] [stderr]    Compiling serde_urlencoded v0.7.1
[INFO] [stderr]    Compiling derive_more v0.99.17
[INFO] [stderr]    Compiling actix-web-codegen v4.2.0
[INFO] [stderr]    Compiling actix-macros v0.2.3
[INFO] [stderr]    Compiling tokio-util v0.7.7
[INFO] [stderr]    Compiling actix-rt v2.8.0
[INFO] [stderr]    Compiling async-compression v0.3.15
[INFO] [stderr]    Compiling hyper v0.14.26
[INFO] [stderr]    Compiling actix-server v2.2.0
[INFO] [stderr]    Compiling actix-codec v0.5.0
[INFO] [stderr]    Compiling h2 v0.3.18
[INFO] [stderr]    Compiling archflow v0.1.1 (/opt/rustwide/workdir)
[INFO] [stderr]    Compiling actix-http v3.3.1
[INFO] [stderr]    Compiling actix-web v4.3.1
[INFO] [stdout] error[E0432]: unresolved import `archflow::uncompress`
[INFO] [stdout]  --> tests/archivezip_tokio_test_integrity.rs:7:26
[INFO] [stdout]   |
[INFO] [stdout] 7 |     error::ArchiveError, uncompress::ArchiveReader,
[INFO] [stdout]   |                          ^^^^^^^^^^ could not find `uncompress` in `archflow`
[INFO] [stdout] 
[INFO] [stdout] 
[INFO] [stdout] error[E0432]: unresolved import `archflow::uncompress`
[INFO] [stdout]  --> tests/archivezip_std_test_integrity.rs:5:26
[INFO] [stdout]   |
[INFO] [stdout] 5 |     error::ArchiveError, uncompress::ArchiveReader,
[INFO] [stdout]   |                          ^^^^^^^^^^ could not find `uncompress` in `archflow`
[INFO] [stdout] 
[INFO] [stdout] 
[INFO] [stdout] error: aborting due to 1 previous error
[INFO] [stdout] 
[INFO] [stdout] 
[INFO] [stdout] For more information about this error, try `rustc --explain E0432`.
[INFO] [stdout] 
[INFO] [stderr] error: could not compile `archflow` (test "archivezip_tokio_test_integrity") due to 2 previous errors
[INFO] [stderr] warning: build failed, waiting for other jobs to finish...
[INFO] [stdout] error: aborting due to 1 previous error
[INFO] [stdout] 
[INFO] [stdout] 
[INFO] [stdout] For more information about this error, try `rustc --explain E0432`.
[INFO] [stdout] 
[INFO] [stderr] error: could not compile `archflow` (test "archivezip_std_test_integrity") due to 2 previous errors
[INFO] [stdout] error[E0599]: no method named `is_empty` found for struct `archive_common::ArchiveDescriptor` in the current scope
[INFO] [stdout]   --> src/./tests/external_fields.rs:77:36
[INFO] [stdout]    |
[INFO] [stdout] 77 |         assert!(archive_descriptor.is_empty());
[INFO] [stdout]    |                                    ^^^^^^^^ method not found in `ArchiveDescriptor`
[INFO] [stdout]    |
[INFO] [stdout]   ::: src/archive_common.rs:28:1
[INFO] [stdout]    |
[INFO] [stdout] 28 | pub struct ArchiveDescriptor {
[INFO] [stdout]    | ---------------------------- method `is_empty` not found for this struct
[INFO] [stdout]    |
[INFO] [stdout]    = help: items from traits can only be used if the trait is implemented and in scope
[INFO] [stdout]    = note: the following trait defines an item `is_empty`, perhaps you need to implement it:
[INFO] [stdout]            candidate #1: `ExactSizeIterator`
[INFO] [stdout] help: one of the expressions' fields has a method of the same name
[INFO] [stdout]    |
[INFO] [stdout] 77 |         assert!(archive_descriptor.buffer.is_empty());
[INFO] [stdout]    |                                    +++++++
[INFO] [stdout] 
[INFO] [stdout] 
[INFO] [stdout] error[E0599]: no method named `is_empty` found for struct `archive_common::ArchiveDescriptor` in the current scope
[INFO] [stdout]   --> src/./tests/external_fields.rs:81:36
[INFO] [stdout]    |
[INFO] [stdout] 81 |         assert!(archive_descriptor.is_empty());
[INFO] [stdout]    |                                    ^^^^^^^^ method not found in `ArchiveDescriptor`
[INFO] [stdout]    |
[INFO] [stdout]   ::: src/archive_common.rs:28:1
[INFO] [stdout]    |
[INFO] [stdout] 28 | pub struct ArchiveDescriptor {
[INFO] [stdout]    | ---------------------------- method `is_empty` not found for this struct
[INFO] [stdout]    |
[INFO] [stdout]    = help: items from traits can only be used if the trait is implemented and in scope
[INFO] [stdout]    = note: the following trait defines an item `is_empty`, perhaps you need to implement it:
[INFO] [stdout]            candidate #1: `ExactSizeIterator`
[INFO] [stdout] help: one of the expressions' fields has a method of the same name
[INFO] [stdout]    |
[INFO] [stdout] 81 |         assert!(archive_descriptor.buffer.is_empty());
[INFO] [stdout]    |                                    +++++++
[INFO] [stdout] 
[INFO] [stdout] 
[INFO] [stdout] error[E0599]: no method named `is_empty` found for struct `archive_common::ArchiveDescriptor` in the current scope
[INFO] [stdout]   --> src/./tests/external_fields.rs:87:37
[INFO] [stdout]    |
[INFO] [stdout] 87 |         assert!(!archive_descriptor.is_empty());
[INFO] [stdout]    |                                     ^^^^^^^^ method not found in `ArchiveDescriptor`
[INFO] [stdout]    |
[INFO] [stdout]   ::: src/archive_common.rs:28:1
[INFO] [stdout]    |
[INFO] [stdout] 28 | pub struct ArchiveDescriptor {
[INFO] [stdout]    | ---------------------------- method `is_empty` not found for this struct
[INFO] [stdout]    |
[INFO] [stdout]    = help: items from traits can only be used if the trait is implemented and in scope
[INFO] [stdout]    = note: the following trait defines an item `is_empty`, perhaps you need to implement it:
[INFO] [stdout]            candidate #1: `ExactSizeIterator`
[INFO] [stdout] help: one of the expressions' fields has a method of the same name
[INFO] [stdout]    |
[INFO] [stdout] 87 |         assert!(!archive_descriptor.buffer.is_empty());
[INFO] [stdout]    |                                     +++++++
[INFO] [stdout] 
[INFO] [stdout] 
[INFO] [stdout] error[E0599]: no method named `is_empty` found for struct `archive_common::ArchiveDescriptor` in the current scope
[INFO] [stdout]   --> src/./tests/external_fields.rs:96:37
[INFO] [stdout]    |
[INFO] [stdout] 96 |         assert!(!archive_descriptor.is_empty());
[INFO] [stdout]    |                                     ^^^^^^^^ method not found in `ArchiveDescriptor`
[INFO] [stdout]    |
[INFO] [stdout]   ::: src/archive_common.rs:28:1
[INFO] [stdout]    |
[INFO] [stdout] 28 | pub struct ArchiveDescriptor {
[INFO] [stdout]    | ---------------------------- method `is_empty` not found for this struct
[INFO] [stdout]    |
[INFO] [stdout]    = help: items from traits can only be used if the trait is implemented and in scope
[INFO] [stdout]    = note: the following trait defines an item `is_empty`, perhaps you need to implement it:
[INFO] [stdout]            candidate #1: `ExactSizeIterator`
[INFO] [stdout] help: one of the expressions' fields has a method of the same name
[INFO] [stdout]    |
[INFO] [stdout] 96 |         assert!(!archive_descriptor.buffer.is_empty());
[INFO] [stdout]    |                                     +++++++
[INFO] [stdout] 
[INFO] [stdout] 
[INFO] [stdout] error[E0599]: no method named `finish` found for struct `archive_common::ArchiveDescriptor` in the current scope
[INFO] [stdout]     --> src/archive_common.rs:1303:24
[INFO] [stdout]      |
[INFO] [stdout] 28   | pub struct ArchiveDescriptor {
[INFO] [stdout]      | ---------------------------- method `finish` not found for this struct
[INFO] [stdout] ...
[INFO] [stdout] 1303 |         let vec = desc.finish();
[INFO] [stdout]      |                        ^^^^^^ method not found in `ArchiveDescriptor`
[INFO] [stdout]      |
[INFO] [stdout]      = help: items from traits can only be used if the trait is implemented and in scope
[INFO] [stdout]      = note: the following traits define an item `finish`, perhaps you need to implement one of them:
[INFO] [stdout]              candidate #1: `std::hash::Hasher`
[INFO] [stdout]              candidate #2: `flate2::zio::Flush`
[INFO] [stdout]              candidate #3: `async_compression::codec::Encode`
[INFO] [stdout]              candidate #4: `async_compression::codec::Decode`
[INFO] [stdout]              candidate #5: `zstd::stream::raw::Operation`
[INFO] [stdout]              candidate #6: `Operation`
[INFO] [stdout] 
[INFO] [stdout] 
[INFO] [stdout] error[E0599]: no function or associated item named `read_file_descriptor` found for struct `archive_common::ArchiveDescriptor` in the current scope
[INFO] [stdout]     --> src/archive_common.rs:1307:40
[INFO] [stdout]      |
[INFO] [stdout] 28   | pub struct ArchiveDescriptor {
[INFO] [stdout]      | ---------------------------- function or associated item `read_file_descriptor` not found for this struct
[INFO] [stdout] ...
[INFO] [stdout] 1307 |         let entry = ArchiveDescriptor::read_file_descriptor(&vec);
[INFO] [stdout]      |                                        ^^^^^^^^^^^^^^^^^^^^ function or associated item not found in `ArchiveDescriptor`
[INFO] [stdout]      |
[INFO] [stdout] note: if you're trying to build a new `archive_common::ArchiveDescriptor`, consider using `archive_common::ArchiveDescriptor::new` which returns `archive_common::ArchiveDescriptor`
[INFO] [stdout]     --> src/archive_common.rs:33:5
[INFO] [stdout]      |
[INFO] [stdout] 33   |     pub fn new(capacity: u64) -> ArchiveDescriptor {
[INFO] [stdout]      |     ^^^^^^^^^^^^^^^^^^^^^^^^^^^^^^^^^^^^^^^^^^^^^^
[INFO] [stdout] 
[INFO] [stdout] 
[INFO] [stdout] error[E0599]: no function or associated item named `read_file_descriptor` found for struct `archive_common::ArchiveDescriptor` in the current scope
[INFO] [stdout]     --> src/archive_common.rs:1325:40
[INFO] [stdout]      |
[INFO] [stdout] 28   | pub struct ArchiveDescriptor {
[INFO] [stdout]      | ---------------------------- function or associated item `read_file_descriptor` not found for this struct
[INFO] [stdout] ...
[INFO] [stdout] 1325 |         let entry = ArchiveDescriptor::read_file_descriptor(&vec);
[INFO] [stdout]      |                                        ^^^^^^^^^^^^^^^^^^^^ function or associated item not found in `ArchiveDescriptor`
[INFO] [stdout]      |
[INFO] [stdout] note: if you're trying to build a new `archive_common::ArchiveDescriptor`, consider using `archive_common::ArchiveDescriptor::new` which returns `archive_common::ArchiveDescriptor`
[INFO] [stdout]     --> src/archive_common.rs:33:5
[INFO] [stdout]      |
[INFO] [stdout] 33   |     pub fn new(capacity: u64) -> ArchiveDescriptor {
[INFO] [stdout]      |     ^^^^^^^^^^^^^^^^^^^^^^^^^^^^^^^^^^^^^^^^^^^^^^
[INFO] [stdout] 
[INFO] [stdout] 
[INFO] [stdout] error[E0599]: no function or associated item named `read_file_descriptor` found for struct `archive_common::ArchiveDescriptor` in the current scope
[INFO] [stdout]     --> src/archive_common.rs:1338:40
[INFO] [stdout]      |
[INFO] [stdout] 28   | pub struct ArchiveDescriptor {
[INFO] [stdout]      | ---------------------------- function or associated item `read_file_descriptor` not found for this struct
[INFO] [stdout] ...
[INFO] [stdout] 1338 |         let entry = ArchiveDescriptor::read_file_descriptor(&vec);
[INFO] [stdout]      |                                        ^^^^^^^^^^^^^^^^^^^^ function or associated item not found in `ArchiveDescriptor`
[INFO] [stdout]      |
[INFO] [stdout] note: if you're trying to build a new `archive_common::ArchiveDescriptor`, consider using `archive_common::ArchiveDescriptor::new` which returns `archive_common::ArchiveDescriptor`
[INFO] [stdout]     --> src/archive_common.rs:33:5
[INFO] [stdout]      |
[INFO] [stdout] 33   |     pub fn new(capacity: u64) -> ArchiveDescriptor {
[INFO] [stdout]      |     ^^^^^^^^^^^^^^^^^^^^^^^^^^^^^^^^^^^^^^^^^^^^^^
[INFO] [stdout] 
[INFO] [stdout] 
[INFO] [stdout] error[E0599]: no function or associated item named `read_file_descriptor` found for struct `archive_common::ArchiveDescriptor` in the current scope
[INFO] [stdout]     --> src/archive_common.rs:1351:40
[INFO] [stdout]      |
[INFO] [stdout] 28   | pub struct ArchiveDescriptor {
[INFO] [stdout]      | ---------------------------- function or associated item `read_file_descriptor` not found for this struct
[INFO] [stdout] ...
[INFO] [stdout] 1351 |         let entry = ArchiveDescriptor::read_file_descriptor(&vec).unwrap();
[INFO] [stdout]      |                                        ^^^^^^^^^^^^^^^^^^^^ function or associated item not found in `ArchiveDescriptor`
[INFO] [stdout]      |
[INFO] [stdout] note: if you're trying to build a new `archive_common::ArchiveDescriptor`, consider using `archive_common::ArchiveDescriptor::new` which returns `archive_common::ArchiveDescriptor`
[INFO] [stdout]     --> src/archive_common.rs:33:5
[INFO] [stdout]      |
[INFO] [stdout] 33   |     pub fn new(capacity: u64) -> ArchiveDescriptor {
[INFO] [stdout]      |     ^^^^^^^^^^^^^^^^^^^^^^^^^^^^^^^^^^^^^^^^^^^^^^
[INFO] [stdout] 
[INFO] [stdout] 
[INFO] [stdout] error[E0599]: no function or associated item named `read_file_descriptor` found for struct `archive_common::ArchiveDescriptor` in the current scope
[INFO] [stdout]     --> src/archive_common.rs:1376:40
[INFO] [stdout]      |
[INFO] [stdout] 28   | pub struct ArchiveDescriptor {
[INFO] [stdout]      | ---------------------------- function or associated item `read_file_descriptor` not found for this struct
[INFO] [stdout] ...
[INFO] [stdout] 1376 |         let entry = ArchiveDescriptor::read_file_descriptor(&vec).unwrap();
[INFO] [stdout]      |                                        ^^^^^^^^^^^^^^^^^^^^ function or associated item not found in `ArchiveDescriptor`
[INFO] [stdout]      |
[INFO] [stdout] note: if you're trying to build a new `archive_common::ArchiveDescriptor`, consider using `archive_common::ArchiveDescriptor::new` which returns `archive_common::ArchiveDescriptor`
[INFO] [stdout]     --> src/archive_common.rs:33:5
[INFO] [stdout]      |
[INFO] [stdout] 33   |     pub fn new(capacity: u64) -> ArchiveDescriptor {
[INFO] [stdout]      |     ^^^^^^^^^^^^^^^^^^^^^^^^^^^^^^^^^^^^^^^^^^^^^^
[INFO] [stdout] 
[INFO] [stdout] 
[INFO] [stdout] error[E0599]: no function or associated item named `read_file_descriptor` found for struct `archive_common::ArchiveDescriptor` in the current scope
[INFO] [stdout]     --> src/archive_common.rs:1400:40
[INFO] [stdout]      |
[INFO] [stdout] 28   | pub struct ArchiveDescriptor {
[INFO] [stdout]      | ---------------------------- function or associated item `read_file_descriptor` not found for this struct
[INFO] [stdout] ...
[INFO] [stdout] 1400 |         let entry = ArchiveDescriptor::read_file_descriptor(&vec).unwrap();
[INFO] [stdout]      |                                        ^^^^^^^^^^^^^^^^^^^^ function or associated item not found in `ArchiveDescriptor`
[INFO] [stdout]      |
[INFO] [stdout] note: if you're trying to build a new `archive_common::ArchiveDescriptor`, consider using `archive_common::ArchiveDescriptor::new` which returns `archive_common::ArchiveDescriptor`
[INFO] [stdout]     --> src/archive_common.rs:33:5
[INFO] [stdout]      |
[INFO] [stdout] 33   |     pub fn new(capacity: u64) -> ArchiveDescriptor {
[INFO] [stdout]      |     ^^^^^^^^^^^^^^^^^^^^^^^^^^^^^^^^^^^^^^^^^^^^^^
[INFO] [stdout] 
[INFO] [stdout] 
[INFO] [stdout] error: aborting due to 11 previous errors
[INFO] [stdout] 
[INFO] [stdout] 
[INFO] [stdout] For more information about this error, try `rustc --explain E0599`.
[INFO] [stdout] 
[INFO] [stderr] error: could not compile `archflow` (lib test) due to 12 previous errors
[INFO] running `Command { std: "docker" "inspect" "f5e0aecd9a451753bd9341a05e3c31b401a4e37c55e8de1d8636b607e4d448d3", kill_on_drop: false }`
[INFO] running `Command { std: "docker" "rm" "-f" "f5e0aecd9a451753bd9341a05e3c31b401a4e37c55e8de1d8636b607e4d448d3", kill_on_drop: false }`
[INFO] [stdout] f5e0aecd9a451753bd9341a05e3c31b401a4e37c55e8de1d8636b607e4d448d3
