[INFO] fetching crate apple-security-framework 2.9.2...
[INFO] testing apple-security-framework-2.9.2 against 1.75.0 for beta-1.76-1
[INFO] extracting crate apple-security-framework 2.9.2 into /workspace/builds/worker-2-tc1/source
[INFO] validating manifest of crates.io crate apple-security-framework 2.9.2 on toolchain 1.75.0
[INFO] running `Command { std: CARGO_HOME="/workspace/cargo-home" RUSTUP_HOME="/workspace/rustup-home" "/workspace/cargo-home/bin/cargo" "+1.75.0" "metadata" "--manifest-path" "Cargo.toml" "--no-deps", kill_on_drop: false }`
[INFO] started tweaking crates.io crate apple-security-framework 2.9.2
[INFO] finished tweaking crates.io crate apple-security-framework 2.9.2
[INFO] tweaked toml for crates.io crate apple-security-framework 2.9.2 written to /workspace/builds/worker-2-tc1/source/Cargo.toml
[INFO] crate crates.io crate apple-security-framework 2.9.2 already has a lockfile, it will not be regenerated
[INFO] running `Command { std: CARGO_HOME="/workspace/cargo-home" RUSTUP_HOME="/workspace/rustup-home" "/workspace/cargo-home/bin/cargo" "+1.75.0" "fetch" "--manifest-path" "Cargo.toml", kill_on_drop: false }`
[INFO] [stderr]     Updating crates.io index
[INFO] [stderr]  Downloading crates ...
[INFO] [stderr]   Downloaded num-traits v0.2.16
[INFO] [stderr]   Downloaded apple-security-framework-sys v2.9.1
[INFO] [stderr]   Downloaded num-bigint v0.4.3
[INFO] running `Command { std: "docker" "create" "-v" "/var/lib/crater-agent-workspace/builds/worker-2-tc1/target:/opt/rustwide/target:rw,Z" "-v" "/var/lib/crater-agent-workspace/builds/worker-2-tc1/source:/opt/rustwide/workdir:ro,Z" "-v" "/var/lib/crater-agent-workspace/cargo-home:/opt/rustwide/cargo-home:ro,Z" "-v" "/var/lib/crater-agent-workspace/rustup-home:/opt/rustwide/rustup-home:ro,Z" "-e" "SOURCE_DIR=/opt/rustwide/workdir" "-e" "CARGO_TARGET_DIR=/opt/rustwide/target" "-e" "CARGO_HOME=/opt/rustwide/cargo-home" "-e" "RUSTUP_HOME=/opt/rustwide/rustup-home" "-w" "/opt/rustwide/workdir" "-m" "1610612736" "--user" "0:0" "--network" "none" "ghcr.io/rust-lang/crates-build-env/linux@sha256:2788e3201cd34a07e3172128adcd8b3090168a8e3bcc40d7c032b9dda1df7d1c" "/opt/rustwide/cargo-home/bin/cargo" "+1.75.0" "metadata" "--no-deps" "--format-version=1", kill_on_drop: false }`
[INFO] [stdout] eeadc829013c5a072957b120df2d11ff66f68d4d7febcfadf1673c8be316aab5
[INFO] running `Command { std: "docker" "start" "-a" "eeadc829013c5a072957b120df2d11ff66f68d4d7febcfadf1673c8be316aab5", kill_on_drop: false }`
[INFO] running `Command { std: "docker" "inspect" "eeadc829013c5a072957b120df2d11ff66f68d4d7febcfadf1673c8be316aab5", kill_on_drop: false }`
[INFO] running `Command { std: "docker" "rm" "-f" "eeadc829013c5a072957b120df2d11ff66f68d4d7febcfadf1673c8be316aab5", kill_on_drop: false }`
[INFO] [stdout] eeadc829013c5a072957b120df2d11ff66f68d4d7febcfadf1673c8be316aab5
[INFO] running `Command { std: "docker" "create" "-v" "/var/lib/crater-agent-workspace/builds/worker-2-tc1/target:/opt/rustwide/target:rw,Z" "-v" "/var/lib/crater-agent-workspace/builds/worker-2-tc1/source:/opt/rustwide/workdir:ro,Z" "-v" "/var/lib/crater-agent-workspace/cargo-home:/opt/rustwide/cargo-home:ro,Z" "-v" "/var/lib/crater-agent-workspace/rustup-home:/opt/rustwide/rustup-home:ro,Z" "-e" "SOURCE_DIR=/opt/rustwide/workdir" "-e" "CARGO_TARGET_DIR=/opt/rustwide/target" "-e" "CARGO_INCREMENTAL=0" "-e" "RUST_BACKTRACE=full" "-e" "RUSTFLAGS=--cap-lints=warn" "-e" "RUSTDOCFLAGS=--cap-lints=warn" "-e" "CARGO_HOME=/opt/rustwide/cargo-home" "-e" "RUSTUP_HOME=/opt/rustwide/rustup-home" "-w" "/opt/rustwide/workdir" "-m" "1610612736" "--user" "0:0" "--network" "none" "ghcr.io/rust-lang/crates-build-env/linux@sha256:2788e3201cd34a07e3172128adcd8b3090168a8e3bcc40d7c032b9dda1df7d1c" "/opt/rustwide/cargo-home/bin/cargo" "+1.75.0" "build" "--frozen" "--message-format=json", kill_on_drop: false }`
[INFO] [stdout] 6de3dc365988b3c875b5986a9115a58e48fdce95b0ae2ea59122188b207f9830
[INFO] running `Command { std: "docker" "start" "-a" "6de3dc365988b3c875b5986a9115a58e48fdce95b0ae2ea59122188b207f9830", kill_on_drop: false }`
[INFO] [stderr]    Compiling libc v0.2.147
[INFO] [stderr]    Compiling core-foundation-sys v0.8.4
[INFO] [stderr]    Compiling bitflags v2.3.3
[INFO] [stderr]    Compiling apple-security-framework-sys v2.9.1
[INFO] [stderr]    Compiling core-foundation v0.9.3
[INFO] [stderr]    Compiling apple-security-framework v2.9.2 (/opt/rustwide/workdir)
[INFO] [stderr]     Finished dev [unoptimized + debuginfo] target(s) in 0.85s
[INFO] running `Command { std: "docker" "inspect" "6de3dc365988b3c875b5986a9115a58e48fdce95b0ae2ea59122188b207f9830", kill_on_drop: false }`
[INFO] running `Command { std: "docker" "rm" "-f" "6de3dc365988b3c875b5986a9115a58e48fdce95b0ae2ea59122188b207f9830", kill_on_drop: false }`
[INFO] [stdout] 6de3dc365988b3c875b5986a9115a58e48fdce95b0ae2ea59122188b207f9830
[INFO] running `Command { std: "docker" "create" "-v" "/var/lib/crater-agent-workspace/builds/worker-2-tc1/target:/opt/rustwide/target:rw,Z" "-v" "/var/lib/crater-agent-workspace/builds/worker-2-tc1/source:/opt/rustwide/workdir:ro,Z" "-v" "/var/lib/crater-agent-workspace/cargo-home:/opt/rustwide/cargo-home:ro,Z" "-v" "/var/lib/crater-agent-workspace/rustup-home:/opt/rustwide/rustup-home:ro,Z" "-e" "SOURCE_DIR=/opt/rustwide/workdir" "-e" "CARGO_TARGET_DIR=/opt/rustwide/target" "-e" "CARGO_INCREMENTAL=0" "-e" "RUST_BACKTRACE=full" "-e" "RUSTFLAGS=--cap-lints=warn" "-e" "RUSTDOCFLAGS=--cap-lints=warn" "-e" "CARGO_HOME=/opt/rustwide/cargo-home" "-e" "RUSTUP_HOME=/opt/rustwide/rustup-home" "-w" "/opt/rustwide/workdir" "-m" "1610612736" "--user" "0:0" "--network" "none" "ghcr.io/rust-lang/crates-build-env/linux@sha256:2788e3201cd34a07e3172128adcd8b3090168a8e3bcc40d7c032b9dda1df7d1c" "/opt/rustwide/cargo-home/bin/cargo" "+1.75.0" "test" "--frozen" "--no-run" "--message-format=json", kill_on_drop: false }`
[INFO] [stdout] bd906488467994f1e388f70ae67c9a69d56fc7b2e596c31add7e60328993b35c
[INFO] running `Command { std: "docker" "start" "-a" "bd906488467994f1e388f70ae67c9a69d56fc7b2e596c31add7e60328993b35c", kill_on_drop: false }`
[INFO] [stderr]    Compiling apple-security-framework v2.9.2 (/opt/rustwide/workdir)
[INFO] [stdout] error[E0432]: unresolved import `apple_security_framework::secure_transport`
[INFO] [stdout]  --> examples/tls_client.rs:6:31
[INFO] [stdout]   |
[INFO] [stdout] 6 | use apple_security_framework::secure_transport::ClientBuilder;
[INFO] [stdout]   |                               ^^^^^^^^^^^^^^^^ could not find `secure_transport` in `apple_security_framework`
[INFO] [stdout] 
[INFO] [stdout] 
[INFO] [stdout] error[E0432]: unresolved imports `apple_security_framework::certificate`, `apple_security_framework::secure_transport`
[INFO] [stdout]  --> examples/tls_client_trust_cert.rs:7:32
[INFO] [stdout]   |
[INFO] [stdout] 7 | use apple_security_framework::{certificate::SecCertificate, secure_transport::ClientBuilder};
[INFO] [stdout]   |                                ^^^^^^^^^^^                  ^^^^^^^^^^^^^^^^ could not find `secure_transport` in `apple_security_framework`
[INFO] [stdout]   |                                |
[INFO] [stdout]   |                                could not find `certificate` in `apple_security_framework`
[INFO] [stdout] 
[INFO] [stdout] 
[INFO] [stdout] error: couldn't read src/../test/server.der: No such file or directory (os error 2)
[INFO] [stdout]   --> src/lib.rs:91:27
[INFO] [stdout]    |
[INFO] [stdout] 91 |         let certificate = include_bytes!("../test/server.der");
[INFO] [stdout]    |                           ^^^^^^^^^^^^^^^^^^^^^^^^^^^^^^^^^^^^
[INFO] [stdout]    |
[INFO] [stdout]    = note: this error originates in the macro `include_bytes` (in Nightly builds, run with -Z macro-backtrace for more info)
[INFO] [stdout] 
[INFO] [stdout] 
[INFO] [stdout] warning: unused import: `Write`
[INFO] [stdout]  --> examples/tls_client_trust_cert.rs:3:21
[INFO] [stdout]   |
[INFO] [stdout] 3 |     io::{Read as _, Write as _},
[INFO] [stdout]   |                     ^^^^^
[INFO] [stdout]   |
[INFO] [stdout]   = note: `#[warn(unused_imports)]` on by default
[INFO] [stdout] 
[INFO] [stdout] 
[INFO] [stdout] warning: unused import: `Read`
[INFO] [stdout]  --> examples/tls_client_trust_cert.rs:3:10
[INFO] [stdout]   |
[INFO] [stdout] 3 |     io::{Read as _, Write as _},
[INFO] [stdout]   |          ^^^^
[INFO] [stdout] 
[INFO] [stdout] 
[INFO] [stdout] warning: unused import: `Write`
[INFO] [stdout]  --> examples/tls_client.rs:2:21
[INFO] [stdout]   |
[INFO] [stdout] 2 |     io::{Read as _, Write as _},
[INFO] [stdout]   |                     ^^^^^
[INFO] [stdout]   |
[INFO] [stdout]   = note: `#[warn(unused_imports)]` on by default
[INFO] [stdout] 
[INFO] [stdout] 
[INFO] [stdout] warning: unused import: `Read`
[INFO] [stdout]  --> examples/tls_client.rs:2:10
[INFO] [stdout]   |
[INFO] [stdout] 2 |     io::{Read as _, Write as _},
[INFO] [stdout]   |          ^^^^
[INFO] [stdout] 
[INFO] [stdout] 
[INFO] [stdout] error: aborting due to previous error; 2 warnings emitted
[INFO] [stdout] 
[INFO] [stdout] 
[INFO] [stdout] For more information about this error, try `rustc --explain E0432`.
[INFO] [stdout] 
[INFO] [stdout] error: aborting due to previous error; 2 warnings emitted
[INFO] [stdout] 
[INFO] [stdout] 
[INFO] [stdout] For more information about this error, try `rustc --explain E0432`.
[INFO] [stdout] 
[INFO] [stderr] error: could not compile `apple-security-framework` (example "tls_client_trust_cert") due to 2 previous errors; 2 warnings emitted
[INFO] [stderr] warning: build failed, waiting for other jobs to finish...
[INFO] [stderr] error: could not compile `apple-security-framework` (example "tls_client") due to 2 previous errors; 2 warnings emitted
[INFO] [stdout] error[E0433]: failed to resolve: use of undeclared crate or module `hex`
[INFO] [stdout]  --> examples/secure_random.rs:9:20
[INFO] [stdout]   |
[INFO] [stdout] 9 |     println!("{}", hex::encode(buf));
[INFO] [stdout]   |                    ^^^ use of undeclared crate or module `hex`
[INFO] [stdout] 
[INFO] [stdout] 
[INFO] [stdout] error[E0432]: unresolved import `crate::certificate`
[INFO] [stdout]   --> src/lib.rs:88:16
[INFO] [stdout]    |
[INFO] [stdout] 88 |     use crate::certificate::SecCertificate;
[INFO] [stdout]    |                ^^^^^^^^^^^ could not find `certificate` in the crate root
[INFO] [stdout] 
[INFO] [stdout] 
[INFO] [stdout] error: aborting due to previous error
[INFO] [stdout] 
[INFO] [stdout] 
[INFO] [stdout] For more information about this error, try `rustc --explain E0433`.
[INFO] [stdout] 
[INFO] [stderr] error: could not compile `apple-security-framework` (example "secure_random") due to 2 previous errors
[INFO] [stdout] error: aborting due to 2 previous errors
[INFO] [stdout] 
[INFO] [stdout] 
[INFO] [stdout] For more information about this error, try `rustc --explain E0432`.
[INFO] [stdout] 
[INFO] [stderr] error: could not compile `apple-security-framework` (lib test) due to 3 previous errors
[INFO] running `Command { std: "docker" "inspect" "bd906488467994f1e388f70ae67c9a69d56fc7b2e596c31add7e60328993b35c", kill_on_drop: false }`
[INFO] running `Command { std: "docker" "rm" "-f" "bd906488467994f1e388f70ae67c9a69d56fc7b2e596c31add7e60328993b35c", kill_on_drop: false }`
[INFO] [stdout] bd906488467994f1e388f70ae67c9a69d56fc7b2e596c31add7e60328993b35c
[INFO] testing apple-security-framework-2.9.2 against beta-2023-12-22 for beta-1.76-1
[INFO] extracting crate apple-security-framework 2.9.2 into /workspace/builds/worker-2-tc2/source
[INFO] validating manifest of crates.io crate apple-security-framework 2.9.2 on toolchain beta-2023-12-22
[INFO] running `Command { std: CARGO_HOME="/workspace/cargo-home" RUSTUP_HOME="/workspace/rustup-home" "/workspace/cargo-home/bin/cargo" "+beta-2023-12-22" "metadata" "--manifest-path" "Cargo.toml" "--no-deps", kill_on_drop: false }`
[INFO] started tweaking crates.io crate apple-security-framework 2.9.2
[INFO] finished tweaking crates.io crate apple-security-framework 2.9.2
[INFO] tweaked toml for crates.io crate apple-security-framework 2.9.2 written to /workspace/builds/worker-2-tc2/source/Cargo.toml
[INFO] crate crates.io crate apple-security-framework 2.9.2 already has a lockfile, it will not be regenerated
[INFO] running `Command { std: CARGO_HOME="/workspace/cargo-home" RUSTUP_HOME="/workspace/rustup-home" "/workspace/cargo-home/bin/cargo" "+beta-2023-12-22" "fetch" "--manifest-path" "Cargo.toml", kill_on_drop: false }`
[INFO] running `Command { std: "docker" "create" "-v" "/var/lib/crater-agent-workspace/builds/worker-2-tc2/target:/opt/rustwide/target:rw,Z" "-v" "/var/lib/crater-agent-workspace/builds/worker-2-tc2/source:/opt/rustwide/workdir:ro,Z" "-v" "/var/lib/crater-agent-workspace/cargo-home:/opt/rustwide/cargo-home:ro,Z" "-v" "/var/lib/crater-agent-workspace/rustup-home:/opt/rustwide/rustup-home:ro,Z" "-e" "SOURCE_DIR=/opt/rustwide/workdir" "-e" "CARGO_TARGET_DIR=/opt/rustwide/target" "-e" "CARGO_HOME=/opt/rustwide/cargo-home" "-e" "RUSTUP_HOME=/opt/rustwide/rustup-home" "-w" "/opt/rustwide/workdir" "-m" "1610612736" "--user" "0:0" "--network" "none" "ghcr.io/rust-lang/crates-build-env/linux@sha256:2788e3201cd34a07e3172128adcd8b3090168a8e3bcc40d7c032b9dda1df7d1c" "/opt/rustwide/cargo-home/bin/cargo" "+beta-2023-12-22" "metadata" "--no-deps" "--format-version=1", kill_on_drop: false }`
[INFO] [stdout] 9d2db6de3fc19f5de3b67d4be65e1e4aeba1a64a04129e1bc5b41f28bdf1fcda
[INFO] running `Command { std: "docker" "start" "-a" "9d2db6de3fc19f5de3b67d4be65e1e4aeba1a64a04129e1bc5b41f28bdf1fcda", kill_on_drop: false }`
[INFO] running `Command { std: "docker" "inspect" "9d2db6de3fc19f5de3b67d4be65e1e4aeba1a64a04129e1bc5b41f28bdf1fcda", kill_on_drop: false }`
[INFO] running `Command { std: "docker" "rm" "-f" "9d2db6de3fc19f5de3b67d4be65e1e4aeba1a64a04129e1bc5b41f28bdf1fcda", kill_on_drop: false }`
[INFO] [stdout] 9d2db6de3fc19f5de3b67d4be65e1e4aeba1a64a04129e1bc5b41f28bdf1fcda
[INFO] running `Command { std: "docker" "create" "-v" "/var/lib/crater-agent-workspace/builds/worker-2-tc2/target:/opt/rustwide/target:rw,Z" "-v" "/var/lib/crater-agent-workspace/builds/worker-2-tc2/source:/opt/rustwide/workdir:ro,Z" "-v" "/var/lib/crater-agent-workspace/cargo-home:/opt/rustwide/cargo-home:ro,Z" "-v" "/var/lib/crater-agent-workspace/rustup-home:/opt/rustwide/rustup-home:ro,Z" "-e" "SOURCE_DIR=/opt/rustwide/workdir" "-e" "CARGO_TARGET_DIR=/opt/rustwide/target" "-e" "CARGO_INCREMENTAL=0" "-e" "RUST_BACKTRACE=full" "-e" "RUSTFLAGS=--cap-lints=warn" "-e" "RUSTDOCFLAGS=--cap-lints=warn" "-e" "CARGO_HOME=/opt/rustwide/cargo-home" "-e" "RUSTUP_HOME=/opt/rustwide/rustup-home" "-w" "/opt/rustwide/workdir" "-m" "1610612736" "--user" "0:0" "--network" "none" "ghcr.io/rust-lang/crates-build-env/linux@sha256:2788e3201cd34a07e3172128adcd8b3090168a8e3bcc40d7c032b9dda1df7d1c" "/opt/rustwide/cargo-home/bin/cargo" "+beta-2023-12-22" "build" "--frozen" "--message-format=json", kill_on_drop: false }`
[INFO] [stdout] 7116f6f6db38cdb068c904af2fbd5f6a931eceea0d59330a8cbc6e0722c95705
[INFO] running `Command { std: "docker" "start" "-a" "7116f6f6db38cdb068c904af2fbd5f6a931eceea0d59330a8cbc6e0722c95705", kill_on_drop: false }`
[INFO] [stderr]    Compiling libc v0.2.147
[INFO] [stderr]    Compiling core-foundation-sys v0.8.4
[INFO] [stderr]    Compiling bitflags v2.3.3
[INFO] [stderr]    Compiling apple-security-framework-sys v2.9.1
[INFO] [stderr]    Compiling core-foundation v0.9.3
[INFO] [stderr]    Compiling apple-security-framework v2.9.2 (/opt/rustwide/workdir)
[INFO] [stderr]     Finished dev [unoptimized + debuginfo] target(s) in 0.85s
[INFO] running `Command { std: "docker" "inspect" "7116f6f6db38cdb068c904af2fbd5f6a931eceea0d59330a8cbc6e0722c95705", kill_on_drop: false }`
[INFO] running `Command { std: "docker" "rm" "-f" "7116f6f6db38cdb068c904af2fbd5f6a931eceea0d59330a8cbc6e0722c95705", kill_on_drop: false }`
[INFO] [stdout] 7116f6f6db38cdb068c904af2fbd5f6a931eceea0d59330a8cbc6e0722c95705
[INFO] running `Command { std: "docker" "create" "-v" "/var/lib/crater-agent-workspace/builds/worker-2-tc2/target:/opt/rustwide/target:rw,Z" "-v" "/var/lib/crater-agent-workspace/builds/worker-2-tc2/source:/opt/rustwide/workdir:ro,Z" "-v" "/var/lib/crater-agent-workspace/cargo-home:/opt/rustwide/cargo-home:ro,Z" "-v" "/var/lib/crater-agent-workspace/rustup-home:/opt/rustwide/rustup-home:ro,Z" "-e" "SOURCE_DIR=/opt/rustwide/workdir" "-e" "CARGO_TARGET_DIR=/opt/rustwide/target" "-e" "CARGO_INCREMENTAL=0" "-e" "RUST_BACKTRACE=full" "-e" "RUSTFLAGS=--cap-lints=warn" "-e" "RUSTDOCFLAGS=--cap-lints=warn" "-e" "CARGO_HOME=/opt/rustwide/cargo-home" "-e" "RUSTUP_HOME=/opt/rustwide/rustup-home" "-w" "/opt/rustwide/workdir" "-m" "1610612736" "--user" "0:0" "--network" "none" "ghcr.io/rust-lang/crates-build-env/linux@sha256:2788e3201cd34a07e3172128adcd8b3090168a8e3bcc40d7c032b9dda1df7d1c" "/opt/rustwide/cargo-home/bin/cargo" "+beta-2023-12-22" "test" "--frozen" "--no-run" "--message-format=json", kill_on_drop: false }`
[INFO] [stdout] 9b0bf7e40385417e9a7a92b092926ddc5495381422e1bca847f321f2cb075561
[INFO] running `Command { std: "docker" "start" "-a" "9b0bf7e40385417e9a7a92b092926ddc5495381422e1bca847f321f2cb075561", kill_on_drop: false }`
[INFO] [stderr]    Compiling apple-security-framework v2.9.2 (/opt/rustwide/workdir)
[INFO] [stdout] error[E0432]: unresolved import `apple_security_framework::secure_transport`
[INFO] [stdout]  --> examples/tls_client.rs:6:31
[INFO] [stdout]   |
[INFO] [stdout] 6 | use apple_security_framework::secure_transport::ClientBuilder;
[INFO] [stdout]   |                               ^^^^^^^^^^^^^^^^ could not find `secure_transport` in `apple_security_framework`
[INFO] [stdout] 
[INFO] [stdout] 
[INFO] [stdout] error[E0432]: unresolved imports `apple_security_framework::certificate`, `apple_security_framework::secure_transport`
[INFO] [stdout]  --> examples/tls_client_trust_cert.rs:7:32
[INFO] [stdout]   |
[INFO] [stdout] 7 | use apple_security_framework::{certificate::SecCertificate, secure_transport::ClientBuilder};
[INFO] [stdout]   |                                ^^^^^^^^^^^                  ^^^^^^^^^^^^^^^^ could not find `secure_transport` in `apple_security_framework`
[INFO] [stdout]   |                                |
[INFO] [stdout]   |                                could not find `certificate` in `apple_security_framework`
[INFO] [stdout] 
[INFO] [stdout] 
[INFO] [stdout] error: couldn't read src/../test/server.der: No such file or directory (os error 2)
[INFO] [stdout]   --> src/lib.rs:91:27
[INFO] [stdout]    |
[INFO] [stdout] 91 |         let certificate = include_bytes!("../test/server.der");
[INFO] [stdout]    |                           ^^^^^^^^^^^^^^^^^^^^^^^^^^^^^^^^^^^^
[INFO] [stdout]    |
[INFO] [stdout]    = note: this error originates in the macro `include_bytes` (in Nightly builds, run with -Z macro-backtrace for more info)
[INFO] [stdout] 
[INFO] [stdout] 
[INFO] [stdout] warning: unused import: `Write`
[INFO] [stdout]  --> examples/tls_client.rs:2:21
[INFO] [stdout]   |
[INFO] [stdout] 2 |     io::{Read as _, Write as _},
[INFO] [stdout]   |                     ^^^^^
[INFO] [stdout]   |
[INFO] [stdout]   = note: `#[warn(unused_imports)]` on by default
[INFO] [stdout] 
[INFO] [stdout] 
[INFO] [stdout] warning: unused import: `Read`
[INFO] [stdout]  --> examples/tls_client.rs:2:10
[INFO] [stdout]   |
[INFO] [stdout] 2 |     io::{Read as _, Write as _},
[INFO] [stdout]   |          ^^^^
[INFO] [stdout] 
[INFO] [stdout] 
[INFO] [stdout] error: aborting due to 1 previous error; 2 warnings emitted
[INFO] [stdout] 
[INFO] [stdout] 
[INFO] [stdout] For more information about this error, try `rustc --explain E0432`.
[INFO] [stdout] 
[INFO] [stdout] warning: unused import: `Write`
[INFO] [stdout]  --> examples/tls_client_trust_cert.rs:3:21
[INFO] [stdout]   |
[INFO] [stdout] 3 |     io::{Read as _, Write as _},
[INFO] [stdout]   |                     ^^^^^
[INFO] [stdout]   |
[INFO] [stdout]   = note: `#[warn(unused_imports)]` on by default
[INFO] [stdout] 
[INFO] [stdout] 
[INFO] [stdout] warning: unused import: `Read`
[INFO] [stdout]  --> examples/tls_client_trust_cert.rs:3:10
[INFO] [stdout]   |
[INFO] [stdout] 3 |     io::{Read as _, Write as _},
[INFO] [stdout]   |          ^^^^
[INFO] [stdout] 
[INFO] [stdout] 
[INFO] [stdout] error: aborting due to 1 previous error; 2 warnings emitted
[INFO] [stdout] 
[INFO] [stdout] 
[INFO] [stdout] For more information about this error, try `rustc --explain E0432`.
[INFO] [stdout] 
[INFO] [stderr] error: could not compile `apple-security-framework` (example "tls_client") due to 2 previous errors; 2 warnings emitted
[INFO] [stderr] warning: build failed, waiting for other jobs to finish...
[INFO] [stderr] error: could not compile `apple-security-framework` (example "tls_client_trust_cert") due to 2 previous errors; 2 warnings emitted
[INFO] [stdout] error[E0433]: failed to resolve: use of undeclared crate or module `hex`
[INFO] [stdout]  --> examples/secure_random.rs:9:20
[INFO] [stdout]   |
[INFO] [stdout] 9 |     println!("{}", hex::encode(buf));
[INFO] [stdout]   |                    ^^^ use of undeclared crate or module `hex`
[INFO] [stdout] 
[INFO] [stdout] 
[INFO] [stdout] error[E0432]: unresolved import `crate::certificate`
[INFO] [stdout]   --> src/lib.rs:88:16
[INFO] [stdout]    |
[INFO] [stdout] 88 |     use crate::certificate::SecCertificate;
[INFO] [stdout]    |                ^^^^^^^^^^^ could not find `certificate` in the crate root
[INFO] [stdout] 
[INFO] [stdout] 
[INFO] [stdout] error: aborting due to 1 previous error
[INFO] [stdout] 
[INFO] [stdout] 
[INFO] [stdout] For more information about this error, try `rustc --explain E0433`.
[INFO] [stdout] 
[INFO] [stderr] error: could not compile `apple-security-framework` (example "secure_random") due to 2 previous errors
[INFO] [stdout] error: aborting due to 2 previous errors
[INFO] [stdout] 
[INFO] [stdout] 
[INFO] [stdout] For more information about this error, try `rustc --explain E0432`.
[INFO] [stdout] 
[INFO] [stderr] error: could not compile `apple-security-framework` (lib test) due to 3 previous errors
[INFO] running `Command { std: "docker" "inspect" "9b0bf7e40385417e9a7a92b092926ddc5495381422e1bca847f321f2cb075561", kill_on_drop: false }`
[INFO] running `Command { std: "docker" "rm" "-f" "9b0bf7e40385417e9a7a92b092926ddc5495381422e1bca847f321f2cb075561", kill_on_drop: false }`
[INFO] [stdout] 9b0bf7e40385417e9a7a92b092926ddc5495381422e1bca847f321f2cb075561
