[INFO] fetching crate anitable 0.1.0...
[INFO] testing anitable-0.1.0 against 1.75.0 for beta-1.76-1
[INFO] extracting crate anitable 0.1.0 into /workspace/builds/worker-6-tc1/source
[INFO] validating manifest of crates.io crate anitable 0.1.0 on toolchain 1.75.0
[INFO] running `Command { std: CARGO_HOME="/workspace/cargo-home" RUSTUP_HOME="/workspace/rustup-home" "/workspace/cargo-home/bin/cargo" "+1.75.0" "metadata" "--manifest-path" "Cargo.toml" "--no-deps", kill_on_drop: false }`
[INFO] started tweaking crates.io crate anitable 0.1.0
[INFO] removed 0 missing tests
[INFO] finished tweaking crates.io crate anitable 0.1.0
[INFO] tweaked toml for crates.io crate anitable 0.1.0 written to /workspace/builds/worker-6-tc1/source/Cargo.toml
[INFO] running `Command { std: CARGO_HOME="/workspace/cargo-home" RUSTUP_HOME="/workspace/rustup-home" "/workspace/cargo-home/bin/cargo" "+1.75.0" "generate-lockfile" "--manifest-path" "Cargo.toml", kill_on_drop: false }`
[INFO] [stderr]     Updating crates.io index
[INFO] running `Command { std: CARGO_HOME="/workspace/cargo-home" RUSTUP_HOME="/workspace/rustup-home" "/workspace/cargo-home/bin/cargo" "+1.75.0" "fetch" "--manifest-path" "Cargo.toml", kill_on_drop: false }`
[INFO] [stderr]  Downloading crates ...
[INFO] [stderr]   Downloaded tokio-fs v0.2.0-alpha.6
[INFO] [stderr]   Downloaded extend v0.1.2
[INFO] [stderr]   Downloaded futures-core-preview v0.3.0-alpha.19
[INFO] [stderr]   Downloaded tokio-timer v0.3.0-alpha.6
[INFO] [stderr]   Downloaded futures-util-preview v0.3.0-alpha.19
[INFO] [stderr]   Downloaded h2 v0.2.0-alpha.3
[INFO] [stderr]   Downloaded futures-channel-preview v0.3.0-alpha.19
[INFO] [stderr]   Downloaded num_enum v0.4.3
[INFO] [stderr]   Downloaded assert-json-diff v1.1.0
[INFO] [stderr]   Downloaded tokio-executor v0.2.0-alpha.6
[INFO] [stderr]   Downloaded tokio-macros v0.2.0-alpha.6
[INFO] [stderr]   Downloaded tokio-codec v0.2.0-alpha.6
[INFO] [stderr]   Downloaded tokio v0.2.0-alpha.6
[INFO] [stderr]   Downloaded tokio-sync v0.2.0-alpha.6
[INFO] [stderr]   Downloaded futures-sink-preview v0.3.0-alpha.19
[INFO] [stderr]   Downloaded num_enum_derive v0.4.3
[INFO] [stderr]   Downloaded tokio-net v0.2.0-alpha.6
[INFO] [stderr]   Downloaded reqwest v0.10.0-alpha.2
[INFO] [stderr]   Downloaded hyper-tls v0.4.0-alpha.4
[INFO] [stderr]   Downloaded tower-make v0.3.0-alpha.2a
[INFO] [stderr]   Downloaded tokio-tls v0.3.0-alpha.6
[INFO] [stderr]   Downloaded http-body v0.2.0-alpha.3
[INFO] [stderr]   Downloaded tower-service v0.3.0-alpha.2
[INFO] [stderr]   Downloaded tokio-io v0.2.0-alpha.6
[INFO] [stderr]   Downloaded mockito v0.22.0
[INFO] [stderr]   Downloaded hyper v0.13.0-alpha.4
[INFO] running `Command { std: "docker" "create" "-v" "/var/lib/crater-agent-workspace/builds/worker-6-tc1/target:/opt/rustwide/target:rw,Z" "-v" "/var/lib/crater-agent-workspace/builds/worker-6-tc1/source:/opt/rustwide/workdir:ro,Z" "-v" "/var/lib/crater-agent-workspace/cargo-home:/opt/rustwide/cargo-home:ro,Z" "-v" "/var/lib/crater-agent-workspace/rustup-home:/opt/rustwide/rustup-home:ro,Z" "-e" "SOURCE_DIR=/opt/rustwide/workdir" "-e" "CARGO_TARGET_DIR=/opt/rustwide/target" "-e" "CARGO_HOME=/opt/rustwide/cargo-home" "-e" "RUSTUP_HOME=/opt/rustwide/rustup-home" "-w" "/opt/rustwide/workdir" "-m" "1610612736" "--user" "0:0" "--network" "none" "ghcr.io/rust-lang/crates-build-env/linux@sha256:2788e3201cd34a07e3172128adcd8b3090168a8e3bcc40d7c032b9dda1df7d1c" "/opt/rustwide/cargo-home/bin/cargo" "+1.75.0" "metadata" "--no-deps" "--format-version=1", kill_on_drop: false }`
[INFO] [stdout] 43d216c6a2caee73ae2bbba50583838e398e67a6e3f81e47847800de8d8fb478
[INFO] running `Command { std: "docker" "start" "-a" "43d216c6a2caee73ae2bbba50583838e398e67a6e3f81e47847800de8d8fb478", kill_on_drop: false }`
[INFO] running `Command { std: "docker" "inspect" "43d216c6a2caee73ae2bbba50583838e398e67a6e3f81e47847800de8d8fb478", kill_on_drop: false }`
[INFO] running `Command { std: "docker" "rm" "-f" "43d216c6a2caee73ae2bbba50583838e398e67a6e3f81e47847800de8d8fb478", kill_on_drop: false }`
[INFO] [stdout] 43d216c6a2caee73ae2bbba50583838e398e67a6e3f81e47847800de8d8fb478
[INFO] running `Command { std: "docker" "create" "-v" "/var/lib/crater-agent-workspace/builds/worker-6-tc1/target:/opt/rustwide/target:rw,Z" "-v" "/var/lib/crater-agent-workspace/builds/worker-6-tc1/source:/opt/rustwide/workdir:ro,Z" "-v" "/var/lib/crater-agent-workspace/cargo-home:/opt/rustwide/cargo-home:ro,Z" "-v" "/var/lib/crater-agent-workspace/rustup-home:/opt/rustwide/rustup-home:ro,Z" "-e" "SOURCE_DIR=/opt/rustwide/workdir" "-e" "CARGO_TARGET_DIR=/opt/rustwide/target" "-e" "CARGO_INCREMENTAL=0" "-e" "RUST_BACKTRACE=full" "-e" "RUSTFLAGS=--cap-lints=warn" "-e" "RUSTDOCFLAGS=--cap-lints=warn" "-e" "CARGO_HOME=/opt/rustwide/cargo-home" "-e" "RUSTUP_HOME=/opt/rustwide/rustup-home" "-w" "/opt/rustwide/workdir" "-m" "1610612736" "--user" "0:0" "--network" "none" "ghcr.io/rust-lang/crates-build-env/linux@sha256:2788e3201cd34a07e3172128adcd8b3090168a8e3bcc40d7c032b9dda1df7d1c" "/opt/rustwide/cargo-home/bin/cargo" "+1.75.0" "build" "--frozen" "--message-format=json", kill_on_drop: false }`
[INFO] [stdout] 47bc90242ccf55588ead7676affe44c7b8771097a1e710e0830e0986b2390999
[INFO] running `Command { std: "docker" "start" "-a" "47bc90242ccf55588ead7676affe44c7b8771097a1e710e0830e0986b2390999", kill_on_drop: false }`
[INFO] [stderr]    Compiling syn v1.0.109
[INFO] [stderr]    Compiling cfg-if v0.1.10
[INFO] [stderr]    Compiling futures-core-preview v0.3.0-alpha.19
[INFO] [stderr]    Compiling byteorder v1.5.0
[INFO] [stderr]    Compiling maybe-uninit v2.0.0
[INFO] [stderr]    Compiling pin-project-internal v0.4.30
[INFO] [stderr]    Compiling semver-parser v0.7.0
[INFO] [stderr]    Compiling crossbeam-utils v0.7.2
[INFO] [stderr]    Compiling memoffset v0.5.6
[INFO] [stderr]    Compiling futures-sink-preview v0.3.0-alpha.19
[INFO] [stderr]    Compiling crossbeam-epoch v0.8.2
[INFO] [stderr]    Compiling iovec v0.1.4
[INFO] [stderr]    Compiling cc v1.0.83
[INFO] [stderr]    Compiling tracing-core v0.1.32
[INFO] [stderr]    Compiling tracing-attributes v0.1.27
[INFO] [stderr]    Compiling serde v1.0.194
[INFO] [stderr]    Compiling crossbeam-utils v0.6.6
[INFO] [stderr]    Compiling net2 v0.2.39
[INFO] [stderr]    Compiling futures-channel-preview v0.3.0-alpha.19
[INFO] [stderr]    Compiling semver v0.9.0
[INFO] [stderr]    Compiling bytes v0.4.12
[INFO] [stderr]    Compiling itoa v0.4.8
[INFO] [stderr]    Compiling futures-util-preview v0.3.0-alpha.19
[INFO] [stderr]    Compiling mio v0.6.23
[INFO] [stderr]    Compiling unicase v2.7.0
[INFO] [stderr]    Compiling rustc_version v0.2.3
[INFO] [stderr]    Compiling crossbeam-queue v0.1.2
[INFO] [stderr]    Compiling crossbeam-channel v0.3.9
[INFO] [stderr]    Compiling smallvec v0.6.14
[INFO] [stderr]    Compiling lock_api v0.3.4
[INFO] [stderr]    Compiling openssl-macros v0.1.1
[INFO] [stderr]    Compiling parking_lot_core v0.6.3
[INFO] [stderr]    Compiling parking_lot v0.9.0
[INFO] [stderr]    Compiling http v0.1.21
[INFO] [stderr]    Compiling string v0.2.1
[INFO] [stderr]    Compiling tower-service v0.3.0-alpha.2
[INFO] [stderr]    Compiling num-traits v0.2.17
[INFO] [stderr]    Compiling dtoa v0.4.8
[INFO] [stderr]    Compiling base64 v0.11.0
[INFO] [stderr]    Compiling mime_guess v2.0.4
[INFO] [stderr]    Compiling mio-uds v0.6.8
[INFO] [stderr]    Compiling crossbeam-deque v0.7.4
[INFO] [stderr]    Compiling openssl-sys v0.9.98
[INFO] [stderr]    Compiling tokio-sync v0.2.0-alpha.6
[INFO] [stderr]    Compiling openssl v0.10.62
[INFO] [stderr]    Compiling native-tls v0.2.11
[INFO] [stderr]    Compiling tracing v0.1.40
[INFO] [stderr]    Compiling chrono v0.4.31
[INFO] [stderr]    Compiling tokio-executor v0.2.0-alpha.6
[INFO] [stderr]    Compiling http-body v0.2.0-alpha.3
[INFO] [stderr]    Compiling toml v0.5.11
[INFO] [stderr]    Compiling serde_json v1.0.111
[INFO] [stderr]    Compiling serde_urlencoded v0.6.1
[INFO] [stderr]    Compiling tokio-timer v0.3.0-alpha.6
[INFO] [stderr]    Compiling proc-macro-crate v0.1.5
[INFO] [stderr]    Compiling tokio-macros v0.2.0-alpha.6
[INFO] [stderr]    Compiling derivative v2.2.0
[INFO] [stderr]    Compiling num_enum_derive v0.4.3
[INFO] [stderr]    Compiling pin-project v0.4.30
[INFO] [stderr]    Compiling tokio-io v0.2.0-alpha.6
[INFO] [stderr]    Compiling tokio-codec v0.2.0-alpha.6
[INFO] [stderr]    Compiling tower-make v0.3.0-alpha.2a
[INFO] [stderr]    Compiling tokio-fs v0.2.0-alpha.6
[INFO] [stderr]    Compiling tokio-tls v0.3.0-alpha.6
[INFO] [stderr]    Compiling num_enum v0.4.3
[INFO] [stderr]    Compiling tokio-net v0.2.0-alpha.6
[INFO] [stderr]    Compiling h2 v0.2.0-alpha.3
[INFO] [stderr]    Compiling tokio v0.2.0-alpha.6
[INFO] [stderr]    Compiling hyper v0.13.0-alpha.4
[INFO] [stderr]    Compiling hyper-tls v0.4.0-alpha.4
[INFO] [stderr]    Compiling reqwest v0.10.0-alpha.2
[INFO] [stderr]    Compiling anitable v0.1.0 (/opt/rustwide/workdir)
[INFO] [stdout] warning: use of deprecated method `chrono::TimeZone::datetime_from_str`: use `DateTime::parse_from_str` instead
[INFO] [stdout]   --> src/format.rs:56:13
[INFO] [stdout]    |
[INFO] [stdout] 56 |         Utc.datetime_from_str(&s, FORMAT).map_err(serde::de::Error::custom)
[INFO] [stdout]    |             ^^^^^^^^^^^^^^^^^
[INFO] [stdout]    |
[INFO] [stdout]    = note: `#[warn(deprecated)]` on by default
[INFO] [stdout] 
[INFO] [stdout] 
[INFO] [stdout] warning: 1 warning emitted
[INFO] [stdout] 
[INFO] [stdout] 
[INFO] [stderr]     Finished dev [unoptimized + debuginfo] target(s) in 10.51s
[INFO] running `Command { std: "docker" "inspect" "47bc90242ccf55588ead7676affe44c7b8771097a1e710e0830e0986b2390999", kill_on_drop: false }`
[INFO] running `Command { std: "docker" "rm" "-f" "47bc90242ccf55588ead7676affe44c7b8771097a1e710e0830e0986b2390999", kill_on_drop: false }`
[INFO] [stdout] 47bc90242ccf55588ead7676affe44c7b8771097a1e710e0830e0986b2390999
[INFO] running `Command { std: "docker" "create" "-v" "/var/lib/crater-agent-workspace/builds/worker-6-tc1/target:/opt/rustwide/target:rw,Z" "-v" "/var/lib/crater-agent-workspace/builds/worker-6-tc1/source:/opt/rustwide/workdir:ro,Z" "-v" "/var/lib/crater-agent-workspace/cargo-home:/opt/rustwide/cargo-home:ro,Z" "-v" "/var/lib/crater-agent-workspace/rustup-home:/opt/rustwide/rustup-home:ro,Z" "-e" "SOURCE_DIR=/opt/rustwide/workdir" "-e" "CARGO_TARGET_DIR=/opt/rustwide/target" "-e" "CARGO_INCREMENTAL=0" "-e" "RUST_BACKTRACE=full" "-e" "RUSTFLAGS=--cap-lints=warn" "-e" "RUSTDOCFLAGS=--cap-lints=warn" "-e" "CARGO_HOME=/opt/rustwide/cargo-home" "-e" "RUSTUP_HOME=/opt/rustwide/rustup-home" "-w" "/opt/rustwide/workdir" "-m" "1610612736" "--user" "0:0" "--network" "none" "ghcr.io/rust-lang/crates-build-env/linux@sha256:2788e3201cd34a07e3172128adcd8b3090168a8e3bcc40d7c032b9dda1df7d1c" "/opt/rustwide/cargo-home/bin/cargo" "+1.75.0" "test" "--frozen" "--no-run" "--message-format=json", kill_on_drop: false }`
[INFO] [stdout] 65f76ff3d8475acc463399ee7c5d3bef2b1b213e78db6a37157abd4051632f21
[INFO] running `Command { std: "docker" "start" "-a" "65f76ff3d8475acc463399ee7c5d3bef2b1b213e78db6a37157abd4051632f21", kill_on_drop: false }`
[INFO] [stderr]    Compiling proc-macro-error-attr v1.0.4
[INFO] [stderr]    Compiling getrandom v0.1.16
[INFO] [stderr]    Compiling proc-macro-error v1.0.4
[INFO] [stderr]    Compiling rustix v0.38.28
[INFO] [stderr]    Compiling linux-raw-sys v0.4.12
[INFO] [stderr]    Compiling difference v2.0.0
[INFO] [stderr]    Compiling percent-encoding v1.0.1
[INFO] [stdout] warning: use of deprecated method `chrono::TimeZone::datetime_from_str`: use `DateTime::parse_from_str` instead
[INFO] [stdout]   --> src/format.rs:56:13
[INFO] [stdout]    |
[INFO] [stdout] 56 |         Utc.datetime_from_str(&s, FORMAT).map_err(serde::de::Error::custom)
[INFO] [stdout]    |             ^^^^^^^^^^^^^^^^^
[INFO] [stdout]    |
[INFO] [stdout]    = note: `#[warn(deprecated)]` on by default
[INFO] [stdout] 
[INFO] [stdout] 
[INFO] [stdout] warning: 1 warning emitted
[INFO] [stdout] 
[INFO] [stdout] 
[INFO] [stderr]    Compiling rand_core v0.5.1
[INFO] [stderr]    Compiling rand_chacha v0.2.2
[INFO] [stderr]    Compiling rand v0.7.3
[INFO] [stderr]    Compiling extend v0.1.2
[INFO] [stderr]    Compiling assert-json-diff v1.1.0
[INFO] [stderr]    Compiling is-terminal v0.4.10
[INFO] [stderr]    Compiling colored v1.9.4
[INFO] [stderr]    Compiling mockito v0.22.0
[INFO] [stdout] error[E0432]: unresolved imports `assert_json_diff::Comparison`, `assert_json_diff::Actual`, `assert_json_diff::Expected`
[INFO] [stdout]    --> /opt/rustwide/cargo-home/registry/src/index.crates.io-6f17d22bba15001f/mockito-0.22.0/src/lib.rs:527:24
[INFO] [stdout]     |
[INFO] [stdout] 527 | use assert_json_diff::{Comparison, assert_json_no_panic, Actual, Expected};
[INFO] [stdout]     |                        ^^^^^^^^^^                        ^^^^^^  ^^^^^^^^ no `Expected` in the root
[INFO] [stdout]     |                        |                                 |
[INFO] [stdout]     |                        |                                 no `Actual` in the root
[INFO] [stdout]     |                        no `Comparison` in the root
[INFO] [stdout] 
[INFO] [stdout] 
[INFO] [stdout] error[E0603]: function `assert_json_no_panic` is private
[INFO] [stdout]    --> /opt/rustwide/cargo-home/registry/src/index.crates.io-6f17d22bba15001f/mockito-0.22.0/src/lib.rs:527:36
[INFO] [stdout]     |
[INFO] [stdout] 527 | use assert_json_diff::{Comparison, assert_json_no_panic, Actual, Expected};
[INFO] [stdout]     |                                    ^^^^^^^^^^^^^^^^^^^^ private function
[INFO] [stdout]     |
[INFO] [stdout] note: the function `assert_json_no_panic` is defined here
[INFO] [stdout]    --> /opt/rustwide/cargo-home/registry/src/index.crates.io-6f17d22bba15001f/assert-json-diff-1.1.0/src/lib.rs:240:1
[INFO] [stdout]     |
[INFO] [stdout] 240 | / fn assert_json_no_panic<Lhs, Rhs>(lhs: &Lhs, rhs: &Rhs, mode: Mode) -> Result<(), String>
[INFO] [stdout] 241 | | where
[INFO] [stdout] 242 | |     Lhs: Serialize,
[INFO] [stdout] 243 | |     Rhs: Serialize,
[INFO] [stdout]     | |___________________^
[INFO] [stdout] 
[INFO] [stdout] 
[INFO] [stdout] error: aborting due to 2 previous errors
[INFO] [stdout] 
[INFO] [stdout] 
[INFO] [stdout] Some errors have detailed explanations: E0432, E0603.
[INFO] [stdout] 
[INFO] [stdout] For more information about an error, try `rustc --explain E0432`.
[INFO] [stdout] 
[INFO] [stderr] error: could not compile `mockito` (lib) due to 3 previous errors
[INFO] running `Command { std: "docker" "inspect" "65f76ff3d8475acc463399ee7c5d3bef2b1b213e78db6a37157abd4051632f21", kill_on_drop: false }`
[INFO] running `Command { std: "docker" "rm" "-f" "65f76ff3d8475acc463399ee7c5d3bef2b1b213e78db6a37157abd4051632f21", kill_on_drop: false }`
[INFO] [stdout] 65f76ff3d8475acc463399ee7c5d3bef2b1b213e78db6a37157abd4051632f21
[INFO] testing anitable-0.1.0 against beta-2023-12-22 for beta-1.76-1
[INFO] extracting crate anitable 0.1.0 into /workspace/builds/worker-6-tc2/source
[INFO] validating manifest of crates.io crate anitable 0.1.0 on toolchain beta-2023-12-22
[INFO] running `Command { std: CARGO_HOME="/workspace/cargo-home" RUSTUP_HOME="/workspace/rustup-home" "/workspace/cargo-home/bin/cargo" "+beta-2023-12-22" "metadata" "--manifest-path" "Cargo.toml" "--no-deps", kill_on_drop: false }`
[INFO] started tweaking crates.io crate anitable 0.1.0
[INFO] removed 0 missing tests
[INFO] finished tweaking crates.io crate anitable 0.1.0
[INFO] tweaked toml for crates.io crate anitable 0.1.0 written to /workspace/builds/worker-6-tc2/source/Cargo.toml
[INFO] running `Command { std: CARGO_HOME="/workspace/cargo-home" RUSTUP_HOME="/workspace/rustup-home" "/workspace/cargo-home/bin/cargo" "+beta-2023-12-22" "generate-lockfile" "--manifest-path" "Cargo.toml", kill_on_drop: false }`
[INFO] [stderr]     Updating crates.io index
[INFO] running `Command { std: CARGO_HOME="/workspace/cargo-home" RUSTUP_HOME="/workspace/rustup-home" "/workspace/cargo-home/bin/cargo" "+beta-2023-12-22" "fetch" "--manifest-path" "Cargo.toml", kill_on_drop: false }`
[INFO] running `Command { std: "docker" "create" "-v" "/var/lib/crater-agent-workspace/builds/worker-6-tc2/target:/opt/rustwide/target:rw,Z" "-v" "/var/lib/crater-agent-workspace/builds/worker-6-tc2/source:/opt/rustwide/workdir:ro,Z" "-v" "/var/lib/crater-agent-workspace/cargo-home:/opt/rustwide/cargo-home:ro,Z" "-v" "/var/lib/crater-agent-workspace/rustup-home:/opt/rustwide/rustup-home:ro,Z" "-e" "SOURCE_DIR=/opt/rustwide/workdir" "-e" "CARGO_TARGET_DIR=/opt/rustwide/target" "-e" "CARGO_HOME=/opt/rustwide/cargo-home" "-e" "RUSTUP_HOME=/opt/rustwide/rustup-home" "-w" "/opt/rustwide/workdir" "-m" "1610612736" "--user" "0:0" "--network" "none" "ghcr.io/rust-lang/crates-build-env/linux@sha256:2788e3201cd34a07e3172128adcd8b3090168a8e3bcc40d7c032b9dda1df7d1c" "/opt/rustwide/cargo-home/bin/cargo" "+beta-2023-12-22" "metadata" "--no-deps" "--format-version=1", kill_on_drop: false }`
[INFO] [stdout] 49bbaa1c6bb1600bf41e7000b8047c6de43b0c7b9aff09f7f76b5e526ab5f8e1
[INFO] running `Command { std: "docker" "start" "-a" "49bbaa1c6bb1600bf41e7000b8047c6de43b0c7b9aff09f7f76b5e526ab5f8e1", kill_on_drop: false }`
[INFO] running `Command { std: "docker" "inspect" "49bbaa1c6bb1600bf41e7000b8047c6de43b0c7b9aff09f7f76b5e526ab5f8e1", kill_on_drop: false }`
[INFO] running `Command { std: "docker" "rm" "-f" "49bbaa1c6bb1600bf41e7000b8047c6de43b0c7b9aff09f7f76b5e526ab5f8e1", kill_on_drop: false }`
[INFO] [stdout] 49bbaa1c6bb1600bf41e7000b8047c6de43b0c7b9aff09f7f76b5e526ab5f8e1
[INFO] running `Command { std: "docker" "create" "-v" "/var/lib/crater-agent-workspace/builds/worker-6-tc2/target:/opt/rustwide/target:rw,Z" "-v" "/var/lib/crater-agent-workspace/builds/worker-6-tc2/source:/opt/rustwide/workdir:ro,Z" "-v" "/var/lib/crater-agent-workspace/cargo-home:/opt/rustwide/cargo-home:ro,Z" "-v" "/var/lib/crater-agent-workspace/rustup-home:/opt/rustwide/rustup-home:ro,Z" "-e" "SOURCE_DIR=/opt/rustwide/workdir" "-e" "CARGO_TARGET_DIR=/opt/rustwide/target" "-e" "CARGO_INCREMENTAL=0" "-e" "RUST_BACKTRACE=full" "-e" "RUSTFLAGS=--cap-lints=warn" "-e" "RUSTDOCFLAGS=--cap-lints=warn" "-e" "CARGO_HOME=/opt/rustwide/cargo-home" "-e" "RUSTUP_HOME=/opt/rustwide/rustup-home" "-w" "/opt/rustwide/workdir" "-m" "1610612736" "--user" "0:0" "--network" "none" "ghcr.io/rust-lang/crates-build-env/linux@sha256:2788e3201cd34a07e3172128adcd8b3090168a8e3bcc40d7c032b9dda1df7d1c" "/opt/rustwide/cargo-home/bin/cargo" "+beta-2023-12-22" "build" "--frozen" "--message-format=json", kill_on_drop: false }`
[INFO] [stdout] f090230b20c4d8d711867c26d97901dbb335c322cafee648f82bcfea4834812c
[INFO] running `Command { std: "docker" "start" "-a" "f090230b20c4d8d711867c26d97901dbb335c322cafee648f82bcfea4834812c", kill_on_drop: false }`
[INFO] [stderr]    Compiling syn v1.0.109
[INFO] [stderr]    Compiling cfg-if v0.1.10
[INFO] [stderr]    Compiling futures-core-preview v0.3.0-alpha.19
[INFO] [stderr]    Compiling maybe-uninit v2.0.0
[INFO] [stderr]    Compiling byteorder v1.5.0
[INFO] [stderr]    Compiling pin-project-internal v0.4.30
[INFO] [stderr]    Compiling semver-parser v0.7.0
[INFO] [stderr]    Compiling memoffset v0.5.6
[INFO] [stderr]    Compiling crossbeam-utils v0.7.2
[INFO] [stderr]    Compiling futures-sink-preview v0.3.0-alpha.19
[INFO] [stderr]    Compiling crossbeam-epoch v0.8.2
[INFO] [stderr]    Compiling iovec v0.1.4
[INFO] [stderr]    Compiling cc v1.0.83
[INFO] [stderr]    Compiling tracing-core v0.1.32
[INFO] [stderr]    Compiling tracing-attributes v0.1.27
[INFO] [stderr]    Compiling crossbeam-utils v0.6.6
[INFO] [stderr]    Compiling serde v1.0.194
[INFO] [stderr]    Compiling net2 v0.2.39
[INFO] [stderr]    Compiling futures-channel-preview v0.3.0-alpha.19
[INFO] [stderr]    Compiling semver v0.9.0
[INFO] [stderr]    Compiling bytes v0.4.12
[INFO] [stderr]    Compiling crossbeam-channel v0.3.9
[INFO] [stderr]    Compiling crossbeam-queue v0.1.2
[INFO] [stderr]    Compiling futures-util-preview v0.3.0-alpha.19
[INFO] [stderr]    Compiling smallvec v0.6.14
[INFO] [stderr]    Compiling rustc_version v0.2.3
[INFO] [stderr]    Compiling itoa v0.4.8
[INFO] [stderr]    Compiling unicase v2.7.0
[INFO] [stderr]    Compiling mio v0.6.23
[INFO] [stderr]    Compiling lock_api v0.3.4
[INFO] [stderr]    Compiling openssl-macros v0.1.1
[INFO] [stderr]    Compiling tower-service v0.3.0-alpha.2
[INFO] [stderr]    Compiling parking_lot_core v0.6.3
[INFO] [stderr]    Compiling parking_lot v0.9.0
[INFO] [stderr]    Compiling http v0.1.21
[INFO] [stderr]    Compiling string v0.2.1
[INFO] [stderr]    Compiling num-traits v0.2.17
[INFO] [stderr]    Compiling dtoa v0.4.8
[INFO] [stderr]    Compiling base64 v0.11.0
[INFO] [stderr]    Compiling mime_guess v2.0.4
[INFO] [stderr]    Compiling crossbeam-deque v0.7.4
[INFO] [stderr]    Compiling mio-uds v0.6.8
[INFO] [stderr]    Compiling openssl-sys v0.9.98
[INFO] [stderr]    Compiling openssl v0.10.62
[INFO] [stderr]    Compiling native-tls v0.2.11
[INFO] [stderr]    Compiling tracing v0.1.40
[INFO] [stderr]    Compiling tokio-sync v0.2.0-alpha.6
[INFO] [stderr]    Compiling http-body v0.2.0-alpha.3
[INFO] [stderr]    Compiling chrono v0.4.31
[INFO] [stderr]    Compiling tokio-executor v0.2.0-alpha.6
[INFO] [stderr]    Compiling toml v0.5.11
[INFO] [stderr]    Compiling serde_json v1.0.111
[INFO] [stderr]    Compiling serde_urlencoded v0.6.1
[INFO] [stderr]    Compiling tokio-timer v0.3.0-alpha.6
[INFO] [stderr]    Compiling proc-macro-crate v0.1.5
[INFO] [stderr]    Compiling tokio-macros v0.2.0-alpha.6
[INFO] [stderr]    Compiling derivative v2.2.0
[INFO] [stderr]    Compiling num_enum_derive v0.4.3
[INFO] [stderr]    Compiling pin-project v0.4.30
[INFO] [stderr]    Compiling tokio-io v0.2.0-alpha.6
[INFO] [stderr]    Compiling num_enum v0.4.3
[INFO] [stderr]    Compiling tokio-codec v0.2.0-alpha.6
[INFO] [stderr]    Compiling tower-make v0.3.0-alpha.2a
[INFO] [stderr]    Compiling tokio-fs v0.2.0-alpha.6
[INFO] [stderr]    Compiling tokio-tls v0.3.0-alpha.6
[INFO] [stderr]    Compiling tokio-net v0.2.0-alpha.6
[INFO] [stderr]    Compiling h2 v0.2.0-alpha.3
[INFO] [stderr]    Compiling tokio v0.2.0-alpha.6
[INFO] [stderr]    Compiling hyper v0.13.0-alpha.4
[INFO] [stderr]    Compiling hyper-tls v0.4.0-alpha.4
[INFO] [stderr]    Compiling reqwest v0.10.0-alpha.2
[INFO] [stderr]    Compiling anitable v0.1.0 (/opt/rustwide/workdir)
[INFO] [stdout] warning: use of deprecated method `chrono::TimeZone::datetime_from_str`: use `DateTime::parse_from_str` instead
[INFO] [stdout]   --> src/format.rs:56:13
[INFO] [stdout]    |
[INFO] [stdout] 56 |         Utc.datetime_from_str(&s, FORMAT).map_err(serde::de::Error::custom)
[INFO] [stdout]    |             ^^^^^^^^^^^^^^^^^
[INFO] [stdout]    |
[INFO] [stdout]    = note: `#[warn(deprecated)]` on by default
[INFO] [stdout] 
[INFO] [stdout] 
[INFO] [stdout] warning: 1 warning emitted
[INFO] [stdout] 
[INFO] [stdout] 
[INFO] [stderr]     Finished dev [unoptimized + debuginfo] target(s) in 10.12s
[INFO] running `Command { std: "docker" "inspect" "f090230b20c4d8d711867c26d97901dbb335c322cafee648f82bcfea4834812c", kill_on_drop: false }`
[INFO] running `Command { std: "docker" "rm" "-f" "f090230b20c4d8d711867c26d97901dbb335c322cafee648f82bcfea4834812c", kill_on_drop: false }`
[INFO] [stdout] f090230b20c4d8d711867c26d97901dbb335c322cafee648f82bcfea4834812c
[INFO] running `Command { std: "docker" "create" "-v" "/var/lib/crater-agent-workspace/builds/worker-6-tc2/target:/opt/rustwide/target:rw,Z" "-v" "/var/lib/crater-agent-workspace/builds/worker-6-tc2/source:/opt/rustwide/workdir:ro,Z" "-v" "/var/lib/crater-agent-workspace/cargo-home:/opt/rustwide/cargo-home:ro,Z" "-v" "/var/lib/crater-agent-workspace/rustup-home:/opt/rustwide/rustup-home:ro,Z" "-e" "SOURCE_DIR=/opt/rustwide/workdir" "-e" "CARGO_TARGET_DIR=/opt/rustwide/target" "-e" "CARGO_INCREMENTAL=0" "-e" "RUST_BACKTRACE=full" "-e" "RUSTFLAGS=--cap-lints=warn" "-e" "RUSTDOCFLAGS=--cap-lints=warn" "-e" "CARGO_HOME=/opt/rustwide/cargo-home" "-e" "RUSTUP_HOME=/opt/rustwide/rustup-home" "-w" "/opt/rustwide/workdir" "-m" "1610612736" "--user" "0:0" "--network" "none" "ghcr.io/rust-lang/crates-build-env/linux@sha256:2788e3201cd34a07e3172128adcd8b3090168a8e3bcc40d7c032b9dda1df7d1c" "/opt/rustwide/cargo-home/bin/cargo" "+beta-2023-12-22" "test" "--frozen" "--no-run" "--message-format=json", kill_on_drop: false }`
[INFO] [stdout] 19dac034ac9a7edb8fbda1f427b9d154e01574ca65b25c1f8435da80b65b6c92
[INFO] running `Command { std: "docker" "start" "-a" "19dac034ac9a7edb8fbda1f427b9d154e01574ca65b25c1f8435da80b65b6c92", kill_on_drop: false }`
[INFO] [stderr]    Compiling proc-macro-error-attr v1.0.4
[INFO] [stderr]    Compiling getrandom v0.1.16
[INFO] [stderr]    Compiling proc-macro-error v1.0.4
[INFO] [stderr]    Compiling rustix v0.38.28
[INFO] [stderr]    Compiling linux-raw-sys v0.4.12
[INFO] [stderr]    Compiling difference v2.0.0
[INFO] [stderr]    Compiling percent-encoding v1.0.1
[INFO] [stdout] warning: use of deprecated method `chrono::TimeZone::datetime_from_str`: use `DateTime::parse_from_str` instead
[INFO] [stdout]   --> src/format.rs:56:13
[INFO] [stdout]    |
[INFO] [stdout] 56 |         Utc.datetime_from_str(&s, FORMAT).map_err(serde::de::Error::custom)
[INFO] [stdout]    |             ^^^^^^^^^^^^^^^^^
[INFO] [stdout]    |
[INFO] [stdout]    = note: `#[warn(deprecated)]` on by default
[INFO] [stdout] 
[INFO] [stdout] 
[INFO] [stdout] warning: 1 warning emitted
[INFO] [stdout] 
[INFO] [stdout] 
[INFO] [stderr]    Compiling rand_core v0.5.1
[INFO] [stderr]    Compiling rand_chacha v0.2.2
[INFO] [stderr]    Compiling rand v0.7.3
[INFO] [stderr]    Compiling extend v0.1.2
[INFO] [stderr]    Compiling assert-json-diff v1.1.0
[INFO] [stderr]    Compiling is-terminal v0.4.10
[INFO] [stderr]    Compiling colored v1.9.4
[INFO] [stderr]    Compiling mockito v0.22.0
[INFO] [stdout] error[E0432]: unresolved imports `assert_json_diff::Comparison`, `assert_json_diff::Actual`, `assert_json_diff::Expected`
[INFO] [stdout]    --> /opt/rustwide/cargo-home/registry/src/index.crates.io-6f17d22bba15001f/mockito-0.22.0/src/lib.rs:527:24
[INFO] [stdout]     |
[INFO] [stdout] 527 | use assert_json_diff::{Comparison, assert_json_no_panic, Actual, Expected};
[INFO] [stdout]     |                        ^^^^^^^^^^                        ^^^^^^  ^^^^^^^^ no `Expected` in the root
[INFO] [stdout]     |                        |                                 |
[INFO] [stdout]     |                        |                                 no `Actual` in the root
[INFO] [stdout]     |                        no `Comparison` in the root
[INFO] [stdout] 
[INFO] [stdout] 
[INFO] [stdout] error[E0603]: function `assert_json_no_panic` is private
[INFO] [stdout]    --> /opt/rustwide/cargo-home/registry/src/index.crates.io-6f17d22bba15001f/mockito-0.22.0/src/lib.rs:527:36
[INFO] [stdout]     |
[INFO] [stdout] 527 | use assert_json_diff::{Comparison, assert_json_no_panic, Actual, Expected};
[INFO] [stdout]     |                                    ^^^^^^^^^^^^^^^^^^^^ private function
[INFO] [stdout]     |
[INFO] [stdout] note: the function `assert_json_no_panic` is defined here
[INFO] [stdout]    --> /opt/rustwide/cargo-home/registry/src/index.crates.io-6f17d22bba15001f/assert-json-diff-1.1.0/src/lib.rs:240:1
[INFO] [stdout]     |
[INFO] [stdout] 240 | / fn assert_json_no_panic<Lhs, Rhs>(lhs: &Lhs, rhs: &Rhs, mode: Mode) -> Result<(), String>
[INFO] [stdout] 241 | | where
[INFO] [stdout] 242 | |     Lhs: Serialize,
[INFO] [stdout] 243 | |     Rhs: Serialize,
[INFO] [stdout]     | |___________________^
[INFO] [stdout] 
[INFO] [stdout] 
[INFO] [stdout] error: aborting due to 2 previous errors
[INFO] [stdout] 
[INFO] [stdout] 
[INFO] [stdout] Some errors have detailed explanations: E0432, E0603.
[INFO] [stdout] 
[INFO] [stdout] For more information about an error, try `rustc --explain E0432`.
[INFO] [stdout] 
[INFO] [stderr] error: could not compile `mockito` (lib) due to 3 previous errors
[INFO] running `Command { std: "docker" "inspect" "19dac034ac9a7edb8fbda1f427b9d154e01574ca65b25c1f8435da80b65b6c92", kill_on_drop: false }`
[INFO] running `Command { std: "docker" "rm" "-f" "19dac034ac9a7edb8fbda1f427b9d154e01574ca65b25c1f8435da80b65b6c92", kill_on_drop: false }`
[INFO] [stdout] 19dac034ac9a7edb8fbda1f427b9d154e01574ca65b25c1f8435da80b65b6c92
