[INFO] fetching crate anansi-core 0.14.2...
[INFO] testing anansi-core-0.14.2 against 1.75.0 for beta-1.76-1
[INFO] extracting crate anansi-core 0.14.2 into /workspace/builds/worker-3-tc1/source
[INFO] validating manifest of crates.io crate anansi-core 0.14.2 on toolchain 1.75.0
[INFO] running `Command { std: CARGO_HOME="/workspace/cargo-home" RUSTUP_HOME="/workspace/rustup-home" "/workspace/cargo-home/bin/cargo" "+1.75.0" "metadata" "--manifest-path" "Cargo.toml" "--no-deps", kill_on_drop: false }`
[INFO] started tweaking crates.io crate anansi-core 0.14.2
[INFO] finished tweaking crates.io crate anansi-core 0.14.2
[INFO] tweaked toml for crates.io crate anansi-core 0.14.2 written to /workspace/builds/worker-3-tc1/source/Cargo.toml
[INFO] running `Command { std: CARGO_HOME="/workspace/cargo-home" RUSTUP_HOME="/workspace/rustup-home" "/workspace/cargo-home/bin/cargo" "+1.75.0" "generate-lockfile" "--manifest-path" "Cargo.toml", kill_on_drop: false }`
[INFO] [stderr]     Updating crates.io index
[INFO] running `Command { std: CARGO_HOME="/workspace/cargo-home" RUSTUP_HOME="/workspace/rustup-home" "/workspace/cargo-home/bin/cargo" "+1.75.0" "fetch" "--manifest-path" "Cargo.toml", kill_on_drop: false }`
[INFO] [stderr]  Downloading crates ...
[INFO] [stderr]   Downloaded tokio-macros v2.2.0
[INFO] [stderr]   Downloaded ahash v0.8.7
[INFO] [stderr]   Downloaded sqlformat v0.1.8
[INFO] [stderr]   Downloaded itertools v0.10.5
[INFO] [stderr]   Downloaded phf_shared v0.11.2
[INFO] [stderr]   Downloaded phf v0.11.2
[INFO] [stderr]   Downloaded mach2 v0.4.2
[INFO] [stderr]   Downloaded tagptr v0.2.0
[INFO] [stderr]   Downloaded postgres-types v0.2.6
[INFO] [stderr]   Downloaded http-body v1.0.0
[INFO] [stderr]   Downloaded polling v2.8.0
[INFO] [stderr]   Downloaded skeptic v0.13.7
[INFO] [stderr]   Downloaded cargo-platform v0.1.6
[INFO] [stderr]   Downloaded futures-executor v0.3.30
[INFO] [stderr]   Downloaded postgres-protocol v0.6.6
[INFO] [stderr]   Downloaded either v1.9.0
[INFO] [stderr]   Downloaded zerocopy-derive v0.7.32
[INFO] [stderr]   Downloaded siphasher v0.3.11
[INFO] [stderr]   Downloaded env_logger v0.9.3
[INFO] [stderr]   Downloaded raw-cpuid v10.7.0
[INFO] [stderr]   Downloaded schannel v0.1.23
[INFO] [stderr]   Downloaded linux-raw-sys v0.3.8
[INFO] [stderr]   Downloaded windows-sys v0.52.0
[INFO] [stderr]   Downloaded futures-macro v0.3.30
[INFO] [stderr]   Downloaded libsqlite3-sys v0.24.2
[INFO] [stderr]   Downloaded tokio v1.35.1
[INFO] [stderr]   Downloaded rustix v0.37.27
[INFO] [stderr]   Downloaded finl_unicode v1.2.0
[INFO] [stderr]   Downloaded sqlx-core v0.5.13
[INFO] [stderr]   Downloaded zerocopy v0.7.32
[INFO] [stderr]   Downloaded pulldown-cmark v0.9.3
[INFO] [stderr]   Downloaded redis v0.22.3
[INFO] [stderr]   Downloaded hyper v1.1.0
[INFO] [stderr]   Downloaded gimli v0.28.1
[INFO] [stderr]   Downloaded http v1.0.0
[INFO] [stderr]   Downloaded hashlink v0.7.0
[INFO] [stderr]   Downloaded humantime v2.1.0
[INFO] [stderr]   Downloaded concurrent-queue v2.4.0
[INFO] [stderr]   Downloaded tokio-util v0.7.10
[INFO] [stderr]   Downloaded crossbeam-epoch v0.9.17
[INFO] [stderr]   Downloaded sqlx-macros v0.5.13
[INFO] [stderr]   Downloaded paste v1.0.14
[INFO] [stderr]   Downloaded quoted_printable v0.4.8
[INFO] [stderr]   Downloaded camino v1.1.6
[INFO] [stderr]   Downloaded core-foundation v0.9.4
[INFO] [stderr]   Downloaded triomphe v0.1.11
[INFO] [stderr]   Downloaded parking_lot_core v0.8.6
[INFO] [stderr]   Downloaded tokio-native-tls v0.3.1
[INFO] [stderr]   Downloaded crc v2.1.0
[INFO] [stderr]   Downloaded crossbeam-queue v0.3.10
[INFO] [stderr]   Downloaded futures-lite v1.13.0
[INFO] [stderr]   Downloaded parking_lot v0.11.2
[INFO] [stderr]   Downloaded futures-intrusive v0.4.2
[INFO] [stderr]   Downloaded anansi-macros v0.14.2
[INFO] [stderr]   Downloaded lettre v0.10.4
[INFO] [stderr]   Downloaded tokio-postgres v0.7.10
[INFO] [stderr]   Downloaded unicode_categories v0.1.1
[INFO] [stderr]   Downloaded sqlx v0.5.13
[INFO] [stderr]   Downloaded semver v1.0.21
[INFO] [stderr]   Downloaded mio v0.8.10
[INFO] [stderr]   Downloaded addr2line v0.21.0
[INFO] [stderr]   Downloaded http-body-util v0.1.0
[INFO] [stderr]   Downloaded email_address v0.2.4
[INFO] [stderr]   Downloaded match_cfg v0.1.0
[INFO] [stderr]   Downloaded hostname v0.3.1
[INFO] [stderr]   Downloaded fastrand v1.9.0
[INFO] [stderr]   Downloaded scheduled-thread-pool v0.2.7
[INFO] [stderr]   Downloaded atoi v0.4.0
[INFO] [stderr]   Downloaded ahash v0.7.7
[INFO] [stderr]   Downloaded crc-catalog v1.1.1
[INFO] [stderr]   Downloaded dotenv v0.15.0
[INFO] [stderr]   Downloaded email-encoding v0.2.0
[INFO] [stderr]   Downloaded object v0.32.2
[INFO] [stderr]   Downloaded hashbrown v0.11.2
[INFO] [stderr]   Downloaded waker-fn v1.1.1
[INFO] [stderr]   Downloaded socket2 v0.4.10
[INFO] [stderr]   Downloaded backtrace v0.3.69
[INFO] [stderr]   Downloaded async-io v1.13.0
[INFO] [stderr]   Downloaded cargo_metadata v0.14.2
[INFO] [stderr]   Downloaded parking v2.2.0
[INFO] [stderr]   Downloaded event-listener v2.5.3
[INFO] [stderr]   Downloaded bytecount v0.6.7
[INFO] [stderr]   Downloaded security-framework-sys v2.9.1
[INFO] [stderr]   Downloaded async-lock v2.8.0
[INFO] [stderr]   Downloaded stringprep v0.1.4
[INFO] [stderr]   Downloaded quanta v0.11.1
[INFO] [stderr]   Downloaded moka v0.10.4
[INFO] [stderr]   Downloaded io-lifetimes v1.0.11
[INFO] [stderr]   Downloaded httpdate v1.0.3
[INFO] [stderr]   Downloaded uuid v1.6.1
[INFO] [stderr]   Downloaded fallible-iterator v0.2.0
[INFO] [stderr]   Downloaded async-trait v0.1.77
[INFO] [stderr]   Downloaded whoami v1.4.1
[INFO] [stderr]   Downloaded sqlx-rt v0.5.13
[INFO] [stderr]   Downloaded security-framework v2.9.2
[INFO] [stderr]   Downloaded socket2 v0.5.5
[INFO] running `Command { std: "docker" "create" "-v" "/var/lib/crater-agent-workspace/builds/worker-3-tc1/target:/opt/rustwide/target:rw,Z" "-v" "/var/lib/crater-agent-workspace/builds/worker-3-tc1/source:/opt/rustwide/workdir:ro,Z" "-v" "/var/lib/crater-agent-workspace/cargo-home:/opt/rustwide/cargo-home:ro,Z" "-v" "/var/lib/crater-agent-workspace/rustup-home:/opt/rustwide/rustup-home:ro,Z" "-e" "SOURCE_DIR=/opt/rustwide/workdir" "-e" "CARGO_TARGET_DIR=/opt/rustwide/target" "-e" "CARGO_HOME=/opt/rustwide/cargo-home" "-e" "RUSTUP_HOME=/opt/rustwide/rustup-home" "-w" "/opt/rustwide/workdir" "-m" "1610612736" "--user" "0:0" "--network" "none" "ghcr.io/rust-lang/crates-build-env/linux@sha256:2788e3201cd34a07e3172128adcd8b3090168a8e3bcc40d7c032b9dda1df7d1c" "/opt/rustwide/cargo-home/bin/cargo" "+1.75.0" "metadata" "--no-deps" "--format-version=1", kill_on_drop: false }`
[INFO] [stdout] aa9c7ea4e5caca6fd5798a9fd55c4d633fe91f93387acd69502c6fb4ed67df12
[INFO] running `Command { std: "docker" "start" "-a" "aa9c7ea4e5caca6fd5798a9fd55c4d633fe91f93387acd69502c6fb4ed67df12", kill_on_drop: false }`
[INFO] running `Command { std: "docker" "inspect" "aa9c7ea4e5caca6fd5798a9fd55c4d633fe91f93387acd69502c6fb4ed67df12", kill_on_drop: false }`
[INFO] running `Command { std: "docker" "rm" "-f" "aa9c7ea4e5caca6fd5798a9fd55c4d633fe91f93387acd69502c6fb4ed67df12", kill_on_drop: false }`
[INFO] [stdout] aa9c7ea4e5caca6fd5798a9fd55c4d633fe91f93387acd69502c6fb4ed67df12
[INFO] running `Command { std: "docker" "create" "-v" "/var/lib/crater-agent-workspace/builds/worker-3-tc1/target:/opt/rustwide/target:rw,Z" "-v" "/var/lib/crater-agent-workspace/builds/worker-3-tc1/source:/opt/rustwide/workdir:ro,Z" "-v" "/var/lib/crater-agent-workspace/cargo-home:/opt/rustwide/cargo-home:ro,Z" "-v" "/var/lib/crater-agent-workspace/rustup-home:/opt/rustwide/rustup-home:ro,Z" "-e" "SOURCE_DIR=/opt/rustwide/workdir" "-e" "CARGO_TARGET_DIR=/opt/rustwide/target" "-e" "CARGO_INCREMENTAL=0" "-e" "RUST_BACKTRACE=full" "-e" "RUSTFLAGS=--cap-lints=warn" "-e" "RUSTDOCFLAGS=--cap-lints=warn" "-e" "CARGO_HOME=/opt/rustwide/cargo-home" "-e" "RUSTUP_HOME=/opt/rustwide/rustup-home" "-w" "/opt/rustwide/workdir" "-m" "1610612736" "--user" "0:0" "--network" "none" "ghcr.io/rust-lang/crates-build-env/linux@sha256:2788e3201cd34a07e3172128adcd8b3090168a8e3bcc40d7c032b9dda1df7d1c" "/opt/rustwide/cargo-home/bin/cargo" "+1.75.0" "build" "--frozen" "--message-format=json", kill_on_drop: false }`
[INFO] [stdout] 20171fce13e37741dbf6e05e169a24b0c22bfb43a4a292650b1d3ed85e85d8f0
[INFO] running `Command { std: "docker" "start" "-a" "20171fce13e37741dbf6e05e169a24b0c22bfb43a4a292650b1d3ed85e85d8f0", kill_on_drop: false }`
[INFO] [stderr]    Compiling libc v0.2.151
[INFO] [stderr]    Compiling proc-macro2 v1.0.75
[INFO] [stderr]    Compiling unicode-ident v1.0.12
[INFO] [stderr]    Compiling autocfg v1.1.0
[INFO] [stderr]    Compiling memchr v2.7.1
[INFO] [stderr]    Compiling vcpkg v0.2.15
[INFO] [stderr]    Compiling parking_lot_core v0.9.9
[INFO] [stderr]    Compiling pin-project-lite v0.2.13
[INFO] [stderr]    Compiling pkg-config v0.3.28
[INFO] [stderr]    Compiling scopeguard v1.2.0
[INFO] [stderr]    Compiling crossbeam-utils v0.8.18
[INFO] [stderr]    Compiling bytes v1.5.0
[INFO] [stderr]    Compiling smallvec v1.11.2
[INFO] [stderr]    Compiling futures-core v0.3.30
[INFO] [stderr]    Compiling log v0.4.20
[INFO] [stderr]    Compiling once_cell v1.19.0
[INFO] [stderr]    Compiling futures-io v0.3.30
[INFO] [stderr]    Compiling bitflags v1.3.2
[INFO] [stderr]    Compiling fnv v1.0.7
[INFO] [stderr]    Compiling openssl v0.10.62
[INFO] [stderr]    Compiling pin-utils v0.1.0
[INFO] [stderr]    Compiling futures-task v0.3.30
[INFO] [stderr]    Compiling foreign-types-shared v0.1.1
[INFO] [stderr]    Compiling io-lifetimes v1.0.11
[INFO] [stderr]    Compiling serde v1.0.194
[INFO] [stderr]    Compiling foreign-types v0.3.2
[INFO] [stderr]    Compiling tinyvec_macros v0.1.1
[INFO] [stderr]    Compiling bitflags v2.4.1
[INFO] [stderr]    Compiling native-tls v0.2.11
[INFO] [stderr]    Compiling fastrand v1.9.0
[INFO] [stderr]    Compiling rustix v0.37.27
[INFO] [stderr]    Compiling tinyvec v1.6.0
[INFO] [stderr]    Compiling lock_api v0.4.11
[INFO] [stderr]    Compiling slab v0.4.9
[INFO] [stderr]    Compiling polling v2.8.0
[INFO] [stderr]    Compiling http v1.0.0
[INFO] [stderr]    Compiling aho-corasick v1.1.2
[INFO] [stderr]    Compiling async-io v1.13.0
[INFO] [stderr]    Compiling num-traits v0.2.17
[INFO] [stderr]    Compiling syn v1.0.109
[INFO] [stderr]    Compiling waker-fn v1.1.1
[INFO] [stderr]    Compiling regex-syntax v0.8.2
[INFO] [stderr]    Compiling async-trait v0.1.77
[INFO] [stderr]    Compiling openssl-probe v0.1.5
[INFO] [stderr]    Compiling httparse v1.8.0
[INFO] [stderr]    Compiling quote v1.0.35
[INFO] [stderr]    Compiling parking v2.2.0
[INFO] [stderr]    Compiling event-listener v2.5.3
[INFO] [stderr]    Compiling linux-raw-sys v0.3.8
[INFO] [stderr]    Compiling syn v2.0.48
[INFO] [stderr]    Compiling async-lock v2.8.0
[INFO] [stderr]    Compiling futures-lite v1.13.0
[INFO] [stderr]    Compiling concurrent-queue v2.4.0
[INFO] [stderr]    Compiling thiserror v1.0.56
[INFO] [stderr]    Compiling raw-cpuid v10.7.0
[INFO] [stderr]    Compiling ahash v0.8.7
[INFO] [stderr]    Compiling moka v0.10.4
[INFO] [stderr]    Compiling unicode-normalization v0.1.22
[INFO] [stderr]    Compiling httpdate v1.0.3
[INFO] [stderr]    Compiling match_cfg v0.1.0
[INFO] [stderr]    Compiling serde_json v1.0.111
[INFO] [stderr]    Compiling http-body v1.0.0
[INFO] [stderr]    Compiling minimal-lexical v0.2.1
[INFO] [stderr]    Compiling base64 v0.21.5
[INFO] [stderr]    Compiling ppv-lite86 v0.2.17
[INFO] [stderr]    Compiling unicode-bidi v0.3.14
[INFO] [stderr]    Compiling nom v7.1.3
[INFO] [stderr]    Compiling email-encoding v0.2.0
[INFO] [stderr]    Compiling crossbeam-channel v0.5.10
[INFO] [stderr]    Compiling crossbeam-epoch v0.9.17
[INFO] [stderr]    Compiling futures-channel v0.3.30
[INFO] [stderr]    Compiling idna v0.3.0
[INFO] [stderr]    Compiling cc v1.0.83
[INFO] [stderr]    Compiling getrandom v0.2.11
[INFO] [stderr]    Compiling num_cpus v1.16.0
[INFO] [stderr]    Compiling mio v0.8.10
[INFO] [stderr]    Compiling parking_lot v0.12.1
[INFO] [stderr]    Compiling signal-hook-registry v1.4.1
[INFO] [stderr]    Compiling socket2 v0.5.5
[INFO] [stderr]    Compiling socket2 v0.4.10
[INFO] [stderr]    Compiling rand_core v0.6.4
[INFO] [stderr]    Compiling regex-automata v0.4.3
[INFO] [stderr]    Compiling rand_chacha v0.3.1
[INFO] [stderr]    Compiling scheduled-thread-pool v0.2.7
[INFO] [stderr]    Compiling quanta v0.11.1
[INFO] [stderr]    Compiling uuid v1.6.1
[INFO] [stderr]    Compiling hostname v0.3.1
[INFO] [stderr]    Compiling atty v0.2.14
[INFO] [stderr]    Compiling humantime v2.1.0
[INFO] [stderr]    Compiling termcolor v1.4.0
[INFO] [stderr]    Compiling quoted_printable v0.4.8
[INFO] [stderr]    Compiling iana-time-zone v0.1.59
[INFO] [stderr]    Compiling mime v0.3.17
[INFO] [stderr]    Compiling zerocopy v0.7.32
[INFO] [stderr]    Compiling email_address v0.2.4
[INFO] [stderr]    Compiling tagptr v0.2.0
[INFO] [stderr]    Compiling triomphe v0.1.11
[INFO] [stderr]    Compiling openssl-sys v0.9.98
[INFO] [stderr]    Compiling rand v0.8.5
[INFO] [stderr]    Compiling http v0.2.11
[INFO] [stderr]    Compiling futures-macro v0.3.30
[INFO] [stderr]    Compiling serde_derive v1.0.194
[INFO] [stderr]    Compiling tokio-macros v2.2.0
[INFO] [stderr]    Compiling openssl-macros v0.1.1
[INFO] [stderr]    Compiling thiserror-impl v1.0.56
[INFO] [stderr]    Compiling regex v1.10.2
[INFO] [stderr]    Compiling env_logger v0.9.3
[INFO] [stderr]    Compiling tokio v1.35.1
[INFO] [stderr]    Compiling anansi-macros v0.14.2
[INFO] [stderr]    Compiling futures-util v0.3.30
[INFO] [stderr]    Compiling http-body-util v0.1.0
[INFO] [stderr]    Compiling tokio-native-tls v0.3.1
[INFO] [stderr]    Compiling hyper v1.1.0
[INFO] [stderr]    Compiling lettre v0.10.4
[INFO] [stderr]    Compiling toml v0.5.11
[INFO] [stderr]    Compiling chrono v0.4.31
[INFO] [stderr]    Compiling anansi-core v0.14.2 (/opt/rustwide/workdir)
[INFO] [stdout] error[E0277]: the trait bound `tokio::net::TcpStream: hyper::rt::Read` is not satisfied
[INFO] [stdout]    --> src/server.rs:342:47
[INFO] [stdout]     |
[INFO] [stdout] 342 | ...                   .serve_connection(stream, svc) => res,
[INFO] [stdout]     |                        ---------------- ^^^^^^ the trait `hyper::rt::Read` is not implemented for `tokio::net::TcpStream`
[INFO] [stdout]     |                        |
[INFO] [stdout]     |                        required by a bound introduced by this call
[INFO] [stdout]     |
[INFO] [stdout]     = help: the following other types implement trait `hyper::rt::Read`:
[INFO] [stdout]               std::boxed::Box<T>
[INFO] [stdout]               Upgraded
[INFO] [stdout]               Pin<P>
[INFO] [stdout]               &mut T
[INFO] [stdout] note: required by a bound in `hyper::server::conn::http1::Builder::serve_connection`
[INFO] [stdout]    --> /opt/rustwide/cargo-home/registry/src/index.crates.io-6f17d22bba15001f/hyper-1.1.0/src/server/conn/http1.rs:398:12
[INFO] [stdout]     |
[INFO] [stdout] 392 |     pub fn serve_connection<I, S>(&self, io: I, service: S) -> Connection<I, S>
[INFO] [stdout]     |            ---------------- required by a bound in this associated function
[INFO] [stdout] ...
[INFO] [stdout] 398 |         I: Read + Write + Unpin,
[INFO] [stdout]     |            ^^^^ required by this bound in `Builder::serve_connection`
[INFO] [stdout] 
[INFO] [stdout] 
[INFO] [stdout] error[E0277]: the trait bound `tokio::net::TcpStream: hyper::rt::Write` is not satisfied
[INFO] [stdout]    --> src/server.rs:342:47
[INFO] [stdout]     |
[INFO] [stdout] 342 | ...                   .serve_connection(stream, svc) => res,
[INFO] [stdout]     |                        ---------------- ^^^^^^ the trait `hyper::rt::Write` is not implemented for `tokio::net::TcpStream`
[INFO] [stdout]     |                        |
[INFO] [stdout]     |                        required by a bound introduced by this call
[INFO] [stdout]     |
[INFO] [stdout]     = help: the following other types implement trait `hyper::rt::Write`:
[INFO] [stdout]               std::boxed::Box<T>
[INFO] [stdout]               Upgraded
[INFO] [stdout]               Pin<P>
[INFO] [stdout]               &mut T
[INFO] [stdout] note: required by a bound in `hyper::server::conn::http1::Builder::serve_connection`
[INFO] [stdout]    --> /opt/rustwide/cargo-home/registry/src/index.crates.io-6f17d22bba15001f/hyper-1.1.0/src/server/conn/http1.rs:398:19
[INFO] [stdout]     |
[INFO] [stdout] 392 |     pub fn serve_connection<I, S>(&self, io: I, service: S) -> Connection<I, S>
[INFO] [stdout]     |            ---------------- required by a bound in this associated function
[INFO] [stdout] ...
[INFO] [stdout] 398 |         I: Read + Write + Unpin,
[INFO] [stdout]     |                   ^^^^^ required by this bound in `Builder::serve_connection`
[INFO] [stdout] 
[INFO] [stdout] 
[INFO] [stdout] error[E0277]: the trait bound `tokio::net::TcpStream: hyper::rt::Read` is not satisfied
[INFO] [stdout]    --> src/server.rs:340:31
[INFO] [stdout]     |
[INFO] [stdout] 340 |                       let res = tokio::select! {
[INFO] [stdout]     |  _______________________________^
[INFO] [stdout] 341 | |                         res = http1::Builder::new()
[INFO] [stdout] 342 | |                             .serve_connection(stream, svc) => res,
[INFO] [stdout] 343 | |                         _ = sd.recv() => return,
[INFO] [stdout] 344 | |                     };
[INFO] [stdout]     | |                     ^
[INFO] [stdout]     | |                     |
[INFO] [stdout]     | |_____________________the trait `hyper::rt::Read` is not implemented for `tokio::net::TcpStream`
[INFO] [stdout]     |                       required by a bound introduced by this call
[INFO] [stdout]     |
[INFO] [stdout]     = help: the following other types implement trait `hyper::rt::Read`:
[INFO] [stdout]               std::boxed::Box<T>
[INFO] [stdout]               Upgraded
[INFO] [stdout]               Pin<P>
[INFO] [stdout]               &mut T
[INFO] [stdout]     = note: required for `Connection<tokio::net::TcpStream, Svc<B, D, C, S>>` to implement `Future`
[INFO] [stdout]     = note: this error originates in the macro `$crate::select` which comes from the expansion of the macro `tokio::select` (in Nightly builds, run with -Z macro-backtrace for more info)
[INFO] [stdout] 
[INFO] [stdout] 
[INFO] [stdout] error[E0277]: the trait bound `tokio::net::TcpStream: hyper::rt::Write` is not satisfied
[INFO] [stdout]    --> src/server.rs:340:31
[INFO] [stdout]     |
[INFO] [stdout] 340 |                       let res = tokio::select! {
[INFO] [stdout]     |  _______________________________^
[INFO] [stdout] 341 | |                         res = http1::Builder::new()
[INFO] [stdout] 342 | |                             .serve_connection(stream, svc) => res,
[INFO] [stdout] 343 | |                         _ = sd.recv() => return,
[INFO] [stdout] 344 | |                     };
[INFO] [stdout]     | |                     ^
[INFO] [stdout]     | |                     |
[INFO] [stdout]     | |_____________________the trait `hyper::rt::Write` is not implemented for `tokio::net::TcpStream`
[INFO] [stdout]     |                       required by a bound introduced by this call
[INFO] [stdout]     |
[INFO] [stdout]     = help: the following other types implement trait `hyper::rt::Write`:
[INFO] [stdout]               std::boxed::Box<T>
[INFO] [stdout]               Upgraded
[INFO] [stdout]               Pin<P>
[INFO] [stdout]               &mut T
[INFO] [stdout]     = note: required for `Connection<tokio::net::TcpStream, Svc<B, D, C, S>>` to implement `Future`
[INFO] [stdout]     = note: this error originates in the macro `$crate::select` which comes from the expansion of the macro `tokio::select` (in Nightly builds, run with -Z macro-backtrace for more info)
[INFO] [stdout] 
[INFO] [stdout] 
[INFO] [stdout] error[E0277]: the trait bound `tokio::net::TcpStream: hyper::rt::Read` is not satisfied
[INFO] [stdout]    --> src/server.rs:340:31
[INFO] [stdout]     |
[INFO] [stdout] 340 |                       let res = tokio::select! {
[INFO] [stdout]     |  _______________________________^
[INFO] [stdout] 341 | |                         res = http1::Builder::new()
[INFO] [stdout] 342 | |                             .serve_connection(stream, svc) => res,
[INFO] [stdout] 343 | |                         _ = sd.recv() => return,
[INFO] [stdout] 344 | |                     };
[INFO] [stdout]     | |_____________________^ the trait `hyper::rt::Read` is not implemented for `tokio::net::TcpStream`
[INFO] [stdout]     |
[INFO] [stdout]     = help: the following other types implement trait `hyper::rt::Read`:
[INFO] [stdout]               std::boxed::Box<T>
[INFO] [stdout]               Upgraded
[INFO] [stdout]               Pin<P>
[INFO] [stdout]               &mut T
[INFO] [stdout]     = note: required for `Connection<tokio::net::TcpStream, Svc<B, D, C, S>>` to implement `Future`
[INFO] [stdout]     = note: this error originates in the macro `$crate::select` which comes from the expansion of the macro `tokio::select` (in Nightly builds, run with -Z macro-backtrace for more info)
[INFO] [stdout] 
[INFO] [stdout] 
[INFO] [stdout] error[E0277]: the trait bound `tokio::net::TcpStream: hyper::rt::Write` is not satisfied
[INFO] [stdout]    --> src/server.rs:340:31
[INFO] [stdout]     |
[INFO] [stdout] 340 |                       let res = tokio::select! {
[INFO] [stdout]     |  _______________________________^
[INFO] [stdout] 341 | |                         res = http1::Builder::new()
[INFO] [stdout] 342 | |                             .serve_connection(stream, svc) => res,
[INFO] [stdout] 343 | |                         _ = sd.recv() => return,
[INFO] [stdout] 344 | |                     };
[INFO] [stdout]     | |_____________________^ the trait `hyper::rt::Write` is not implemented for `tokio::net::TcpStream`
[INFO] [stdout]     |
[INFO] [stdout]     = help: the following other types implement trait `hyper::rt::Write`:
[INFO] [stdout]               std::boxed::Box<T>
[INFO] [stdout]               Upgraded
[INFO] [stdout]               Pin<P>
[INFO] [stdout]               &mut T
[INFO] [stdout]     = note: required for `Connection<tokio::net::TcpStream, Svc<B, D, C, S>>` to implement `Future`
[INFO] [stdout]     = note: this error originates in the macro `$crate::select` which comes from the expansion of the macro `tokio::select` (in Nightly builds, run with -Z macro-backtrace for more info)
[INFO] [stdout] 
[INFO] [stdout] 
[INFO] [stdout] error[E0053]: method `call` has an incompatible type for trait
[INFO] [stdout]    --> src/server.rs:662:13
[INFO] [stdout]     |
[INFO] [stdout] 662 |     fn call(&mut self, request: Request<IncomingBody>) -> Self::Future {
[INFO] [stdout]     |             ^^^^^^^^^
[INFO] [stdout]     |             |
[INFO] [stdout]     |             types differ in mutability
[INFO] [stdout]     |             help: change the self-receiver type to match the trait: `&self`
[INFO] [stdout]     |
[INFO] [stdout]     = note: expected signature `fn(&Svc<B, D, C, S>, hyper::Request<_>) -> Pin<_>`
[INFO] [stdout]                found signature `fn(&mut Svc<B, D, C, S>, hyper::Request<_>) -> Pin<_>`
[INFO] [stdout] 
[INFO] [stdout] 
[INFO] [stdout] error: aborting due to 7 previous errors
[INFO] [stdout] 
[INFO] [stdout] 
[INFO] [stdout] Some errors have detailed explanations: E0053, E0277.
[INFO] [stdout] 
[INFO] [stdout] For more information about an error, try `rustc --explain E0053`.
[INFO] [stdout] 
[INFO] [stderr] error: could not compile `anansi-core` (lib) due to 8 previous errors
[INFO] running `Command { std: "docker" "inspect" "20171fce13e37741dbf6e05e169a24b0c22bfb43a4a292650b1d3ed85e85d8f0", kill_on_drop: false }`
[INFO] running `Command { std: "docker" "rm" "-f" "20171fce13e37741dbf6e05e169a24b0c22bfb43a4a292650b1d3ed85e85d8f0", kill_on_drop: false }`
[INFO] [stdout] 20171fce13e37741dbf6e05e169a24b0c22bfb43a4a292650b1d3ed85e85d8f0
[INFO] testing anansi-core-0.14.2 against beta-2023-12-22 for beta-1.76-1
[INFO] extracting crate anansi-core 0.14.2 into /workspace/builds/worker-3-tc2/source
[INFO] validating manifest of crates.io crate anansi-core 0.14.2 on toolchain beta-2023-12-22
[INFO] running `Command { std: CARGO_HOME="/workspace/cargo-home" RUSTUP_HOME="/workspace/rustup-home" "/workspace/cargo-home/bin/cargo" "+beta-2023-12-22" "metadata" "--manifest-path" "Cargo.toml" "--no-deps", kill_on_drop: false }`
[INFO] started tweaking crates.io crate anansi-core 0.14.2
[INFO] finished tweaking crates.io crate anansi-core 0.14.2
[INFO] tweaked toml for crates.io crate anansi-core 0.14.2 written to /workspace/builds/worker-3-tc2/source/Cargo.toml
[INFO] running `Command { std: CARGO_HOME="/workspace/cargo-home" RUSTUP_HOME="/workspace/rustup-home" "/workspace/cargo-home/bin/cargo" "+beta-2023-12-22" "generate-lockfile" "--manifest-path" "Cargo.toml", kill_on_drop: false }`
[INFO] [stderr]     Updating crates.io index
[INFO] running `Command { std: CARGO_HOME="/workspace/cargo-home" RUSTUP_HOME="/workspace/rustup-home" "/workspace/cargo-home/bin/cargo" "+beta-2023-12-22" "fetch" "--manifest-path" "Cargo.toml", kill_on_drop: false }`
[INFO] running `Command { std: "docker" "create" "-v" "/var/lib/crater-agent-workspace/builds/worker-3-tc2/target:/opt/rustwide/target:rw,Z" "-v" "/var/lib/crater-agent-workspace/builds/worker-3-tc2/source:/opt/rustwide/workdir:ro,Z" "-v" "/var/lib/crater-agent-workspace/cargo-home:/opt/rustwide/cargo-home:ro,Z" "-v" "/var/lib/crater-agent-workspace/rustup-home:/opt/rustwide/rustup-home:ro,Z" "-e" "SOURCE_DIR=/opt/rustwide/workdir" "-e" "CARGO_TARGET_DIR=/opt/rustwide/target" "-e" "CARGO_HOME=/opt/rustwide/cargo-home" "-e" "RUSTUP_HOME=/opt/rustwide/rustup-home" "-w" "/opt/rustwide/workdir" "-m" "1610612736" "--user" "0:0" "--network" "none" "ghcr.io/rust-lang/crates-build-env/linux@sha256:2788e3201cd34a07e3172128adcd8b3090168a8e3bcc40d7c032b9dda1df7d1c" "/opt/rustwide/cargo-home/bin/cargo" "+beta-2023-12-22" "metadata" "--no-deps" "--format-version=1", kill_on_drop: false }`
[INFO] [stdout] d50fc54468f12c555d4c7811357c8f735fc0455e4f816a678a0fb7d1b4a02b61
[INFO] running `Command { std: "docker" "start" "-a" "d50fc54468f12c555d4c7811357c8f735fc0455e4f816a678a0fb7d1b4a02b61", kill_on_drop: false }`
[INFO] running `Command { std: "docker" "inspect" "d50fc54468f12c555d4c7811357c8f735fc0455e4f816a678a0fb7d1b4a02b61", kill_on_drop: false }`
[INFO] running `Command { std: "docker" "rm" "-f" "d50fc54468f12c555d4c7811357c8f735fc0455e4f816a678a0fb7d1b4a02b61", kill_on_drop: false }`
[INFO] [stdout] d50fc54468f12c555d4c7811357c8f735fc0455e4f816a678a0fb7d1b4a02b61
[INFO] running `Command { std: "docker" "create" "-v" "/var/lib/crater-agent-workspace/builds/worker-3-tc2/target:/opt/rustwide/target:rw,Z" "-v" "/var/lib/crater-agent-workspace/builds/worker-3-tc2/source:/opt/rustwide/workdir:ro,Z" "-v" "/var/lib/crater-agent-workspace/cargo-home:/opt/rustwide/cargo-home:ro,Z" "-v" "/var/lib/crater-agent-workspace/rustup-home:/opt/rustwide/rustup-home:ro,Z" "-e" "SOURCE_DIR=/opt/rustwide/workdir" "-e" "CARGO_TARGET_DIR=/opt/rustwide/target" "-e" "CARGO_INCREMENTAL=0" "-e" "RUST_BACKTRACE=full" "-e" "RUSTFLAGS=--cap-lints=warn" "-e" "RUSTDOCFLAGS=--cap-lints=warn" "-e" "CARGO_HOME=/opt/rustwide/cargo-home" "-e" "RUSTUP_HOME=/opt/rustwide/rustup-home" "-w" "/opt/rustwide/workdir" "-m" "1610612736" "--user" "0:0" "--network" "none" "ghcr.io/rust-lang/crates-build-env/linux@sha256:2788e3201cd34a07e3172128adcd8b3090168a8e3bcc40d7c032b9dda1df7d1c" "/opt/rustwide/cargo-home/bin/cargo" "+beta-2023-12-22" "build" "--frozen" "--message-format=json", kill_on_drop: false }`
[INFO] [stdout] e779b627d4316641140860cf2f9ca3879adbd15905c6f14c8f5833ed8b7628c1
[INFO] running `Command { std: "docker" "start" "-a" "e779b627d4316641140860cf2f9ca3879adbd15905c6f14c8f5833ed8b7628c1", kill_on_drop: false }`
[INFO] [stderr]    Compiling libc v0.2.151
[INFO] [stderr]    Compiling proc-macro2 v1.0.75
[INFO] [stderr]    Compiling unicode-ident v1.0.12
[INFO] [stderr]    Compiling autocfg v1.1.0
[INFO] [stderr]    Compiling memchr v2.7.1
[INFO] [stderr]    Compiling parking_lot_core v0.9.9
[INFO] [stderr]    Compiling pin-project-lite v0.2.13
[INFO] [stderr]    Compiling vcpkg v0.2.15
[INFO] [stderr]    Compiling pkg-config v0.3.28
[INFO] [stderr]    Compiling smallvec v1.11.2
[INFO] [stderr]    Compiling futures-core v0.3.30
[INFO] [stderr]    Compiling bytes v1.5.0
[INFO] [stderr]    Compiling crossbeam-utils v0.8.18
[INFO] [stderr]    Compiling scopeguard v1.2.0
[INFO] [stderr]    Compiling once_cell v1.19.0
[INFO] [stderr]    Compiling futures-io v0.3.30
[INFO] [stderr]    Compiling log v0.4.20
[INFO] [stderr]    Compiling serde v1.0.194
[INFO] [stderr]    Compiling bitflags v1.3.2
[INFO] [stderr]    Compiling foreign-types-shared v0.1.1
[INFO] [stderr]    Compiling fnv v1.0.7
[INFO] [stderr]    Compiling openssl v0.10.62
[INFO] [stderr]    Compiling io-lifetimes v1.0.11
[INFO] [stderr]    Compiling pin-utils v0.1.0
[INFO] [stderr]    Compiling futures-task v0.3.30
[INFO] [stderr]    Compiling foreign-types v0.3.2
[INFO] [stderr]    Compiling native-tls v0.2.11
[INFO] [stderr]    Compiling tinyvec_macros v0.1.1
[INFO] [stderr]    Compiling fastrand v1.9.0
[INFO] [stderr]    Compiling rustix v0.37.27
[INFO] [stderr]    Compiling bitflags v2.4.1
[INFO] [stderr]    Compiling lock_api v0.4.11
[INFO] [stderr]    Compiling slab v0.4.9
[INFO] [stderr]    Compiling polling v2.8.0
[INFO] [stderr]    Compiling async-io v1.13.0
[INFO] [stderr]    Compiling num-traits v0.2.17
[INFO] [stderr]    Compiling http v1.0.0
[INFO] [stderr]    Compiling aho-corasick v1.1.2
[INFO] [stderr]    Compiling tinyvec v1.6.0
[INFO] [stderr]    Compiling httparse v1.8.0
[INFO] [stderr]    Compiling linux-raw-sys v0.3.8
[INFO] [stderr]    Compiling syn v1.0.109
[INFO] [stderr]    Compiling parking v2.2.0
[INFO] [stderr]    Compiling openssl-probe v0.1.5
[INFO] [stderr]    Compiling quote v1.0.35
[INFO] [stderr]    Compiling regex-syntax v0.8.2
[INFO] [stderr]    Compiling async-trait v0.1.77
[INFO] [stderr]    Compiling waker-fn v1.1.1
[INFO] [stderr]    Compiling event-listener v2.5.3
[INFO] [stderr]    Compiling thiserror v1.0.56
[INFO] [stderr]    Compiling syn v2.0.48
[INFO] [stderr]    Compiling futures-lite v1.13.0
[INFO] [stderr]    Compiling async-lock v2.8.0
[INFO] [stderr]    Compiling concurrent-queue v2.4.0
[INFO] [stderr]    Compiling raw-cpuid v10.7.0
[INFO] [stderr]    Compiling ahash v0.8.7
[INFO] [stderr]    Compiling moka v0.10.4
[INFO] [stderr]    Compiling ppv-lite86 v0.2.17
[INFO] [stderr]    Compiling http-body v1.0.0
[INFO] [stderr]    Compiling serde_json v1.0.111
[INFO] [stderr]    Compiling minimal-lexical v0.2.1
[INFO] [stderr]    Compiling unicode-bidi v0.3.14
[INFO] [stderr]    Compiling match_cfg v0.1.0
[INFO] [stderr]    Compiling base64 v0.21.5
[INFO] [stderr]    Compiling httpdate v1.0.3
[INFO] [stderr]    Compiling unicode-normalization v0.1.22
[INFO] [stderr]    Compiling nom v7.1.3
[INFO] [stderr]    Compiling crossbeam-epoch v0.9.17
[INFO] [stderr]    Compiling email-encoding v0.2.0
[INFO] [stderr]    Compiling cc v1.0.83
[INFO] [stderr]    Compiling getrandom v0.2.11
[INFO] [stderr]    Compiling num_cpus v1.16.0
[INFO] [stderr]    Compiling signal-hook-registry v1.4.1
[INFO] [stderr]    Compiling mio v0.8.10
[INFO] [stderr]    Compiling socket2 v0.5.5
[INFO] [stderr]    Compiling parking_lot v0.12.1
[INFO] [stderr]    Compiling socket2 v0.4.10
[INFO] [stderr]    Compiling rand_core v0.6.4
[INFO] [stderr]    Compiling regex-automata v0.4.3
[INFO] [stderr]    Compiling rand_chacha v0.3.1
[INFO] [stderr]    Compiling scheduled-thread-pool v0.2.7
[INFO] [stderr]    Compiling quanta v0.11.1
[INFO] [stderr]    Compiling uuid v1.6.1
[INFO] [stderr]    Compiling idna v0.3.0
[INFO] [stderr]    Compiling atty v0.2.14
[INFO] [stderr]    Compiling hostname v0.3.1
[INFO] [stderr]    Compiling crossbeam-channel v0.5.10
[INFO] [stderr]    Compiling futures-channel v0.3.30
[INFO] [stderr]    Compiling humantime v2.1.0
[INFO] [stderr]    Compiling iana-time-zone v0.1.59
[INFO] [stderr]    Compiling email_address v0.2.4
[INFO] [stderr]    Compiling triomphe v0.1.11
[INFO] [stderr]    Compiling tagptr v0.2.0
[INFO] [stderr]    Compiling quoted_printable v0.4.8
[INFO] [stderr]    Compiling openssl-sys v0.9.98
[INFO] [stderr]    Compiling mime v0.3.17
[INFO] [stderr]    Compiling zerocopy v0.7.32
[INFO] [stderr]    Compiling termcolor v1.4.0
[INFO] [stderr]    Compiling rand v0.8.5
[INFO] [stderr]    Compiling http v0.2.11
[INFO] [stderr]    Compiling regex v1.10.2
[INFO] [stderr]    Compiling futures-macro v0.3.30
[INFO] [stderr]    Compiling tokio-macros v2.2.0
[INFO] [stderr]    Compiling serde_derive v1.0.194
[INFO] [stderr]    Compiling openssl-macros v0.1.1
[INFO] [stderr]    Compiling thiserror-impl v1.0.56
[INFO] [stderr]    Compiling env_logger v0.9.3
[INFO] [stderr]    Compiling tokio v1.35.1
[INFO] [stderr]    Compiling futures-util v0.3.30
[INFO] [stderr]    Compiling anansi-macros v0.14.2
[INFO] [stderr]    Compiling http-body-util v0.1.0
[INFO] [stderr]    Compiling tokio-native-tls v0.3.1
[INFO] [stderr]    Compiling hyper v1.1.0
[INFO] [stderr]    Compiling lettre v0.10.4
[INFO] [stderr]    Compiling toml v0.5.11
[INFO] [stderr]    Compiling chrono v0.4.31
[INFO] [stderr]    Compiling anansi-core v0.14.2 (/opt/rustwide/workdir)
[INFO] [stdout] error[E0277]: the trait bound `tokio::net::TcpStream: hyper::rt::Read` is not satisfied
[INFO] [stdout]    --> src/server.rs:342:47
[INFO] [stdout]     |
[INFO] [stdout] 342 | ...                   .serve_connection(stream, svc) => res,
[INFO] [stdout]     |                        ---------------- ^^^^^^ the trait `hyper::rt::Read` is not implemented for `tokio::net::TcpStream`
[INFO] [stdout]     |                        |
[INFO] [stdout]     |                        required by a bound introduced by this call
[INFO] [stdout]     |
[INFO] [stdout]     = help: the following other types implement trait `hyper::rt::Read`:
[INFO] [stdout]               std::boxed::Box<T>
[INFO] [stdout]               Upgraded
[INFO] [stdout]               Pin<P>
[INFO] [stdout]               &mut T
[INFO] [stdout] note: required by a bound in `hyper::server::conn::http1::Builder::serve_connection`
[INFO] [stdout]    --> /opt/rustwide/cargo-home/registry/src/index.crates.io-6f17d22bba15001f/hyper-1.1.0/src/server/conn/http1.rs:398:12
[INFO] [stdout]     |
[INFO] [stdout] 392 |     pub fn serve_connection<I, S>(&self, io: I, service: S) -> Connection<I, S>
[INFO] [stdout]     |            ---------------- required by a bound in this associated function
[INFO] [stdout] ...
[INFO] [stdout] 398 |         I: Read + Write + Unpin,
[INFO] [stdout]     |            ^^^^ required by this bound in `Builder::serve_connection`
[INFO] [stdout] 
[INFO] [stdout] 
[INFO] [stdout] error[E0277]: the trait bound `tokio::net::TcpStream: hyper::rt::Write` is not satisfied
[INFO] [stdout]    --> src/server.rs:342:47
[INFO] [stdout]     |
[INFO] [stdout] 342 | ...                   .serve_connection(stream, svc) => res,
[INFO] [stdout]     |                        ---------------- ^^^^^^ the trait `hyper::rt::Write` is not implemented for `tokio::net::TcpStream`
[INFO] [stdout]     |                        |
[INFO] [stdout]     |                        required by a bound introduced by this call
[INFO] [stdout]     |
[INFO] [stdout]     = help: the following other types implement trait `hyper::rt::Write`:
[INFO] [stdout]               std::boxed::Box<T>
[INFO] [stdout]               Upgraded
[INFO] [stdout]               Pin<P>
[INFO] [stdout]               &mut T
[INFO] [stdout] note: required by a bound in `hyper::server::conn::http1::Builder::serve_connection`
[INFO] [stdout]    --> /opt/rustwide/cargo-home/registry/src/index.crates.io-6f17d22bba15001f/hyper-1.1.0/src/server/conn/http1.rs:398:19
[INFO] [stdout]     |
[INFO] [stdout] 392 |     pub fn serve_connection<I, S>(&self, io: I, service: S) -> Connection<I, S>
[INFO] [stdout]     |            ---------------- required by a bound in this associated function
[INFO] [stdout] ...
[INFO] [stdout] 398 |         I: Read + Write + Unpin,
[INFO] [stdout]     |                   ^^^^^ required by this bound in `Builder::serve_connection`
[INFO] [stdout] 
[INFO] [stdout] 
[INFO] [stdout] error[E0277]: the trait bound `tokio::net::TcpStream: hyper::rt::Read` is not satisfied
[INFO] [stdout]    --> src/server.rs:340:31
[INFO] [stdout]     |
[INFO] [stdout] 340 |                       let res = tokio::select! {
[INFO] [stdout]     |  _______________________________^
[INFO] [stdout] 341 | |                         res = http1::Builder::new()
[INFO] [stdout] 342 | |                             .serve_connection(stream, svc) => res,
[INFO] [stdout] 343 | |                         _ = sd.recv() => return,
[INFO] [stdout] 344 | |                     };
[INFO] [stdout]     | |                     ^
[INFO] [stdout]     | |                     |
[INFO] [stdout]     | |_____________________the trait `hyper::rt::Read` is not implemented for `tokio::net::TcpStream`
[INFO] [stdout]     |                       required by a bound introduced by this call
[INFO] [stdout]     |
[INFO] [stdout]     = help: the following other types implement trait `hyper::rt::Read`:
[INFO] [stdout]               std::boxed::Box<T>
[INFO] [stdout]               Upgraded
[INFO] [stdout]               Pin<P>
[INFO] [stdout]               &mut T
[INFO] [stdout]     = note: required for `Connection<tokio::net::TcpStream, Svc<B, D, C, S>>` to implement `Future`
[INFO] [stdout]     = note: this error originates in the macro `$crate::select` which comes from the expansion of the macro `tokio::select` (in Nightly builds, run with -Z macro-backtrace for more info)
[INFO] [stdout] 
[INFO] [stdout] 
[INFO] [stdout] error[E0277]: the trait bound `tokio::net::TcpStream: hyper::rt::Write` is not satisfied
[INFO] [stdout]    --> src/server.rs:340:31
[INFO] [stdout]     |
[INFO] [stdout] 340 |                       let res = tokio::select! {
[INFO] [stdout]     |  _______________________________^
[INFO] [stdout] 341 | |                         res = http1::Builder::new()
[INFO] [stdout] 342 | |                             .serve_connection(stream, svc) => res,
[INFO] [stdout] 343 | |                         _ = sd.recv() => return,
[INFO] [stdout] 344 | |                     };
[INFO] [stdout]     | |                     ^
[INFO] [stdout]     | |                     |
[INFO] [stdout]     | |_____________________the trait `hyper::rt::Write` is not implemented for `tokio::net::TcpStream`
[INFO] [stdout]     |                       required by a bound introduced by this call
[INFO] [stdout]     |
[INFO] [stdout]     = help: the following other types implement trait `hyper::rt::Write`:
[INFO] [stdout]               std::boxed::Box<T>
[INFO] [stdout]               Upgraded
[INFO] [stdout]               Pin<P>
[INFO] [stdout]               &mut T
[INFO] [stdout]     = note: required for `Connection<tokio::net::TcpStream, Svc<B, D, C, S>>` to implement `Future`
[INFO] [stdout]     = note: this error originates in the macro `$crate::select` which comes from the expansion of the macro `tokio::select` (in Nightly builds, run with -Z macro-backtrace for more info)
[INFO] [stdout] 
[INFO] [stdout] 
[INFO] [stdout] error[E0277]: the trait bound `tokio::net::TcpStream: hyper::rt::Read` is not satisfied
[INFO] [stdout]    --> src/server.rs:340:31
[INFO] [stdout]     |
[INFO] [stdout] 340 |                       let res = tokio::select! {
[INFO] [stdout]     |  _______________________________^
[INFO] [stdout] 341 | |                         res = http1::Builder::new()
[INFO] [stdout] 342 | |                             .serve_connection(stream, svc) => res,
[INFO] [stdout] 343 | |                         _ = sd.recv() => return,
[INFO] [stdout] 344 | |                     };
[INFO] [stdout]     | |_____________________^ the trait `hyper::rt::Read` is not implemented for `tokio::net::TcpStream`
[INFO] [stdout]     |
[INFO] [stdout]     = help: the following other types implement trait `hyper::rt::Read`:
[INFO] [stdout]               std::boxed::Box<T>
[INFO] [stdout]               Upgraded
[INFO] [stdout]               Pin<P>
[INFO] [stdout]               &mut T
[INFO] [stdout]     = note: required for `Connection<tokio::net::TcpStream, Svc<B, D, C, S>>` to implement `Future`
[INFO] [stdout]     = note: this error originates in the macro `$crate::select` which comes from the expansion of the macro `tokio::select` (in Nightly builds, run with -Z macro-backtrace for more info)
[INFO] [stdout] 
[INFO] [stdout] 
[INFO] [stdout] error[E0277]: the trait bound `tokio::net::TcpStream: hyper::rt::Write` is not satisfied
[INFO] [stdout]    --> src/server.rs:340:31
[INFO] [stdout]     |
[INFO] [stdout] 340 |                       let res = tokio::select! {
[INFO] [stdout]     |  _______________________________^
[INFO] [stdout] 341 | |                         res = http1::Builder::new()
[INFO] [stdout] 342 | |                             .serve_connection(stream, svc) => res,
[INFO] [stdout] 343 | |                         _ = sd.recv() => return,
[INFO] [stdout] 344 | |                     };
[INFO] [stdout]     | |_____________________^ the trait `hyper::rt::Write` is not implemented for `tokio::net::TcpStream`
[INFO] [stdout]     |
[INFO] [stdout]     = help: the following other types implement trait `hyper::rt::Write`:
[INFO] [stdout]               std::boxed::Box<T>
[INFO] [stdout]               Upgraded
[INFO] [stdout]               Pin<P>
[INFO] [stdout]               &mut T
[INFO] [stdout]     = note: required for `Connection<tokio::net::TcpStream, Svc<B, D, C, S>>` to implement `Future`
[INFO] [stdout]     = note: this error originates in the macro `$crate::select` which comes from the expansion of the macro `tokio::select` (in Nightly builds, run with -Z macro-backtrace for more info)
[INFO] [stdout] 
[INFO] [stdout] 
[INFO] [stdout] error[E0053]: method `call` has an incompatible type for trait
[INFO] [stdout]    --> src/server.rs:662:13
[INFO] [stdout]     |
[INFO] [stdout] 662 |     fn call(&mut self, request: Request<IncomingBody>) -> Self::Future {
[INFO] [stdout]     |             ^^^^^^^^^
[INFO] [stdout]     |             |
[INFO] [stdout]     |             types differ in mutability
[INFO] [stdout]     |             help: change the self-receiver type to match the trait: `&self`
[INFO] [stdout]     |
[INFO] [stdout]     = note: expected signature `fn(&Svc<_, _, _, _>, hyper::Request<_>) -> Pin<_>`
[INFO] [stdout]                found signature `fn(&mut Svc<_, _, _, _>, hyper::Request<_>) -> Pin<_>`
[INFO] [stdout] 
[INFO] [stdout] 
[INFO] [stdout] error: aborting due to 7 previous errors
[INFO] [stdout] 
[INFO] [stdout] 
[INFO] [stdout] Some errors have detailed explanations: E0053, E0277.
[INFO] [stdout] 
[INFO] [stdout] For more information about an error, try `rustc --explain E0053`.
[INFO] [stdout] 
[INFO] [stderr] error: could not compile `anansi-core` (lib) due to 8 previous errors
[INFO] running `Command { std: "docker" "inspect" "e779b627d4316641140860cf2f9ca3879adbd15905c6f14c8f5833ed8b7628c1", kill_on_drop: false }`
[INFO] running `Command { std: "docker" "rm" "-f" "e779b627d4316641140860cf2f9ca3879adbd15905c6f14c8f5833ed8b7628c1", kill_on_drop: false }`
[INFO] [stdout] e779b627d4316641140860cf2f9ca3879adbd15905c6f14c8f5833ed8b7628c1
