[INFO] fetching crate amethyst-navigation 0.1.0...
[INFO] testing amethyst-navigation-0.1.0 against 1.75.0 for beta-1.76-1
[INFO] extracting crate amethyst-navigation 0.1.0 into /workspace/builds/worker-5-tc1/source
[INFO] validating manifest of crates.io crate amethyst-navigation 0.1.0 on toolchain 1.75.0
[INFO] running `Command { std: CARGO_HOME="/workspace/cargo-home" RUSTUP_HOME="/workspace/rustup-home" "/workspace/cargo-home/bin/cargo" "+1.75.0" "metadata" "--manifest-path" "Cargo.toml" "--no-deps", kill_on_drop: false }`
[INFO] started tweaking crates.io crate amethyst-navigation 0.1.0
[INFO] finished tweaking crates.io crate amethyst-navigation 0.1.0
[INFO] tweaked toml for crates.io crate amethyst-navigation 0.1.0 written to /workspace/builds/worker-5-tc1/source/Cargo.toml
[INFO] running `Command { std: CARGO_HOME="/workspace/cargo-home" RUSTUP_HOME="/workspace/rustup-home" "/workspace/cargo-home/bin/cargo" "+1.75.0" "generate-lockfile" "--manifest-path" "Cargo.toml", kill_on_drop: false }`
[INFO] [stderr]     Blocking waiting for file lock on package cache
[INFO] [stderr]     Updating crates.io index
[INFO] running `Command { std: CARGO_HOME="/workspace/cargo-home" RUSTUP_HOME="/workspace/rustup-home" "/workspace/cargo-home/bin/cargo" "+1.75.0" "fetch" "--manifest-path" "Cargo.toml", kill_on_drop: false }`
[INFO] [stderr]     Blocking waiting for file lock on package cache
[INFO] [stderr]  Downloading crates ...
[INFO] [stderr]   Downloaded wayland-sys v0.21.13
[INFO] [stderr]   Downloaded raw-window-handle v0.4.3
[INFO] [stderr]   Downloaded line_drawing v0.7.0
[INFO] [stderr]   Downloaded wayland-client v0.21.13
[INFO] [stderr]   Downloaded smithay-client-toolkit v0.4.6
[INFO] [stderr]   Downloaded memmap v0.7.0
[INFO] [stderr]   Downloaded rawpointer v0.2.1
[INFO] [stderr]   Downloaded nix v0.14.1
[INFO] [stderr]   Downloaded minterpolate v0.4.0
[INFO] [stderr]   Downloaded erased-serde v0.3.31
[INFO] [stderr]   Downloaded image v0.21.3
[INFO] [stderr]   Downloaded lock_api v0.3.4
[INFO] [stderr]   Downloaded url_serde v0.2.0
[INFO] [stderr]   Downloaded andrew v0.2.1
[INFO] [stderr]   Downloaded proc-macro-error v0.2.6
[INFO] [stderr]   Downloaded rental-impl v0.5.5
[INFO] [stderr]   Downloaded crossbeam-queue v0.1.2
[INFO] [stderr]   Downloaded tokio-threadpool v0.1.18
[INFO] [stderr]   Downloaded inventory-impl v0.1.11
[INFO] [stderr]   Downloaded tokio v0.1.22
[INFO] [stderr]   Downloaded serde_urlencoded v0.5.5
[INFO] [stderr]   Downloaded ash v0.29.0
[INFO] [stderr]   Downloaded winit v0.19.5
[INFO] [stderr]   Downloaded rodio v0.9.0
[INFO] [stderr]   Downloaded glyph_brush v0.6.3
[INFO] [stderr]   Downloaded rendy-graph v0.3.2
[INFO] [stderr]   Downloaded laminar v0.2.3
[INFO] [stderr]   Downloaded spade v1.8.2
[INFO] [stderr]   Downloaded oxygengine-core v0.4.7
[INFO] [stderr]   Downloaded fluent-bundle v0.6.0
[INFO] [stderr]   Downloaded sentry v0.15.5
[INFO] [stderr]   Downloaded amethyst_window v0.2.0
[INFO] [stderr]   Downloaded amethyst_config v0.11.0
[INFO] [stderr]   Downloaded amethyst_animation v0.7.0
[INFO] [stderr]   Downloaded amethyst_locale v0.6.0
[INFO] [stderr]   Downloaded amethyst_assets v0.8.0
[INFO] [stderr]   Downloaded debugid v0.4.0
[INFO] [stderr]   Downloaded fluent v0.6.0
[INFO] [stderr]   Downloaded amethyst_error v0.2.0
[INFO] [stderr]   Downloaded amethyst_utils v0.7.0
[INFO] [stderr]   Downloaded glyph_brush v0.5.4
[INFO] [stderr]   Downloaded cgmath v0.17.0
[INFO] [stderr]   Downloaded amethyst_rendy v0.2.0
[INFO] [stderr]   Downloaded amethyst_derive v0.5.0
[INFO] [stderr]   Downloaded oxygengine-navigation v0.4.7
[INFO] [stderr]   Downloaded amethyst_network v0.5.0
[INFO] [stderr]   Downloaded amethyst_ui v0.7.0
[INFO] [stderr]   Downloaded amethyst_input v0.8.0
[INFO] [stderr]   Downloaded amethyst_controls v0.6.0
[INFO] [stderr]   Downloaded sentry-types v0.11.0
[INFO] [stderr]   Downloaded getset v0.0.7
[INFO] [stderr]   Downloaded amethyst_core v0.7.0
[INFO] [stderr]   Downloaded clamp v0.1.0
[INFO] [stderr]   Downloaded sized-chunks v0.1.3
[INFO] [stderr]   Downloaded core-foundation v0.9.4
[INFO] [stderr]   Downloaded tokio-timer v0.2.13
[INFO] [stderr]   Downloaded env_logger v0.7.1
[INFO] [stderr]   Downloaded syn v0.14.9
[INFO] [stderr]   Downloaded amethyst v0.12.0
[INFO] [stderr]   Downloaded hyper v0.12.36
[INFO] [stderr]   Downloaded reqwest v0.9.24
[INFO] [stderr]   Downloaded lexical-core v0.4.8
[INFO] [stderr]   Downloaded amethyst_audio v0.7.0
[INFO] [stderr]   Downloaded colorful v0.2.2
[INFO] [stderr]   Downloaded tokio-tcp v0.1.4
[INFO] [stderr]   Downloaded parking_lot v0.7.1
[INFO] [stderr]   Downloaded vergen v3.2.0
[INFO] [stderr]   Downloaded parking_lot_core v0.6.3
[INFO] [stderr]   Downloaded cty v0.2.2
[INFO] [stderr]   Downloaded claxon v0.4.3
[INFO] [stderr]   Downloaded objekt v0.1.2
[INFO] [stderr]   Downloaded glsl-layout v0.3.2
[INFO] [stderr]   Downloaded wavefront_obj v6.0.0
[INFO] [stderr]   Downloaded rendy-factory v0.3.1
[INFO] [stderr]   Downloaded rendy-memory v0.3.0
[INFO] [stderr]   Downloaded rendy v0.3.2
[INFO] [stderr]   Downloaded specs-derive v0.4.1
[INFO] [stderr]   Downloaded ron v0.5.1
[INFO] [stderr]   Downloaded phf_codegen v0.7.24
[INFO] [stderr]   Downloaded humantime v1.3.0
[INFO] [stderr]   Downloaded im v12.3.4
[INFO] [stderr]   Downloaded security-framework v2.9.2
[INFO] [stderr]   Downloaded alga_derive v0.9.2
[INFO] [stderr]   Downloaded rendy-chain v0.3.1
[INFO] [stderr]   Downloaded rendy-command v0.3.0
[INFO] [stderr]   Downloaded rendy-texture v0.3.0
[INFO] [stderr]   Downloaded cookie_store v0.7.0
[INFO] [stderr]   Downloaded hostname v0.1.5
[INFO] [stderr]   Downloaded palette v0.4.1
[INFO] [stderr]   Downloaded hyper-tls v0.3.2
[INFO] [stderr]   Downloaded rendy-frame v0.3.0
[INFO] [stderr]   Downloaded futures-cpupool v0.1.8
[INFO] [stderr]   Downloaded thread_profiler v0.3.0
[INFO] [stderr]   Downloaded tokio-buf v0.1.1
[INFO] [stderr]   Downloaded tokio-executor v0.1.10
[INFO] [stderr]   Downloaded static_assertions v0.3.4
[INFO] [stderr]   Downloaded palette_derive v0.4.1
[INFO] [stderr]   Downloaded winutil v0.1.1
[INFO] [stderr]   Downloaded want v0.2.0
[INFO] [stderr]   Downloaded tokio-current-thread v0.1.7
[INFO] [stderr]   Downloaded tokio-sync v0.1.8
[INFO] [stderr]   Downloaded tokio-reactor v0.1.12
[INFO] [stderr]   Downloaded err-derive v0.1.6
[INFO] [stderr]   Downloaded rendy-resource v0.3.0
[INFO] [stderr]   Downloaded gfx-backend-vulkan v0.2.3
[INFO] [stderr]   Downloaded uuid v0.8.2
[INFO] [stderr]   Downloaded petgraph v0.4.13
[INFO] [stderr]   Downloaded parking_lot v0.9.0
[INFO] [stderr]   Downloaded nonzero_signed v1.0.3
[INFO] [stderr]   Downloaded num-complex v0.2.4
[INFO] [stderr]   Downloaded parking_lot_core v0.4.0
[INFO] [stderr]   Downloaded typid v1.1.1
[INFO] [stderr]   Downloaded num-bigint v0.2.6
[INFO] [stderr]   Downloaded ordermap v0.3.5
[INFO] [stderr]   Downloaded wayland-scanner v0.21.13
[INFO] [stderr]   Downloaded alga v0.9.3
[INFO] [stderr]   Downloaded raw-window-handle v0.3.4
[INFO] [stderr]   Downloaded fluent-syntax v0.9.3
[INFO] [stderr]   Downloaded crc v1.8.1
[INFO] [stderr]   Downloaded ghost v0.1.17
[INFO] [stderr]   Downloaded inventory v0.1.11
[INFO] [stderr]   Downloaded rendy-mesh v0.3.1
[INFO] [stderr]   Downloaded rendy-shader v0.3.0
[INFO] [stderr]   Downloaded rendy-descriptor v0.3.0
[INFO] [stderr]   Downloaded gfx-hal v0.2.1
[INFO] [stderr]   Downloaded rendy-util v0.3.1
[INFO] [stderr]   Downloaded env_logger v0.6.2
[INFO] [stderr]   Downloaded cookie v0.12.0
[INFO] [stderr]   Downloaded h2 v0.1.26
[INFO] [stderr]   Downloaded http-body v0.1.0
[INFO] [stderr]   Downloaded security-framework-sys v2.9.1
[INFO] [stderr]   Downloaded wasi v0.10.0+wasi-snapshot-preview1
[INFO] [stderr]   Downloaded time v0.1.45
[INFO] [stderr]   Downloaded specs-hierarchy v0.3.1
[INFO] [stderr]   Downloaded string v0.2.1
[INFO] [stderr]   Downloaded relevant v0.4.2
[INFO] [stderr]   Downloaded phf_generator v0.7.24
[INFO] [stderr]   Downloaded uname v0.1.1
[INFO] [stderr]   Downloaded matrixmultiply v0.2.4
[INFO] [stderr]   Downloaded xdg v2.5.2
[INFO] [stderr]   Downloaded wayland-protocols v0.21.13
[INFO] [stderr]   Downloaded rendy-wsi v0.3.0
[INFO] [stderr]   Downloaded quickcheck v0.9.2
[INFO] [stderr]   Downloaded wayland-commons v0.21.13
[INFO] [stderr]   Downloaded lexical v2.2.4
[INFO] [stderr]   Downloaded try_from v0.3.2
[INFO] [stderr]   Downloaded edit-distance v2.1.0
[INFO] [stderr]   Downloaded png v0.14.1
[INFO] [stderr]   Downloaded build_const v0.2.2
[INFO] [stderr]   Downloaded glsl-layout-derive v0.3.2
[INFO] [stderr]   Downloaded crossbeam-queue v0.2.3
[INFO] [stderr]   Downloaded nalgebra v0.18.1
[INFO] [stderr]   Downloaded pdqselect v0.1.1
[INFO] [stderr]   Downloaded num v0.2.1
[INFO] [stderr]   Downloaded rental v0.5.6
[INFO] [stderr]   Downloaded fixedbitset v0.1.9
[INFO] [stderr]   Downloaded specs v0.14.3
[INFO] [stderr]   Downloaded x11 v2.21.0
[INFO] running `Command { std: "docker" "create" "-v" "/var/lib/crater-agent-workspace/builds/worker-5-tc1/target:/opt/rustwide/target:rw,Z" "-v" "/var/lib/crater-agent-workspace/builds/worker-5-tc1/source:/opt/rustwide/workdir:ro,Z" "-v" "/var/lib/crater-agent-workspace/cargo-home:/opt/rustwide/cargo-home:ro,Z" "-v" "/var/lib/crater-agent-workspace/rustup-home:/opt/rustwide/rustup-home:ro,Z" "-e" "SOURCE_DIR=/opt/rustwide/workdir" "-e" "CARGO_TARGET_DIR=/opt/rustwide/target" "-e" "CARGO_HOME=/opt/rustwide/cargo-home" "-e" "RUSTUP_HOME=/opt/rustwide/rustup-home" "-w" "/opt/rustwide/workdir" "-m" "1610612736" "--user" "0:0" "--network" "none" "ghcr.io/rust-lang/crates-build-env/linux@sha256:2788e3201cd34a07e3172128adcd8b3090168a8e3bcc40d7c032b9dda1df7d1c" "/opt/rustwide/cargo-home/bin/cargo" "+1.75.0" "metadata" "--no-deps" "--format-version=1", kill_on_drop: false }`
[INFO] [stdout] 9d962074ed7ad1f575243987f9296a001c036a2471dce5de32b7936789abaedd
[INFO] running `Command { std: "docker" "start" "-a" "9d962074ed7ad1f575243987f9296a001c036a2471dce5de32b7936789abaedd", kill_on_drop: false }`
[INFO] running `Command { std: "docker" "inspect" "9d962074ed7ad1f575243987f9296a001c036a2471dce5de32b7936789abaedd", kill_on_drop: false }`
[INFO] running `Command { std: "docker" "rm" "-f" "9d962074ed7ad1f575243987f9296a001c036a2471dce5de32b7936789abaedd", kill_on_drop: false }`
[INFO] [stdout] 9d962074ed7ad1f575243987f9296a001c036a2471dce5de32b7936789abaedd
[INFO] running `Command { std: "docker" "create" "-v" "/var/lib/crater-agent-workspace/builds/worker-5-tc1/target:/opt/rustwide/target:rw,Z" "-v" "/var/lib/crater-agent-workspace/builds/worker-5-tc1/source:/opt/rustwide/workdir:ro,Z" "-v" "/var/lib/crater-agent-workspace/cargo-home:/opt/rustwide/cargo-home:ro,Z" "-v" "/var/lib/crater-agent-workspace/rustup-home:/opt/rustwide/rustup-home:ro,Z" "-e" "SOURCE_DIR=/opt/rustwide/workdir" "-e" "CARGO_TARGET_DIR=/opt/rustwide/target" "-e" "CARGO_INCREMENTAL=0" "-e" "RUST_BACKTRACE=full" "-e" "RUSTFLAGS=--cap-lints=warn" "-e" "RUSTDOCFLAGS=--cap-lints=warn" "-e" "CARGO_HOME=/opt/rustwide/cargo-home" "-e" "RUSTUP_HOME=/opt/rustwide/rustup-home" "-w" "/opt/rustwide/workdir" "-m" "1610612736" "--user" "0:0" "--network" "none" "ghcr.io/rust-lang/crates-build-env/linux@sha256:2788e3201cd34a07e3172128adcd8b3090168a8e3bcc40d7c032b9dda1df7d1c" "/opt/rustwide/cargo-home/bin/cargo" "+1.75.0" "build" "--frozen" "--message-format=json", kill_on_drop: false }`
[INFO] [stdout] 37d30f74b06f1bedba096101d7fb05e3cfb58dd7ccecd188221388b794252507
[INFO] running `Command { std: "docker" "start" "-a" "37d30f74b06f1bedba096101d7fb05e3cfb58dd7ccecd188221388b794252507", kill_on_drop: false }`
[INFO] [stderr]    Compiling libc v0.2.151
[INFO] [stderr]    Compiling rand_core v0.4.2
[INFO] [stderr]    Compiling libm v0.2.8
[INFO] [stderr]    Compiling num-traits v0.2.17
[INFO] [stderr]    Compiling autocfg v0.1.8
[INFO] [stderr]    Compiling semver-parser v0.7.0
[INFO] [stderr]    Compiling arrayvec v0.4.12
[INFO] [stderr]    Compiling serde v1.0.194
[INFO] [stderr]    Compiling scopeguard v0.3.3
[INFO] [stderr]    Compiling rand_core v0.3.1
[INFO] [stderr]    Compiling semver v0.9.0
[INFO] [stderr]    Compiling proc-macro2 v0.4.30
[INFO] [stderr]    Compiling nodrop v0.1.14
[INFO] [stderr]    Compiling rustc_version v0.2.3
[INFO] [stderr]    Compiling unicode-xid v0.1.0
[INFO] [stderr]    Compiling crossbeam-epoch v0.9.17
[INFO] [stderr]    Compiling parking_lot_core v0.3.1
[INFO] [stderr]    Compiling num-integer v0.1.45
[INFO] [stderr]    Compiling memoffset v0.2.1
[INFO] [stderr]    Compiling syn v0.15.44
[INFO] [stderr]    Compiling rayon-core v1.12.0
[INFO] [stderr]    Compiling stable_deref_trait v1.2.0
[INFO] [stderr]    Compiling owning_ref v0.4.1
[INFO] [stderr]    Compiling quote v0.6.13
[INFO] [stderr]    Compiling crossbeam-deque v0.8.4
[INFO] [stderr]    Compiling crossbeam-utils v0.5.0
[INFO] [stderr]    Compiling lock_api v0.1.5
[INFO] [stderr]    Compiling crossbeam-utils v0.6.6
[INFO] [stderr]    Compiling rand_pcg v0.1.2
[INFO] [stderr]    Compiling rand_chacha v0.1.1
[INFO] [stderr]    Compiling num-bigint v0.2.6
[INFO] [stderr]    Compiling num-complex v0.2.4
[INFO] [stderr]    Compiling rayon v1.8.0
[INFO] [stderr]    Compiling rand v0.5.6
[INFO] [stderr]    Compiling getrandom v0.1.16
[INFO] [stderr]    Compiling crossbeam-epoch v0.6.1
[INFO] [stderr]    Compiling crossbeam-epoch v0.5.2
[INFO] [stderr]    Compiling rand v0.6.5
[INFO] [stderr]    Compiling num-rational v0.2.4
[INFO] [stderr]    Compiling nonzero_signed v1.0.3
[INFO] [stderr]    Compiling crossbeam-deque v0.5.2
[INFO] [stderr]    Compiling rand_os v0.1.3
[INFO] [stderr]    Compiling smallvec v0.6.14
[INFO] [stderr]    Compiling log v0.4.20
[INFO] [stderr]    Compiling approx v0.3.2
[INFO] [stderr]    Compiling aho-corasick v1.1.2
[INFO] [stderr]    Compiling rand_xorshift v0.1.1
[INFO] [stderr]    Compiling rand_isaac v0.1.1
[INFO] [stderr]    Compiling parking_lot v0.6.4
[INFO] [stderr]    Compiling rand_hc v0.1.0
[INFO] [stderr]    Compiling crossbeam-channel v0.2.6
[INFO] [stderr]    Compiling rand_jitter v0.1.4
[INFO] [stderr]    Compiling atom v0.3.6
[INFO] [stderr]    Compiling regex-syntax v0.8.2
[INFO] [stderr]    Compiling mopa v0.2.2
[INFO] [stderr]    Compiling crossbeam v0.4.1
[INFO] [stderr]    Compiling shred v0.7.2
[INFO] [stderr]    Compiling hibitset v0.5.4
[INFO] [stderr]    Compiling rand_core v0.5.1
[INFO] [stderr]    Compiling cc v1.0.83
[INFO] [stderr]    Compiling num-iter v0.1.43
[INFO] [stderr]    Compiling derivative v1.0.4
[INFO] [stderr]    Compiling shred-derive v0.5.1
[INFO] [stderr]    Compiling tuple_utils v0.2.0
[INFO] [stderr]    Compiling shrev v1.1.3
[INFO] [stderr]    Compiling futures v0.1.31
[INFO] [stderr]    Compiling ppv-lite86 v0.2.17
[INFO] [stderr]    Compiling rawpointer v0.2.1
[INFO] [stderr]    Compiling syn v1.0.109
[INFO] [stderr]    Compiling matrixmultiply v0.2.4
[INFO] [stderr]    Compiling regex-automata v0.4.3
[INFO] [stderr]    Compiling rand_chacha v0.2.2
[INFO] [stderr]    Compiling backtrace v0.3.69
[INFO] [stderr]    Compiling generic-array v0.12.4
[INFO] [stderr]    Compiling alga v0.9.3
[INFO] [stderr]    Compiling getrandom v0.2.11
[INFO] [stderr]    Compiling cgmath v0.17.0
[INFO] [stderr]    Compiling adler v1.0.2
[INFO] [stderr]    Compiling mint v0.5.9
[INFO] [stderr]    Compiling gimli v0.28.1
[INFO] [stderr]    Compiling miniz_oxide v0.7.1
[INFO] [stderr]    Compiling uuid v0.8.2
[INFO] [stderr]    Compiling nalgebra v0.18.1
[INFO] [stderr]    Compiling rand v0.7.3
[INFO] [stderr]    Compiling object v0.32.2
[INFO] [stderr]    Compiling specs v0.14.3
[INFO] [stderr]    Compiling rustc-demangle v0.1.23
[INFO] [stderr]    Compiling regex v1.10.2
[INFO] [stderr]    Compiling specs-hierarchy v0.3.1
[INFO] [stderr]    Compiling num v0.2.1
[INFO] [stderr]    Compiling typid v1.1.1
[INFO] [stderr]    Compiling env_logger v0.7.1
[INFO] [stderr]    Compiling quickcheck v0.9.2
[INFO] [stderr]    Compiling addr2line v0.21.0
[INFO] [stderr]    Compiling bincode v1.3.3
[INFO] [stderr]    Compiling fixedbitset v0.1.9
[INFO] [stderr]    Compiling edit-distance v2.1.0
[INFO] [stderr]    Compiling pdqselect v0.1.1
[INFO] [stderr]    Compiling clamp v0.1.0
[INFO] [stderr]    Compiling ordermap v0.3.5
[INFO] [stderr]    Compiling oxygengine-core v0.4.7
[INFO] [stderr]    Compiling getset v0.0.7
[INFO] [stderr]    Compiling petgraph v0.4.13
[INFO] [stderr]    Compiling amethyst_error v0.2.0
[INFO] [stderr]    Compiling alga_derive v0.9.2
[INFO] [stderr]    Compiling derive-new v0.5.9
[INFO] [stderr]    Compiling spade v1.8.2
[INFO] [stderr]    Compiling amethyst_core v0.7.0
[INFO] [stderr]    Compiling oxygengine-navigation v0.4.7
[INFO] [stderr]    Compiling amethyst-navigation v0.1.0 (/opt/rustwide/workdir)
[INFO] [stderr]     Finished dev [unoptimized + debuginfo] target(s) in 27.74s
[INFO] running `Command { std: "docker" "inspect" "37d30f74b06f1bedba096101d7fb05e3cfb58dd7ccecd188221388b794252507", kill_on_drop: false }`
[INFO] running `Command { std: "docker" "rm" "-f" "37d30f74b06f1bedba096101d7fb05e3cfb58dd7ccecd188221388b794252507", kill_on_drop: false }`
[INFO] [stdout] 37d30f74b06f1bedba096101d7fb05e3cfb58dd7ccecd188221388b794252507
[INFO] running `Command { std: "docker" "create" "-v" "/var/lib/crater-agent-workspace/builds/worker-5-tc1/target:/opt/rustwide/target:rw,Z" "-v" "/var/lib/crater-agent-workspace/builds/worker-5-tc1/source:/opt/rustwide/workdir:ro,Z" "-v" "/var/lib/crater-agent-workspace/cargo-home:/opt/rustwide/cargo-home:ro,Z" "-v" "/var/lib/crater-agent-workspace/rustup-home:/opt/rustwide/rustup-home:ro,Z" "-e" "SOURCE_DIR=/opt/rustwide/workdir" "-e" "CARGO_TARGET_DIR=/opt/rustwide/target" "-e" "CARGO_INCREMENTAL=0" "-e" "RUST_BACKTRACE=full" "-e" "RUSTFLAGS=--cap-lints=warn" "-e" "RUSTDOCFLAGS=--cap-lints=warn" "-e" "CARGO_HOME=/opt/rustwide/cargo-home" "-e" "RUSTUP_HOME=/opt/rustwide/rustup-home" "-w" "/opt/rustwide/workdir" "-m" "1610612736" "--user" "0:0" "--network" "none" "ghcr.io/rust-lang/crates-build-env/linux@sha256:2788e3201cd34a07e3172128adcd8b3090168a8e3bcc40d7c032b9dda1df7d1c" "/opt/rustwide/cargo-home/bin/cargo" "+1.75.0" "test" "--frozen" "--no-run" "--message-format=json", kill_on_drop: false }`
[INFO] [stdout] 961f2a3bf1b1cfd8b34905916a9a51ca50f9bbe40b3a89b5b808d6191d75b571
[INFO] running `Command { std: "docker" "start" "-a" "961f2a3bf1b1cfd8b34905916a9a51ca50f9bbe40b3a89b5b808d6191d75b571", kill_on_drop: false }`
[INFO] [stderr]    Compiling semver-parser v0.7.0
[INFO] [stderr]    Compiling pkg-config v0.3.28
[INFO] [stderr]    Compiling memoffset v0.5.6
[INFO] [stderr]    Compiling num_cpus v1.16.0
[INFO] [stderr]    Compiling crossbeam-epoch v0.8.2
[INFO] [stderr]    Compiling unicode-xid v0.2.4
[INFO] [stderr]    Compiling failure_derive v0.1.8
[INFO] [stderr]    Compiling xml-rs v0.8.19
[INFO] [stderr]    Compiling synstructure v0.12.6
[INFO] [stderr]    Compiling semver v0.9.0
[INFO] [stderr]    Compiling lock_api v0.3.4
[INFO] [stderr]    Compiling rustc_version v0.2.3
[INFO] [stderr]    Compiling ordered-float v1.1.1
[INFO] [stderr]    Compiling wayland-scanner v0.21.13
[INFO] [stderr]    Compiling crossbeam-deque v0.7.4
[INFO] [stderr]    Compiling stb_truetype v0.3.1
[INFO] [stderr]    Compiling parking_lot_core v0.6.3
[INFO] [stderr]    Compiling parking_lot v0.9.0
[INFO] [stderr]    Compiling rustc-hash v1.1.0
[INFO] [stderr]    Compiling libloading v0.6.7
[INFO] [stderr]    Compiling rusttype v0.8.3
[INFO] [stderr]    Compiling nix v0.14.1
[INFO] [stderr]    Compiling dlib v0.4.2
[INFO] [stderr]    Compiling void v1.0.2
[INFO] [stderr]    Compiling wayland-sys v0.21.13
[INFO] [stderr]    Compiling same-file v1.0.6
[INFO] [stderr]    Compiling num-derive v0.2.5
[INFO] [stderr]    Compiling adler32 v1.2.0
[INFO] [stderr]    Compiling walkdir v2.4.0
[INFO] [stderr]    Compiling time v0.1.45
[INFO] [stderr]    Compiling lzw v0.10.0
[INFO] [stderr]    Compiling downcast-rs v1.2.0
[INFO] [stderr]    Compiling failure v0.1.8
[INFO] [stderr]    Compiling deflate v0.7.20
[INFO] [stderr]    Compiling inflate v0.4.5
[INFO] [stderr]    Compiling rusttype v0.7.9
[INFO] [stderr]    Compiling parking_lot_core v0.3.1
[INFO] [stderr]    Compiling x11-dl v2.21.0
[INFO] [stderr]    Compiling wayland-client v0.21.13
[INFO] [stderr]    Compiling wayland-protocols v0.21.13
[INFO] [stderr]    Compiling line_drawing v0.7.0
[INFO] [stderr]    Compiling xdg v2.5.2
[INFO] [stderr]    Compiling color_quant v1.1.0
[INFO] [stderr]    Compiling cty v0.2.2
[INFO] [stderr]    Compiling serde_json v1.0.111
[INFO] [stderr]    Compiling gif v0.10.3
[INFO] [stderr]    Compiling raw-window-handle v0.4.3
[INFO] [stderr]    Compiling andrew v0.2.1
[INFO] [stderr]    Compiling png v0.14.1
[INFO] [stderr]    Compiling jpeg-decoder v0.1.22
[INFO] [stderr]    Compiling tiff v0.2.2
[INFO] [stderr]    Compiling wayland-commons v0.21.13
[INFO] [stderr]    Compiling memmap v0.7.0
[INFO] [stderr]    Compiling scoped_threadpool v0.1.9
[INFO] [stderr]    Compiling image v0.21.3
[INFO] [stderr]    Compiling raw-window-handle v0.3.4
[INFO] [stderr]    Compiling xcb v0.8.2
[INFO] [stderr]    Compiling parking_lot v0.6.4
[INFO] [stderr]    Compiling gfx-hal v0.2.1
[INFO] [stderr]    Compiling getrandom v0.1.16
[INFO] [stderr]    Compiling crossbeam-channel v0.2.6
[INFO] [stderr] error: failed to run custom build command for `xcb v0.8.2`
[INFO] [stderr] note: To improve backtraces for build dependencies, set the CARGO_PROFILE_TEST_BUILD_OVERRIDE_DEBUG=true environment variable to enable debug information generation.
[INFO] [stderr] 
[INFO] [stderr] Caused by:
[INFO] [stderr]   process didn't exit successfully: `/opt/rustwide/target/debug/build/xcb-6880644fc19048f2/build-script-build` (exit status: 101)
[INFO] [stderr]   --- stderr
[INFO] [stderr]   error occured in handler:  ('request: ', ('xcb', 'SELinux', 'GetClientContext'))
[INFO] [stderr]   Traceback (most recent call last):
[INFO] [stderr]     File "/opt/rustwide/cargo-home/registry/src/index.crates.io-6f17d22bba15001f/xcb-0.8.2/rs_client.py", line 2448, in <module>
[INFO] [stderr]       module.generate()
[INFO] [stderr]     File "/opt/rustwide/cargo-home/registry/src/index.crates.io-6f17d22bba15001f/xcb-0.8.2/xcbgen/state.py", line 108, in generate
[INFO] [stderr]       self.close()
[INFO] [stderr]     File "/opt/rustwide/cargo-home/registry/src/index.crates.io-6f17d22bba15001f/xcb-0.8.2/rs_client.py", line 296, in rs_close
[INFO] [stderr]       _f.writeout(os.path.join(module.rs_srcdir, "ffi", "%s.rs" % _module_name(_ns.ext_name)))
[INFO] [stderr]     File "/opt/rustwide/cargo-home/registry/src/index.crates.io-6f17d22bba15001f/xcb-0.8.2/rs_client.py", line 114, in writeout
[INFO] [stderr]       with open(path, 'w') as f:
[INFO] [stderr]   OSError: [Errno 30] Read-only file system: '/opt/rustwide/cargo-home/registry/src/index.crates.io-6f17d22bba15001f/xcb-0.8.2/src/ffi/selinux.rs'
[INFO] [stderr]   thread 'main' panicked at /opt/rustwide/cargo-home/registry/src/index.crates.io-6f17d22bba15001f/xcb-0.8.2/build.rs:75:17:
[INFO] [stderr]   processing of /opt/rustwide/cargo-home/registry/src/index.crates.io-6f17d22bba15001f/xcb-0.8.2/xml/xselinux.xml returned non-zero (1)
[INFO] [stderr]   stack backtrace:
[INFO] [stderr]      0:     0x55a3d95152dc - std::backtrace_rs::backtrace::libunwind::trace::ha637c64ce894333a
[INFO] [stderr]                                  at /rustc/82e1608dfa6e0b5569232559e3d385fea5a93112/library/std/src/../../backtrace/src/backtrace/libunwind.rs:104:5
[INFO] [stderr]      1:     0x55a3d95152dc - std::backtrace_rs::backtrace::trace_unsynchronized::h47f62dea28e0c88d
[INFO] [stderr]                                  at /rustc/82e1608dfa6e0b5569232559e3d385fea5a93112/library/std/src/../../backtrace/src/backtrace/mod.rs:66:5
[INFO] [stderr]      2:     0x55a3d95152dc - std::sys_common::backtrace::_print_fmt::h9eef0abe20ede486
[INFO] [stderr]                                  at /rustc/82e1608dfa6e0b5569232559e3d385fea5a93112/library/std/src/sys_common/backtrace.rs:67:5
[INFO] [stderr]      3:     0x55a3d95152dc - <std::sys_common::backtrace::_print::DisplayBacktrace as core::fmt::Display>::fmt::hed7f999df88cc644
[INFO] [stderr]                                  at /rustc/82e1608dfa6e0b5569232559e3d385fea5a93112/library/std/src/sys_common/backtrace.rs:44:22
[INFO] [stderr]      4:     0x55a3d95386d0 - core::fmt::rt::Argument::fmt::h1539a9308b8d058d
[INFO] [stderr]                                  at /rustc/82e1608dfa6e0b5569232559e3d385fea5a93112/library/core/src/fmt/rt.rs:142:9
[INFO] [stderr]      5:     0x55a3d95386d0 - core::fmt::write::h3a39390d8560d9c9
[INFO] [stderr]                                  at /rustc/82e1608dfa6e0b5569232559e3d385fea5a93112/library/core/src/fmt/mod.rs:1120:17
[INFO] [stderr]      6:     0x55a3d95132af - std::io::Write::write_fmt::h5fc9997dfe05f882
[INFO] [stderr]                                  at /rustc/82e1608dfa6e0b5569232559e3d385fea5a93112/library/std/src/io/mod.rs:1762:15
[INFO] [stderr]      7:     0x55a3d95150c4 - std::sys_common::backtrace::_print::h894006fb5c6f3d45
[INFO] [stderr]                                  at /rustc/82e1608dfa6e0b5569232559e3d385fea5a93112/library/std/src/sys_common/backtrace.rs:47:5
[INFO] [stderr]      8:     0x55a3d95150c4 - std::sys_common::backtrace::print::h23a2d212c6fff936
[INFO] [stderr]                                  at /rustc/82e1608dfa6e0b5569232559e3d385fea5a93112/library/std/src/sys_common/backtrace.rs:34:9
[INFO] [stderr]      9:     0x55a3d9516767 - std::panicking::default_hook::{{closure}}::h8a1d2ee00185001a
[INFO] [stderr]     10:     0x55a3d95164cf - std::panicking::default_hook::h6038f2eba384e475
[INFO] [stderr]                                  at /rustc/82e1608dfa6e0b5569232559e3d385fea5a93112/library/std/src/panicking.rs:292:9
[INFO] [stderr]     11:     0x55a3d9516be8 - std::panicking::rust_panic_with_hook::h2b5517d590cab22e
[INFO] [stderr]                                  at /rustc/82e1608dfa6e0b5569232559e3d385fea5a93112/library/std/src/panicking.rs:779:13
[INFO] [stderr]     12:     0x55a3d9516ace - std::panicking::begin_panic_handler::{{closure}}::h233112c06e0ef43e
[INFO] [stderr]                                  at /rustc/82e1608dfa6e0b5569232559e3d385fea5a93112/library/std/src/panicking.rs:657:13
[INFO] [stderr]     13:     0x55a3d95157a6 - std::sys_common::backtrace::__rust_end_short_backtrace::h6e893f24d7ebbff8
[INFO] [stderr]                                  at /rustc/82e1608dfa6e0b5569232559e3d385fea5a93112/library/std/src/sys_common/backtrace.rs:170:18
[INFO] [stderr]     14:     0x55a3d9516832 - rust_begin_unwind
[INFO] [stderr]                                  at /rustc/82e1608dfa6e0b5569232559e3d385fea5a93112/library/std/src/panicking.rs:645:5
[INFO] [stderr]     15:     0x55a3d94ef285 - core::panicking::panic_fmt::hbf0e066aabfa482c
[INFO] [stderr]                                  at /rustc/82e1608dfa6e0b5569232559e3d385fea5a93112/library/core/src/panicking.rs:72:14
[INFO] [stderr]     16:     0x55a3d94f5171 - build_script_build::main::{{closure}}::h58353cb2b5e83407
[INFO] [stderr]     17:     0x55a3d94f4065 - build_script_build::visit_xml::he2a40c3357f508fb
[INFO] [stderr]     18:     0x55a3d94f4703 - build_script_build::main::h8151cb670cc5f426
[INFO] [stderr]     19:     0x55a3d94f0d93 - core::ops::function::FnOnce::call_once::hd594583d050544fb
[INFO] [stderr]     20:     0x55a3d94efdc6 - std::sys_common::backtrace::__rust_begin_short_backtrace::h8aa76bc95ab07be2
[INFO] [stderr]     21:     0x55a3d94f0509 - std::rt::lang_start::{{closure}}::h41c0c2570833d705
[INFO] [stderr]     22:     0x55a3d950ffb7 - core::ops::function::impls::<impl core::ops::function::FnOnce<A> for &F>::call_once::hd95060ecd5e1ca24
[INFO] [stderr]                                  at /rustc/82e1608dfa6e0b5569232559e3d385fea5a93112/library/core/src/ops/function.rs:284:13
[INFO] [stderr]     23:     0x55a3d950ffb7 - std::panicking::try::do_call::h6e8cf51db32a6e4b
[INFO] [stderr]                                  at /rustc/82e1608dfa6e0b5569232559e3d385fea5a93112/library/std/src/panicking.rs:552:40
[INFO] [stderr]     24:     0x55a3d950ffb7 - std::panicking::try::h3a52eefe24fe3c29
[INFO] [stderr]                                  at /rustc/82e1608dfa6e0b5569232559e3d385fea5a93112/library/std/src/panicking.rs:516:19
[INFO] [stderr]     25:     0x55a3d950ffb7 - std::panic::catch_unwind::h24c28c23c02c3841
[INFO] [stderr]                                  at /rustc/82e1608dfa6e0b5569232559e3d385fea5a93112/library/std/src/panic.rs:142:14
[INFO] [stderr]     26:     0x55a3d950ffb7 - std::rt::lang_start_internal::{{closure}}::h705d3c9cbc06ef47
[INFO] [stderr]                                  at /rustc/82e1608dfa6e0b5569232559e3d385fea5a93112/library/std/src/rt.rs:148:48
[INFO] [stderr]     27:     0x55a3d950ffb7 - std::panicking::try::do_call::ha21f52ba13158470
[INFO] [stderr]                                  at /rustc/82e1608dfa6e0b5569232559e3d385fea5a93112/library/std/src/panicking.rs:552:40
[INFO] [stderr]     28:     0x55a3d950ffb7 - std::panicking::try::h5581346bf6aeb1f8
[INFO] [stderr]                                  at /rustc/82e1608dfa6e0b5569232559e3d385fea5a93112/library/std/src/panicking.rs:516:19
[INFO] [stderr]     29:     0x55a3d950ffb7 - std::panic::catch_unwind::h7919645a6b72e25b
[INFO] [stderr]                                  at /rustc/82e1608dfa6e0b5569232559e3d385fea5a93112/library/std/src/panic.rs:142:14
[INFO] [stderr]     30:     0x55a3d950ffb7 - std::rt::lang_start_internal::h12de51168669836e
[INFO] [stderr]                                  at /rustc/82e1608dfa6e0b5569232559e3d385fea5a93112/library/std/src/rt.rs:148:20
[INFO] [stderr]     31:     0x55a3d94f04e7 - std::rt::lang_start::h69ebcfc98a89b5f8
[INFO] [stderr]     32:     0x55a3d94f51f5 - main
[INFO] [stderr]     33:     0x7f0895bf7d90 - <unknown>
[INFO] [stderr]     34:     0x7f0895bf7e40 - __libc_start_main
[INFO] [stderr]     35:     0x55a3d94ef9a5 - _start
[INFO] [stderr]     36:                0x0 - <unknown>
[INFO] [stderr] warning: build failed, waiting for other jobs to finish...
[INFO] running `Command { std: "docker" "inspect" "961f2a3bf1b1cfd8b34905916a9a51ca50f9bbe40b3a89b5b808d6191d75b571", kill_on_drop: false }`
[INFO] running `Command { std: "docker" "rm" "-f" "961f2a3bf1b1cfd8b34905916a9a51ca50f9bbe40b3a89b5b808d6191d75b571", kill_on_drop: false }`
[INFO] [stdout] 961f2a3bf1b1cfd8b34905916a9a51ca50f9bbe40b3a89b5b808d6191d75b571
[INFO] testing amethyst-navigation-0.1.0 against beta-2023-12-22 for beta-1.76-1
[INFO] extracting crate amethyst-navigation 0.1.0 into /workspace/builds/worker-5-tc2/source
[INFO] validating manifest of crates.io crate amethyst-navigation 0.1.0 on toolchain beta-2023-12-22
[INFO] running `Command { std: CARGO_HOME="/workspace/cargo-home" RUSTUP_HOME="/workspace/rustup-home" "/workspace/cargo-home/bin/cargo" "+beta-2023-12-22" "metadata" "--manifest-path" "Cargo.toml" "--no-deps", kill_on_drop: false }`
[INFO] started tweaking crates.io crate amethyst-navigation 0.1.0
[INFO] finished tweaking crates.io crate amethyst-navigation 0.1.0
[INFO] tweaked toml for crates.io crate amethyst-navigation 0.1.0 written to /workspace/builds/worker-5-tc2/source/Cargo.toml
[INFO] running `Command { std: CARGO_HOME="/workspace/cargo-home" RUSTUP_HOME="/workspace/rustup-home" "/workspace/cargo-home/bin/cargo" "+beta-2023-12-22" "generate-lockfile" "--manifest-path" "Cargo.toml", kill_on_drop: false }`
[INFO] [stderr]     Updating crates.io index
[INFO] running `Command { std: CARGO_HOME="/workspace/cargo-home" RUSTUP_HOME="/workspace/rustup-home" "/workspace/cargo-home/bin/cargo" "+beta-2023-12-22" "fetch" "--manifest-path" "Cargo.toml", kill_on_drop: false }`
[INFO] running `Command { std: "docker" "create" "-v" "/var/lib/crater-agent-workspace/builds/worker-5-tc2/target:/opt/rustwide/target:rw,Z" "-v" "/var/lib/crater-agent-workspace/builds/worker-5-tc2/source:/opt/rustwide/workdir:ro,Z" "-v" "/var/lib/crater-agent-workspace/cargo-home:/opt/rustwide/cargo-home:ro,Z" "-v" "/var/lib/crater-agent-workspace/rustup-home:/opt/rustwide/rustup-home:ro,Z" "-e" "SOURCE_DIR=/opt/rustwide/workdir" "-e" "CARGO_TARGET_DIR=/opt/rustwide/target" "-e" "CARGO_HOME=/opt/rustwide/cargo-home" "-e" "RUSTUP_HOME=/opt/rustwide/rustup-home" "-w" "/opt/rustwide/workdir" "-m" "1610612736" "--user" "0:0" "--network" "none" "ghcr.io/rust-lang/crates-build-env/linux@sha256:2788e3201cd34a07e3172128adcd8b3090168a8e3bcc40d7c032b9dda1df7d1c" "/opt/rustwide/cargo-home/bin/cargo" "+beta-2023-12-22" "metadata" "--no-deps" "--format-version=1", kill_on_drop: false }`
[INFO] [stdout] 87ad08d6afd255ef571068f958e63e596132b4ba72eea132a93af197bb6c857b
[INFO] running `Command { std: "docker" "start" "-a" "87ad08d6afd255ef571068f958e63e596132b4ba72eea132a93af197bb6c857b", kill_on_drop: false }`
[INFO] running `Command { std: "docker" "inspect" "87ad08d6afd255ef571068f958e63e596132b4ba72eea132a93af197bb6c857b", kill_on_drop: false }`
[INFO] running `Command { std: "docker" "rm" "-f" "87ad08d6afd255ef571068f958e63e596132b4ba72eea132a93af197bb6c857b", kill_on_drop: false }`
[INFO] [stdout] 87ad08d6afd255ef571068f958e63e596132b4ba72eea132a93af197bb6c857b
[INFO] running `Command { std: "docker" "create" "-v" "/var/lib/crater-agent-workspace/builds/worker-5-tc2/target:/opt/rustwide/target:rw,Z" "-v" "/var/lib/crater-agent-workspace/builds/worker-5-tc2/source:/opt/rustwide/workdir:ro,Z" "-v" "/var/lib/crater-agent-workspace/cargo-home:/opt/rustwide/cargo-home:ro,Z" "-v" "/var/lib/crater-agent-workspace/rustup-home:/opt/rustwide/rustup-home:ro,Z" "-e" "SOURCE_DIR=/opt/rustwide/workdir" "-e" "CARGO_TARGET_DIR=/opt/rustwide/target" "-e" "CARGO_INCREMENTAL=0" "-e" "RUST_BACKTRACE=full" "-e" "RUSTFLAGS=--cap-lints=warn" "-e" "RUSTDOCFLAGS=--cap-lints=warn" "-e" "CARGO_HOME=/opt/rustwide/cargo-home" "-e" "RUSTUP_HOME=/opt/rustwide/rustup-home" "-w" "/opt/rustwide/workdir" "-m" "1610612736" "--user" "0:0" "--network" "none" "ghcr.io/rust-lang/crates-build-env/linux@sha256:2788e3201cd34a07e3172128adcd8b3090168a8e3bcc40d7c032b9dda1df7d1c" "/opt/rustwide/cargo-home/bin/cargo" "+beta-2023-12-22" "build" "--frozen" "--message-format=json", kill_on_drop: false }`
[INFO] [stdout] af2819ba447b7baada50cd92978150fafab49a659ea34ab3c5dca2f25d6d274f
[INFO] running `Command { std: "docker" "start" "-a" "af2819ba447b7baada50cd92978150fafab49a659ea34ab3c5dca2f25d6d274f", kill_on_drop: false }`
[INFO] [stderr]    Compiling libc v0.2.151
[INFO] [stderr]    Compiling rand_core v0.4.2
[INFO] [stderr]    Compiling libm v0.2.8
[INFO] [stderr]    Compiling num-traits v0.2.17
[INFO] [stderr]    Compiling autocfg v0.1.8
[INFO] [stderr]    Compiling semver-parser v0.7.0
[INFO] [stderr]    Compiling arrayvec v0.4.12
[INFO] [stderr]    Compiling serde v1.0.194
[INFO] [stderr]    Compiling scopeguard v0.3.3
[INFO] [stderr]    Compiling nodrop v0.1.14
[INFO] [stderr]    Compiling rand_core v0.3.1
[INFO] [stderr]    Compiling semver v0.9.0
[INFO] [stderr]    Compiling proc-macro2 v0.4.30
[INFO] [stderr]    Compiling rustc_version v0.2.3
[INFO] [stderr]    Compiling unicode-xid v0.1.0
[INFO] [stderr]    Compiling crossbeam-epoch v0.9.17
[INFO] [stderr]    Compiling parking_lot_core v0.3.1
[INFO] [stderr]    Compiling num-integer v0.1.45
[INFO] [stderr]    Compiling rayon-core v1.12.0
[INFO] [stderr]    Compiling stable_deref_trait v1.2.0
[INFO] [stderr]    Compiling memoffset v0.2.1
[INFO] [stderr]    Compiling syn v0.15.44
[INFO] [stderr]    Compiling quote v0.6.13
[INFO] [stderr]    Compiling owning_ref v0.4.1
[INFO] [stderr]    Compiling crossbeam-deque v0.8.4
[INFO] [stderr]    Compiling crossbeam-utils v0.5.0
[INFO] [stderr]    Compiling lock_api v0.1.5
[INFO] [stderr]    Compiling crossbeam-utils v0.6.6
[INFO] [stderr]    Compiling rand_chacha v0.1.1
[INFO] [stderr]    Compiling rand_pcg v0.1.2
[INFO] [stderr]    Compiling num-complex v0.2.4
[INFO] [stderr]    Compiling num-bigint v0.2.6
[INFO] [stderr]    Compiling rand v0.5.6
[INFO] [stderr]    Compiling getrandom v0.1.16
[INFO] [stderr]    Compiling rayon v1.8.0
[INFO] [stderr]    Compiling crossbeam-epoch v0.6.1
[INFO] [stderr]    Compiling crossbeam-epoch v0.5.2
[INFO] [stderr]    Compiling rand v0.6.5
[INFO] [stderr]    Compiling num-rational v0.2.4
[INFO] [stderr]    Compiling nonzero_signed v1.0.3
[INFO] [stderr]    Compiling crossbeam-deque v0.5.2
[INFO] [stderr]    Compiling rand_os v0.1.3
[INFO] [stderr]    Compiling smallvec v0.6.14
[INFO] [stderr]    Compiling log v0.4.20
[INFO] [stderr]    Compiling approx v0.3.2
[INFO] [stderr]    Compiling aho-corasick v1.1.2
[INFO] [stderr]    Compiling rand_hc v0.1.0
[INFO] [stderr]    Compiling rand_isaac v0.1.1
[INFO] [stderr]    Compiling parking_lot v0.6.4
[INFO] [stderr]    Compiling rand_xorshift v0.1.1
[INFO] [stderr]    Compiling rand_jitter v0.1.4
[INFO] [stderr]    Compiling crossbeam-channel v0.2.6
[INFO] [stderr]    Compiling atom v0.3.6
[INFO] [stderr]    Compiling mopa v0.2.2
[INFO] [stderr]    Compiling regex-syntax v0.8.2
[INFO] [stderr]    Compiling hibitset v0.5.4
[INFO] [stderr]    Compiling shred v0.7.2
[INFO] [stderr]    Compiling crossbeam v0.4.1
[INFO] [stderr]    Compiling rand_core v0.5.1
[INFO] [stderr]    Compiling cc v1.0.83
[INFO] [stderr]    Compiling num-iter v0.1.43
[INFO] [stderr]    Compiling shred-derive v0.5.1
[INFO] [stderr]    Compiling derivative v1.0.4
[INFO] [stderr]    Compiling futures v0.1.31
[INFO] [stderr]    Compiling ppv-lite86 v0.2.17
[INFO] [stderr]    Compiling syn v1.0.109
[INFO] [stderr]    Compiling rawpointer v0.2.1
[INFO] [stderr]    Compiling tuple_utils v0.2.0
[INFO] [stderr]    Compiling shrev v1.1.3
[INFO] [stderr]    Compiling matrixmultiply v0.2.4
[INFO] [stderr]    Compiling rand_chacha v0.2.2
[INFO] [stderr]    Compiling generic-array v0.12.4
[INFO] [stderr]    Compiling alga v0.9.3
[INFO] [stderr]    Compiling backtrace v0.3.69
[INFO] [stderr]    Compiling getrandom v0.2.11
[INFO] [stderr]    Compiling regex-automata v0.4.3
[INFO] [stderr]    Compiling cgmath v0.17.0
[INFO] [stderr]    Compiling mint v0.5.9
[INFO] [stderr]    Compiling gimli v0.28.1
[INFO] [stderr]    Compiling adler v1.0.2
[INFO] [stderr]    Compiling uuid v0.8.2
[INFO] [stderr]    Compiling miniz_oxide v0.7.1
[INFO] [stderr]    Compiling rand v0.7.3
[INFO] [stderr]    Compiling nalgebra v0.18.1
[INFO] [stderr]    Compiling object v0.32.2
[INFO] [stderr]    Compiling specs v0.14.3
[INFO] [stderr]    Compiling rustc-demangle v0.1.23
[INFO] [stderr]    Compiling num v0.2.1
[INFO] [stderr]    Compiling typid v1.1.1
[INFO] [stderr]    Compiling specs-hierarchy v0.3.1
[INFO] [stderr]    Compiling bincode v1.3.3
[INFO] [stderr]    Compiling regex v1.10.2
[INFO] [stderr]    Compiling addr2line v0.21.0
[INFO] [stderr]    Compiling env_logger v0.7.1
[INFO] [stderr]    Compiling pdqselect v0.1.1
[INFO] [stderr]    Compiling edit-distance v2.1.0
[INFO] [stderr]    Compiling fixedbitset v0.1.9
[INFO] [stderr]    Compiling quickcheck v0.9.2
[INFO] [stderr]    Compiling clamp v0.1.0
[INFO] [stderr]    Compiling ordermap v0.3.5
[INFO] [stderr]    Compiling oxygengine-core v0.4.7
[INFO] [stderr]    Compiling getset v0.0.7
[INFO] [stderr]    Compiling petgraph v0.4.13
[INFO] [stderr]    Compiling amethyst_error v0.2.0
[INFO] [stderr]    Compiling alga_derive v0.9.2
[INFO] [stderr]    Compiling derive-new v0.5.9
[INFO] [stderr]    Compiling spade v1.8.2
[INFO] [stderr]    Compiling amethyst_core v0.7.0
[INFO] [stderr]    Compiling oxygengine-navigation v0.4.7
[INFO] [stderr]    Compiling amethyst-navigation v0.1.0 (/opt/rustwide/workdir)
[INFO] [stderr]     Finished dev [unoptimized + debuginfo] target(s) in 28.09s
[INFO] running `Command { std: "docker" "inspect" "af2819ba447b7baada50cd92978150fafab49a659ea34ab3c5dca2f25d6d274f", kill_on_drop: false }`
[INFO] running `Command { std: "docker" "rm" "-f" "af2819ba447b7baada50cd92978150fafab49a659ea34ab3c5dca2f25d6d274f", kill_on_drop: false }`
[INFO] [stdout] af2819ba447b7baada50cd92978150fafab49a659ea34ab3c5dca2f25d6d274f
[INFO] running `Command { std: "docker" "create" "-v" "/var/lib/crater-agent-workspace/builds/worker-5-tc2/target:/opt/rustwide/target:rw,Z" "-v" "/var/lib/crater-agent-workspace/builds/worker-5-tc2/source:/opt/rustwide/workdir:ro,Z" "-v" "/var/lib/crater-agent-workspace/cargo-home:/opt/rustwide/cargo-home:ro,Z" "-v" "/var/lib/crater-agent-workspace/rustup-home:/opt/rustwide/rustup-home:ro,Z" "-e" "SOURCE_DIR=/opt/rustwide/workdir" "-e" "CARGO_TARGET_DIR=/opt/rustwide/target" "-e" "CARGO_INCREMENTAL=0" "-e" "RUST_BACKTRACE=full" "-e" "RUSTFLAGS=--cap-lints=warn" "-e" "RUSTDOCFLAGS=--cap-lints=warn" "-e" "CARGO_HOME=/opt/rustwide/cargo-home" "-e" "RUSTUP_HOME=/opt/rustwide/rustup-home" "-w" "/opt/rustwide/workdir" "-m" "1610612736" "--user" "0:0" "--network" "none" "ghcr.io/rust-lang/crates-build-env/linux@sha256:2788e3201cd34a07e3172128adcd8b3090168a8e3bcc40d7c032b9dda1df7d1c" "/opt/rustwide/cargo-home/bin/cargo" "+beta-2023-12-22" "test" "--frozen" "--no-run" "--message-format=json", kill_on_drop: false }`
[INFO] [stdout] 67c3ec81d28da11d5963d9b5a664d9f869ceccce018eb3faa1ae5922353d7b5b
[INFO] running `Command { std: "docker" "start" "-a" "67c3ec81d28da11d5963d9b5a664d9f869ceccce018eb3faa1ae5922353d7b5b", kill_on_drop: false }`
[INFO] [stderr]    Compiling semver-parser v0.7.0
[INFO] [stderr]    Compiling pkg-config v0.3.28
[INFO] [stderr]    Compiling memoffset v0.5.6
[INFO] [stderr]    Compiling num_cpus v1.16.0
[INFO] [stderr]    Compiling crossbeam-epoch v0.8.2
[INFO] [stderr]    Compiling unicode-xid v0.2.4
[INFO] [stderr]    Compiling failure_derive v0.1.8
[INFO] [stderr]    Compiling xml-rs v0.8.19
[INFO] [stderr]    Compiling synstructure v0.12.6
[INFO] [stderr]    Compiling semver v0.9.0
[INFO] [stderr]    Compiling lock_api v0.3.4
[INFO] [stderr]    Compiling ordered-float v1.1.1
[INFO] [stderr]    Compiling rustc_version v0.2.3
[INFO] [stderr]    Compiling wayland-scanner v0.21.13
[INFO] [stderr]    Compiling stb_truetype v0.3.1
[INFO] [stderr]    Compiling rustc-hash v1.1.0
[INFO] [stderr]    Compiling crossbeam-deque v0.7.4
[INFO] [stderr]    Compiling libloading v0.6.7
[INFO] [stderr]    Compiling nix v0.14.1
[INFO] [stderr]    Compiling parking_lot_core v0.6.3
[INFO] [stderr]    Compiling parking_lot v0.9.0
[INFO] [stderr]    Compiling rusttype v0.8.3
[INFO] [stderr]    Compiling dlib v0.4.2
[INFO] [stderr]    Compiling void v1.0.2
[INFO] [stderr]    Compiling wayland-sys v0.21.13
[INFO] [stderr]    Compiling num-derive v0.2.5
[INFO] [stderr]    Compiling adler32 v1.2.0
[INFO] [stderr]    Compiling same-file v1.0.6
[INFO] [stderr]    Compiling time v0.1.45
[INFO] [stderr]    Compiling walkdir v2.4.0
[INFO] [stderr]    Compiling downcast-rs v1.2.0
[INFO] [stderr]    Compiling lzw v0.10.0
[INFO] [stderr]    Compiling inflate v0.4.5
[INFO] [stderr]    Compiling failure v0.1.8
[INFO] [stderr]    Compiling deflate v0.7.20
[INFO] [stderr]    Compiling rusttype v0.7.9
[INFO] [stderr]    Compiling parking_lot_core v0.3.1
[INFO] [stderr]    Compiling x11-dl v2.21.0
[INFO] [stderr]    Compiling line_drawing v0.7.0
[INFO] [stderr]    Compiling cty v0.2.2
[INFO] [stderr]    Compiling wayland-client v0.21.13
[INFO] [stderr]    Compiling wayland-protocols v0.21.13
[INFO] [stderr]    Compiling xdg v2.5.2
[INFO] [stderr]    Compiling color_quant v1.1.0
[INFO] [stderr]    Compiling serde_json v1.0.111
[INFO] [stderr]    Compiling png v0.14.1
[INFO] [stderr]    Compiling andrew v0.2.1
[INFO] [stderr]    Compiling gif v0.10.3
[INFO] [stderr]    Compiling tiff v0.2.2
[INFO] [stderr]    Compiling raw-window-handle v0.4.3
[INFO] [stderr]    Compiling jpeg-decoder v0.1.22
[INFO] [stderr]    Compiling memmap v0.7.0
[INFO] [stderr]    Compiling scoped_threadpool v0.1.9
[INFO] [stderr]    Compiling raw-window-handle v0.3.4
[INFO] [stderr]    Compiling wayland-commons v0.21.13
[INFO] [stderr]    Compiling image v0.21.3
[INFO] [stderr]    Compiling xcb v0.8.2
[INFO] [stderr]    Compiling parking_lot v0.6.4
[INFO] [stderr]    Compiling gfx-hal v0.2.1
[INFO] [stderr] error: failed to run custom build command for `xcb v0.8.2`
[INFO] [stderr] note: To improve backtraces for build dependencies, set the CARGO_PROFILE_TEST_BUILD_OVERRIDE_DEBUG=true environment variable to enable debug information generation.
[INFO] [stderr] 
[INFO] [stderr] Caused by:
[INFO] [stderr]   process didn't exit successfully: `/opt/rustwide/target/debug/build/xcb-ca26203ea104ad8e/build-script-build` (exit status: 101)
[INFO] [stderr]   --- stderr
[INFO] [stderr]   error occured in handler:  ('request: ', ('xcb', 'SELinux', 'GetClientContext'))
[INFO] [stderr]   Traceback (most recent call last):
[INFO] [stderr]     File "/opt/rustwide/cargo-home/registry/src/index.crates.io-6f17d22bba15001f/xcb-0.8.2/rs_client.py", line 2448, in <module>
[INFO] [stderr]       module.generate()
[INFO] [stderr]     File "/opt/rustwide/cargo-home/registry/src/index.crates.io-6f17d22bba15001f/xcb-0.8.2/xcbgen/state.py", line 108, in generate
[INFO] [stderr]       self.close()
[INFO] [stderr]     File "/opt/rustwide/cargo-home/registry/src/index.crates.io-6f17d22bba15001f/xcb-0.8.2/rs_client.py", line 296, in rs_close
[INFO] [stderr]       _f.writeout(os.path.join(module.rs_srcdir, "ffi", "%s.rs" % _module_name(_ns.ext_name)))
[INFO] [stderr]     File "/opt/rustwide/cargo-home/registry/src/index.crates.io-6f17d22bba15001f/xcb-0.8.2/rs_client.py", line 114, in writeout
[INFO] [stderr]       with open(path, 'w') as f:
[INFO] [stderr]   OSError: [Errno 30] Read-only file system: '/opt/rustwide/cargo-home/registry/src/index.crates.io-6f17d22bba15001f/xcb-0.8.2/src/ffi/selinux.rs'
[INFO] [stderr]   thread 'main' panicked at /opt/rustwide/cargo-home/registry/src/index.crates.io-6f17d22bba15001f/xcb-0.8.2/build.rs:75:17:
[INFO] [stderr]   processing of /opt/rustwide/cargo-home/registry/src/index.crates.io-6f17d22bba15001f/xcb-0.8.2/xml/xselinux.xml returned non-zero (1)
[INFO] [stderr]   stack backtrace:
[INFO] [stderr]      0:     0x5603df155386 - std::backtrace_rs::backtrace::libunwind::trace::h261606ad26a499c1
[INFO] [stderr]                                  at /rustc/0e09125c6c3c2fd70d7de961bcf0e51575235fad/library/std/src/../../backtrace/src/backtrace/libunwind.rs:104:5
[INFO] [stderr]      1:     0x5603df155386 - std::backtrace_rs::backtrace::trace_unsynchronized::hd183f0625477fb28
[INFO] [stderr]                                  at /rustc/0e09125c6c3c2fd70d7de961bcf0e51575235fad/library/std/src/../../backtrace/src/backtrace/mod.rs:66:5
[INFO] [stderr]      2:     0x5603df155386 - std::sys_common::backtrace::_print_fmt::hd7f8fef21b4eda67
[INFO] [stderr]                                  at /rustc/0e09125c6c3c2fd70d7de961bcf0e51575235fad/library/std/src/sys_common/backtrace.rs:68:5
[INFO] [stderr]      3:     0x5603df155386 - <std::sys_common::backtrace::_print::DisplayBacktrace as core::fmt::Display>::fmt::h623d9b51f2f453f1
[INFO] [stderr]                                  at /rustc/0e09125c6c3c2fd70d7de961bcf0e51575235fad/library/std/src/sys_common/backtrace.rs:44:22
[INFO] [stderr]      4:     0x5603df177ab0 - core::fmt::rt::Argument::fmt::h9f417ac76a86f368
[INFO] [stderr]                                  at /rustc/0e09125c6c3c2fd70d7de961bcf0e51575235fad/library/core/src/fmt/rt.rs:142:9
[INFO] [stderr]      5:     0x5603df177ab0 - core::fmt::write::hc9b6faf4ac2aeff7
[INFO] [stderr]                                  at /rustc/0e09125c6c3c2fd70d7de961bcf0e51575235fad/library/core/src/fmt/mod.rs:1120:17
[INFO] [stderr]      6:     0x5603df1533ff - std::io::Write::write_fmt::hfead1eee52c2e65e
[INFO] [stderr]                                  at /rustc/0e09125c6c3c2fd70d7de961bcf0e51575235fad/library/std/src/io/mod.rs:1810:15
[INFO] [stderr]      7:     0x5603df155164 - std::sys_common::backtrace::_print::hd5d66399c7df88a2
[INFO] [stderr]                                  at /rustc/0e09125c6c3c2fd70d7de961bcf0e51575235fad/library/std/src/sys_common/backtrace.rs:47:5
[INFO] [stderr]      8:     0x5603df155164 - std::sys_common::backtrace::print::he81ed2da642d37e5
[INFO] [stderr]                                  at /rustc/0e09125c6c3c2fd70d7de961bcf0e51575235fad/library/std/src/sys_common/backtrace.rs:34:9
[INFO] [stderr]      9:     0x5603df156857 - std::panicking::default_hook::{{closure}}::h85773f4fa117163d
[INFO] [stderr]     10:     0x5603df1565b9 - std::panicking::default_hook::h6a1694a91d09b278
[INFO] [stderr]                                  at /rustc/0e09125c6c3c2fd70d7de961bcf0e51575235fad/library/std/src/panicking.rs:292:9
[INFO] [stderr]     11:     0x5603df156ce8 - std::panicking::rust_panic_with_hook::h0a7ad96e90f7145b
[INFO] [stderr]                                  at /rustc/0e09125c6c3c2fd70d7de961bcf0e51575235fad/library/std/src/panicking.rs:779:13
[INFO] [stderr]     12:     0x5603df156bc2 - std::panicking::begin_panic_handler::{{closure}}::h7919090525c6485e
[INFO] [stderr]                                  at /rustc/0e09125c6c3c2fd70d7de961bcf0e51575235fad/library/std/src/panicking.rs:657:13
[INFO] [stderr]     13:     0x5603df155886 - std::sys_common::backtrace::__rust_end_short_backtrace::hf3289479464f7dfe
[INFO] [stderr]                                  at /rustc/0e09125c6c3c2fd70d7de961bcf0e51575235fad/library/std/src/sys_common/backtrace.rs:171:18
[INFO] [stderr]     14:     0x5603df156920 - rust_begin_unwind
[INFO] [stderr]                                  at /rustc/0e09125c6c3c2fd70d7de961bcf0e51575235fad/library/std/src/panicking.rs:645:5
[INFO] [stderr]     15:     0x5603df12f285 - core::panicking::panic_fmt::hcc9f77c5c132af55
[INFO] [stderr]                                  at /rustc/0e09125c6c3c2fd70d7de961bcf0e51575235fad/library/core/src/panicking.rs:72:14
[INFO] [stderr]     16:     0x5603df135141 - build_script_build::main::{{closure}}::hf163a7b01591f035
[INFO] [stderr]     17:     0x5603df134033 - build_script_build::visit_xml::h22bc1ac0153989a8
[INFO] [stderr]     18:     0x5603df1346d3 - build_script_build::main::h7352eaf3b26055e9
[INFO] [stderr]     19:     0x5603df130db3 - core::ops::function::FnOnce::call_once::he38b7ea95a6f2b3b
[INFO] [stderr]     20:     0x5603df12fdd6 - std::sys_common::backtrace::__rust_begin_short_backtrace::hc8bc1a0bea98e2df
[INFO] [stderr]     21:     0x5603df130509 - std::rt::lang_start::{{closure}}::h2472fa9ab802028e
[INFO] [stderr]     22:     0x5603df14ffe1 - core::ops::function::impls::<impl core::ops::function::FnOnce<A> for &F>::call_once::h4eb4c5e1620f29b0
[INFO] [stderr]                                  at /rustc/0e09125c6c3c2fd70d7de961bcf0e51575235fad/library/core/src/ops/function.rs:284:13
[INFO] [stderr]     23:     0x5603df14ffe1 - std::panicking::try::do_call::h73fd26535faffcdf
[INFO] [stderr]                                  at /rustc/0e09125c6c3c2fd70d7de961bcf0e51575235fad/library/std/src/panicking.rs:552:40
[INFO] [stderr]     24:     0x5603df14ffe1 - std::panicking::try::h77ff1d98f0fb9f39
[INFO] [stderr]                                  at /rustc/0e09125c6c3c2fd70d7de961bcf0e51575235fad/library/std/src/panicking.rs:516:19
[INFO] [stderr]     25:     0x5603df14ffe1 - std::panic::catch_unwind::hab3caf2448b95e37
[INFO] [stderr]                                  at /rustc/0e09125c6c3c2fd70d7de961bcf0e51575235fad/library/std/src/panic.rs:142:14
[INFO] [stderr]     26:     0x5603df14ffe1 - std::rt::lang_start_internal::{{closure}}::h8086711f9c783f78
[INFO] [stderr]                                  at /rustc/0e09125c6c3c2fd70d7de961bcf0e51575235fad/library/std/src/rt.rs:148:48
[INFO] [stderr]     27:     0x5603df14ffe1 - std::panicking::try::do_call::hf920d4dc291cd6ca
[INFO] [stderr]                                  at /rustc/0e09125c6c3c2fd70d7de961bcf0e51575235fad/library/std/src/panicking.rs:552:40
[INFO] [stderr]     28:     0x5603df14ffe1 - std::panicking::try::h2b806ccc0a85db74
[INFO] [stderr]                                  at /rustc/0e09125c6c3c2fd70d7de961bcf0e51575235fad/library/std/src/panicking.rs:516:19
[INFO] [stderr]     29:     0x5603df14ffe1 - std::panic::catch_unwind::h038489539c507df2
[INFO] [stderr]                                  at /rustc/0e09125c6c3c2fd70d7de961bcf0e51575235fad/library/std/src/panic.rs:142:14
[INFO] [stderr]     30:     0x5603df14ffe1 - std::rt::lang_start_internal::h28503b88912e8a5c
[INFO] [stderr]                                  at /rustc/0e09125c6c3c2fd70d7de961bcf0e51575235fad/library/std/src/rt.rs:148:20
[INFO] [stderr]     31:     0x5603df1304e7 - std::rt::lang_start::h1814530c55d4761d
[INFO] [stderr]     32:     0x5603df1351c5 - main
[INFO] [stderr]     33:     0x7f155a973d90 - <unknown>
[INFO] [stderr]     34:     0x7f155a973e40 - __libc_start_main
[INFO] [stderr]     35:     0x5603df12f9b5 - _start
[INFO] [stderr]     36:                0x0 - <unknown>
[INFO] [stderr] warning: build failed, waiting for other jobs to finish...
[INFO] running `Command { std: "docker" "inspect" "67c3ec81d28da11d5963d9b5a664d9f869ceccce018eb3faa1ae5922353d7b5b", kill_on_drop: false }`
[INFO] running `Command { std: "docker" "rm" "-f" "67c3ec81d28da11d5963d9b5a664d9f869ceccce018eb3faa1ae5922353d7b5b", kill_on_drop: false }`
[INFO] [stdout] 67c3ec81d28da11d5963d9b5a664d9f869ceccce018eb3faa1ae5922353d7b5b
