[INFO] fetching crate ambient_ecs_editor 0.2.1...
[INFO] testing ambient_ecs_editor-0.2.1 against 1.75.0 for beta-1.76-1
[INFO] extracting crate ambient_ecs_editor 0.2.1 into /workspace/builds/worker-6-tc1/source
[INFO] validating manifest of crates.io crate ambient_ecs_editor 0.2.1 on toolchain 1.75.0
[INFO] running `Command { std: CARGO_HOME="/workspace/cargo-home" RUSTUP_HOME="/workspace/rustup-home" "/workspace/cargo-home/bin/cargo" "+1.75.0" "metadata" "--manifest-path" "Cargo.toml" "--no-deps", kill_on_drop: false }`
[INFO] started tweaking crates.io crate ambient_ecs_editor 0.2.1
[INFO] finished tweaking crates.io crate ambient_ecs_editor 0.2.1
[INFO] tweaked toml for crates.io crate ambient_ecs_editor 0.2.1 written to /workspace/builds/worker-6-tc1/source/Cargo.toml
[INFO] crate crates.io crate ambient_ecs_editor 0.2.1 already has a lockfile, it will not be regenerated
[INFO] running `Command { std: CARGO_HOME="/workspace/cargo-home" RUSTUP_HOME="/workspace/rustup-home" "/workspace/cargo-home/bin/cargo" "+1.75.0" "fetch" "--manifest-path" "Cargo.toml", kill_on_drop: false }`
[INFO] [stderr]     Updating crates.io index
[INFO] [stderr]  Downloading crates ...
[INFO] [stderr]   Downloaded ambient_element_component v0.2.1
[INFO] [stderr]   Downloaded either v1.8.1
[INFO] [stderr]   Downloaded rustversion v1.0.12
[INFO] [stderr]   Downloaded socket2 v0.4.9
[INFO] [stderr]   Downloaded memmap2 v0.5.10
[INFO] [stderr]   Downloaded wasm-bindgen v0.2.84
[INFO] [stderr]   Downloaded wayland-commons v0.29.5
[INFO] [stderr]   Downloaded tiny-skia-path v0.8.4
[INFO] [stderr]   Downloaded output_vt100 v0.1.3
[INFO] [stderr]   Downloaded wasm-bindgen-backend v0.2.84
[INFO] [stderr]   Downloaded ctor v0.1.26
[INFO] [stderr]   Downloaded wayland-cursor v0.29.5
[INFO] [stderr]   Downloaded gloo-dialogs v0.1.1
[INFO] [stderr]   Downloaded num_cpus v1.15.0
[INFO] [stderr]   Downloaded ab_glyph_rasterizer v0.1.8
[INFO] [stderr]   Downloaded gloo-worker v0.2.1
[INFO] [stderr]   Downloaded serde v1.0.160
[INFO] [stderr]   Downloaded ambient_cb v0.2.1
[INFO] [stderr]   Downloaded tiny-skia v0.8.4
[INFO] [stderr]   Downloaded ambient_core v0.2.1
[INFO] [stderr]   Downloaded ambient_rect v0.2.1
[INFO] [stderr]   Downloaded gloo-utils v0.1.6
[INFO] [stderr]   Downloaded closure v0.3.0
[INFO] [stderr]   Downloaded num-complex v0.4.3
[INFO] [stderr]   Downloaded data-encoding v2.3.3
[INFO] [stderr]   Downloaded rustls v0.20.8
[INFO] [stderr]   Downloaded glyph_brush v0.7.7
[INFO] [stderr]   Downloaded ambient_std v0.2.1
[INFO] [stderr]   Downloaded glow v0.12.1
[INFO] [stderr]   Downloaded x11rb-protocol v0.10.0
[INFO] [stderr]   Downloaded console_error_panic_hook v0.1.7
[INFO] [stderr]   Downloaded encoding_rs v0.8.32
[INFO] [stderr]   Downloaded tiff v0.8.1
[INFO] [stderr]   Downloaded webpki-roots v0.22.6
[INFO] [stderr]   Downloaded exr v1.6.3
[INFO] [stderr]   Downloaded ambient_text v0.2.1
[INFO] [stderr]   Downloaded gif v0.12.0
[INFO] [stderr]   Downloaded ash v0.37.2+1.3.238
[INFO] [stderr]   Downloaded web-sys v0.3.61
[INFO] [stderr]   Downloaded x11rb v0.10.1
[INFO] [stderr]   Downloaded glyph_brush_draw_cache v0.1.5
[INFO] [stderr]   Downloaded aho-corasick v0.7.20
[INFO] [stderr]   Downloaded cxx v1.0.94
[INFO] [stderr]   Downloaded chrono v0.4.24
[INFO] [stderr]   Downloaded tokio-util v0.7.8
[INFO] [stderr]   Downloaded objc_id v0.1.1
[INFO] [stderr]   Downloaded gloo-console v0.2.3
[INFO] [stderr]   Downloaded rustls-pemfile v1.0.2
[INFO] [stderr]   Downloaded ambient_time v0.2.1
[INFO] [stderr]   Downloaded webpki v0.22.0
[INFO] [stderr]   Downloaded weezl v0.1.7
[INFO] [stderr]   Downloaded sct v0.7.0
[INFO] [stderr]   Downloaded sentry-core v0.27.0
[INFO] [stderr]   Downloaded bitflags v2.2.1
[INFO] [stderr]   Downloaded toml_datetime v0.6.1
[INFO] [stderr]   Downloaded sentry-anyhow v0.27.0
[INFO] [stderr]   Downloaded gethostname v0.2.3
[INFO] [stderr]   Downloaded objc-foundation v0.1.1
[INFO] [stderr]   Downloaded winreg v0.10.1
[INFO] [stderr]   Downloaded async-trait v0.1.68
[INFO] [stderr]   Downloaded sentry-types v0.27.0
[INFO] [stderr]   Downloaded semver v1.0.17
[INFO] [stderr]   Downloaded arboard v3.2.0
[INFO] [stderr]   Downloaded base64 v0.21.0
[INFO] [stderr]   Downloaded dyn-clone v1.0.11
[INFO] [stderr]   Downloaded ambient_input v0.2.1
[INFO] [stderr]   Downloaded ambient_layout v0.2.1
[INFO] [stderr]   Downloaded ambient_project v0.2.1
[INFO] [stderr]   Downloaded ambient_project_macro_common v0.2.1
[INFO] [stderr]   Downloaded ambient_project_macro v0.2.1
[INFO] [stderr]   Downloaded ambient_project_rt v0.2.1
[INFO] [stderr]   Downloaded atomic_refcell v0.1.10
[INFO] [stderr]   Downloaded erased-serde v0.3.25
[INFO] [stderr]   Downloaded paste v1.0.12
[INFO] [stderr]   Downloaded unsafe-libyaml v0.2.8
[INFO] [stderr]   Downloaded serde_yaml v0.9.21
[INFO] [stderr]   Downloaded yaml-rust-davvid v0.5.1
[INFO] [stderr]   Downloaded ambient_ecs v0.2.1
[INFO] [stderr]   Downloaded matrixmultiply v0.3.3
[INFO] [stderr]   Downloaded ambient_renderer v0.2.1
[INFO] [stderr]   Downloaded ambient_color v0.2.1
[INFO] [stderr]   Downloaded ambient_friendly_id v0.2.1
[INFO] [stderr]   Downloaded puffin v0.14.3
[INFO] [stderr]   Downloaded cxxbridge-flags v1.0.94
[INFO] [stderr]   Downloaded cxxbridge-macro v1.0.94
[INFO] [stderr]   Downloaded httpdate v1.0.2
[INFO] [stderr]   Downloaded gloo-events v0.1.2
[INFO] [stderr]   Downloaded relative-path v1.8.0
[INFO] [stderr]   Downloaded ambient_guest_bridge v0.2.1
[INFO] [stderr]   Downloaded want v0.3.0
[INFO] [stderr]   Downloaded gpu-alloc v0.5.3
[INFO] [stderr]   Downloaded ambient_asset_cache v0.2.1
[INFO] [stderr]   Downloaded approx v0.5.1
[INFO] [stderr]   Downloaded hyper v0.14.26
[INFO] [stderr]   Downloaded strum_macros v0.24.3
[INFO] [stderr]   Downloaded ambient_meshes v0.2.1
[INFO] [stderr]   Downloaded nix v0.25.1
[INFO] [stderr]   Downloaded uuid v1.3.1
[INFO] [stderr]   Downloaded http-body v0.4.5
[INFO] [stderr]   Downloaded try-lock v0.2.4
[INFO] [stderr]   Downloaded hyper-rustls v0.23.2
[INFO] [stderr]   Downloaded ambient_profiling v1.0.9
[INFO] [stderr]   Downloaded debugid v0.8.0
[INFO] [stderr]   Downloaded xi-unicode v0.3.0
[INFO] [stderr]   Downloaded http v0.2.9
[INFO] [stderr]   Downloaded qoi v0.4.1
[INFO] [stderr]   Downloaded reqwest v0.11.16
[INFO] [stderr]   Downloaded orbclient v0.3.44
[INFO] [stderr]   Downloaded android-activity v0.4.1
[INFO] [stderr]   Downloaded gloo v0.8.0
[INFO] [stderr]   Downloaded syn v2.0.15
[INFO] [stderr]   Downloaded gimli v0.27.2
[INFO] [stderr]   Downloaded object v0.30.3
[INFO] [stderr]   Downloaded glam v0.22.0
[INFO] [stderr]   Downloaded wgpu-hal v0.16.0
[INFO] [stderr]   Downloaded rustix v0.37.15
[INFO] [stderr]   Downloaded linux-raw-sys v0.3.5
[INFO] [stderr]   Downloaded winit v0.28.3
[INFO] [stderr]   Downloaded naga v0.12.0
[INFO] [stderr]   Downloaded regex-syntax v0.7.1
[INFO] [stderr]   Downloaded regex v1.8.1
[INFO] [stderr]   Downloaded wgpu-core v0.16.0
[INFO] [stderr]   Downloaded as-any v0.2.1
[INFO] [stderr]   Downloaded scratch v1.0.5
[INFO] [stderr]   Downloaded toml v0.7.3
[INFO] [stderr]   Downloaded ipnet v2.7.2
[INFO] [stderr]   Downloaded cxx-build v1.0.94
[INFO] [stderr]   Downloaded h2 v0.3.18
[INFO] [stderr]   Downloaded serde-wasm-bindgen v0.4.5
[INFO] [stderr]   Downloaded wgpu v0.16.0
[INFO] [stderr]   Downloaded tracing v0.1.38
[INFO] [stderr]   Downloaded owned_ttf_parser v0.19.0
[INFO] [stderr]   Downloaded mio v0.8.6
[INFO] [stderr]   Downloaded winnow v0.4.1
[INFO] [stderr]   Downloaded toml_edit v0.19.8
[INFO] [stderr]   Downloaded aho-corasick v1.0.1
[INFO] [stderr]   Downloaded ttf-parser v0.19.0
[INFO] [stderr]   Downloaded wayland-protocols v0.29.5
[INFO] [stderr]   Downloaded ambient_gpu v0.2.1
[INFO] [stderr]   Downloaded glyph_brush_layout v0.2.3
[INFO] [stderr]   Downloaded gloo-file v0.2.3
[INFO] [stderr]   Downloaded backtrace v0.3.67
[INFO] [stderr]   Downloaded futures v0.3.28
[INFO] [stderr]   Downloaded sctk-adwaita v0.5.4
[INFO] [stderr]   Downloaded anyhow v1.0.70
[INFO] [stderr]   Downloaded proc-macro2 v1.0.56
[INFO] [stderr]   Downloaded tracing-core v0.1.30
[INFO] [stderr]   Downloaded serde_derive v1.0.160
[INFO] [stderr]   Downloaded pin-project v1.0.12
[INFO] [stderr]   Downloaded flume v0.10.14
[INFO] [stderr]   Downloaded wgpu-types v0.16.0
[INFO] [stderr]   Downloaded pretty_assertions v1.3.0
[INFO] [stderr]   Downloaded bumpalo v3.12.1
[INFO] [stderr]   Downloaded ambient_profiling_procmacros v1.0.9
[INFO] [stderr]   Downloaded ambient_schema v0.2.1
[INFO] [stderr]   Downloaded sentry-backtrace v0.27.0
[INFO] [stderr]   Downloaded ambient_element v0.2.1
[INFO] [stderr]   Downloaded gloo-history v0.1.3
[INFO] [stderr]   Downloaded unicode-ident v1.0.8
[INFO] [stderr]   Downloaded ambient_sys v0.2.1
[INFO] [stderr]   Downloaded ambient_ui v0.2.1
[INFO] [stderr]   Downloaded calloop v0.10.5
[INFO] [stderr]   Downloaded once_cell v1.17.1
[INFO] [stderr]   Downloaded io-lifetimes v1.0.10
[INFO] [stderr]   Downloaded addr2line v0.19.0
[INFO] [stderr]   Downloaded parking_lot_core v0.9.7
[INFO] [stderr]   Downloaded thiserror v1.0.40
[INFO] [stderr]   Downloaded anymap2 v0.13.0
[INFO] [stderr]   Downloaded smallvec v1.10.0
[INFO] [stderr]   Downloaded pin-project-lite v0.2.9
[INFO] [stderr]   Downloaded quote v1.0.26
[INFO] [stderr]   Downloaded pin-project-internal v1.0.12
[INFO] [stderr]   Downloaded ambient_ui_native v0.2.1
[INFO] [stderr]   Downloaded futures-io v0.3.28
[INFO] [stderr]   Downloaded slab v0.4.8
[INFO] [stderr]   Downloaded wasm-bindgen-futures v0.4.34
[INFO] [stderr]   Downloaded gloo-net v0.2.6
[INFO] [stderr]   Downloaded ambient_shared_types v0.2.1
[INFO] [stderr]   Downloaded ambient_math v0.2.1
[INFO] [stderr]   Downloaded serde_spanned v0.6.1
[INFO] [stderr]   Downloaded wasm-bindgen-macro v0.2.84
[INFO] [stderr]   Downloaded hermit-abi v0.2.6
[INFO] [stderr]   Downloaded pkg-config v0.3.26
[INFO] [stderr]   Downloaded zune-inflate v0.2.53
[INFO] [stderr]   Downloaded half v2.2.1
[INFO] [stderr]   Downloaded strum v0.24.1
[INFO] [stderr]   Downloaded gloo-render v0.1.1
[INFO] [stderr]   Downloaded wasm-bindgen-shared v0.2.84
[INFO] [stderr]   Downloaded gloo-storage v0.2.2
[INFO] [stderr]   Downloaded ab_glyph v0.2.21
[INFO] [stderr]   Downloaded wayland-client v0.29.5
[INFO] [stderr]   Downloaded miniz_oxide v0.6.2
[INFO] [stderr]   Downloaded strict-num v0.1.0
[INFO] [stderr]   Downloaded env_logger v0.10.0
[INFO] [stderr]   Downloaded js-sys v0.3.61
[INFO] [stderr]   Downloaded simd-adler32 v0.3.5
[INFO] [stderr]   Downloaded wasm-bindgen-macro-support v0.2.84
[INFO] [stderr]   Downloaded scoped-tls v1.0.1
[INFO] [stderr]   Downloaded lebe v0.5.2
[INFO] [stderr]   Downloaded lock_api v0.4.9
[INFO] [stderr]   Downloaded smithay-client-toolkit v0.16.0
[INFO] [stderr]   Downloaded flate2 v1.0.25
[INFO] [stderr]   Downloaded tracing-attributes v0.1.24
[INFO] [stderr]   Downloaded wayland-sys v0.29.5
[INFO] [stderr]   Downloaded thiserror-impl v1.0.40
[INFO] [stderr]   Downloaded getrandom v0.2.9
[INFO] [stderr]   Downloaded tokio v1.28.0
[INFO] [stderr]   Downloaded png v0.17.8
[INFO] [stderr]   Downloaded ambient_editor_derive v0.2.1
[INFO] running `Command { std: "docker" "create" "-v" "/var/lib/crater-agent-workspace/builds/worker-6-tc1/target:/opt/rustwide/target:rw,Z" "-v" "/var/lib/crater-agent-workspace/builds/worker-6-tc1/source:/opt/rustwide/workdir:ro,Z" "-v" "/var/lib/crater-agent-workspace/cargo-home:/opt/rustwide/cargo-home:ro,Z" "-v" "/var/lib/crater-agent-workspace/rustup-home:/opt/rustwide/rustup-home:ro,Z" "-e" "SOURCE_DIR=/opt/rustwide/workdir" "-e" "CARGO_TARGET_DIR=/opt/rustwide/target" "-e" "CARGO_HOME=/opt/rustwide/cargo-home" "-e" "RUSTUP_HOME=/opt/rustwide/rustup-home" "-w" "/opt/rustwide/workdir" "-m" "1610612736" "--user" "0:0" "--network" "none" "ghcr.io/rust-lang/crates-build-env/linux@sha256:2788e3201cd34a07e3172128adcd8b3090168a8e3bcc40d7c032b9dda1df7d1c" "/opt/rustwide/cargo-home/bin/cargo" "+1.75.0" "metadata" "--no-deps" "--format-version=1", kill_on_drop: false }`
[INFO] [stdout] 28d1d75280b54819a34b56f14f9d872e6473414f2c20b8fb254f0c01f0521520
[INFO] running `Command { std: "docker" "start" "-a" "28d1d75280b54819a34b56f14f9d872e6473414f2c20b8fb254f0c01f0521520", kill_on_drop: false }`
[INFO] running `Command { std: "docker" "inspect" "28d1d75280b54819a34b56f14f9d872e6473414f2c20b8fb254f0c01f0521520", kill_on_drop: false }`
[INFO] running `Command { std: "docker" "rm" "-f" "28d1d75280b54819a34b56f14f9d872e6473414f2c20b8fb254f0c01f0521520", kill_on_drop: false }`
[INFO] [stdout] 28d1d75280b54819a34b56f14f9d872e6473414f2c20b8fb254f0c01f0521520
[INFO] running `Command { std: "docker" "create" "-v" "/var/lib/crater-agent-workspace/builds/worker-6-tc1/target:/opt/rustwide/target:rw,Z" "-v" "/var/lib/crater-agent-workspace/builds/worker-6-tc1/source:/opt/rustwide/workdir:ro,Z" "-v" "/var/lib/crater-agent-workspace/cargo-home:/opt/rustwide/cargo-home:ro,Z" "-v" "/var/lib/crater-agent-workspace/rustup-home:/opt/rustwide/rustup-home:ro,Z" "-e" "SOURCE_DIR=/opt/rustwide/workdir" "-e" "CARGO_TARGET_DIR=/opt/rustwide/target" "-e" "CARGO_INCREMENTAL=0" "-e" "RUST_BACKTRACE=full" "-e" "RUSTFLAGS=--cap-lints=warn" "-e" "RUSTDOCFLAGS=--cap-lints=warn" "-e" "CARGO_HOME=/opt/rustwide/cargo-home" "-e" "RUSTUP_HOME=/opt/rustwide/rustup-home" "-w" "/opt/rustwide/workdir" "-m" "1610612736" "--user" "0:0" "--network" "none" "ghcr.io/rust-lang/crates-build-env/linux@sha256:2788e3201cd34a07e3172128adcd8b3090168a8e3bcc40d7c032b9dda1df7d1c" "/opt/rustwide/cargo-home/bin/cargo" "+1.75.0" "build" "--frozen" "--message-format=json", kill_on_drop: false }`
[INFO] [stdout] 734e9d82b193fd7b583c3a6381d0e11a7beaf60dff0a468ebed6b19886127216
[INFO] running `Command { std: "docker" "start" "-a" "734e9d82b193fd7b583c3a6381d0e11a7beaf60dff0a468ebed6b19886127216", kill_on_drop: false }`
[INFO] [stderr]    Compiling proc-macro2 v1.0.56
[INFO] [stderr]    Compiling quote v1.0.26
[INFO] [stderr]    Compiling unicode-ident v1.0.8
[INFO] [stderr]    Compiling serde_derive v1.0.160
[INFO] [stderr]    Compiling serde v1.0.160
[INFO] [stderr]    Compiling once_cell v1.17.1
[INFO] [stderr]    Compiling getrandom v0.2.9
[INFO] [stderr]    Compiling memchr v2.5.0
[INFO] [stderr]    Compiling smallvec v1.10.0
[INFO] [stderr]    Compiling log v0.4.17
[INFO] [stderr]    Compiling thiserror v1.0.40
[INFO] [stderr]    Compiling adler v1.0.2
[INFO] [stderr]    Compiling cc v1.0.79
[INFO] [stderr]    Compiling lock_api v0.4.9
[INFO] [stderr]    Compiling num-traits v0.2.15
[INFO] [stderr]    Compiling num_cpus v1.15.0
[INFO] [stderr]    Compiling ahash v0.7.6
[INFO] [stderr]    Compiling parking_lot_core v0.9.7
[INFO] [stderr]    Compiling libloading v0.7.4
[INFO] [stderr]    Compiling syn v2.0.15
[INFO] [stderr]    Compiling syn v1.0.109
[INFO] [stderr]    Compiling futures-core v0.3.28
[INFO] [stderr]    Compiling miniz_oxide v0.6.2
[INFO] [stderr]    Compiling memoffset v0.6.5
[INFO] [stderr]    Compiling pkg-config v0.3.26
[INFO] [stderr]    Compiling hashbrown v0.12.3
[INFO] [stderr]    Compiling indexmap v1.9.3
[INFO] [stderr]    Compiling futures-sink v0.3.28
[INFO] [stderr]    Compiling xml-rs v0.8.4
[INFO] [stderr]    Compiling pin-project-lite v0.2.9
[INFO] [stderr]    Compiling either v1.8.1
[INFO] [stderr]    Compiling backtrace v0.3.67
[INFO] [stderr]    Compiling mio v0.8.6
[INFO] [stderr]    Compiling bytes v1.4.0
[INFO] [stderr]    Compiling gimli v0.27.2
[INFO] [stderr]    Compiling nix v0.24.3
[INFO] [stderr]    Compiling wayland-scanner v0.29.5
[INFO] [stderr]    Compiling ring v0.16.20
[INFO] [stderr]    Compiling slab v0.4.8
[INFO] [stderr]    Compiling tokio v1.28.0
[INFO] [stderr]    Compiling rustc-demangle v0.1.23
[INFO] [stderr]    Compiling simd-adler32 v0.3.5
[INFO] [stderr]    Compiling futures-channel v0.3.28
[INFO] [stderr]    Compiling crc32fast v1.3.2
[INFO] [stderr]    Compiling winnow v0.4.1
[INFO] [stderr]    Compiling futures-task v0.3.28
[INFO] [stderr]    Compiling wayland-sys v0.29.5
[INFO] [stderr]    Compiling slotmap v1.0.6
[INFO] [stderr]    Compiling addr2line v0.19.0
[INFO] [stderr]    Compiling socket2 v0.4.9
[INFO] [stderr]    Compiling signal-hook-registry v1.4.1
[INFO] [stderr]    Compiling futures-util v0.3.28
[INFO] [stderr]    Compiling wasm-bindgen-shared v0.2.84
[INFO] [stderr]    Compiling dlib v0.5.0
[INFO] [stderr]    Compiling tracing-core v0.1.30
[INFO] [stderr]    Compiling num-integer v0.1.45
[INFO] [stderr]    Compiling anyhow v1.0.70
[INFO] [stderr]    Compiling futures-io v0.3.28
[INFO] [stderr]    Compiling flate2 v1.0.25
[INFO] [stderr]    Compiling wayland-client v0.29.5
[INFO] [stderr]    Compiling thiserror-impl v1.0.40
[INFO] [stderr]    Compiling bytemuck_derive v1.4.1
[INFO] [stderr]    Compiling tokio-macros v2.1.0
[INFO] [stderr]    Compiling tracing-attributes v0.1.24
[INFO] [stderr]    Compiling pin-project-internal v1.0.12
[INFO] [stderr]    Compiling ttf-parser v0.19.0
[INFO] [stderr]    Compiling bytemuck v1.13.1
[INFO] [stderr]    Compiling termcolor v1.1.3
[INFO] [stderr]    Compiling bumpalo v3.12.1
[INFO] [stderr]    Compiling rustc-hash v1.1.0
[INFO] [stderr]    Compiling wasm-bindgen-backend v0.2.84
[INFO] [stderr]    Compiling time v0.3.20
[INFO] [stderr]    Compiling rayon-core v1.11.0
[INFO] [stderr]    Compiling tracing v0.1.38
[INFO] [stderr]    Compiling pin-project v1.0.12
[INFO] [stderr]    Compiling wayland-commons v0.29.5
[INFO] [stderr]    Compiling owned_ttf_parser v0.19.0
[INFO] [stderr]    Compiling fdeflate v0.3.0
[INFO] [stderr]    Compiling miniz_oxide v0.7.1
[INFO] [stderr]    Compiling nanorand v0.7.0
[INFO] [stderr]    Compiling minimal-lexical v0.2.1
[INFO] [stderr]    Compiling ash v0.37.2+1.3.238
[INFO] [stderr]    Compiling scoped-tls v1.0.1
[INFO] [stderr]    Compiling bit-vec v0.6.3
[INFO] [stderr]    Compiling khronos-egl v4.1.0
[INFO] [stderr]    Compiling raw-window-handle v0.5.2
[INFO] [stderr]    Compiling unicode-width v0.1.10
[INFO] [stderr]    Compiling ab_glyph_rasterizer v0.1.8
[INFO] [stderr]    Compiling http v0.2.9
[INFO] [stderr]    Compiling ab_glyph v0.2.21
[INFO] [stderr]    Compiling codespan-reporting v0.11.1
[INFO] [stderr]    Compiling bit-set v0.5.3
[INFO] [stderr]    Compiling nom v7.1.3
[INFO] [stderr]    Compiling png v0.17.8
[INFO] [stderr]    Compiling wasm-bindgen-macro-support v0.2.84
[INFO] [stderr]    Compiling webpki v0.22.0
[INFO] [stderr]    Compiling wayland-protocols v0.29.5
[INFO] [stderr]    Compiling spirv v0.2.0+1.5.4
[INFO] [stderr]    Compiling object v0.30.3
[INFO] [stderr]    Compiling gpu-descriptor-types v0.1.1
[INFO] [stderr]    Compiling gpu-alloc-types v0.2.0
[INFO] [stderr]    Compiling unicode-xid v0.2.4
[INFO] [stderr]    Compiling bitflags v2.2.1
[INFO] [stderr]    Compiling rustls v0.20.8
[INFO] [stderr]    Compiling wasm-bindgen v0.2.84
[INFO] [stderr]    Compiling hexf-parse v0.2.1
[INFO] [stderr]    Compiling byteorder v1.4.3
[INFO] [stderr]    Compiling xcursor v0.3.4
[INFO] [stderr]    Compiling wgpu-types v0.16.0
[INFO] [stderr]    Compiling gpu-alloc v0.5.3
[INFO] [stderr]    Compiling gpu-descriptor v0.2.3
[INFO] [stderr]    Compiling wasm-bindgen-macro v0.2.84
[INFO] [stderr]    Compiling rand_core v0.6.4
[INFO] [stderr]    Compiling serde_spanned v0.6.1
[INFO] [stderr]    Compiling parking_lot v0.12.1
[INFO] [stderr]    Compiling rand_chacha v0.3.1
[INFO] [stderr]    Compiling spin v0.9.8
[INFO] [stderr]    Compiling toml_datetime v0.6.1
[INFO] [stderr]    Compiling flume v0.10.14
[INFO] [stderr]    Compiling rand v0.8.5
[INFO] [stderr]    Compiling url v2.3.1
[INFO] [stderr]    Compiling uuid v1.3.1
[INFO] [stderr]    Compiling serde_json v1.0.96
[INFO] [stderr]    Compiling toml_edit v0.19.8
[INFO] [stderr]    Compiling naga v0.12.0
[INFO] [stderr]    Compiling debugid v0.8.0
[INFO] [stderr]    Compiling rayon v1.7.0
[INFO] [stderr]    Compiling sct v0.7.0
[INFO] [stderr]    Compiling itertools v0.10.5
[INFO] [stderr]    Compiling smithay-client-toolkit v0.16.0
[INFO] [stderr]    Compiling nix v0.25.1
[INFO] [stderr]    Compiling aho-corasick v1.0.1
[INFO] [stderr]    Compiling tokio-util v0.7.8
[INFO] [stderr]    Compiling libloading v0.8.0
[INFO] [stderr]    Compiling instant v0.1.12
[INFO] [stderr]    Compiling arrayref v0.3.7
[INFO] [stderr]    Compiling profiling v1.0.8
[INFO] [stderr]    Compiling glow v0.12.1
[INFO] [stderr]    Compiling renderdoc-sys v1.0.0
[INFO] [stderr]    Compiling regex-syntax v0.7.1
[INFO] [stderr]    Compiling libc v0.2.142
[INFO] [stderr]    Compiling strict-num v0.1.0
[INFO] [stderr]    Compiling try-lock v0.2.4
[INFO] [stderr]    Compiling tiny-skia-path v0.8.4
[INFO] [stderr]    Compiling want v0.3.0
[INFO] [stderr]    Compiling calloop v0.10.5
[INFO] [stderr]    Compiling h2 v0.3.18
[INFO] [stderr]    Compiling regex v1.8.1
[INFO] [stderr]    Compiling sentry-types v0.27.0
[INFO] [stderr]    Compiling ordered-float v3.7.0
[INFO] [stderr]    Compiling glam v0.22.0
[INFO] [stderr]    Compiling wgpu-hal v0.16.0
[INFO] [stderr]    Compiling wayland-cursor v0.29.5
[INFO] [stderr]    Compiling http-body v0.4.5
[INFO] [stderr]    Compiling x11-dl v2.21.0
[INFO] [stderr]    Compiling memmap2 v0.5.10
[INFO] [stderr]    Compiling convert_case v0.4.0
[INFO] [stderr]    Compiling cfg_aliases v0.1.1
[INFO] [stderr]    Compiling httpdate v1.0.2
[INFO] [stderr]    Compiling async-trait v0.1.68
[INFO] [stderr]    Compiling hyper v0.14.26
[INFO] [stderr]    Compiling derive_more v0.99.17
[INFO] [stderr]    Compiling winit v0.28.3
[INFO] [stderr]    Compiling sentry-core v0.27.0
[INFO] [stderr]    Compiling console_error_panic_hook v0.1.7
[INFO] [stderr]    Compiling tokio-rustls v0.23.4
[INFO] [stderr]    Compiling wgpu-core v0.16.0
[INFO] [stderr]    Compiling tiny-skia v0.8.4
[INFO] [stderr]    Compiling futures v0.3.28
[INFO] [stderr]    Compiling num-rational v0.4.1
[INFO] [stderr]    Compiling unicode-segmentation v1.10.1
[INFO] [stderr]    Compiling weezl v0.1.7
[INFO] [stderr]    Compiling rustversion v1.0.12
[INFO] [stderr]    Compiling base64 v0.21.0
[INFO] [stderr]    Compiling chrono v0.4.24
[INFO] [stderr]    Compiling convert_case v0.6.0
[INFO] [stderr]    Compiling ambient_sys v0.2.1
[INFO] [stderr]    Compiling rustls-pemfile v1.0.2
[INFO] [stderr]    Compiling wgpu v0.16.0
[INFO] [stderr]    Compiling hyper-rustls v0.23.2
[INFO] [stderr]    Compiling sentry-backtrace v0.27.0
[INFO] [stderr]    Compiling puffin v0.14.3
[INFO] [stderr]    Compiling jpeg-decoder v0.3.0
[INFO] [stderr]    Compiling serde_urlencoded v0.7.1
[INFO] [stderr]    Compiling webpki-roots v0.22.6
[INFO] [stderr]    Compiling ambient_profiling_procmacros v1.0.9
[INFO] [stderr]    Compiling zune-inflate v0.2.53
[INFO] [stderr]    Compiling encoding_rs v0.8.32
[INFO] [stderr]    Compiling lebe v0.5.2
[INFO] [stderr]    Compiling ipnet v2.7.2
[INFO] [stderr]    Compiling as-any v0.2.1
[INFO] [stderr]    Compiling color_quant v1.1.0
[INFO] [stderr]    Compiling half v2.2.1
[INFO] [stderr]    Compiling bit_field v0.10.2
[INFO] [stderr]    Compiling exr v1.6.3
[INFO] [stderr]    Compiling gif v0.12.0
[INFO] [stderr]    Compiling ambient_asset_cache v0.2.1
[INFO] [stderr]    Compiling reqwest v0.11.16
[INFO] [stderr]    Compiling ambient_profiling v1.0.9
[INFO] [stderr]    Compiling tiff v0.8.1
[INFO] [stderr]    Compiling ambient_color v0.2.1
[INFO] [stderr]    Compiling sentry-anyhow v0.27.0
[INFO] [stderr]    Compiling toml v0.7.3
[INFO] [stderr]    Compiling ambient_math v0.2.1
[INFO] [stderr]    Compiling ambient_friendly_id v0.2.1
[INFO] [stderr]    Compiling relative-path v1.8.0
[INFO] [stderr]    Compiling bincode v1.3.3
[INFO] [stderr]    Compiling qoi v0.4.1
[INFO] [stderr]    Compiling heck v0.4.1
[INFO] [stderr]    Compiling data-encoding v2.3.3
[INFO] [stderr]    Compiling linked-hash-map v0.5.6
[INFO] [stderr]    Compiling ambient_cb v0.2.1
[INFO] [stderr]    Compiling matrixmultiply v0.3.3
[INFO] [stderr]    Compiling strum_macros v0.24.3
[INFO] [stderr]    Compiling image v0.24.6
[INFO] [stderr]    Compiling ambient_std v0.2.1
[INFO] [stderr]    Compiling ambient_project v0.2.1
[INFO] [stderr]    Compiling num-complex v0.4.3
[INFO] [stderr]    Compiling paste v1.0.12
[INFO] [stderr]    Compiling erased-serde v0.3.25
[INFO] [stderr]    Compiling strum v0.24.1
[INFO] [stderr]    Compiling ndarray v0.15.6
[INFO] [stderr]    Compiling ambient_project_macro_common v0.2.1
[INFO] [stderr]    Compiling aho-corasick v0.7.20
[INFO] [stderr]    Compiling ambient_schema v0.2.1
[INFO] [stderr]    Compiling unsafe-libyaml v0.2.8
[INFO] [stderr]    Compiling ambient_project_macro v0.2.1
[INFO] [stderr]    Compiling serde_yaml v0.9.21
[INFO] [stderr]    Compiling yaml-rust-davvid v0.5.1
[INFO] [stderr]    Compiling ambient_project_rt v0.2.1
[INFO] [stderr]    Compiling atomic_refcell v0.1.10
[INFO] [stderr]    Compiling approx v0.5.1
[INFO] [stderr]    Compiling xi-unicode v0.3.0
[INFO] [stderr]    Compiling glyph_brush_draw_cache v0.1.5
[INFO] [stderr]    Compiling glyph_brush_layout v0.2.3
[INFO] [stderr]    Compiling twox-hash v1.6.3
[INFO] [stderr]    Compiling x11rb-protocol v0.10.0
[INFO] [stderr]    Compiling gethostname v0.2.3
[INFO] [stderr]    Compiling proc-macro-crate v1.3.1
[INFO] [stderr]    Compiling glyph_brush v0.7.7
[INFO] [stderr]    Compiling io-lifetimes v1.0.10
[INFO] [stderr]    Compiling dyn-clonable-impl v0.9.0
[INFO] [stderr]    Compiling rustix v0.37.15
[INFO] [stderr]    Compiling dyn-clone v1.0.11
[INFO] [stderr]    Compiling ambient_element_component v0.2.1
[INFO] [stderr]    Compiling derivative v2.2.0
[INFO] [stderr]    Compiling diff v0.1.13
[INFO] [stderr]    Compiling dyn-clonable v0.9.0
[INFO] [stderr]    Compiling yansi v0.5.1
[INFO] [stderr]    Compiling linux-raw-sys v0.3.5
[INFO] [stderr]    Compiling pretty_assertions v1.3.0
[INFO] [stderr]    Compiling ambient_time v0.2.1
[INFO] [stderr]    Compiling ambient_editor_derive v0.2.1
[INFO] [stderr]    Compiling humantime v2.1.0
[INFO] [stderr]    Compiling closure v0.3.0
[INFO] [stderr]    Compiling is-terminal v0.4.7
[INFO] [stderr]    Compiling env_logger v0.10.0
[INFO] [stderr]    Compiling x11rb v0.10.1
[INFO] [stderr]    Compiling arboard v3.2.0
[INFO] [stderr]    Compiling sctk-adwaita v0.5.4
[INFO] [stderr]    Compiling ambient_gpu v0.2.1
[INFO] [stderr]    Compiling ambient_shared_types v0.2.1
[INFO] [stderr]    Compiling ambient_ecs v0.2.1
[INFO] [stderr]    Compiling ambient_meshes v0.2.1
[INFO] [stderr]    Compiling ambient_core v0.2.1
[INFO] [stderr]    Compiling ambient_input v0.2.1
[INFO] [stderr]    Compiling ambient_renderer v0.2.1
[INFO] [stderr]    Compiling ambient_layout v0.2.1
[INFO] [stderr]    Compiling ambient_text v0.2.1
[INFO] [stderr]    Compiling ambient_rect v0.2.1
[INFO] [stderr]    Compiling ambient_guest_bridge v0.2.1
[INFO] [stderr]    Compiling ambient_element v0.2.1
[INFO] [stderr]    Compiling ambient_ui v0.2.1
[INFO] [stderr]    Compiling ambient_ui_native v0.2.1
[INFO] [stderr]    Compiling ambient_ecs_editor v0.2.1 (/opt/rustwide/workdir)
[INFO] [stderr]     Finished dev [unoptimized + debuginfo] target(s) in 1m 21s
[INFO] running `Command { std: "docker" "inspect" "734e9d82b193fd7b583c3a6381d0e11a7beaf60dff0a468ebed6b19886127216", kill_on_drop: false }`
[INFO] running `Command { std: "docker" "rm" "-f" "734e9d82b193fd7b583c3a6381d0e11a7beaf60dff0a468ebed6b19886127216", kill_on_drop: false }`
[INFO] [stdout] 734e9d82b193fd7b583c3a6381d0e11a7beaf60dff0a468ebed6b19886127216
[INFO] running `Command { std: "docker" "create" "-v" "/var/lib/crater-agent-workspace/builds/worker-6-tc1/target:/opt/rustwide/target:rw,Z" "-v" "/var/lib/crater-agent-workspace/builds/worker-6-tc1/source:/opt/rustwide/workdir:ro,Z" "-v" "/var/lib/crater-agent-workspace/cargo-home:/opt/rustwide/cargo-home:ro,Z" "-v" "/var/lib/crater-agent-workspace/rustup-home:/opt/rustwide/rustup-home:ro,Z" "-e" "SOURCE_DIR=/opt/rustwide/workdir" "-e" "CARGO_TARGET_DIR=/opt/rustwide/target" "-e" "CARGO_INCREMENTAL=0" "-e" "RUST_BACKTRACE=full" "-e" "RUSTFLAGS=--cap-lints=warn" "-e" "RUSTDOCFLAGS=--cap-lints=warn" "-e" "CARGO_HOME=/opt/rustwide/cargo-home" "-e" "RUSTUP_HOME=/opt/rustwide/rustup-home" "-w" "/opt/rustwide/workdir" "-m" "1610612736" "--user" "0:0" "--network" "none" "ghcr.io/rust-lang/crates-build-env/linux@sha256:2788e3201cd34a07e3172128adcd8b3090168a8e3bcc40d7c032b9dda1df7d1c" "/opt/rustwide/cargo-home/bin/cargo" "+1.75.0" "test" "--frozen" "--no-run" "--message-format=json", kill_on_drop: false }`
[INFO] [stdout] 90f8050578d0cd0fbc6d5300e537da97cbd4ad98932f3ce705e8c5a4f8959f84
[INFO] running `Command { std: "docker" "start" "-a" "90f8050578d0cd0fbc6d5300e537da97cbd4ad98932f3ce705e8c5a4f8959f84", kill_on_drop: false }`
[INFO] [stderr]    Compiling ambient_ecs_editor v0.2.1 (/opt/rustwide/workdir)
[INFO] [stdout] error[E0432]: unresolved import `ambient_app`
[INFO] [stdout]  --> examples/ecs_editor.rs:1:5
[INFO] [stdout]   |
[INFO] [stdout] 1 | use ambient_app::AppBuilder;
[INFO] [stdout]   |     ^^^^^^^^^^^ use of undeclared crate or module `ambient_app`
[INFO] [stdout]   |
[INFO] [stdout] help: there is a crate or module with a similar name
[INFO] [stdout]   |
[INFO] [stdout] 1 | use ambient_ecs::AppBuilder;
[INFO] [stdout]   |     ~~~~~~~~~~~
[INFO] [stdout] 
[INFO] [stdout] 
[INFO] [stdout] error[E0432]: unresolved import `ambient_cameras`
[INFO] [stdout]  --> examples/ecs_editor.rs:2:5
[INFO] [stdout]   |
[INFO] [stdout] 2 | use ambient_cameras::UICamera;
[INFO] [stdout]   |     ^^^^^^^^^^^^^^^ use of undeclared crate or module `ambient_cameras`
[INFO] [stdout]   |
[INFO] [stdout] help: there is a crate or module with a similar name
[INFO] [stdout]   |
[INFO] [stdout] 2 | use ambient_core::UICamera;
[INFO] [stdout]   |     ~~~~~~~~~~~~
[INFO] [stdout] 
[INFO] [stdout] 
[INFO] [stdout] error: aborting due to 2 previous errors
[INFO] [stdout] 
[INFO] [stdout] 
[INFO] [stdout] For more information about this error, try `rustc --explain E0432`.
[INFO] [stdout] 
[INFO] [stderr] error: could not compile `ambient_ecs_editor` (example "ecs_editor") due to 3 previous errors
[INFO] [stderr] warning: build failed, waiting for other jobs to finish...
[INFO] running `Command { std: "docker" "inspect" "90f8050578d0cd0fbc6d5300e537da97cbd4ad98932f3ce705e8c5a4f8959f84", kill_on_drop: false }`
[INFO] running `Command { std: "docker" "rm" "-f" "90f8050578d0cd0fbc6d5300e537da97cbd4ad98932f3ce705e8c5a4f8959f84", kill_on_drop: false }`
[INFO] [stdout] 90f8050578d0cd0fbc6d5300e537da97cbd4ad98932f3ce705e8c5a4f8959f84
[INFO] testing ambient_ecs_editor-0.2.1 against beta-2023-12-22 for beta-1.76-1
[INFO] extracting crate ambient_ecs_editor 0.2.1 into /workspace/builds/worker-6-tc2/source
[INFO] validating manifest of crates.io crate ambient_ecs_editor 0.2.1 on toolchain beta-2023-12-22
[INFO] running `Command { std: CARGO_HOME="/workspace/cargo-home" RUSTUP_HOME="/workspace/rustup-home" "/workspace/cargo-home/bin/cargo" "+beta-2023-12-22" "metadata" "--manifest-path" "Cargo.toml" "--no-deps", kill_on_drop: false }`
[INFO] started tweaking crates.io crate ambient_ecs_editor 0.2.1
[INFO] finished tweaking crates.io crate ambient_ecs_editor 0.2.1
[INFO] tweaked toml for crates.io crate ambient_ecs_editor 0.2.1 written to /workspace/builds/worker-6-tc2/source/Cargo.toml
[INFO] crate crates.io crate ambient_ecs_editor 0.2.1 already has a lockfile, it will not be regenerated
[INFO] running `Command { std: CARGO_HOME="/workspace/cargo-home" RUSTUP_HOME="/workspace/rustup-home" "/workspace/cargo-home/bin/cargo" "+beta-2023-12-22" "fetch" "--manifest-path" "Cargo.toml", kill_on_drop: false }`
[INFO] running `Command { std: "docker" "create" "-v" "/var/lib/crater-agent-workspace/builds/worker-6-tc2/target:/opt/rustwide/target:rw,Z" "-v" "/var/lib/crater-agent-workspace/builds/worker-6-tc2/source:/opt/rustwide/workdir:ro,Z" "-v" "/var/lib/crater-agent-workspace/cargo-home:/opt/rustwide/cargo-home:ro,Z" "-v" "/var/lib/crater-agent-workspace/rustup-home:/opt/rustwide/rustup-home:ro,Z" "-e" "SOURCE_DIR=/opt/rustwide/workdir" "-e" "CARGO_TARGET_DIR=/opt/rustwide/target" "-e" "CARGO_HOME=/opt/rustwide/cargo-home" "-e" "RUSTUP_HOME=/opt/rustwide/rustup-home" "-w" "/opt/rustwide/workdir" "-m" "1610612736" "--user" "0:0" "--network" "none" "ghcr.io/rust-lang/crates-build-env/linux@sha256:2788e3201cd34a07e3172128adcd8b3090168a8e3bcc40d7c032b9dda1df7d1c" "/opt/rustwide/cargo-home/bin/cargo" "+beta-2023-12-22" "metadata" "--no-deps" "--format-version=1", kill_on_drop: false }`
[INFO] [stdout] 0453529b3f425f39cde398be7de2d29709ba9a61b040c5361c89188c2416ead8
[INFO] running `Command { std: "docker" "start" "-a" "0453529b3f425f39cde398be7de2d29709ba9a61b040c5361c89188c2416ead8", kill_on_drop: false }`
[INFO] running `Command { std: "docker" "inspect" "0453529b3f425f39cde398be7de2d29709ba9a61b040c5361c89188c2416ead8", kill_on_drop: false }`
[INFO] running `Command { std: "docker" "rm" "-f" "0453529b3f425f39cde398be7de2d29709ba9a61b040c5361c89188c2416ead8", kill_on_drop: false }`
[INFO] [stdout] 0453529b3f425f39cde398be7de2d29709ba9a61b040c5361c89188c2416ead8
[INFO] running `Command { std: "docker" "create" "-v" "/var/lib/crater-agent-workspace/builds/worker-6-tc2/target:/opt/rustwide/target:rw,Z" "-v" "/var/lib/crater-agent-workspace/builds/worker-6-tc2/source:/opt/rustwide/workdir:ro,Z" "-v" "/var/lib/crater-agent-workspace/cargo-home:/opt/rustwide/cargo-home:ro,Z" "-v" "/var/lib/crater-agent-workspace/rustup-home:/opt/rustwide/rustup-home:ro,Z" "-e" "SOURCE_DIR=/opt/rustwide/workdir" "-e" "CARGO_TARGET_DIR=/opt/rustwide/target" "-e" "CARGO_INCREMENTAL=0" "-e" "RUST_BACKTRACE=full" "-e" "RUSTFLAGS=--cap-lints=warn" "-e" "RUSTDOCFLAGS=--cap-lints=warn" "-e" "CARGO_HOME=/opt/rustwide/cargo-home" "-e" "RUSTUP_HOME=/opt/rustwide/rustup-home" "-w" "/opt/rustwide/workdir" "-m" "1610612736" "--user" "0:0" "--network" "none" "ghcr.io/rust-lang/crates-build-env/linux@sha256:2788e3201cd34a07e3172128adcd8b3090168a8e3bcc40d7c032b9dda1df7d1c" "/opt/rustwide/cargo-home/bin/cargo" "+beta-2023-12-22" "build" "--frozen" "--message-format=json", kill_on_drop: false }`
[INFO] [stdout] 313da705a1227780310c80a77c8838c3a6b81d6021c5b33479dce9231b5c16b2
[INFO] running `Command { std: "docker" "start" "-a" "313da705a1227780310c80a77c8838c3a6b81d6021c5b33479dce9231b5c16b2", kill_on_drop: false }`
[INFO] [stderr]    Compiling proc-macro2 v1.0.56
[INFO] [stderr]    Compiling quote v1.0.26
[INFO] [stderr]    Compiling unicode-ident v1.0.8
[INFO] [stderr]    Compiling serde_derive v1.0.160
[INFO] [stderr]    Compiling serde v1.0.160
[INFO] [stderr]    Compiling once_cell v1.17.1
[INFO] [stderr]    Compiling getrandom v0.2.9
[INFO] [stderr]    Compiling smallvec v1.10.0
[INFO] [stderr]    Compiling memchr v2.5.0
[INFO] [stderr]    Compiling log v0.4.17
[INFO] [stderr]    Compiling thiserror v1.0.40
[INFO] [stderr]    Compiling cc v1.0.79
[INFO] [stderr]    Compiling adler v1.0.2
[INFO] [stderr]    Compiling num-traits v0.2.15
[INFO] [stderr]    Compiling lock_api v0.4.9
[INFO] [stderr]    Compiling num_cpus v1.15.0
[INFO] [stderr]    Compiling ahash v0.7.6
[INFO] [stderr]    Compiling parking_lot_core v0.9.7
[INFO] [stderr]    Compiling libloading v0.7.4
[INFO] [stderr]    Compiling futures-core v0.3.28
[INFO] [stderr]    Compiling syn v2.0.15
[INFO] [stderr]    Compiling syn v1.0.109
[INFO] [stderr]    Compiling miniz_oxide v0.6.2
[INFO] [stderr]    Compiling memoffset v0.6.5
[INFO] [stderr]    Compiling pkg-config v0.3.26
[INFO] [stderr]    Compiling hashbrown v0.12.3
[INFO] [stderr]    Compiling indexmap v1.9.3
[INFO] [stderr]    Compiling futures-sink v0.3.28
[INFO] [stderr]    Compiling xml-rs v0.8.4
[INFO] [stderr]    Compiling pin-project-lite v0.2.9
[INFO] [stderr]    Compiling either v1.8.1
[INFO] [stderr]    Compiling backtrace v0.3.67
[INFO] [stderr]    Compiling mio v0.8.6
[INFO] [stderr]    Compiling bytes v1.4.0
[INFO] [stderr]    Compiling gimli v0.27.2
[INFO] [stderr]    Compiling nix v0.24.3
[INFO] [stderr]    Compiling ring v0.16.20
[INFO] [stderr]    Compiling wayland-scanner v0.29.5
[INFO] [stderr]    Compiling tokio v1.28.0
[INFO] [stderr]    Compiling slab v0.4.8
[INFO] [stderr]    Compiling futures-task v0.3.28
[INFO] [stderr]    Compiling futures-channel v0.3.28
[INFO] [stderr]    Compiling rustc-demangle v0.1.23
[INFO] [stderr]    Compiling winnow v0.4.1
[INFO] [stderr]    Compiling crc32fast v1.3.2
[INFO] [stderr]    Compiling simd-adler32 v0.3.5
[INFO] [stderr]    Compiling wayland-sys v0.29.5
[INFO] [stderr]    Compiling slotmap v1.0.6
[INFO] [stderr]    Compiling socket2 v0.4.9
[INFO] [stderr]    Compiling addr2line v0.19.0
[INFO] [stderr]    Compiling signal-hook-registry v1.4.1
[INFO] [stderr]    Compiling wasm-bindgen-shared v0.2.84
[INFO] [stderr]    Compiling futures-util v0.3.28
[INFO] [stderr]    Compiling dlib v0.5.0
[INFO] [stderr]    Compiling tracing-core v0.1.30
[INFO] [stderr]    Compiling num-integer v0.1.45
[INFO] [stderr]    Compiling anyhow v1.0.70
[INFO] [stderr]    Compiling futures-io v0.3.28
[INFO] [stderr]    Compiling flate2 v1.0.25
[INFO] [stderr]    Compiling wayland-client v0.29.5
[INFO] [stderr]    Compiling termcolor v1.1.3
[INFO] [stderr]    Compiling rustc-hash v1.1.0
[INFO] [stderr]    Compiling bumpalo v3.12.1
[INFO] [stderr]    Compiling ttf-parser v0.19.0
[INFO] [stderr]    Compiling time v0.3.20
[INFO] [stderr]    Compiling wasm-bindgen-backend v0.2.84
[INFO] [stderr]    Compiling thiserror-impl v1.0.40
[INFO] [stderr]    Compiling bytemuck_derive v1.4.1
[INFO] [stderr]    Compiling tokio-macros v2.1.0
[INFO] [stderr]    Compiling tracing-attributes v0.1.24
[INFO] [stderr]    Compiling pin-project-internal v1.0.12
[INFO] [stderr]    Compiling owned_ttf_parser v0.19.0
[INFO] [stderr]    Compiling rayon-core v1.11.0
[INFO] [stderr]    Compiling bytemuck v1.13.1
[INFO] [stderr]    Compiling wayland-commons v0.29.5
[INFO] [stderr]    Compiling fdeflate v0.3.0
[INFO] [stderr]    Compiling miniz_oxide v0.7.1
[INFO] [stderr]    Compiling nanorand v0.7.0
[INFO] [stderr]    Compiling raw-window-handle v0.5.2
[INFO] [stderr]    Compiling ab_glyph_rasterizer v0.1.8
[INFO] [stderr]    Compiling bit-vec v0.6.3
[INFO] [stderr]    Compiling tracing v0.1.38
[INFO] [stderr]    Compiling pin-project v1.0.12
[INFO] [stderr]    Compiling scoped-tls v1.0.1
[INFO] [stderr]    Compiling unicode-width v0.1.10
[INFO] [stderr]    Compiling khronos-egl v4.1.0
[INFO] [stderr]    Compiling ash v0.37.2+1.3.238
[INFO] [stderr]    Compiling minimal-lexical v0.2.1
[INFO] [stderr]    Compiling codespan-reporting v0.11.1
[INFO] [stderr]    Compiling bit-set v0.5.3
[INFO] [stderr]    Compiling nom v7.1.3
[INFO] [stderr]    Compiling http v0.2.9
[INFO] [stderr]    Compiling ab_glyph v0.2.21
[INFO] [stderr]    Compiling png v0.17.8
[INFO] [stderr]    Compiling wasm-bindgen-macro-support v0.2.84
[INFO] [stderr]    Compiling webpki v0.22.0
[INFO] [stderr]    Compiling wayland-protocols v0.29.5
[INFO] [stderr]    Compiling spirv v0.2.0+1.5.4
[INFO] [stderr]    Compiling object v0.30.3
[INFO] [stderr]    Compiling gpu-alloc-types v0.2.0
[INFO] [stderr]    Compiling gpu-descriptor-types v0.1.1
[INFO] [stderr]    Compiling rustls v0.20.8
[INFO] [stderr]    Compiling unicode-xid v0.2.4
[INFO] [stderr]    Compiling hexf-parse v0.2.1
[INFO] [stderr]    Compiling wasm-bindgen v0.2.84
[INFO] [stderr]    Compiling bitflags v2.2.1
[INFO] [stderr]    Compiling byteorder v1.4.3
[INFO] [stderr]    Compiling wgpu-types v0.16.0
[INFO] [stderr]    Compiling gpu-descriptor v0.2.3
[INFO] [stderr]    Compiling gpu-alloc v0.5.3
[INFO] [stderr]    Compiling wasm-bindgen-macro v0.2.84
[INFO] [stderr]    Compiling xcursor v0.3.4
[INFO] [stderr]    Compiling rayon v1.7.0
[INFO] [stderr]    Compiling rand_core v0.6.4
[INFO] [stderr]    Compiling parking_lot v0.12.1
[INFO] [stderr]    Compiling spin v0.9.8
[INFO] [stderr]    Compiling rand_chacha v0.3.1
[INFO] [stderr]    Compiling flume v0.10.14
[INFO] [stderr]    Compiling rand v0.8.5
[INFO] [stderr]    Compiling serde_spanned v0.6.1
[INFO] [stderr]    Compiling toml_datetime v0.6.1
[INFO] [stderr]    Compiling uuid v1.3.1
[INFO] [stderr]    Compiling url v2.3.1
[INFO] [stderr]    Compiling serde_json v1.0.96
[INFO] [stderr]    Compiling debugid v0.8.0
[INFO] [stderr]    Compiling toml_edit v0.19.8
[INFO] [stderr]    Compiling naga v0.12.0
[INFO] [stderr]    Compiling sct v0.7.0
[INFO] [stderr]    Compiling itertools v0.10.5
[INFO] [stderr]    Compiling smithay-client-toolkit v0.16.0
[INFO] [stderr]    Compiling nix v0.25.1
[INFO] [stderr]    Compiling aho-corasick v1.0.1
[INFO] [stderr]    Compiling tokio-util v0.7.8
[INFO] [stderr]    Compiling instant v0.1.12
[INFO] [stderr]    Compiling libloading v0.8.0
[INFO] [stderr]    Compiling renderdoc-sys v1.0.0
[INFO] [stderr]    Compiling glow v0.12.1
[INFO] [stderr]    Compiling profiling v1.0.8
[INFO] [stderr]    Compiling try-lock v0.2.4
[INFO] [stderr]    Compiling regex-syntax v0.7.1
[INFO] [stderr]    Compiling libc v0.2.142
[INFO] [stderr]    Compiling strict-num v0.1.0
[INFO] [stderr]    Compiling arrayref v0.3.7
[INFO] [stderr]    Compiling tiny-skia-path v0.8.4
[INFO] [stderr]    Compiling calloop v0.10.5
[INFO] [stderr]    Compiling regex v1.8.1
[INFO] [stderr]    Compiling want v0.3.0
[INFO] [stderr]    Compiling h2 v0.3.18
[INFO] [stderr]    Compiling sentry-types v0.27.0
[INFO] [stderr]    Compiling wgpu-hal v0.16.0
[INFO] [stderr]    Compiling ordered-float v3.7.0
[INFO] [stderr]    Compiling glam v0.22.0
[INFO] [stderr]    Compiling wayland-cursor v0.29.5
[INFO] [stderr]    Compiling http-body v0.4.5
[INFO] [stderr]    Compiling x11-dl v2.21.0
[INFO] [stderr]    Compiling memmap2 v0.5.10
[INFO] [stderr]    Compiling async-trait v0.1.68
[INFO] [stderr]    Compiling cfg_aliases v0.1.1
[INFO] [stderr]    Compiling convert_case v0.4.0
[INFO] [stderr]    Compiling httpdate v1.0.2
[INFO] [stderr]    Compiling wgpu-core v0.16.0
[INFO] [stderr]    Compiling hyper v0.14.26
[INFO] [stderr]    Compiling derive_more v0.99.17
[INFO] [stderr]    Compiling winit v0.28.3
[INFO] [stderr]    Compiling console_error_panic_hook v0.1.7
[INFO] [stderr]    Compiling sentry-core v0.27.0
[INFO] [stderr]    Compiling tokio-rustls v0.23.4
[INFO] [stderr]    Compiling tiny-skia v0.8.4
[INFO] [stderr]    Compiling futures v0.3.28
[INFO] [stderr]    Compiling num-rational v0.4.1
[INFO] [stderr]    Compiling rustversion v1.0.12
[INFO] [stderr]    Compiling unicode-segmentation v1.10.1
[INFO] [stderr]    Compiling weezl v0.1.7
[INFO] [stderr]    Compiling base64 v0.21.0
[INFO] [stderr]    Compiling rustls-pemfile v1.0.2
[INFO] [stderr]    Compiling convert_case v0.6.0
[INFO] [stderr]    Compiling chrono v0.4.24
[INFO] [stderr]    Compiling wgpu v0.16.0
[INFO] [stderr]    Compiling ambient_sys v0.2.1
[INFO] [stderr]    Compiling hyper-rustls v0.23.2
[INFO] [stderr]    Compiling sentry-backtrace v0.27.0
[INFO] [stderr]    Compiling puffin v0.14.3
[INFO] [stderr]    Compiling jpeg-decoder v0.3.0
[INFO] [stderr]    Compiling serde_urlencoded v0.7.1
[INFO] [stderr]    Compiling webpki-roots v0.22.6
[INFO] [stderr]    Compiling ambient_profiling_procmacros v1.0.9
[INFO] [stderr]    Compiling zune-inflate v0.2.53
[INFO] [stderr]    Compiling encoding_rs v0.8.32
[INFO] [stderr]    Compiling color_quant v1.1.0
[INFO] [stderr]    Compiling ipnet v2.7.2
[INFO] [stderr]    Compiling bit_field v0.10.2
[INFO] [stderr]    Compiling as-any v0.2.1
[INFO] [stderr]    Compiling half v2.2.1
[INFO] [stderr]    Compiling lebe v0.5.2
[INFO] [stderr]    Compiling exr v1.6.3
[INFO] [stderr]    Compiling ambient_asset_cache v0.2.1
[INFO] [stderr]    Compiling gif v0.12.0
[INFO] [stderr]    Compiling reqwest v0.11.16
[INFO] [stderr]    Compiling ambient_profiling v1.0.9
[INFO] [stderr]    Compiling tiff v0.8.1
[INFO] [stderr]    Compiling toml v0.7.3
[INFO] [stderr]    Compiling ambient_color v0.2.1
[INFO] [stderr]    Compiling sentry-anyhow v0.27.0
[INFO] [stderr]    Compiling ambient_math v0.2.1
[INFO] [stderr]    Compiling ambient_friendly_id v0.2.1
[INFO] [stderr]    Compiling bincode v1.3.3
[INFO] [stderr]    Compiling relative-path v1.8.0
[INFO] [stderr]    Compiling qoi v0.4.1
[INFO] [stderr]    Compiling heck v0.4.1
[INFO] [stderr]    Compiling linked-hash-map v0.5.6
[INFO] [stderr]    Compiling data-encoding v2.3.3
[INFO] [stderr]    Compiling ambient_cb v0.2.1
[INFO] [stderr]    Compiling matrixmultiply v0.3.3
[INFO] [stderr]    Compiling image v0.24.6
[INFO] [stderr]    Compiling strum_macros v0.24.3
[INFO] [stderr]    Compiling ambient_std v0.2.1
[INFO] [stderr]    Compiling ambient_project v0.2.1
[INFO] [stderr]    Compiling num-complex v0.4.3
[INFO] [stderr]    Compiling erased-serde v0.3.25
[INFO] [stderr]    Compiling paste v1.0.12
[INFO] [stderr]    Compiling strum v0.24.1
[INFO] [stderr]    Compiling ambient_project_macro_common v0.2.1
[INFO] [stderr]    Compiling ndarray v0.15.6
[INFO] [stderr]    Compiling aho-corasick v0.7.20
[INFO] [stderr]    Compiling ambient_schema v0.2.1
[INFO] [stderr]    Compiling unsafe-libyaml v0.2.8
[INFO] [stderr]    Compiling ambient_project_macro v0.2.1
[INFO] [stderr]    Compiling serde_yaml v0.9.21
[INFO] [stderr]    Compiling yaml-rust-davvid v0.5.1
[INFO] [stderr]    Compiling ambient_project_rt v0.2.1
[INFO] [stderr]    Compiling atomic_refcell v0.1.10
[INFO] [stderr]    Compiling approx v0.5.1
[INFO] [stderr]    Compiling xi-unicode v0.3.0
[INFO] [stderr]    Compiling glyph_brush_draw_cache v0.1.5
[INFO] [stderr]    Compiling twox-hash v1.6.3
[INFO] [stderr]    Compiling glyph_brush_layout v0.2.3
[INFO] [stderr]    Compiling x11rb-protocol v0.10.0
[INFO] [stderr]    Compiling gethostname v0.2.3
[INFO] [stderr]    Compiling glyph_brush v0.7.7
[INFO] [stderr]    Compiling proc-macro-crate v1.3.1
[INFO] [stderr]    Compiling io-lifetimes v1.0.10
[INFO] [stderr]    Compiling dyn-clonable-impl v0.9.0
[INFO] [stderr]    Compiling rustix v0.37.15
[INFO] [stderr]    Compiling dyn-clone v1.0.11
[INFO] [stderr]    Compiling ambient_element_component v0.2.1
[INFO] [stderr]    Compiling derivative v2.2.0
[INFO] [stderr]    Compiling yansi v0.5.1
[INFO] [stderr]    Compiling diff v0.1.13
[INFO] [stderr]    Compiling linux-raw-sys v0.3.5
[INFO] [stderr]    Compiling dyn-clonable v0.9.0
[INFO] [stderr]    Compiling pretty_assertions v1.3.0
[INFO] [stderr]    Compiling ambient_time v0.2.1
[INFO] [stderr]    Compiling ambient_editor_derive v0.2.1
[INFO] [stderr]    Compiling closure v0.3.0
[INFO] [stderr]    Compiling humantime v2.1.0
[INFO] [stderr]    Compiling is-terminal v0.4.7
[INFO] [stderr]    Compiling env_logger v0.10.0
[INFO] [stderr]    Compiling x11rb v0.10.1
[INFO] [stderr]    Compiling arboard v3.2.0
[INFO] [stderr]    Compiling sctk-adwaita v0.5.4
[INFO] [stderr]    Compiling ambient_gpu v0.2.1
[INFO] [stderr]    Compiling ambient_shared_types v0.2.1
[INFO] [stderr]    Compiling ambient_ecs v0.2.1
[INFO] [stderr]    Compiling ambient_meshes v0.2.1
[INFO] [stderr]    Compiling ambient_core v0.2.1
[INFO] [stderr]    Compiling ambient_input v0.2.1
[INFO] [stderr]    Compiling ambient_renderer v0.2.1
[INFO] [stderr]    Compiling ambient_layout v0.2.1
[INFO] [stderr]    Compiling ambient_rect v0.2.1
[INFO] [stderr]    Compiling ambient_text v0.2.1
[INFO] [stderr]    Compiling ambient_guest_bridge v0.2.1
[INFO] [stderr]    Compiling ambient_element v0.2.1
[INFO] [stderr]    Compiling ambient_ui v0.2.1
[INFO] [stderr]    Compiling ambient_ui_native v0.2.1
[INFO] [stderr]    Compiling ambient_ecs_editor v0.2.1 (/opt/rustwide/workdir)
[INFO] [stderr]     Finished dev [unoptimized + debuginfo] target(s) in 1m 10s
[INFO] running `Command { std: "docker" "inspect" "313da705a1227780310c80a77c8838c3a6b81d6021c5b33479dce9231b5c16b2", kill_on_drop: false }`
[INFO] running `Command { std: "docker" "rm" "-f" "313da705a1227780310c80a77c8838c3a6b81d6021c5b33479dce9231b5c16b2", kill_on_drop: false }`
[INFO] [stdout] 313da705a1227780310c80a77c8838c3a6b81d6021c5b33479dce9231b5c16b2
[INFO] running `Command { std: "docker" "create" "-v" "/var/lib/crater-agent-workspace/builds/worker-6-tc2/target:/opt/rustwide/target:rw,Z" "-v" "/var/lib/crater-agent-workspace/builds/worker-6-tc2/source:/opt/rustwide/workdir:ro,Z" "-v" "/var/lib/crater-agent-workspace/cargo-home:/opt/rustwide/cargo-home:ro,Z" "-v" "/var/lib/crater-agent-workspace/rustup-home:/opt/rustwide/rustup-home:ro,Z" "-e" "SOURCE_DIR=/opt/rustwide/workdir" "-e" "CARGO_TARGET_DIR=/opt/rustwide/target" "-e" "CARGO_INCREMENTAL=0" "-e" "RUST_BACKTRACE=full" "-e" "RUSTFLAGS=--cap-lints=warn" "-e" "RUSTDOCFLAGS=--cap-lints=warn" "-e" "CARGO_HOME=/opt/rustwide/cargo-home" "-e" "RUSTUP_HOME=/opt/rustwide/rustup-home" "-w" "/opt/rustwide/workdir" "-m" "1610612736" "--user" "0:0" "--network" "none" "ghcr.io/rust-lang/crates-build-env/linux@sha256:2788e3201cd34a07e3172128adcd8b3090168a8e3bcc40d7c032b9dda1df7d1c" "/opt/rustwide/cargo-home/bin/cargo" "+beta-2023-12-22" "test" "--frozen" "--no-run" "--message-format=json", kill_on_drop: false }`
[INFO] [stdout] f86717c1ce9c6e10e75faa9576e9ef9b228997b7a609fd9e711702cff5a145eb
[INFO] running `Command { std: "docker" "start" "-a" "f86717c1ce9c6e10e75faa9576e9ef9b228997b7a609fd9e711702cff5a145eb", kill_on_drop: false }`
[INFO] [stderr]    Compiling ambient_ecs_editor v0.2.1 (/opt/rustwide/workdir)
[INFO] [stdout] error[E0432]: unresolved import `ambient_app`
[INFO] [stdout]  --> examples/ecs_editor.rs:1:5
[INFO] [stdout]   |
[INFO] [stdout] 1 | use ambient_app::AppBuilder;
[INFO] [stdout]   |     ^^^^^^^^^^^ use of undeclared crate or module `ambient_app`
[INFO] [stdout]   |
[INFO] [stdout] help: there is a crate or module with a similar name
[INFO] [stdout]   |
[INFO] [stdout] 1 | use ambient_ecs::AppBuilder;
[INFO] [stdout]   |     ~~~~~~~~~~~
[INFO] [stdout] 
[INFO] [stdout] 
[INFO] [stdout] error[E0432]: unresolved import `ambient_cameras`
[INFO] [stdout]  --> examples/ecs_editor.rs:2:5
[INFO] [stdout]   |
[INFO] [stdout] 2 | use ambient_cameras::UICamera;
[INFO] [stdout]   |     ^^^^^^^^^^^^^^^ use of undeclared crate or module `ambient_cameras`
[INFO] [stdout]   |
[INFO] [stdout] help: there is a crate or module with a similar name
[INFO] [stdout]   |
[INFO] [stdout] 2 | use ambient_core::UICamera;
[INFO] [stdout]   |     ~~~~~~~~~~~~
[INFO] [stdout] 
[INFO] [stdout] 
[INFO] [stdout] error: aborting due to 2 previous errors
[INFO] [stdout] 
[INFO] [stdout] 
[INFO] [stdout] For more information about this error, try `rustc --explain E0432`.
[INFO] [stdout] 
[INFO] [stderr] error: could not compile `ambient_ecs_editor` (example "ecs_editor") due to 3 previous errors
[INFO] [stderr] warning: build failed, waiting for other jobs to finish...
[INFO] running `Command { std: "docker" "inspect" "f86717c1ce9c6e10e75faa9576e9ef9b228997b7a609fd9e711702cff5a145eb", kill_on_drop: false }`
[INFO] running `Command { std: "docker" "rm" "-f" "f86717c1ce9c6e10e75faa9576e9ef9b228997b7a609fd9e711702cff5a145eb", kill_on_drop: false }`
[INFO] [stdout] f86717c1ce9c6e10e75faa9576e9ef9b228997b7a609fd9e711702cff5a145eb
