[INFO] fetching crate allegro-motor-drivers 0.1.0...
[INFO] testing allegro-motor-drivers-0.1.0 against 1.75.0 for beta-1.76-1
[INFO] extracting crate allegro-motor-drivers 0.1.0 into /workspace/builds/worker-5-tc1/source
[INFO] validating manifest of crates.io crate allegro-motor-drivers 0.1.0 on toolchain 1.75.0
[INFO] running `Command { std: CARGO_HOME="/workspace/cargo-home" RUSTUP_HOME="/workspace/rustup-home" "/workspace/cargo-home/bin/cargo" "+1.75.0" "metadata" "--manifest-path" "Cargo.toml" "--no-deps", kill_on_drop: false }`
[INFO] started tweaking crates.io crate allegro-motor-drivers 0.1.0
[INFO] finished tweaking crates.io crate allegro-motor-drivers 0.1.0
[INFO] tweaked toml for crates.io crate allegro-motor-drivers 0.1.0 written to /workspace/builds/worker-5-tc1/source/Cargo.toml
[INFO] running `Command { std: CARGO_HOME="/workspace/cargo-home" RUSTUP_HOME="/workspace/rustup-home" "/workspace/cargo-home/bin/cargo" "+1.75.0" "generate-lockfile" "--manifest-path" "Cargo.toml", kill_on_drop: false }`
[INFO] [stderr]     Blocking waiting for file lock on package cache
[INFO] [stderr]     Updating crates.io index
[INFO] running `Command { std: CARGO_HOME="/workspace/cargo-home" RUSTUP_HOME="/workspace/rustup-home" "/workspace/cargo-home/bin/cargo" "+1.75.0" "fetch" "--manifest-path" "Cargo.toml", kill_on_drop: false }`
[INFO] [stderr]     Blocking waiting for file lock on package cache
[INFO] [stderr]  Downloading crates ...
[INFO] [stderr]   Downloaded allegro-motor-derive v0.1.0
[INFO] [stderr]   Downloaded embedded-hal v1.0.0-rc.3
[INFO] running `Command { std: "docker" "create" "-v" "/var/lib/crater-agent-workspace/builds/worker-5-tc1/target:/opt/rustwide/target:rw,Z" "-v" "/var/lib/crater-agent-workspace/builds/worker-5-tc1/source:/opt/rustwide/workdir:ro,Z" "-v" "/var/lib/crater-agent-workspace/cargo-home:/opt/rustwide/cargo-home:ro,Z" "-v" "/var/lib/crater-agent-workspace/rustup-home:/opt/rustwide/rustup-home:ro,Z" "-e" "SOURCE_DIR=/opt/rustwide/workdir" "-e" "CARGO_TARGET_DIR=/opt/rustwide/target" "-e" "CARGO_HOME=/opt/rustwide/cargo-home" "-e" "RUSTUP_HOME=/opt/rustwide/rustup-home" "-w" "/opt/rustwide/workdir" "-m" "1610612736" "--user" "0:0" "--network" "none" "ghcr.io/rust-lang/crates-build-env/linux@sha256:2788e3201cd34a07e3172128adcd8b3090168a8e3bcc40d7c032b9dda1df7d1c" "/opt/rustwide/cargo-home/bin/cargo" "+1.75.0" "metadata" "--no-deps" "--format-version=1", kill_on_drop: false }`
[INFO] [stdout] d819e573f897e77217cd47857c03ab0ebb3cf3e3c954f5f28adb0b0fcca4ab3c
[INFO] running `Command { std: "docker" "start" "-a" "d819e573f897e77217cd47857c03ab0ebb3cf3e3c954f5f28adb0b0fcca4ab3c", kill_on_drop: false }`
[INFO] running `Command { std: "docker" "inspect" "d819e573f897e77217cd47857c03ab0ebb3cf3e3c954f5f28adb0b0fcca4ab3c", kill_on_drop: false }`
[INFO] running `Command { std: "docker" "rm" "-f" "d819e573f897e77217cd47857c03ab0ebb3cf3e3c954f5f28adb0b0fcca4ab3c", kill_on_drop: false }`
[INFO] [stdout] d819e573f897e77217cd47857c03ab0ebb3cf3e3c954f5f28adb0b0fcca4ab3c
[INFO] running `Command { std: "docker" "create" "-v" "/var/lib/crater-agent-workspace/builds/worker-5-tc1/target:/opt/rustwide/target:rw,Z" "-v" "/var/lib/crater-agent-workspace/builds/worker-5-tc1/source:/opt/rustwide/workdir:ro,Z" "-v" "/var/lib/crater-agent-workspace/cargo-home:/opt/rustwide/cargo-home:ro,Z" "-v" "/var/lib/crater-agent-workspace/rustup-home:/opt/rustwide/rustup-home:ro,Z" "-e" "SOURCE_DIR=/opt/rustwide/workdir" "-e" "CARGO_TARGET_DIR=/opt/rustwide/target" "-e" "CARGO_INCREMENTAL=0" "-e" "RUST_BACKTRACE=full" "-e" "RUSTFLAGS=--cap-lints=warn" "-e" "RUSTDOCFLAGS=--cap-lints=warn" "-e" "CARGO_HOME=/opt/rustwide/cargo-home" "-e" "RUSTUP_HOME=/opt/rustwide/rustup-home" "-w" "/opt/rustwide/workdir" "-m" "1610612736" "--user" "0:0" "--network" "none" "ghcr.io/rust-lang/crates-build-env/linux@sha256:2788e3201cd34a07e3172128adcd8b3090168a8e3bcc40d7c032b9dda1df7d1c" "/opt/rustwide/cargo-home/bin/cargo" "+1.75.0" "build" "--frozen" "--message-format=json", kill_on_drop: false }`
[INFO] [stdout] 214548628dbbf476e015bcb73d862daaa148f214674cec7f75a530623bb98b30
[INFO] running `Command { std: "docker" "start" "-a" "214548628dbbf476e015bcb73d862daaa148f214674cec7f75a530623bb98b30", kill_on_drop: false }`
[INFO] [stderr]    Compiling proc-macro2 v1.0.75
[INFO] [stderr]    Compiling unicode-ident v1.0.12
[INFO] [stderr]    Compiling proc-macro-error-attr v1.0.4
[INFO] [stderr]    Compiling proc-macro-error v1.0.4
[INFO] [stderr]    Compiling syn v1.0.109
[INFO] [stderr]    Compiling either v1.9.0
[INFO] [stderr]    Compiling arbitrary-int v1.2.6
[INFO] [stderr]    Compiling embedded-hal v1.0.0-rc.3
[INFO] [stderr]    Compiling itertools v0.11.0
[INFO] [stderr]    Compiling quote v1.0.35
[INFO] [stderr]    Compiling syn v2.0.48
[INFO] [stderr]    Compiling bilge-impl v0.2.0
[INFO] [stderr]    Compiling allegro-motor-derive v0.1.0
[INFO] [stderr]    Compiling bilge v0.2.0
[INFO] [stderr]    Compiling allegro-motor-drivers v0.1.0 (/opt/rustwide/workdir)
[INFO] [stderr]     Finished dev [unoptimized + debuginfo] target(s) in 5.76s
[INFO] running `Command { std: "docker" "inspect" "214548628dbbf476e015bcb73d862daaa148f214674cec7f75a530623bb98b30", kill_on_drop: false }`
[INFO] running `Command { std: "docker" "rm" "-f" "214548628dbbf476e015bcb73d862daaa148f214674cec7f75a530623bb98b30", kill_on_drop: false }`
[INFO] [stdout] 214548628dbbf476e015bcb73d862daaa148f214674cec7f75a530623bb98b30
[INFO] running `Command { std: "docker" "create" "-v" "/var/lib/crater-agent-workspace/builds/worker-5-tc1/target:/opt/rustwide/target:rw,Z" "-v" "/var/lib/crater-agent-workspace/builds/worker-5-tc1/source:/opt/rustwide/workdir:ro,Z" "-v" "/var/lib/crater-agent-workspace/cargo-home:/opt/rustwide/cargo-home:ro,Z" "-v" "/var/lib/crater-agent-workspace/rustup-home:/opt/rustwide/rustup-home:ro,Z" "-e" "SOURCE_DIR=/opt/rustwide/workdir" "-e" "CARGO_TARGET_DIR=/opt/rustwide/target" "-e" "CARGO_INCREMENTAL=0" "-e" "RUST_BACKTRACE=full" "-e" "RUSTFLAGS=--cap-lints=warn" "-e" "RUSTDOCFLAGS=--cap-lints=warn" "-e" "CARGO_HOME=/opt/rustwide/cargo-home" "-e" "RUSTUP_HOME=/opt/rustwide/rustup-home" "-w" "/opt/rustwide/workdir" "-m" "1610612736" "--user" "0:0" "--network" "none" "ghcr.io/rust-lang/crates-build-env/linux@sha256:2788e3201cd34a07e3172128adcd8b3090168a8e3bcc40d7c032b9dda1df7d1c" "/opt/rustwide/cargo-home/bin/cargo" "+1.75.0" "test" "--frozen" "--no-run" "--message-format=json", kill_on_drop: false }`
[INFO] [stdout] 939a17f2bf58da51417873deb72431b6c26df933261213625a63487353587506
[INFO] running `Command { std: "docker" "start" "-a" "939a17f2bf58da51417873deb72431b6c26df933261213625a63487353587506", kill_on_drop: false }`
[INFO] [stderr]    Compiling allegro-motor-drivers v0.1.0 (/opt/rustwide/workdir)
[INFO] [stdout] error[E0433]: failed to resolve: use of undeclared crate or module `embedded_hal_mock`
[INFO] [stdout]    --> src/a4910/driver.rs:105:13
[INFO] [stdout]     |
[INFO] [stdout] 105 |         use embedded_hal_mock::eh1::spi::{Mock, Transaction};
[INFO] [stdout]     |             ^^^^^^^^^^^^^^^^^ use of undeclared crate or module `embedded_hal_mock`
[INFO] [stdout]     |
[INFO] [stdout] help: there is a crate or module with a similar name
[INFO] [stdout]     |
[INFO] [stdout] 105 |         use embedded_hal::eh1::spi::{Mock, Transaction};
[INFO] [stdout]     |             ~~~~~~~~~~~~
[INFO] [stdout] 
[INFO] [stdout] 
[INFO] [stdout] error[E0433]: failed to resolve: use of undeclared crate or module `embedded_hal_mock`
[INFO] [stdout]    --> src/a4910/driver.rs:152:13
[INFO] [stdout]     |
[INFO] [stdout] 152 |         use embedded_hal_mock::eh1::spi::{Mock, Transaction};
[INFO] [stdout]     |             ^^^^^^^^^^^^^^^^^ use of undeclared crate or module `embedded_hal_mock`
[INFO] [stdout]     |
[INFO] [stdout] help: there is a crate or module with a similar name
[INFO] [stdout]     |
[INFO] [stdout] 152 |         use embedded_hal::eh1::spi::{Mock, Transaction};
[INFO] [stdout]     |             ~~~~~~~~~~~~
[INFO] [stdout] 
[INFO] [stdout] 
[INFO] [stdout] error[E0433]: failed to resolve: use of undeclared crate or module `embedded_hal_mock`
[INFO] [stdout]    --> src/a4964/driver.rs:166:13
[INFO] [stdout]     |
[INFO] [stdout] 166 |         use embedded_hal_mock::eh1::spi::{Mock, Transaction};
[INFO] [stdout]     |             ^^^^^^^^^^^^^^^^^ use of undeclared crate or module `embedded_hal_mock`
[INFO] [stdout]     |
[INFO] [stdout] help: there is a crate or module with a similar name
[INFO] [stdout]     |
[INFO] [stdout] 166 |         use embedded_hal::eh1::spi::{Mock, Transaction};
[INFO] [stdout]     |             ~~~~~~~~~~~~
[INFO] [stdout] 
[INFO] [stdout] 
[INFO] [stdout] error[E0433]: failed to resolve: use of undeclared crate or module `embedded_hal_mock`
[INFO] [stdout]    --> src/a4964/driver.rs:206:13
[INFO] [stdout]     |
[INFO] [stdout] 206 |         use embedded_hal_mock::eh1::spi::{Mock, Transaction};
[INFO] [stdout]     |             ^^^^^^^^^^^^^^^^^ use of undeclared crate or module `embedded_hal_mock`
[INFO] [stdout]     |
[INFO] [stdout] help: there is a crate or module with a similar name
[INFO] [stdout]     |
[INFO] [stdout] 206 |         use embedded_hal::eh1::spi::{Mock, Transaction};
[INFO] [stdout]     |             ~~~~~~~~~~~~
[INFO] [stdout] 
[INFO] [stdout] 
[INFO] [stdout] error[E0433]: failed to resolve: use of undeclared crate or module `embedded_hal_mock`
[INFO] [stdout]    --> src/a4964/driver.rs:229:13
[INFO] [stdout]     |
[INFO] [stdout] 229 |         use embedded_hal_mock::eh1::spi::{Mock, Transaction};
[INFO] [stdout]     |             ^^^^^^^^^^^^^^^^^ use of undeclared crate or module `embedded_hal_mock`
[INFO] [stdout]     |
[INFO] [stdout] help: there is a crate or module with a similar name
[INFO] [stdout]     |
[INFO] [stdout] 229 |         use embedded_hal::eh1::spi::{Mock, Transaction};
[INFO] [stdout]     |             ~~~~~~~~~~~~
[INFO] [stdout] 
[INFO] [stdout] 
[INFO] [stdout] error[E0433]: failed to resolve: use of undeclared crate or module `embedded_hal_mock`
[INFO] [stdout]    --> src/a496x/driver.rs:106:13
[INFO] [stdout]     |
[INFO] [stdout] 106 |         use embedded_hal_mock::eh1::spi::{Mock, Transaction};
[INFO] [stdout]     |             ^^^^^^^^^^^^^^^^^ use of undeclared crate or module `embedded_hal_mock`
[INFO] [stdout]     |
[INFO] [stdout] help: there is a crate or module with a similar name
[INFO] [stdout]     |
[INFO] [stdout] 106 |         use embedded_hal::eh1::spi::{Mock, Transaction};
[INFO] [stdout]     |             ~~~~~~~~~~~~
[INFO] [stdout] 
[INFO] [stdout] 
[INFO] [stdout] error[E0433]: failed to resolve: use of undeclared crate or module `embedded_hal_mock`
[INFO] [stdout]    --> src/a496x/driver.rs:149:13
[INFO] [stdout]     |
[INFO] [stdout] 149 |         use embedded_hal_mock::eh1::spi::{Mock, Transaction};
[INFO] [stdout]     |             ^^^^^^^^^^^^^^^^^ use of undeclared crate or module `embedded_hal_mock`
[INFO] [stdout]     |
[INFO] [stdout] help: there is a crate or module with a similar name
[INFO] [stdout]     |
[INFO] [stdout] 149 |         use embedded_hal::eh1::spi::{Mock, Transaction};
[INFO] [stdout]     |             ~~~~~~~~~~~~
[INFO] [stdout] 
[INFO] [stdout] 
[INFO] [stdout] error: aborting due to 7 previous errors
[INFO] [stdout] 
[INFO] [stdout] 
[INFO] [stdout] For more information about this error, try `rustc --explain E0433`.
[INFO] [stdout] 
[INFO] [stderr] error: could not compile `allegro-motor-drivers` (lib test) due to 8 previous errors
[INFO] running `Command { std: "docker" "inspect" "939a17f2bf58da51417873deb72431b6c26df933261213625a63487353587506", kill_on_drop: false }`
[INFO] running `Command { std: "docker" "rm" "-f" "939a17f2bf58da51417873deb72431b6c26df933261213625a63487353587506", kill_on_drop: false }`
[INFO] [stdout] 939a17f2bf58da51417873deb72431b6c26df933261213625a63487353587506
