[INFO] fetching crate all-is-cubes-port 0.6.0...
[INFO] testing all-is-cubes-port-0.6.0 against 1.75.0 for beta-1.76-1
[INFO] extracting crate all-is-cubes-port 0.6.0 into /workspace/builds/worker-4-tc1/source
[INFO] validating manifest of crates.io crate all-is-cubes-port 0.6.0 on toolchain 1.75.0
[INFO] running `Command { std: CARGO_HOME="/workspace/cargo-home" RUSTUP_HOME="/workspace/rustup-home" "/workspace/cargo-home/bin/cargo" "+1.75.0" "metadata" "--manifest-path" "Cargo.toml" "--no-deps", kill_on_drop: false }`
[INFO] started tweaking crates.io crate all-is-cubes-port 0.6.0
[INFO] finished tweaking crates.io crate all-is-cubes-port 0.6.0
[INFO] tweaked toml for crates.io crate all-is-cubes-port 0.6.0 written to /workspace/builds/worker-4-tc1/source/Cargo.toml
[INFO] running `Command { std: CARGO_HOME="/workspace/cargo-home" RUSTUP_HOME="/workspace/rustup-home" "/workspace/cargo-home/bin/cargo" "+1.75.0" "generate-lockfile" "--manifest-path" "Cargo.toml", kill_on_drop: false }`
[INFO] [stderr]     Updating crates.io index
[INFO] running `Command { std: CARGO_HOME="/workspace/cargo-home" RUSTUP_HOME="/workspace/rustup-home" "/workspace/cargo-home/bin/cargo" "+1.75.0" "fetch" "--manifest-path" "Cargo.toml", kill_on_drop: false }`
[INFO] [stderr]  Downloading crates ...
[INFO] [stderr]   Downloaded yansi v0.5.1
[INFO] [stderr]   Downloaded anstyle v1.0.4
[INFO] [stderr]   Downloaded num-integer v0.1.45
[INFO] [stderr]   Downloaded stl_io v0.7.0
[INFO] [stderr]   Downloaded globset v0.4.14
[INFO] [stderr]   Downloaded termtree v0.4.1
[INFO] [stderr]   Downloaded predicates-tree v1.0.9
[INFO] [stderr]   Downloaded predicates-core v1.0.6
[INFO] [stderr]   Downloaded dot_vox v5.1.1
[INFO] [stderr]   Downloaded difflib v0.4.0
[INFO] [stderr]   Downloaded gltf-derive v1.4.0
[INFO] [stderr]   Downloaded doc-comment v0.3.3
[INFO] [stderr]   Downloaded rand_xoshiro v0.6.0
[INFO] [stderr]   Downloaded approx v0.4.0
[INFO] [stderr]   Downloaded bytemuck v1.14.0
[INFO] [stderr]   Downloaded minimal-lexical v0.2.1
[INFO] [stderr]   Downloaded itertools v0.11.0
[INFO] [stderr]   Downloaded embedded-graphics v0.8.1
[INFO] [stderr]   Downloaded gltf-json v1.4.0
[INFO] [stderr]   Downloaded bstr v1.9.0
[INFO] [stderr]   Downloaded png v0.17.10
[INFO] [stderr]   Downloaded nom v7.1.3
[INFO] [stderr]   Downloaded bitvec v1.0.1
[INFO] [stderr]   Downloaded micromath v2.1.0
[INFO] [stderr]   Downloaded all-is-cubes v0.6.0
[INFO] [stderr]   Downloaded cgmath v0.18.0
[INFO] [stderr]   Downloaded pretty_assertions v1.4.0
[INFO] [stderr]   Downloaded all-is-cubes-mesh v0.6.0
[INFO] [stderr]   Downloaded image v0.24.7
[INFO] [stderr]   Downloaded ignore v0.4.21
[INFO] [stderr]   Downloaded az v1.2.1
[INFO] [stderr]   Downloaded embedded-graphics-core v0.4.0
[INFO] [stderr]   Downloaded serde_repr v0.1.18
[INFO] [stderr]   Downloaded tap v1.0.1
[INFO] [stderr]   Downloaded float-cmp v0.9.0
[INFO] [stderr]   Downloaded fdeflate v0.3.3
[INFO] [stderr]   Downloaded downcast-rs v1.2.0
[INFO] [stderr]   Downloaded radium v0.7.0
[INFO] [stderr]   Downloaded inflections v1.1.1
[INFO] [stderr]   Downloaded wyz v0.5.1
[INFO] [stderr]   Downloaded ordered-float v3.9.2
[INFO] [stderr]   Downloaded simd-adler32 v0.3.7
[INFO] [stderr]   Downloaded assert_fs v1.1.0
[INFO] [stderr]   Downloaded color_quant v1.1.0
[INFO] [stderr]   Downloaded globwalk v0.8.1
[INFO] [stderr]   Downloaded predicates v3.0.4
[INFO] [stderr]   Downloaded exhaust v0.1.1
[INFO] [stderr]   Downloaded exhaust-macros v0.1.1
[INFO] [stderr]   Downloaded bytemuck_derive v1.5.0
[INFO] [stderr]   Downloaded indoc v2.0.4
[INFO] [stderr]   Downloaded funty v2.0.0
[INFO] [stderr]   Downloaded mutants v0.0.3
[INFO] [stderr]   Downloaded num-rational v0.4.1
[INFO] running `Command { std: "docker" "create" "-v" "/var/lib/crater-agent-workspace/builds/worker-4-tc1/target:/opt/rustwide/target:rw,Z" "-v" "/var/lib/crater-agent-workspace/builds/worker-4-tc1/source:/opt/rustwide/workdir:ro,Z" "-v" "/var/lib/crater-agent-workspace/cargo-home:/opt/rustwide/cargo-home:ro,Z" "-v" "/var/lib/crater-agent-workspace/rustup-home:/opt/rustwide/rustup-home:ro,Z" "-e" "SOURCE_DIR=/opt/rustwide/workdir" "-e" "CARGO_TARGET_DIR=/opt/rustwide/target" "-e" "CARGO_HOME=/opt/rustwide/cargo-home" "-e" "RUSTUP_HOME=/opt/rustwide/rustup-home" "-w" "/opt/rustwide/workdir" "-m" "1610612736" "--user" "0:0" "--network" "none" "ghcr.io/rust-lang/crates-build-env/linux@sha256:2788e3201cd34a07e3172128adcd8b3090168a8e3bcc40d7c032b9dda1df7d1c" "/opt/rustwide/cargo-home/bin/cargo" "+1.75.0" "metadata" "--no-deps" "--format-version=1", kill_on_drop: false }`
[INFO] [stdout] c4a5a791fe76813a245736c4625079220a50e358f930f41e9097d652c91e6a41
[INFO] running `Command { std: "docker" "start" "-a" "c4a5a791fe76813a245736c4625079220a50e358f930f41e9097d652c91e6a41", kill_on_drop: false }`
[INFO] running `Command { std: "docker" "inspect" "c4a5a791fe76813a245736c4625079220a50e358f930f41e9097d652c91e6a41", kill_on_drop: false }`
[INFO] running `Command { std: "docker" "rm" "-f" "c4a5a791fe76813a245736c4625079220a50e358f930f41e9097d652c91e6a41", kill_on_drop: false }`
[INFO] [stdout] c4a5a791fe76813a245736c4625079220a50e358f930f41e9097d652c91e6a41
[INFO] running `Command { std: "docker" "create" "-v" "/var/lib/crater-agent-workspace/builds/worker-4-tc1/target:/opt/rustwide/target:rw,Z" "-v" "/var/lib/crater-agent-workspace/builds/worker-4-tc1/source:/opt/rustwide/workdir:ro,Z" "-v" "/var/lib/crater-agent-workspace/cargo-home:/opt/rustwide/cargo-home:ro,Z" "-v" "/var/lib/crater-agent-workspace/rustup-home:/opt/rustwide/rustup-home:ro,Z" "-e" "SOURCE_DIR=/opt/rustwide/workdir" "-e" "CARGO_TARGET_DIR=/opt/rustwide/target" "-e" "CARGO_INCREMENTAL=0" "-e" "RUST_BACKTRACE=full" "-e" "RUSTFLAGS=--cap-lints=warn" "-e" "RUSTDOCFLAGS=--cap-lints=warn" "-e" "CARGO_HOME=/opt/rustwide/cargo-home" "-e" "RUSTUP_HOME=/opt/rustwide/rustup-home" "-w" "/opt/rustwide/workdir" "-m" "1610612736" "--user" "0:0" "--network" "none" "ghcr.io/rust-lang/crates-build-env/linux@sha256:2788e3201cd34a07e3172128adcd8b3090168a8e3bcc40d7c032b9dda1df7d1c" "/opt/rustwide/cargo-home/bin/cargo" "+1.75.0" "build" "--frozen" "--message-format=json", kill_on_drop: false }`
[INFO] [stdout] 5b154d5d4f966264500c8bbc4e0a24815707b4dd3e93e40b97b03ecb105c09d4
[INFO] running `Command { std: "docker" "start" "-a" "5b154d5d4f966264500c8bbc4e0a24815707b4dd3e93e40b97b03ecb105c09d4", kill_on_drop: false }`
[INFO] [stderr]    Compiling crc32fast v1.3.2
[INFO] [stderr]    Compiling serde v1.0.194
[INFO] [stderr]    Compiling simd-adler32 v0.3.7
[INFO] [stderr]    Compiling num-traits v0.2.17
[INFO] [stderr]    Compiling num-integer v0.1.45
[INFO] [stderr]    Compiling az v1.2.1
[INFO] [stderr]    Compiling adler v1.0.2
[INFO] [stderr]    Compiling num-rational v0.4.1
[INFO] [stderr]    Compiling either v1.9.0
[INFO] [stderr]    Compiling libc v0.2.151
[INFO] [stderr]    Compiling syn v2.0.48
[INFO] [stderr]    Compiling rand_core v0.6.4
[INFO] [stderr]    Compiling bitflags v1.3.2
[INFO] [stderr]    Compiling cgmath v0.18.0
[INFO] [stderr]    Compiling radium v0.7.0
[INFO] [stderr]    Compiling ahash v0.8.7
[INFO] [stderr]    Compiling tap v1.0.1
[INFO] [stderr]    Compiling miniz_oxide v0.7.1
[INFO] [stderr]    Compiling itertools v0.10.5
[INFO] [stderr]    Compiling fdeflate v0.3.3
[INFO] [stderr]    Compiling serde_json v1.0.111
[INFO] [stderr]    Compiling micromath v2.1.0
[INFO] [stderr]    Compiling color_quant v1.1.0
[INFO] [stderr]    Compiling wyz v0.5.1
[INFO] [stderr]    Compiling itertools v0.11.0
[INFO] [stderr]    Compiling rand_xoshiro v0.6.0
[INFO] [stderr]    Compiling rand v0.8.5
[INFO] [stderr]    Compiling instant v0.1.12
[INFO] [stderr]    Compiling downcast-rs v1.2.0
[INFO] [stderr]    Compiling memchr v2.7.1
[INFO] [stderr]    Compiling funty v2.0.0
[INFO] [stderr]    Compiling inflections v1.1.1
[INFO] [stderr]    Compiling mutants v0.0.3
[INFO] [stderr]    Compiling zerocopy v0.7.32
[INFO] [stderr]    Compiling flate2 v1.0.28
[INFO] [stderr]    Compiling bitflags v2.4.1
[INFO] [stderr]    Compiling indoc v2.0.4
[INFO] [stderr]    Compiling futures-core v0.3.30
[INFO] [stderr]    Compiling minimal-lexical v0.2.1
[INFO] [stderr]    Compiling bitvec v1.0.1
[INFO] [stderr]    Compiling png v0.17.10
[INFO] [stderr]    Compiling nom v7.1.3
[INFO] [stderr]    Compiling getrandom v0.2.11
[INFO] [stderr]    Compiling embedded-graphics-core v0.4.0
[INFO] [stderr]    Compiling float-cmp v0.9.0
[INFO] [stderr]    Compiling approx v0.4.0
[INFO] [stderr]    Compiling stl_io v0.7.0
[INFO] [stderr]    Compiling embedded-graphics v0.8.1
[INFO] [stderr]    Compiling dot_vox v5.1.1
[INFO] [stderr]    Compiling serde_derive v1.0.194
[INFO] [stderr]    Compiling bytemuck_derive v1.5.0
[INFO] [stderr]    Compiling thiserror-impl v1.0.56
[INFO] [stderr]    Compiling exhaust-macros v0.1.1
[INFO] [stderr]    Compiling serde_repr v0.1.18
[INFO] [stderr]    Compiling gltf-derive v1.4.0
[INFO] [stderr]    Compiling exhaust v0.1.1
[INFO] [stderr]    Compiling bytemuck v1.14.0
[INFO] [stderr]    Compiling thiserror v1.0.56
[INFO] [stderr]    Compiling image v0.24.7
[INFO] [stderr]    Compiling ordered-float v3.9.2
[INFO] [stderr]    Compiling all-is-cubes v0.6.0
[INFO] [stderr]    Compiling gltf-json v1.4.0
[INFO] [stderr]    Compiling all-is-cubes-mesh v0.6.0
[INFO] [stderr]    Compiling all-is-cubes-port v0.6.0 (/opt/rustwide/workdir)
[INFO] [stdout] error[E0308]: mismatched types
[INFO] [stdout]    --> src/gltf/buffer.rs:168:26
[INFO] [stdout]     |
[INFO] [stdout] 168 |             byte_length: u32size(byte_length),
[INFO] [stdout]     |                          ^^^^^^^^^^^^^^^^^^^^ expected `USize64`, found `u32`
[INFO] [stdout] 
[INFO] [stdout] 
[INFO] [stdout] error[E0308]: mismatched types
[INFO] [stdout]    --> src/gltf/buffer.rs:330:26
[INFO] [stdout]     |
[INFO] [stdout] 330 |             byte_length: u32size(length * size_of::<[Lef32; COMPONENTS]>()),
[INFO] [stdout]     |                          ^^^^^^^^^^^^^^^^^^^^^^^^^^^^^^^^^^^^^^^^^^^^^^^^^^ expected `USize64`, found `u32`
[INFO] [stdout] 
[INFO] [stdout] 
[INFO] [stdout] error[E0308]: mismatched types
[INFO] [stdout]   --> src/gltf/mesh.rs:56:26
[INFO] [stdout]    |
[INFO] [stdout] 56 |             byte_length: u32size(vertex_bytes.len()),
[INFO] [stdout]    |                          ^^^^^^^^^^^^^^^^^^^^^^^^^^^ expected `USize64`, found `u32`
[INFO] [stdout] 
[INFO] [stdout] 
[INFO] [stdout] error[E0308]: mismatched types
[INFO] [stdout]   --> src/gltf/mesh.rs:58:31
[INFO] [stdout]    |
[INFO] [stdout] 58 |             byte_stride: Some(u32size(size_of::<GltfVertex>())),
[INFO] [stdout]    |                          ---- ^^^^^^^^^^^^^^^^^^^^^^^^^^^^^^^^ expected `Stride`, found `u32`
[INFO] [stdout]    |                          |
[INFO] [stdout]    |                          arguments to this enum variant are incorrect
[INFO] [stdout]    |
[INFO] [stdout] help: the type constructed contains `u32` due to the type of the argument passed
[INFO] [stdout]   --> src/gltf/mesh.rs:58:26
[INFO] [stdout]    |
[INFO] [stdout] 58 |             byte_stride: Some(u32size(size_of::<GltfVertex>())),
[INFO] [stdout]    |                          ^^^^^--------------------------------^
[INFO] [stdout]    |                               |
[INFO] [stdout]    |                               this argument influences the type of `Some`
[INFO] [stdout] note: tuple variant defined here
[INFO] [stdout]   --> /rustc/82e1608dfa6e0b5569232559e3d385fea5a93112/library/core/src/option.rs:577:5
[INFO] [stdout] 
[INFO] [stdout] 
[INFO] [stdout] error[E0308]: mismatched types
[INFO] [stdout]   --> src/gltf/mesh.rs:69:26
[INFO] [stdout]    |
[INFO] [stdout] 69 |             byte_length: u32size(mesh.indices().as_bytes().len()),
[INFO] [stdout]    |                          ^^^^^^^^^^^^^^^^^^^^^^^^^^^^^^^^^^^^^^^^ expected `USize64`, found `u32`
[INFO] [stdout] 
[INFO] [stdout] 
[INFO] [stdout] error[E0308]: mismatched types
[INFO] [stdout]   --> src/gltf/mesh.rs:71:31
[INFO] [stdout]    |
[INFO] [stdout] 71 |             byte_offset: Some(u32size(vertex_bytes.len())),
[INFO] [stdout]    |                          ---- ^^^^^^^^^^^^^^^^^^^^^^^^^^^ expected `USize64`, found `u32`
[INFO] [stdout]    |                          |
[INFO] [stdout]    |                          arguments to this enum variant are incorrect
[INFO] [stdout]    |
[INFO] [stdout] help: the type constructed contains `u32` due to the type of the argument passed
[INFO] [stdout]   --> src/gltf/mesh.rs:71:26
[INFO] [stdout]    |
[INFO] [stdout] 71 |             byte_offset: Some(u32size(vertex_bytes.len())),
[INFO] [stdout]    |                          ^^^^^---------------------------^
[INFO] [stdout]    |                               |
[INFO] [stdout]    |                               this argument influences the type of `Some`
[INFO] [stdout] note: tuple variant defined here
[INFO] [stdout]   --> /rustc/82e1608dfa6e0b5569232559e3d385fea5a93112/library/core/src/option.rs:577:5
[INFO] [stdout] 
[INFO] [stdout] 
[INFO] [stdout] error[E0308]: mismatched types
[INFO] [stdout]    --> src/gltf/mesh.rs:137:46
[INFO] [stdout]     |
[INFO] [stdout] 137 | ...                   byte_offset: u32size(index_range.start * index_type.size()),
[INFO] [stdout]     |                                    ^^^^^^^^^^^^^^^^^^^^^^^^^^^^^^^^^^^^^^^^^^^^^^ expected `Option<USize64>`, found `u32`
[INFO] [stdout]     |
[INFO] [stdout]     = note: expected enum `Option<USize64>`
[INFO] [stdout]                found type `u32`
[INFO] [stdout] 
[INFO] [stdout] 
[INFO] [stdout] error[E0308]: mismatched types
[INFO] [stdout]    --> src/gltf/mesh.rs:138:40
[INFO] [stdout]     |
[INFO] [stdout] 138 | ...                   count: u32size(index_range.len()),
[INFO] [stdout]     |                              ^^^^^^^^^^^^^^^^^^^^^^^^^^ expected `USize64`, found `u32`
[INFO] [stdout] 
[INFO] [stdout] 
[INFO] [stdout] error[E0308]: mismatched types
[INFO] [stdout]    --> src/gltf/glue.rs:147:22
[INFO] [stdout]     |
[INFO] [stdout] 147 |         byte_offset: u32size(byte_offset),
[INFO] [stdout]     |                      ^^^^^^^^^^^^^^^^^^^^ expected `Option<USize64>`, found `u32`
[INFO] [stdout]     |
[INFO] [stdout]     = note: expected enum `Option<USize64>`
[INFO] [stdout]                found type `u32`
[INFO] [stdout] 
[INFO] [stdout] 
[INFO] [stdout] error[E0308]: mismatched types
[INFO] [stdout]    --> src/gltf/glue.rs:148:9
[INFO] [stdout]     |
[INFO] [stdout] 148 |         count,
[INFO] [stdout]     |         ^^^^^ expected `USize64`, found `u32`
[INFO] [stdout] 
[INFO] [stdout] 
[INFO] [stdout] error: aborting due to 10 previous errors
[INFO] [stdout] 
[INFO] [stdout] 
[INFO] [stdout] For more information about this error, try `rustc --explain E0308`.
[INFO] [stdout] 
[INFO] [stderr] error: could not compile `all-is-cubes-port` (lib) due to 11 previous errors
[INFO] [stderr] warning: build failed, waiting for other jobs to finish...
[INFO] running `Command { std: "docker" "inspect" "5b154d5d4f966264500c8bbc4e0a24815707b4dd3e93e40b97b03ecb105c09d4", kill_on_drop: false }`
[INFO] running `Command { std: "docker" "rm" "-f" "5b154d5d4f966264500c8bbc4e0a24815707b4dd3e93e40b97b03ecb105c09d4", kill_on_drop: false }`
[INFO] [stdout] 5b154d5d4f966264500c8bbc4e0a24815707b4dd3e93e40b97b03ecb105c09d4
