[INFO] fetching crate all-is-cubes-gpu 0.6.0...
[INFO] testing all-is-cubes-gpu-0.6.0 against 1.75.0 for beta-1.76-1
[INFO] extracting crate all-is-cubes-gpu 0.6.0 into /workspace/builds/worker-6-tc1/source
[INFO] validating manifest of crates.io crate all-is-cubes-gpu 0.6.0 on toolchain 1.75.0
[INFO] running `Command { std: CARGO_HOME="/workspace/cargo-home" RUSTUP_HOME="/workspace/rustup-home" "/workspace/cargo-home/bin/cargo" "+1.75.0" "metadata" "--manifest-path" "Cargo.toml" "--no-deps", kill_on_drop: false }`
[INFO] started tweaking crates.io crate all-is-cubes-gpu 0.6.0
[INFO] removed 1 missing tests
[INFO] finished tweaking crates.io crate all-is-cubes-gpu 0.6.0
[INFO] tweaked toml for crates.io crate all-is-cubes-gpu 0.6.0 written to /workspace/builds/worker-6-tc1/source/Cargo.toml
[INFO] running `Command { std: CARGO_HOME="/workspace/cargo-home" RUSTUP_HOME="/workspace/rustup-home" "/workspace/cargo-home/bin/cargo" "+1.75.0" "generate-lockfile" "--manifest-path" "Cargo.toml", kill_on_drop: false }`
[INFO] [stderr]     Updating crates.io index
[INFO] running `Command { std: CARGO_HOME="/workspace/cargo-home" RUSTUP_HOME="/workspace/rustup-home" "/workspace/cargo-home/bin/cargo" "+1.75.0" "fetch" "--manifest-path" "Cargo.toml", kill_on_drop: false }`
[INFO] [stderr]  Downloading crates ...
[INFO] [stderr]   Downloaded radium v0.7.0
[INFO] [stderr]   Downloaded crunchy v0.2.2
[INFO] [stderr]   Downloaded serde_repr v0.1.18
[INFO] [stderr]   Downloaded fdeflate v0.3.3
[INFO] [stderr]   Downloaded mutants v0.0.3
[INFO] [stderr]   Downloaded resource v0.5.0
[INFO] [stderr]   Downloaded funty v2.0.0
[INFO] [stderr]   Downloaded wyz v0.5.1
[INFO] [stderr]   Downloaded ordered-float v3.9.2
[INFO] [stderr]   Downloaded indoc v2.0.4
[INFO] [stderr]   Downloaded cgmath v0.18.0
[INFO] [stderr]   Downloaded itertools v0.10.5
[INFO] [stderr]   Downloaded all-is-cubes v0.6.0
[INFO] [stderr]   Downloaded embedded-graphics v0.8.1
[INFO] [stderr]   Downloaded exhaust-macros v0.1.1
[INFO] [stderr]   Downloaded bitvec v1.0.1
[INFO] [stderr]   Downloaded exhaust v0.1.1
[INFO] [stderr]   Downloaded approx v0.4.0
[INFO] [stderr]   Downloaded embedded-graphics-core v0.4.0
[INFO] [stderr]   Downloaded half v2.3.1
[INFO] [stderr]   Downloaded tap v1.0.1
[INFO] [stderr]   Downloaded micromath v2.1.0
[INFO] [stderr]   Downloaded all-is-cubes-mesh v0.6.0
[INFO] running `Command { std: "docker" "create" "-v" "/var/lib/crater-agent-workspace/builds/worker-6-tc1/target:/opt/rustwide/target:rw,Z" "-v" "/var/lib/crater-agent-workspace/builds/worker-6-tc1/source:/opt/rustwide/workdir:ro,Z" "-v" "/var/lib/crater-agent-workspace/cargo-home:/opt/rustwide/cargo-home:ro,Z" "-v" "/var/lib/crater-agent-workspace/rustup-home:/opt/rustwide/rustup-home:ro,Z" "-e" "SOURCE_DIR=/opt/rustwide/workdir" "-e" "CARGO_TARGET_DIR=/opt/rustwide/target" "-e" "CARGO_HOME=/opt/rustwide/cargo-home" "-e" "RUSTUP_HOME=/opt/rustwide/rustup-home" "-w" "/opt/rustwide/workdir" "-m" "1610612736" "--user" "0:0" "--network" "none" "ghcr.io/rust-lang/crates-build-env/linux@sha256:2788e3201cd34a07e3172128adcd8b3090168a8e3bcc40d7c032b9dda1df7d1c" "/opt/rustwide/cargo-home/bin/cargo" "+1.75.0" "metadata" "--no-deps" "--format-version=1", kill_on_drop: false }`
[INFO] [stdout] c760bfdabe55f1ae65600f7bc7c0337026ba6610f00484c841c6ee4f73063e00
[INFO] running `Command { std: "docker" "start" "-a" "c760bfdabe55f1ae65600f7bc7c0337026ba6610f00484c841c6ee4f73063e00", kill_on_drop: false }`
[INFO] running `Command { std: "docker" "inspect" "c760bfdabe55f1ae65600f7bc7c0337026ba6610f00484c841c6ee4f73063e00", kill_on_drop: false }`
[INFO] running `Command { std: "docker" "rm" "-f" "c760bfdabe55f1ae65600f7bc7c0337026ba6610f00484c841c6ee4f73063e00", kill_on_drop: false }`
[INFO] [stdout] c760bfdabe55f1ae65600f7bc7c0337026ba6610f00484c841c6ee4f73063e00
[INFO] running `Command { std: "docker" "create" "-v" "/var/lib/crater-agent-workspace/builds/worker-6-tc1/target:/opt/rustwide/target:rw,Z" "-v" "/var/lib/crater-agent-workspace/builds/worker-6-tc1/source:/opt/rustwide/workdir:ro,Z" "-v" "/var/lib/crater-agent-workspace/cargo-home:/opt/rustwide/cargo-home:ro,Z" "-v" "/var/lib/crater-agent-workspace/rustup-home:/opt/rustwide/rustup-home:ro,Z" "-e" "SOURCE_DIR=/opt/rustwide/workdir" "-e" "CARGO_TARGET_DIR=/opt/rustwide/target" "-e" "CARGO_INCREMENTAL=0" "-e" "RUST_BACKTRACE=full" "-e" "RUSTFLAGS=--cap-lints=warn" "-e" "RUSTDOCFLAGS=--cap-lints=warn" "-e" "CARGO_HOME=/opt/rustwide/cargo-home" "-e" "RUSTUP_HOME=/opt/rustwide/rustup-home" "-w" "/opt/rustwide/workdir" "-m" "1610612736" "--user" "0:0" "--network" "none" "ghcr.io/rust-lang/crates-build-env/linux@sha256:2788e3201cd34a07e3172128adcd8b3090168a8e3bcc40d7c032b9dda1df7d1c" "/opt/rustwide/cargo-home/bin/cargo" "+1.75.0" "build" "--frozen" "--message-format=json", kill_on_drop: false }`
[INFO] [stdout] 83fbd3db70a457078cd0d7d0f6f7000748015beae8eba82d960051fdbe04a12f
[INFO] running `Command { std: "docker" "start" "-a" "83fbd3db70a457078cd0d7d0f6f7000748015beae8eba82d960051fdbe04a12f", kill_on_drop: false }`
[INFO] [stderr]    Compiling wasm-bindgen-shared v0.2.89
[INFO] [stderr]    Compiling simd-adler32 v0.3.7
[INFO] [stderr]    Compiling num-traits v0.2.17
[INFO] [stderr]    Compiling crc32fast v1.3.2
[INFO] [stderr]    Compiling num-integer v0.1.45
[INFO] [stderr]    Compiling bumpalo v3.14.0
[INFO] [stderr]    Compiling az v1.2.1
[INFO] [stderr]    Compiling syn v2.0.48
[INFO] [stderr]    Compiling miniz_oxide v0.7.1
[INFO] [stderr]    Compiling num-rational v0.4.1
[INFO] [stderr]    Compiling paste v1.0.14
[INFO] [stderr]    Compiling either v1.9.0
[INFO] [stderr]    Compiling serde v1.0.194
[INFO] [stderr]    Compiling fdeflate v0.3.3
[INFO] [stderr]    Compiling rand_core v0.6.4
[INFO] [stderr]    Compiling itertools v0.10.5
[INFO] [stderr]    Compiling flate2 v1.0.28
[INFO] [stderr]    Compiling wasm-bindgen v0.2.89
[INFO] [stderr]    Compiling cgmath v0.18.0
[INFO] [stderr]    Compiling futures-core v0.3.30
[INFO] [stderr]    Compiling radium v0.7.0
[INFO] [stderr]    Compiling png v0.17.10
[INFO] [stderr]    Compiling thiserror v1.0.56
[INFO] [stderr]    Compiling float-cmp v0.9.0
[INFO] [stderr]    Compiling embedded-graphics-core v0.4.0
[INFO] [stderr]    Compiling approx v0.4.0
[INFO] [stderr]    Compiling micromath v2.1.0
[INFO] [stderr]    Compiling color_quant v1.1.0
[INFO] [stderr]    Compiling tap v1.0.1
[INFO] [stderr]    Compiling wyz v0.5.1
[INFO] [stderr]    Compiling embedded-graphics v0.8.1
[INFO] [stderr]    Compiling rand_xoshiro v0.6.0
[INFO] [stderr]    Compiling rand v0.8.5
[INFO] [stderr]    Compiling itertools v0.11.0
[INFO] [stderr]    Compiling instant v0.1.12
[INFO] [stderr]    Compiling funty v2.0.0
[INFO] [stderr]    Compiling base64 v0.21.5
[INFO] [stderr]    Compiling wasm-bindgen-backend v0.2.89
[INFO] [stderr]    Compiling futures-sink v0.3.30
[INFO] [stderr]    Compiling downcast-rs v1.2.0
[INFO] [stderr]    Compiling indoc v2.0.4
[INFO] [stderr]    Compiling bitflags v2.4.1
[INFO] [stderr]    Compiling mutants v0.0.3
[INFO] [stderr]    Compiling bitvec v1.0.1
[INFO] [stderr]    Compiling futures-task v0.3.30
[INFO] [stderr]    Compiling pin-utils v0.1.0
[INFO] [stderr]    Compiling pin-project-lite v0.2.13
[INFO] [stderr]    Compiling futures-channel v0.3.30
[INFO] [stderr]    Compiling futures-util v0.3.30
[INFO] [stderr]    Compiling resource v0.5.0
[INFO] [stderr]    Compiling wasm-bindgen-macro-support v0.2.89
[INFO] [stderr]    Compiling bytemuck_derive v1.5.0
[INFO] [stderr]    Compiling serde_derive v1.0.194
[INFO] [stderr]    Compiling thiserror-impl v1.0.56
[INFO] [stderr]    Compiling exhaust-macros v0.1.1
[INFO] [stderr]    Compiling serde_repr v0.1.18
[INFO] [stderr]    Compiling wasm-bindgen-macro v0.2.89
[INFO] [stderr]    Compiling exhaust v0.1.1
[INFO] [stderr]    Compiling bytemuck v1.14.0
[INFO] [stderr]    Compiling js-sys v0.3.66
[INFO] [stderr]    Compiling image v0.24.7
[INFO] [stderr]    Compiling wasm-bindgen-futures v0.4.39
[INFO] [stderr]    Compiling ordered-float v3.9.2
[INFO] [stderr]    Compiling all-is-cubes v0.6.0
[INFO] [stderr]    Compiling all-is-cubes-mesh v0.6.0
[INFO] [stderr]    Compiling all-is-cubes-gpu v0.6.0 (/opt/rustwide/workdir)
[INFO] [stderr]     Finished dev [unoptimized + debuginfo] target(s) in 12.58s
[INFO] running `Command { std: "docker" "inspect" "83fbd3db70a457078cd0d7d0f6f7000748015beae8eba82d960051fdbe04a12f", kill_on_drop: false }`
[INFO] running `Command { std: "docker" "rm" "-f" "83fbd3db70a457078cd0d7d0f6f7000748015beae8eba82d960051fdbe04a12f", kill_on_drop: false }`
[INFO] [stdout] 83fbd3db70a457078cd0d7d0f6f7000748015beae8eba82d960051fdbe04a12f
[INFO] running `Command { std: "docker" "create" "-v" "/var/lib/crater-agent-workspace/builds/worker-6-tc1/target:/opt/rustwide/target:rw,Z" "-v" "/var/lib/crater-agent-workspace/builds/worker-6-tc1/source:/opt/rustwide/workdir:ro,Z" "-v" "/var/lib/crater-agent-workspace/cargo-home:/opt/rustwide/cargo-home:ro,Z" "-v" "/var/lib/crater-agent-workspace/rustup-home:/opt/rustwide/rustup-home:ro,Z" "-e" "SOURCE_DIR=/opt/rustwide/workdir" "-e" "CARGO_TARGET_DIR=/opt/rustwide/target" "-e" "CARGO_INCREMENTAL=0" "-e" "RUST_BACKTRACE=full" "-e" "RUSTFLAGS=--cap-lints=warn" "-e" "RUSTDOCFLAGS=--cap-lints=warn" "-e" "CARGO_HOME=/opt/rustwide/cargo-home" "-e" "RUSTUP_HOME=/opt/rustwide/rustup-home" "-w" "/opt/rustwide/workdir" "-m" "1610612736" "--user" "0:0" "--network" "none" "ghcr.io/rust-lang/crates-build-env/linux@sha256:2788e3201cd34a07e3172128adcd8b3090168a8e3bcc40d7c032b9dda1df7d1c" "/opt/rustwide/cargo-home/bin/cargo" "+1.75.0" "test" "--frozen" "--no-run" "--message-format=json", kill_on_drop: false }`
[INFO] [stdout] 869dfcace42d48bc25bde8c16848a266b3b3005869c2c7034e9182c96ac844ff
[INFO] running `Command { std: "docker" "start" "-a" "869dfcace42d48bc25bde8c16848a266b3b3005869c2c7034e9182c96ac844ff", kill_on_drop: false }`
[INFO] [stderr]    Compiling libc v0.2.151
[INFO] [stderr]    Compiling lock_api v0.4.11
[INFO] [stderr]    Compiling parking_lot_core v0.9.9
[INFO] [stderr]    Compiling smallvec v1.11.2
[INFO] [stderr]    Compiling tokio-macros v2.2.0
[INFO] [stderr]    Compiling half v2.3.1
[INFO] [stderr]    Compiling num_cpus v1.16.0
[INFO] [stderr]    Compiling parking_lot v0.12.1
[INFO] [stderr]    Compiling tokio v1.35.1
[INFO] [stderr]    Compiling all-is-cubes-gpu v0.6.0 (/opt/rustwide/workdir)
[INFO] [stdout] error[E0432]: unresolved import `all_is_cubes_gpu::in_wgpu`
[INFO] [stdout]  --> tests/shaders/harness.rs:8:23
[INFO] [stdout]   |
[INFO] [stdout] 8 | use all_is_cubes_gpu::in_wgpu::init;
[INFO] [stdout]   |                       ^^^^^^^ could not find `in_wgpu` in `all_is_cubes_gpu`
[INFO] [stdout] 
[INFO] [stdout] 
[INFO] [stdout] error[E0432]: unresolved import `all_is_cubes_gpu::in_wgpu`
[INFO] [stdout]  --> tests/shaders/harness.rs:9:23
[INFO] [stdout]   |
[INFO] [stdout] 9 | use all_is_cubes_gpu::in_wgpu::shader_testing;
[INFO] [stdout]   |                       ^^^^^^^ could not find `in_wgpu` in `all_is_cubes_gpu`
[INFO] [stdout] 
[INFO] [stdout] 
[INFO] [stdout] error[E0433]: failed to resolve: use of undeclared crate or module `wgpu`
[INFO] [stdout]   --> tests/shaders/harness.rs:16:38
[INFO] [stdout]    |
[INFO] [stdout] 16 | pub(crate) async fn adapter() -> Arc<wgpu::Adapter> {
[INFO] [stdout]    |                                      ^^^^ use of undeclared crate or module `wgpu`
[INFO] [stdout] 
[INFO] [stdout] 
[INFO] [stdout] error[E0433]: failed to resolve: use of undeclared crate or module `wgpu`
[INFO] [stdout]   --> tests/shaders/harness.rs:17:44
[INFO] [stdout]    |
[INFO] [stdout] 17 |     static CELL: tokio::sync::OnceCell<Arc<wgpu::Adapter>> = tokio::sync::OnceCell::const_new();
[INFO] [stdout]    |                                            ^^^^ use of undeclared crate or module `wgpu`
[INFO] [stdout] 
[INFO] [stdout] 
[INFO] [stdout] error: aborting due to 4 previous errors
[INFO] [stdout] 
[INFO] [stdout] 
[INFO] [stdout] Some errors have detailed explanations: E0432, E0433.
[INFO] [stdout] 
[INFO] [stdout] For more information about an error, try `rustc --explain E0432`.
[INFO] [stdout] 
[INFO] [stderr] error: could not compile `all-is-cubes-gpu` (test "shaders") due to 5 previous errors
[INFO] [stderr] warning: build failed, waiting for other jobs to finish...
[INFO] running `Command { std: "docker" "inspect" "869dfcace42d48bc25bde8c16848a266b3b3005869c2c7034e9182c96ac844ff", kill_on_drop: false }`
[INFO] running `Command { std: "docker" "rm" "-f" "869dfcace42d48bc25bde8c16848a266b3b3005869c2c7034e9182c96ac844ff", kill_on_drop: false }`
[INFO] [stdout] 869dfcace42d48bc25bde8c16848a266b3b3005869c2c7034e9182c96ac844ff
[INFO] testing all-is-cubes-gpu-0.6.0 against beta-2023-12-22 for beta-1.76-1
[INFO] extracting crate all-is-cubes-gpu 0.6.0 into /workspace/builds/worker-6-tc2/source
[INFO] validating manifest of crates.io crate all-is-cubes-gpu 0.6.0 on toolchain beta-2023-12-22
[INFO] running `Command { std: CARGO_HOME="/workspace/cargo-home" RUSTUP_HOME="/workspace/rustup-home" "/workspace/cargo-home/bin/cargo" "+beta-2023-12-22" "metadata" "--manifest-path" "Cargo.toml" "--no-deps", kill_on_drop: false }`
[INFO] started tweaking crates.io crate all-is-cubes-gpu 0.6.0
[INFO] removed 1 missing tests
[INFO] finished tweaking crates.io crate all-is-cubes-gpu 0.6.0
[INFO] tweaked toml for crates.io crate all-is-cubes-gpu 0.6.0 written to /workspace/builds/worker-6-tc2/source/Cargo.toml
[INFO] running `Command { std: CARGO_HOME="/workspace/cargo-home" RUSTUP_HOME="/workspace/rustup-home" "/workspace/cargo-home/bin/cargo" "+beta-2023-12-22" "generate-lockfile" "--manifest-path" "Cargo.toml", kill_on_drop: false }`
[INFO] [stderr]     Updating crates.io index
[INFO] running `Command { std: CARGO_HOME="/workspace/cargo-home" RUSTUP_HOME="/workspace/rustup-home" "/workspace/cargo-home/bin/cargo" "+beta-2023-12-22" "fetch" "--manifest-path" "Cargo.toml", kill_on_drop: false }`
[INFO] running `Command { std: "docker" "create" "-v" "/var/lib/crater-agent-workspace/builds/worker-6-tc2/target:/opt/rustwide/target:rw,Z" "-v" "/var/lib/crater-agent-workspace/builds/worker-6-tc2/source:/opt/rustwide/workdir:ro,Z" "-v" "/var/lib/crater-agent-workspace/cargo-home:/opt/rustwide/cargo-home:ro,Z" "-v" "/var/lib/crater-agent-workspace/rustup-home:/opt/rustwide/rustup-home:ro,Z" "-e" "SOURCE_DIR=/opt/rustwide/workdir" "-e" "CARGO_TARGET_DIR=/opt/rustwide/target" "-e" "CARGO_HOME=/opt/rustwide/cargo-home" "-e" "RUSTUP_HOME=/opt/rustwide/rustup-home" "-w" "/opt/rustwide/workdir" "-m" "1610612736" "--user" "0:0" "--network" "none" "ghcr.io/rust-lang/crates-build-env/linux@sha256:2788e3201cd34a07e3172128adcd8b3090168a8e3bcc40d7c032b9dda1df7d1c" "/opt/rustwide/cargo-home/bin/cargo" "+beta-2023-12-22" "metadata" "--no-deps" "--format-version=1", kill_on_drop: false }`
[INFO] [stdout] 536e32b082a6d54152eb470d530e46423a0012a3bf03a5a6e3fd7ba3fa6e8862
[INFO] running `Command { std: "docker" "start" "-a" "536e32b082a6d54152eb470d530e46423a0012a3bf03a5a6e3fd7ba3fa6e8862", kill_on_drop: false }`
[INFO] running `Command { std: "docker" "inspect" "536e32b082a6d54152eb470d530e46423a0012a3bf03a5a6e3fd7ba3fa6e8862", kill_on_drop: false }`
[INFO] running `Command { std: "docker" "rm" "-f" "536e32b082a6d54152eb470d530e46423a0012a3bf03a5a6e3fd7ba3fa6e8862", kill_on_drop: false }`
[INFO] [stdout] 536e32b082a6d54152eb470d530e46423a0012a3bf03a5a6e3fd7ba3fa6e8862
[INFO] running `Command { std: "docker" "create" "-v" "/var/lib/crater-agent-workspace/builds/worker-6-tc2/target:/opt/rustwide/target:rw,Z" "-v" "/var/lib/crater-agent-workspace/builds/worker-6-tc2/source:/opt/rustwide/workdir:ro,Z" "-v" "/var/lib/crater-agent-workspace/cargo-home:/opt/rustwide/cargo-home:ro,Z" "-v" "/var/lib/crater-agent-workspace/rustup-home:/opt/rustwide/rustup-home:ro,Z" "-e" "SOURCE_DIR=/opt/rustwide/workdir" "-e" "CARGO_TARGET_DIR=/opt/rustwide/target" "-e" "CARGO_INCREMENTAL=0" "-e" "RUST_BACKTRACE=full" "-e" "RUSTFLAGS=--cap-lints=warn" "-e" "RUSTDOCFLAGS=--cap-lints=warn" "-e" "CARGO_HOME=/opt/rustwide/cargo-home" "-e" "RUSTUP_HOME=/opt/rustwide/rustup-home" "-w" "/opt/rustwide/workdir" "-m" "1610612736" "--user" "0:0" "--network" "none" "ghcr.io/rust-lang/crates-build-env/linux@sha256:2788e3201cd34a07e3172128adcd8b3090168a8e3bcc40d7c032b9dda1df7d1c" "/opt/rustwide/cargo-home/bin/cargo" "+beta-2023-12-22" "build" "--frozen" "--message-format=json", kill_on_drop: false }`
[INFO] [stdout] f8cfdaa627af508c12b8a14cbc7b9eb5681a044cd52c9e2d872b0971b0b5e778
[INFO] running `Command { std: "docker" "start" "-a" "f8cfdaa627af508c12b8a14cbc7b9eb5681a044cd52c9e2d872b0971b0b5e778", kill_on_drop: false }`
[INFO] [stderr]    Compiling wasm-bindgen-shared v0.2.89
[INFO] [stderr]    Compiling crc32fast v1.3.2
[INFO] [stderr]    Compiling num-traits v0.2.17
[INFO] [stderr]    Compiling simd-adler32 v0.3.7
[INFO] [stderr]    Compiling num-integer v0.1.45
[INFO] [stderr]    Compiling az v1.2.1
[INFO] [stderr]    Compiling bumpalo v3.14.0
[INFO] [stderr]    Compiling syn v2.0.48
[INFO] [stderr]    Compiling miniz_oxide v0.7.1
[INFO] [stderr]    Compiling num-rational v0.4.1
[INFO] [stderr]    Compiling either v1.9.0
[INFO] [stderr]    Compiling paste v1.0.14
[INFO] [stderr]    Compiling serde v1.0.194
[INFO] [stderr]    Compiling itertools v0.10.5
[INFO] [stderr]    Compiling fdeflate v0.3.3
[INFO] [stderr]    Compiling flate2 v1.0.28
[INFO] [stderr]    Compiling rand_core v0.6.4
[INFO] [stderr]    Compiling cgmath v0.18.0
[INFO] [stderr]    Compiling futures-core v0.3.30
[INFO] [stderr]    Compiling radium v0.7.0
[INFO] [stderr]    Compiling wasm-bindgen v0.2.89
[INFO] [stderr]    Compiling thiserror v1.0.56
[INFO] [stderr]    Compiling png v0.17.10
[INFO] [stderr]    Compiling embedded-graphics-core v0.4.0
[INFO] [stderr]    Compiling float-cmp v0.9.0
[INFO] [stderr]    Compiling approx v0.4.0
[INFO] [stderr]    Compiling micromath v2.1.0
[INFO] [stderr]    Compiling tap v1.0.1
[INFO] [stderr]    Compiling color_quant v1.1.0
[INFO] [stderr]    Compiling embedded-graphics v0.8.1
[INFO] [stderr]    Compiling wyz v0.5.1
[INFO] [stderr]    Compiling rand v0.8.5
[INFO] [stderr]    Compiling wasm-bindgen-backend v0.2.89
[INFO] [stderr]    Compiling rand_xoshiro v0.6.0
[INFO] [stderr]    Compiling itertools v0.11.0
[INFO] [stderr]    Compiling instant v0.1.12
[INFO] [stderr]    Compiling bitflags v2.4.1
[INFO] [stderr]    Compiling mutants v0.0.3
[INFO] [stderr]    Compiling funty v2.0.0
[INFO] [stderr]    Compiling futures-sink v0.3.30
[INFO] [stderr]    Compiling indoc v2.0.4
[INFO] [stderr]    Compiling downcast-rs v1.2.0
[INFO] [stderr]    Compiling base64 v0.21.5
[INFO] [stderr]    Compiling wasm-bindgen-macro-support v0.2.89
[INFO] [stderr]    Compiling bitvec v1.0.1
[INFO] [stderr]    Compiling pin-project-lite v0.2.13
[INFO] [stderr]    Compiling futures-task v0.3.30
[INFO] [stderr]    Compiling pin-utils v0.1.0
[INFO] [stderr]    Compiling futures-channel v0.3.30
[INFO] [stderr]    Compiling futures-util v0.3.30
[INFO] [stderr]    Compiling resource v0.5.0
[INFO] [stderr]    Compiling serde_derive v1.0.194
[INFO] [stderr]    Compiling bytemuck_derive v1.5.0
[INFO] [stderr]    Compiling wasm-bindgen-macro v0.2.89
[INFO] [stderr]    Compiling thiserror-impl v1.0.56
[INFO] [stderr]    Compiling exhaust-macros v0.1.1
[INFO] [stderr]    Compiling serde_repr v0.1.18
[INFO] [stderr]    Compiling exhaust v0.1.1
[INFO] [stderr]    Compiling bytemuck v1.14.0
[INFO] [stderr]    Compiling js-sys v0.3.66
[INFO] [stderr]    Compiling image v0.24.7
[INFO] [stderr]    Compiling wasm-bindgen-futures v0.4.39
[INFO] [stderr]    Compiling ordered-float v3.9.2
[INFO] [stderr]    Compiling all-is-cubes v0.6.0
[INFO] [stderr]    Compiling all-is-cubes-mesh v0.6.0
[INFO] [stderr]    Compiling all-is-cubes-gpu v0.6.0 (/opt/rustwide/workdir)
[INFO] [stderr]     Finished dev [unoptimized + debuginfo] target(s) in 13.07s
[INFO] running `Command { std: "docker" "inspect" "f8cfdaa627af508c12b8a14cbc7b9eb5681a044cd52c9e2d872b0971b0b5e778", kill_on_drop: false }`
[INFO] running `Command { std: "docker" "rm" "-f" "f8cfdaa627af508c12b8a14cbc7b9eb5681a044cd52c9e2d872b0971b0b5e778", kill_on_drop: false }`
[INFO] [stdout] f8cfdaa627af508c12b8a14cbc7b9eb5681a044cd52c9e2d872b0971b0b5e778
[INFO] running `Command { std: "docker" "create" "-v" "/var/lib/crater-agent-workspace/builds/worker-6-tc2/target:/opt/rustwide/target:rw,Z" "-v" "/var/lib/crater-agent-workspace/builds/worker-6-tc2/source:/opt/rustwide/workdir:ro,Z" "-v" "/var/lib/crater-agent-workspace/cargo-home:/opt/rustwide/cargo-home:ro,Z" "-v" "/var/lib/crater-agent-workspace/rustup-home:/opt/rustwide/rustup-home:ro,Z" "-e" "SOURCE_DIR=/opt/rustwide/workdir" "-e" "CARGO_TARGET_DIR=/opt/rustwide/target" "-e" "CARGO_INCREMENTAL=0" "-e" "RUST_BACKTRACE=full" "-e" "RUSTFLAGS=--cap-lints=warn" "-e" "RUSTDOCFLAGS=--cap-lints=warn" "-e" "CARGO_HOME=/opt/rustwide/cargo-home" "-e" "RUSTUP_HOME=/opt/rustwide/rustup-home" "-w" "/opt/rustwide/workdir" "-m" "1610612736" "--user" "0:0" "--network" "none" "ghcr.io/rust-lang/crates-build-env/linux@sha256:2788e3201cd34a07e3172128adcd8b3090168a8e3bcc40d7c032b9dda1df7d1c" "/opt/rustwide/cargo-home/bin/cargo" "+beta-2023-12-22" "test" "--frozen" "--no-run" "--message-format=json", kill_on_drop: false }`
[INFO] [stdout] 988e4183b539a3f35808736db3a8a0e1a2f6af70f4541a3875d0109b358883a3
[INFO] running `Command { std: "docker" "start" "-a" "988e4183b539a3f35808736db3a8a0e1a2f6af70f4541a3875d0109b358883a3", kill_on_drop: false }`
[INFO] [stderr]    Compiling libc v0.2.151
[INFO] [stderr]    Compiling lock_api v0.4.11
[INFO] [stderr]    Compiling parking_lot_core v0.9.9
[INFO] [stderr]    Compiling smallvec v1.11.2
[INFO] [stderr]    Compiling tokio-macros v2.2.0
[INFO] [stderr]    Compiling half v2.3.1
[INFO] [stderr]    Compiling num_cpus v1.16.0
[INFO] [stderr]    Compiling parking_lot v0.12.1
[INFO] [stderr]    Compiling tokio v1.35.1
[INFO] [stderr]    Compiling all-is-cubes-gpu v0.6.0 (/opt/rustwide/workdir)
[INFO] [stdout] error[E0432]: unresolved import `all_is_cubes_gpu::in_wgpu`
[INFO] [stdout]  --> tests/shaders/harness.rs:8:23
[INFO] [stdout]   |
[INFO] [stdout] 8 | use all_is_cubes_gpu::in_wgpu::init;
[INFO] [stdout]   |                       ^^^^^^^ could not find `in_wgpu` in `all_is_cubes_gpu`
[INFO] [stdout] 
[INFO] [stdout] 
[INFO] [stdout] error[E0432]: unresolved import `all_is_cubes_gpu::in_wgpu`
[INFO] [stdout]  --> tests/shaders/harness.rs:9:23
[INFO] [stdout]   |
[INFO] [stdout] 9 | use all_is_cubes_gpu::in_wgpu::shader_testing;
[INFO] [stdout]   |                       ^^^^^^^ could not find `in_wgpu` in `all_is_cubes_gpu`
[INFO] [stdout] 
[INFO] [stdout] 
[INFO] [stdout] error[E0433]: failed to resolve: use of undeclared crate or module `wgpu`
[INFO] [stdout]   --> tests/shaders/harness.rs:16:38
[INFO] [stdout]    |
[INFO] [stdout] 16 | pub(crate) async fn adapter() -> Arc<wgpu::Adapter> {
[INFO] [stdout]    |                                      ^^^^ use of undeclared crate or module `wgpu`
[INFO] [stdout] 
[INFO] [stdout] 
[INFO] [stdout] error[E0433]: failed to resolve: use of undeclared crate or module `wgpu`
[INFO] [stdout]   --> tests/shaders/harness.rs:17:44
[INFO] [stdout]    |
[INFO] [stdout] 17 |     static CELL: tokio::sync::OnceCell<Arc<wgpu::Adapter>> = tokio::sync::OnceCell::const_new();
[INFO] [stdout]    |                                            ^^^^ use of undeclared crate or module `wgpu`
[INFO] [stdout] 
[INFO] [stdout] 
[INFO] [stdout] error: aborting due to 4 previous errors
[INFO] [stdout] 
[INFO] [stdout] 
[INFO] [stdout] Some errors have detailed explanations: E0432, E0433.
[INFO] [stdout] 
[INFO] [stdout] For more information about an error, try `rustc --explain E0432`.
[INFO] [stdout] 
[INFO] [stderr] error: could not compile `all-is-cubes-gpu` (test "shaders") due to 5 previous errors
[INFO] [stderr] warning: build failed, waiting for other jobs to finish...
[INFO] running `Command { std: "docker" "inspect" "988e4183b539a3f35808736db3a8a0e1a2f6af70f4541a3875d0109b358883a3", kill_on_drop: false }`
[INFO] running `Command { std: "docker" "rm" "-f" "988e4183b539a3f35808736db3a8a0e1a2f6af70f4541a3875d0109b358883a3", kill_on_drop: false }`
[INFO] [stdout] 988e4183b539a3f35808736db3a8a0e1a2f6af70f4541a3875d0109b358883a3
