[INFO] fetching crate align3d 1.0.2...
[INFO] testing align3d-1.0.2 against 1.75.0 for beta-1.76-1
[INFO] extracting crate align3d 1.0.2 into /workspace/builds/worker-2-tc1/source
[INFO] validating manifest of crates.io crate align3d 1.0.2 on toolchain 1.75.0
[INFO] running `Command { std: CARGO_HOME="/workspace/cargo-home" RUSTUP_HOME="/workspace/rustup-home" "/workspace/cargo-home/bin/cargo" "+1.75.0" "metadata" "--manifest-path" "Cargo.toml" "--no-deps", kill_on_drop: false }`
[INFO] started tweaking crates.io crate align3d 1.0.2
[INFO] removed 5 missing tests
[INFO] finished tweaking crates.io crate align3d 1.0.2
[INFO] tweaked toml for crates.io crate align3d 1.0.2 written to /workspace/builds/worker-2-tc1/source/Cargo.toml
[INFO] running `Command { std: CARGO_HOME="/workspace/cargo-home" RUSTUP_HOME="/workspace/rustup-home" "/workspace/cargo-home/bin/cargo" "+1.75.0" "generate-lockfile" "--manifest-path" "Cargo.toml", kill_on_drop: false }`
[INFO] [stderr]     Updating crates.io index
[INFO] running `Command { std: CARGO_HOME="/workspace/cargo-home" RUSTUP_HOME="/workspace/rustup-home" "/workspace/cargo-home/bin/cargo" "+1.75.0" "fetch" "--manifest-path" "Cargo.toml", kill_on_drop: false }`
[INFO] [stderr]  Downloading crates ...
[INFO] [stderr]   Downloaded dlib v0.5.2
[INFO] [stderr]   Downloaded libredox v0.0.2
[INFO] [stderr]   Downloaded strict-num v0.1.1
[INFO] [stderr]   Downloaded simba v0.7.3
[INFO] [stderr]   Downloaded core-graphics-types v0.1.3
[INFO] [stderr]   Downloaded half v2.3.1
[INFO] [stderr]   Downloaded peg-macros v0.6.3
[INFO] [stderr]   Downloaded emath v0.21.0
[INFO] [stderr]   Downloaded rstest_macros v0.14.0
[INFO] [stderr]   Downloaded findshlibs v0.10.2
[INFO] [stderr]   Downloaded qoi v0.4.1
[INFO] [stderr]   Downloaded ttf-parser v0.20.0
[INFO] [stderr]   Downloaded ndarray v0.15.6
[INFO] [stderr]   Downloaded vulkano v0.33.0
[INFO] [stderr]   Downloaded epaint v0.21.0
[INFO] [stderr]   Downloaded gif v0.12.0
[INFO] [stderr]   Downloaded shaderc-sys v0.8.3
[INFO] [stderr]   Downloaded lapacke-sys v0.1.4
[INFO] [stderr]   Downloaded test-temp-file v0.1.2
[INFO] [stderr]   Downloaded vulkano-macros v0.33.0
[INFO] [stderr]   Downloaded vulkano-shaders v0.33.0
[INFO] [stderr]   Downloaded cauchy v0.2.2
[INFO] [stderr]   Downloaded lapacke v0.2.0
[INFO] [stderr]   Downloaded nix v0.25.1
[INFO] [stderr]   Downloaded calloop v0.10.6
[INFO] [stderr]   Downloaded rstest v0.15.0
[INFO] [stderr]   Downloaded winnow v0.5.32
[INFO] [stderr]   Downloaded clap v3.2.25
[INFO] [stderr]   Downloaded vk-parse v0.8.0
[INFO] [stderr]   Downloaded egui v0.21.0
[INFO] [stderr]   Downloaded nalgebra-glm v0.16.0
[INFO] [stderr]   Downloaded blas-src v0.6.1
[INFO] [stderr]   Downloaded lapack-src v0.6.0
[INFO] [stderr]   Downloaded ndarray v0.13.1
[INFO] [stderr]   Downloaded fuchsia-cprng v0.1.1
[INFO] [stderr]   Downloaded ndarray-linalg v0.12.1
[INFO] [stderr]   Downloaded bit_field v0.10.2
[INFO] [stderr]   Downloaded nanorand v0.7.0
[INFO] [stderr]   Downloaded safe_arch v0.7.1
[INFO] [stderr]   Downloaded wide v0.7.13
[INFO] [stderr]   Downloaded rawpointer v0.2.1
[INFO] [stderr]   Downloaded ply-rs v0.1.3
[INFO] [stderr]   Downloaded vulkano-util v0.33.0
[INFO] [stderr]   Downloaded vulkano-win v0.33.0
[INFO] [stderr]   Downloaded fdeflate v0.3.3
[INFO] [stderr]   Downloaded sctk-adwaita v0.5.4
[INFO] [stderr]   Downloaded bytemuck_derive v1.5.0
[INFO] [stderr]   Downloaded tiny-skia v0.8.4
[INFO] [stderr]   Downloaded str_stack v0.1.0
[INFO] [stderr]   Downloaded protobuf v2.28.0
[INFO] [stderr]   Downloaded smithay-client-toolkit v0.16.1
[INFO] [stderr]   Downloaded scoped-tls v1.0.1
[INFO] [stderr]   Downloaded wayland-sys v0.29.5
[INFO] [stderr]   Downloaded owned_ttf_parser v0.20.0
[INFO] [stderr]   Downloaded wayland-cursor v0.29.5
[INFO] [stderr]   Downloaded wayland-protocols v0.29.5
[INFO] [stderr]   Downloaded wayland-client v0.29.5
[INFO] [stderr]   Downloaded xcursor v0.3.5
[INFO] [stderr]   Downloaded tiny-skia-path v0.8.4
[INFO] [stderr]   Downloaded clap_lex v0.2.4
[INFO] [stderr]   Downloaded symbolic-demangle v10.2.1
[INFO] [stderr]   Downloaded xmlparser v0.13.6
[INFO] [stderr]   Downloaded lebe v0.5.2
[INFO] [stderr]   Downloaded exr v1.6.4
[INFO] [stderr]   Downloaded matrixmultiply v0.3.8
[INFO] [stderr]   Downloaded num-format v0.4.4
[INFO] [stderr]   Downloaded inferno v0.11.19
[INFO] [stderr]   Downloaded cpp_demangle v0.4.3
[INFO] [stderr]   Downloaded debugid v0.8.0
[INFO] [stderr]   Downloaded roxmltree v0.14.1
[INFO] [stderr]   Downloaded shaderc v0.8.3
[INFO] [stderr]   Downloaded ecolor v0.21.0
[INFO] [stderr]   Downloaded atomic_refcell v0.1.13
[INFO] [stderr]   Downloaded approx v0.3.2
[INFO] [stderr]   Downloaded blas-src v0.2.1
[INFO] [stderr]   Downloaded cblas-sys v0.1.4
[INFO] [stderr]   Downloaded num-complex v0.2.4
[INFO] [stderr]   Downloaded cloudabi v0.0.3
[INFO] [stderr]   Downloaded rand_core v0.4.2
[INFO] [stderr]   Downloaded rand_core v0.3.1
[INFO] [stderr]   Downloaded rand v0.5.6
[INFO] [stderr]   Downloaded rand_distr v0.4.3
[INFO] [stderr]   Downloaded ndarray-rand v0.14.0
[INFO] [stderr]   Downloaded flume v0.10.14
[INFO] [stderr]   Downloaded zune-inflate v0.2.54
[INFO] [stderr]   Downloaded nalgebra-macros v0.1.0
[INFO] [stderr]   Downloaded nalgebra v0.30.1
[INFO] [stderr]   Downloaded nshare v0.9.0
[INFO] [stderr]   Downloaded peg-runtime v0.6.3
[INFO] [stderr]   Downloaded peg v0.6.3
[INFO] [stderr]   Downloaded criterion v0.4.0
[INFO] [stderr]   Downloaded quick-xml v0.26.0
[INFO] [stderr]   Downloaded symbolic-common v10.2.1
[INFO] [stderr]   Downloaded pprof v0.11.1
[INFO] [stderr]   Downloaded slotmap v1.0.7
[INFO] [stderr]   Downloaded wayland-commons v0.29.5
[INFO] [stderr]   Downloaded ab_glyph v0.2.23
[INFO] [stderr]   Downloaded os_str_bytes v6.6.1
[INFO] [stderr]   Downloaded approx v0.4.0
[INFO] [stderr]   Downloaded ordered-float v3.9.2
[INFO] [stderr]   Downloaded matrixmultiply v0.2.4
[INFO] [stderr]   Downloaded orbclient v0.3.47
[INFO] [stderr]   Downloaded crossbeam-queue v0.3.10
[INFO] running `Command { std: "docker" "create" "-v" "/var/lib/crater-agent-workspace/builds/worker-2-tc1/target:/opt/rustwide/target:rw,Z" "-v" "/var/lib/crater-agent-workspace/builds/worker-2-tc1/source:/opt/rustwide/workdir:ro,Z" "-v" "/var/lib/crater-agent-workspace/cargo-home:/opt/rustwide/cargo-home:ro,Z" "-v" "/var/lib/crater-agent-workspace/rustup-home:/opt/rustwide/rustup-home:ro,Z" "-e" "SOURCE_DIR=/opt/rustwide/workdir" "-e" "CARGO_TARGET_DIR=/opt/rustwide/target" "-e" "CARGO_HOME=/opt/rustwide/cargo-home" "-e" "RUSTUP_HOME=/opt/rustwide/rustup-home" "-w" "/opt/rustwide/workdir" "-m" "1610612736" "--user" "0:0" "--network" "none" "ghcr.io/rust-lang/crates-build-env/linux@sha256:2788e3201cd34a07e3172128adcd8b3090168a8e3bcc40d7c032b9dda1df7d1c" "/opt/rustwide/cargo-home/bin/cargo" "+1.75.0" "metadata" "--no-deps" "--format-version=1", kill_on_drop: false }`
[INFO] [stdout] 551d34ab6d7c42cc6cf297a99e0a831ae184c178edfb1e7de6b50e22983d10ec
[INFO] running `Command { std: "docker" "start" "-a" "551d34ab6d7c42cc6cf297a99e0a831ae184c178edfb1e7de6b50e22983d10ec", kill_on_drop: false }`
[INFO] running `Command { std: "docker" "inspect" "551d34ab6d7c42cc6cf297a99e0a831ae184c178edfb1e7de6b50e22983d10ec", kill_on_drop: false }`
[INFO] running `Command { std: "docker" "rm" "-f" "551d34ab6d7c42cc6cf297a99e0a831ae184c178edfb1e7de6b50e22983d10ec", kill_on_drop: false }`
[INFO] [stdout] 551d34ab6d7c42cc6cf297a99e0a831ae184c178edfb1e7de6b50e22983d10ec
[INFO] running `Command { std: "docker" "create" "-v" "/var/lib/crater-agent-workspace/builds/worker-2-tc1/target:/opt/rustwide/target:rw,Z" "-v" "/var/lib/crater-agent-workspace/builds/worker-2-tc1/source:/opt/rustwide/workdir:ro,Z" "-v" "/var/lib/crater-agent-workspace/cargo-home:/opt/rustwide/cargo-home:ro,Z" "-v" "/var/lib/crater-agent-workspace/rustup-home:/opt/rustwide/rustup-home:ro,Z" "-e" "SOURCE_DIR=/opt/rustwide/workdir" "-e" "CARGO_TARGET_DIR=/opt/rustwide/target" "-e" "CARGO_INCREMENTAL=0" "-e" "RUST_BACKTRACE=full" "-e" "RUSTFLAGS=--cap-lints=warn" "-e" "RUSTDOCFLAGS=--cap-lints=warn" "-e" "CARGO_HOME=/opt/rustwide/cargo-home" "-e" "RUSTUP_HOME=/opt/rustwide/rustup-home" "-w" "/opt/rustwide/workdir" "-m" "1610612736" "--user" "0:0" "--network" "none" "ghcr.io/rust-lang/crates-build-env/linux@sha256:2788e3201cd34a07e3172128adcd8b3090168a8e3bcc40d7c032b9dda1df7d1c" "/opt/rustwide/cargo-home/bin/cargo" "+1.75.0" "build" "--frozen" "--message-format=json", kill_on_drop: false }`
[INFO] [stdout] bb6939749f5f62064682157f576cbcb10dce3cd3d68b707936b21c419e954958
[INFO] running `Command { std: "docker" "start" "-a" "bb6939749f5f62064682157f576cbcb10dce3cd3d68b707936b21c419e954958", kill_on_drop: false }`
[INFO] [stderr]    Compiling libm v0.2.8
[INFO] [stderr]    Compiling num-traits v0.2.17
[INFO] [stderr]    Compiling num-integer v0.1.45
[INFO] [stderr]    Compiling crossbeam-utils v0.8.18
[INFO] [stderr]    Compiling serde v1.0.194
[INFO] [stderr]    Compiling rayon-core v1.12.0
[INFO] [stderr]    Compiling getrandom v0.2.11
[INFO] [stderr]    Compiling syn v2.0.48
[INFO] [stderr]    Compiling simd-adler32 v0.3.7
[INFO] [stderr]    Compiling rawpointer v0.2.1
[INFO] [stderr]    Compiling bytemuck v1.14.0
[INFO] [stderr]    Compiling serde_json v1.0.111
[INFO] [stderr]    Compiling rand_core v0.4.2
[INFO] [stderr]    Compiling camino v1.1.6
[INFO] [stderr]    Compiling semver v1.0.21
[INFO] [stderr]    Compiling crossbeam-epoch v0.9.17
[INFO] [stderr]    Compiling crossbeam-deque v0.8.4
[INFO] [stderr]    Compiling rand_core v0.3.1
[INFO] [stderr]    Compiling rustix v0.38.28
[INFO] [stderr]    Compiling miniz_oxide v0.7.1
[INFO] [stderr]    Compiling unicase v2.7.0
[INFO] [stderr]    Compiling error-chain v0.12.4
[INFO] [stderr]    Compiling num-rational v0.4.1
[INFO] [stderr]    Compiling matrixmultiply v0.3.8
[INFO] [stderr]    Compiling num-complex v0.2.4
[INFO] [stderr]    Compiling bitflags v2.4.1
[INFO] [stderr]    Compiling rayon v1.8.0
[INFO] [stderr]    Compiling linux-raw-sys v0.4.12
[INFO] [stderr]    Compiling pulldown-cmark v0.9.3
[INFO] [stderr]    Compiling num-complex v0.4.4
[INFO] [stderr]    Compiling num-bigint v0.4.4
[INFO] [stderr]    Compiling rand v0.5.6
[INFO] [stderr]    Compiling memchr v2.7.1
[INFO] [stderr]    Compiling same-file v1.0.6
[INFO] [stderr]    Compiling syn v1.0.109
[INFO] [stderr]    Compiling fastrand v2.0.1
[INFO] [stderr]    Compiling walkdir v2.4.0
[INFO] [stderr]    Compiling tempfile v3.9.0
[INFO] [stderr]    Compiling flate2 v1.0.28
[INFO] [stderr]    Compiling spin v0.9.8
[INFO] [stderr]    Compiling safe_arch v0.7.1
[INFO] [stderr]    Compiling rand_core v0.6.4
[INFO] [stderr]    Compiling nanorand v0.7.0
[INFO] [stderr]    Compiling weezl v0.1.7
[INFO] [stderr]    Compiling bytecount v0.6.7
[INFO] [stderr]    Compiling glob v0.3.1
[INFO] [stderr]    Compiling wide v0.7.13
[INFO] [stderr]    Compiling rand_chacha v0.3.1
[INFO] [stderr]    Compiling jpeg-decoder v0.3.0
[INFO] [stderr]    Compiling approx v0.5.1
[INFO] [stderr]    Compiling approx v0.4.0
[INFO] [stderr]    Compiling serde_derive v1.0.194
[INFO] [stderr]    Compiling pin-project-internal v1.1.3
[INFO] [stderr]    Compiling zune-inflate v0.2.54
[INFO] [stderr]    Compiling fdeflate v0.3.3
[INFO] [stderr]    Compiling half v2.3.1
[INFO] [stderr]    Compiling ndarray v0.13.1
[INFO] [stderr]    Compiling bit_field v0.10.2
[INFO] [stderr]    Compiling lebe v0.5.2
[INFO] [stderr]    Compiling byteorder v1.5.0
[INFO] [stderr]    Compiling color_quant v1.1.0
[INFO] [stderr]    Compiling peg-runtime v0.6.3
[INFO] [stderr]    Compiling gif v0.12.0
[INFO] [stderr]    Compiling simba v0.7.3
[INFO] [stderr]    Compiling png v0.17.10
[INFO] [stderr]    Compiling peg-macros v0.6.3
[INFO] [stderr]    Compiling pin-project v1.1.3
[INFO] [stderr]    Compiling tiff v0.9.0
[INFO] [stderr]    Compiling flume v0.10.14
[INFO] [stderr]    Compiling ndarray v0.15.6
[INFO] [stderr]    Compiling exr v1.6.4
[INFO] [stderr]    Compiling rand v0.8.5
[INFO] [stderr]    Compiling approx v0.3.2
[INFO] [stderr]    Compiling qoi v0.4.1
[INFO] [stderr]    Compiling matrixmultiply v0.2.4
[INFO] [stderr]    Compiling cblas-sys v0.1.4
[INFO] [stderr]    Compiling lapacke-sys v0.1.4
[INFO] [stderr]    Compiling blas-src v0.2.1
[INFO] [stderr]    Compiling rand_distr v0.4.3
[INFO] [stderr]    Compiling lapacke v0.2.0
[INFO] [stderr]    Compiling peg v0.6.3
[INFO] [stderr]    Compiling num-iter v0.1.43
[INFO] [stderr]    Compiling cauchy v0.2.2
[INFO] [stderr]    Compiling lapack-src v0.6.0
[INFO] [stderr]    Compiling blas-src v0.6.1
[INFO] [stderr]    Compiling nalgebra-macros v0.1.0
[INFO] [stderr]    Compiling num v0.4.1
[INFO] [stderr]    Compiling image v0.24.7
[INFO] [stderr]    Compiling ndarray-rand v0.14.0
[INFO] [stderr]    Compiling ordered-float v3.9.2
[INFO] [stderr]    Compiling ndarray-linalg v0.12.1
[INFO] [stderr]    Compiling cargo-platform v0.1.6
[INFO] [stderr]    Compiling nalgebra v0.30.1
[INFO] [stderr]    Compiling cargo_metadata v0.14.2
[INFO] [stderr]    Compiling skeptic v0.13.7
[INFO] [stderr]    Compiling ply-rs v0.1.3
[INFO] [stderr]    Compiling nshare v0.9.0
[INFO] [stderr]    Compiling align3d v1.0.2 (/opt/rustwide/workdir)
[INFO] [stdout] warning: unused imports: `HuberEstimator`, `RobustEstimator`
[INFO] [stdout]  --> src/optim/mod.rs:5:28
[INFO] [stdout]   |
[INFO] [stdout] 5 | pub use robust_estimator::{HuberEstimator, RobustEstimator};
[INFO] [stdout]   |                            ^^^^^^^^^^^^^^  ^^^^^^^^^^^^^^^
[INFO] [stdout]   |
[INFO] [stdout]   = note: `#[warn(unused_imports)]` on by default
[INFO] [stdout] 
[INFO] [stdout] 
[INFO] [stdout] warning: unused imports: `IntoLumaArray`, `IntoLumaImage`
[INFO] [stdout]  --> src/image/mod.rs:5:45
[INFO] [stdout]   |
[INFO] [stdout] 5 | pub use luma::{rgb_to_luma, rgb_to_luma_u8, IntoLumaArray, IntoLumaImage};
[INFO] [stdout]   |                                             ^^^^^^^^^^^^^  ^^^^^^^^^^^^^
[INFO] [stdout] 
[INFO] [stdout] 
[INFO] [stdout] warning: 2 warnings emitted
[INFO] [stdout] 
[INFO] [stdout] 
[INFO] [stderr]     Finished dev [unoptimized + debuginfo] target(s) in 56.97s
[INFO] running `Command { std: "docker" "inspect" "bb6939749f5f62064682157f576cbcb10dce3cd3d68b707936b21c419e954958", kill_on_drop: false }`
[INFO] running `Command { std: "docker" "rm" "-f" "bb6939749f5f62064682157f576cbcb10dce3cd3d68b707936b21c419e954958", kill_on_drop: false }`
[INFO] [stdout] bb6939749f5f62064682157f576cbcb10dce3cd3d68b707936b21c419e954958
[INFO] running `Command { std: "docker" "create" "-v" "/var/lib/crater-agent-workspace/builds/worker-2-tc1/target:/opt/rustwide/target:rw,Z" "-v" "/var/lib/crater-agent-workspace/builds/worker-2-tc1/source:/opt/rustwide/workdir:ro,Z" "-v" "/var/lib/crater-agent-workspace/cargo-home:/opt/rustwide/cargo-home:ro,Z" "-v" "/var/lib/crater-agent-workspace/rustup-home:/opt/rustwide/rustup-home:ro,Z" "-e" "SOURCE_DIR=/opt/rustwide/workdir" "-e" "CARGO_TARGET_DIR=/opt/rustwide/target" "-e" "CARGO_INCREMENTAL=0" "-e" "RUST_BACKTRACE=full" "-e" "RUSTFLAGS=--cap-lints=warn" "-e" "RUSTDOCFLAGS=--cap-lints=warn" "-e" "CARGO_HOME=/opt/rustwide/cargo-home" "-e" "RUSTUP_HOME=/opt/rustwide/rustup-home" "-w" "/opt/rustwide/workdir" "-m" "1610612736" "--user" "0:0" "--network" "none" "ghcr.io/rust-lang/crates-build-env/linux@sha256:2788e3201cd34a07e3172128adcd8b3090168a8e3bcc40d7c032b9dda1df7d1c" "/opt/rustwide/cargo-home/bin/cargo" "+1.75.0" "test" "--frozen" "--no-run" "--message-format=json", kill_on_drop: false }`
[INFO] [stdout] a307d5cb5a3966c1f53c4edc3252a077a5419bc93726b916a63973be9f3f2a13
[INFO] running `Command { std: "docker" "start" "-a" "a307d5cb5a3966c1f53c4edc3252a077a5419bc93726b916a63973be9f3f2a13", kill_on_drop: false }`
[INFO] [stderr]    Compiling libc v0.2.151
[INFO] [stderr]    Compiling memchr v2.7.1
[INFO] [stderr]    Compiling serde v1.0.194
[INFO] [stderr]    Compiling futures-sink v0.3.30
[INFO] [stderr]    Compiling syn v1.0.109
[INFO] [stderr]    Compiling rustix v0.38.28
[INFO] [stderr]    Compiling getrandom v0.1.16
[INFO] [stderr]    Compiling rustc_version v0.4.0
[INFO] [stderr]    Compiling futures-channel v0.3.30
[INFO] [stderr]    Compiling futures-macro v0.3.30
[INFO] [stderr]    Compiling ahash v0.8.7
[INFO] [stderr]    Compiling pulldown-cmark v0.9.3
[INFO] [stderr]    Compiling futures-io v0.3.30
[INFO] [stderr]    Compiling regex-syntax v0.8.2
[INFO] [stderr]    Compiling plotters-backend v0.3.5
[INFO] [stderr]    Compiling getrandom v0.2.11
[INFO] [stderr]    Compiling rand v0.5.6
[INFO] [stderr]    Compiling tempfile v3.9.0
[INFO] [stderr]    Compiling nanorand v0.7.0
[INFO] [stderr]    Compiling rand_core v0.6.4
[INFO] [stderr]    Compiling skeptic v0.13.7
[INFO] [stderr]    Compiling flume v0.10.14
[INFO] [stderr]    Compiling rand_chacha v0.3.1
[INFO] [stderr]    Compiling futures-task v0.3.30
[INFO] [stderr]    Compiling uuid v1.6.1
[INFO] [stderr]    Compiling half v1.8.2
[INFO] [stderr]    Compiling num-complex v0.2.4
[INFO] [stderr]    Compiling serde_json v1.0.111
[INFO] [stderr]    Compiling os_str_bytes v6.6.1
[INFO] [stderr]    Compiling cpp_demangle v0.4.3
[INFO] [stderr]    Compiling ciborium-io v0.2.1
[INFO] [stderr]    Compiling exr v1.6.4
[INFO] [stderr]    Compiling ciborium-ll v0.2.1
[INFO] [stderr]    Compiling futures-util v0.3.30
[INFO] [stderr]    Compiling clap_lex v0.2.4
[INFO] [stderr]    Compiling debugid v0.8.0
[INFO] [stderr]    Compiling rand_core v0.5.1
[INFO] [stderr]    Compiling ply-rs v0.1.3
[INFO] [stderr]    Compiling regex-automata v0.4.3
[INFO] [stderr]    Compiling rand v0.8.5
[INFO] [stderr]    Compiling plotters-svg v0.3.5
[INFO] [stderr]    Compiling lapacke-sys v0.1.4
[INFO] [stderr]    Compiling memmap2 v0.5.10
[INFO] [stderr]    Compiling cblas-sys v0.1.4
[INFO] [stderr]    Compiling rstest_macros v0.14.0
[INFO] [stderr]    Compiling findshlibs v0.10.2
[INFO] [stderr]    Compiling backtrace v0.3.69
[INFO] [stderr]    Compiling arrayvec v0.7.4
[INFO] [stderr]    Compiling rustc-demangle v0.1.23
[INFO] [stderr]    Compiling zerocopy v0.7.32
[INFO] [stderr]    Compiling symbolic-demangle v10.2.1
[INFO] [stderr]    Compiling cast v0.3.0
[INFO] [stderr]    Compiling textwrap v0.16.0
[INFO] [stderr]    Compiling gimli v0.28.1
[INFO] [stderr]    Compiling protobuf v2.28.0
[INFO] [stderr]    Compiling once_cell v1.19.0
[INFO] [stderr]    Compiling ndarray v0.13.1
[INFO] [stderr]    Compiling image v0.24.7
[INFO] [stderr]    Compiling regex v1.10.2
[INFO] [stderr]    Compiling futures-executor v0.3.30
[INFO] [stderr]    Compiling symbolic-common v10.2.1
[INFO] [stderr]    Compiling clap v3.2.25
[INFO] [stderr]    Compiling nalgebra-macros v0.1.0
[INFO] [stderr]    Compiling criterion-plot v0.5.0
[INFO] [stderr]    Compiling addr2line v0.21.0
[INFO] [stderr]    Compiling num-format v0.4.4
[INFO] [stderr]    Compiling lapacke v0.2.0
[INFO] [stderr]    Compiling rand_distr v0.4.3
[INFO] [stderr]    Compiling plotters v0.3.5
[INFO] [stderr]    Compiling nalgebra v0.30.1
[INFO] [stderr]    Compiling tinytemplate v1.2.1
[INFO] [stderr]    Compiling rand_chacha v0.2.2
[INFO] [stderr]    Compiling cauchy v0.2.2
[INFO] [stderr]    Compiling parking_lot_core v0.9.9
[INFO] [stderr]    Compiling ciborium v0.2.1
[INFO] [stderr]    Compiling is-terminal v0.4.10
[INFO] [stderr]    Compiling atty v0.2.14
[INFO] [stderr]    Compiling quick-xml v0.26.0
[INFO] [stderr]    Compiling object v0.32.2
[INFO] [stderr]    Compiling rgb v0.8.37
[INFO] [stderr]    Compiling thiserror-impl v1.0.56
[INFO] [stderr]    Compiling pprof v0.11.1
[INFO] [stderr]    Compiling oorandom v11.1.3
[INFO] [stderr]    Compiling str_stack v0.1.0
[INFO] [stderr]    Compiling anes v0.1.6
[INFO] [stderr]    Compiling inferno v0.11.19
[INFO] [stderr]    Compiling criterion v0.4.0
[INFO] [stderr]    Compiling thiserror v1.0.56
[INFO] [stderr]    Compiling ndarray-linalg v0.12.1
[INFO] [stderr]    Compiling parking_lot v0.12.1
[INFO] [stderr]    Compiling rand v0.7.3
[INFO] [stderr]    Compiling ndarray-rand v0.14.0
[INFO] [stderr]    Compiling futures v0.3.30
[INFO] [stderr]    Compiling nix v0.26.4
[INFO] [stderr]    Compiling test-temp-file v0.1.2
[INFO] [stderr]    Compiling rstest v0.15.0
[INFO] [stderr]    Compiling nshare v0.9.0
[INFO] [stderr]    Compiling align3d v1.0.2 (/opt/rustwide/workdir)
[INFO] [stdout] warning: unused imports: `HuberEstimator`, `RobustEstimator`
[INFO] [stdout]  --> src/optim/mod.rs:5:28
[INFO] [stdout]   |
[INFO] [stdout] 5 | pub use robust_estimator::{HuberEstimator, RobustEstimator};
[INFO] [stdout]   |                            ^^^^^^^^^^^^^^  ^^^^^^^^^^^^^^^
[INFO] [stdout]   |
[INFO] [stdout]   = note: `#[warn(unused_imports)]` on by default
[INFO] [stdout] 
[INFO] [stdout] 
[INFO] [stdout] warning: unused imports: `IntoLumaArray`, `IntoLumaImage`
[INFO] [stdout]  --> src/image/mod.rs:5:45
[INFO] [stdout]   |
[INFO] [stdout] 5 | pub use luma::{rgb_to_luma, rgb_to_luma_u8, IntoLumaArray, IntoLumaImage};
[INFO] [stdout]   |                                             ^^^^^^^^^^^^^  ^^^^^^^^^^^^^
[INFO] [stdout] 
[INFO] [stdout] 
[INFO] [stdout] error[E0583]: file not found for module `unit_test`
[INFO] [stdout]   --> src/lib.rs:19:1
[INFO] [stdout]    |
[INFO] [stdout] 19 | mod unit_test;
[INFO] [stdout]    | ^^^^^^^^^^^^^^
[INFO] [stdout]    |
[INFO] [stdout]    = help: to create the module `unit_test`, create file "src/unit_test.rs" or "src/unit_test/mod.rs"
[INFO] [stdout]    = note: if there is a `mod unit_test` elsewhere in the crate already, import it with `use crate::...` instead
[INFO] [stdout] 
[INFO] [stdout] 
[INFO] [stdout] warning: 2 warnings emitted
[INFO] [stdout] 
[INFO] [stdout] 
[INFO] [stdout] error[E0432]: unresolved import `crate::unit_test::bloei_luma16`
[INFO] [stdout]    --> src/bilateral/grid.rs:171:9
[INFO] [stdout]     |
[INFO] [stdout] 171 |     use crate::unit_test::bloei_luma16;
[INFO] [stdout]     |         ^^^^^^^^^^^^^^^^^^^^^^^^^^^^^^ no `bloei_luma16` in `unit_test`
[INFO] [stdout] 
[INFO] [stdout] 
[INFO] [stdout] error[E0432]: unresolved imports `crate::unit_test::sample_pcl_ds1`, `crate::unit_test::TestPclDataset`
[INFO] [stdout]    --> src/icp/pcl_icp.rs:117:21
[INFO] [stdout]     |
[INFO] [stdout] 117 |         unit_test::{sample_pcl_ds1, TestPclDataset},
[INFO] [stdout]     |                     ^^^^^^^^^^^^^^  ^^^^^^^^^^^^^^ no `TestPclDataset` in `unit_test`
[INFO] [stdout]     |                     |
[INFO] [stdout]     |                     no `sample_pcl_ds1` in `unit_test`
[INFO] [stdout] 
[INFO] [stdout] 
[INFO] [stdout] error[E0432]: unresolved imports `crate::unit_test::sample_range_img_ds2`, `crate::unit_test::TestRangeImageDataset`
[INFO] [stdout]    --> src/icp/image_icp.rs:192:21
[INFO] [stdout]     |
[INFO] [stdout] 192 |         unit_test::{sample_range_img_ds2, TestRangeImageDataset},
[INFO] [stdout]     |                     ^^^^^^^^^^^^^^^^^^^^  ^^^^^^^^^^^^^^^^^^^^^ no `TestRangeImageDataset` in `unit_test`
[INFO] [stdout]     |                     |
[INFO] [stdout]     |                     no `sample_range_img_ds2` in `unit_test`
[INFO] [stdout] 
[INFO] [stdout] 
[INFO] [stdout] error[E0432]: unresolved imports `crate::unit_test::sample_rgbd_frame_dataset1`, `crate::unit_test::TestRgbdFrameDataset`
[INFO] [stdout]   --> src/icp/multiscale.rs:78:21
[INFO] [stdout]    |
[INFO] [stdout] 78 |         unit_test::{sample_rgbd_frame_dataset1, TestRgbdFrameDataset},
[INFO] [stdout]    |                     ^^^^^^^^^^^^^^^^^^^^^^^^^^  ^^^^^^^^^^^^^^^^^^^^ no `TestRgbdFrameDataset` in `unit_test`
[INFO] [stdout]    |                     |
[INFO] [stdout]    |                     no `sample_rgbd_frame_dataset1` in `unit_test`
[INFO] [stdout] 
[INFO] [stdout] 
[INFO] [stdout] error[E0432]: unresolved import `crate::unit_test::bloei_luma8`
[INFO] [stdout]    --> src/intensity_map.rs:206:9
[INFO] [stdout]     |
[INFO] [stdout] 206 |     use crate::unit_test::bloei_luma8;
[INFO] [stdout]     |         ^^^^^^^^^^^^^^^^^^^^^^^^^^^^^ no `bloei_luma8` in `unit_test`
[INFO] [stdout] 
[INFO] [stdout] 
[INFO] [stdout] error[E0432]: unresolved import `crate::unit_test::access`
[INFO] [stdout]    --> src/kdtree.rs:113:27
[INFO] [stdout]     |
[INFO] [stdout] 113 |     use crate::unit_test::access::UnflattenVector3;
[INFO] [stdout]     |                           ^^^^^^ could not find `access` in `unit_test`
[INFO] [stdout] 
[INFO] [stdout] 
[INFO] [stdout] error[E0432]: unresolved import `crate::unit_test::sample_rgbd_dataset1`
[INFO] [stdout]    --> src/range_image/resize.rs:113:9
[INFO] [stdout]     |
[INFO] [stdout] 113 |         unit_test::sample_rgbd_dataset1,
[INFO] [stdout]     |         ^^^^^^^^^^^^^^^^^^^^^^^^^^^^^^^ no `sample_rgbd_dataset1` in `unit_test`
[INFO] [stdout] 
[INFO] [stdout] 
[INFO] [stdout] error[E0432]: unresolved import `crate::unit_test::access`
[INFO] [stdout]    --> src/transform.rs:297:27
[INFO] [stdout]     |
[INFO] [stdout] 297 |     use crate::unit_test::access::FlattenVector3;
[INFO] [stdout]     |                           ^^^^^^ could not find `access` in `unit_test`
[INFO] [stdout] 
[INFO] [stdout] 
[INFO] [stdout] error[E0432]: unresolved import `crate::unit_test::bloei_rgb`
[INFO] [stdout]   --> src/image/rgb.rs:90:9
[INFO] [stdout]    |
[INFO] [stdout] 90 |     use crate::unit_test::bloei_rgb;
[INFO] [stdout]    |         ^^^^^^^^^^^^^^^^^^^^^^^^^^^ no `bloei_rgb` in `unit_test`
[INFO] [stdout] 
[INFO] [stdout] 
[INFO] [stdout] error[E0432]: unresolved import `crate::unit_test::sample_rgbd_dataset1`
[INFO] [stdout]    --> src/image/rgbd_image.rs:113:9
[INFO] [stdout]     |
[INFO] [stdout] 113 |         unit_test::sample_rgbd_dataset1,
[INFO] [stdout]     |         ^^^^^^^^^^^^^^^^^^^^^^^^^^^^^^^ no `sample_rgbd_dataset1` in `unit_test`
[INFO] [stdout] 
[INFO] [stdout] 
[INFO] [stdout] warning: unused imports: `HuberEstimator`, `RobustEstimator`
[INFO] [stdout]  --> src/optim/mod.rs:5:28
[INFO] [stdout]   |
[INFO] [stdout] 5 | pub use robust_estimator::{HuberEstimator, RobustEstimator};
[INFO] [stdout]   |                            ^^^^^^^^^^^^^^  ^^^^^^^^^^^^^^^
[INFO] [stdout]   |
[INFO] [stdout]   = note: `#[warn(unused_imports)]` on by default
[INFO] [stdout] 
[INFO] [stdout] 
[INFO] [stdout] warning: unused import: `IntoLumaArray`
[INFO] [stdout]  --> src/image/mod.rs:5:45
[INFO] [stdout]   |
[INFO] [stdout] 5 | pub use luma::{rgb_to_luma, rgb_to_luma_u8, IntoLumaArray, IntoLumaImage};
[INFO] [stdout]   |                                             ^^^^^^^^^^^^^
[INFO] [stdout] 
[INFO] [stdout] 
[INFO] [stdout] error[E0599]: no method named `unflatten_vector3` found for struct `ArrayBase` in the current scope
[INFO] [stdout]    --> src/kdtree.rs:123:14
[INFO] [stdout]     |
[INFO] [stdout] 122 |           let points = array![[1., 2., 3.], [2., 3., 4.], [5., 6., 7.], [8., 9., 1.]]
[INFO] [stdout]     |  ______________________-
[INFO] [stdout] 123 | |             .unflatten_vector3()
[INFO] [stdout]     | |             -^^^^^^^^^^^^^^^^^ method not found in `ArrayBase<OwnedRepr<{float}>, Dim<[usize; 2]>>`
[INFO] [stdout]     | |_____________|
[INFO] [stdout]     | 
[INFO] [stdout] 
[INFO] [stdout] 
[INFO] [stdout] error[E0599]: no method named `unflatten_vector3` found for struct `ArrayBase` in the current scope
[INFO] [stdout]    --> src/kdtree.rs:159:35
[INFO] [stdout]     |
[INFO] [stdout] 159 |                 randomized_points.unflatten_vector3().unwrap(),
[INFO] [stdout]     |                                   ^^^^^^^^^^^^^^^^^ method not found in `ArrayBase<OwnedRepr<f32>, Dim<[usize; 2]>>`
[INFO] [stdout] 
[INFO] [stdout] 
[INFO] [stdout] error[E0599]: no method named `unflatten_vector3` found for struct `ArrayBase` in the current scope
[INFO] [stdout]    --> src/kdtree.rs:191:18
[INFO] [stdout]     |
[INFO] [stdout] 189 | /             randomized_points
[INFO] [stdout] 190 | |                 .slice_move(s![0..5000, ..])
[INFO] [stdout] 191 | |                 .unflatten_vector3()
[INFO] [stdout]     | |                 -^^^^^^^^^^^^^^^^^ method not found in `ArrayBase<OwnedRepr<f32>, Dim<[usize; 2]>>`
[INFO] [stdout]     | |_________________|
[INFO] [stdout]     | 
[INFO] [stdout] 
[INFO] [stdout] 
[INFO] [stdout] error[E0599]: no method named `flatten_vector3` found for struct `ArrayBase` in the current scope
[INFO] [stdout]    --> src/transform.rs:343:18
[INFO] [stdout]     |
[INFO] [stdout] 338 |               &transform
[INFO] [stdout]     |  ______________-
[INFO] [stdout] 339 | |                 .transform_vectors(Array1::from_iter([
[INFO] [stdout] 340 | |                     Vector3::new(1.0, 2.0, 3.0),
[INFO] [stdout] 341 | |                     Vector3::new(1.0, 2.0, 3.0)
[INFO] [stdout] 342 | |                 ]))
[INFO] [stdout] 343 | |                 .flatten_vector3(),
[INFO] [stdout]     | |                 -^^^^^^^^^^^^^^^ method not found in `ArrayBase<OwnedRepr<Matrix<f32, Const<3>, Const<1>, ArrayStorage<f32, 3, 1>>>, Dim<[usize; 1]>>`
[INFO] [stdout]     | |_________________|
[INFO] [stdout]     | 
[INFO] [stdout] 
[INFO] [stdout] 
[INFO] [stdout] error[E0599]: no method named `flatten_vector3` found for struct `ArrayBase` in the current scope
[INFO] [stdout]    --> src/transform.rs:358:21
[INFO] [stdout]     |
[INFO] [stdout] 358 |             &points.flatten_vector3(),
[INFO] [stdout]     |                     ^^^^^^^^^^^^^^^ method not found in `ArrayBase<OwnedRepr<Matrix<f32, Const<3>, Const<1>, ArrayStorage<f32, 3, 1>>>, Dim<[usize; 1]>>`
[INFO] [stdout] 
[INFO] [stdout] 
[INFO] [stdout] error[E0599]: no method named `flatten_vector3` found for struct `ArrayBase` in the current scope
[INFO] [stdout]    --> src/transform.rs:370:18
[INFO] [stdout]     |
[INFO] [stdout] 368 |               &transform
[INFO] [stdout]     |  ______________-
[INFO] [stdout] 369 | |                 .transform_vectors(array![Vector3::new(5.5, 6.4, 7.8)])
[INFO] [stdout] 370 | |                 .flatten_vector3(),
[INFO] [stdout]     | |                 -^^^^^^^^^^^^^^^ method not found in `ArrayBase<OwnedRepr<Matrix<f32, Const<3>, Const<1>, ArrayStorage<f32, 3, 1>>>, Dim<[usize; 1]>>`
[INFO] [stdout]     | |_________________|
[INFO] [stdout]     | 
[INFO] [stdout] 
[INFO] [stdout] 
[INFO] [stdout] error[E0599]: no method named `flatten_vector3` found for struct `ArrayBase` in the current scope
[INFO] [stdout]    --> src/transform.rs:408:18
[INFO] [stdout]     |
[INFO] [stdout] 403 |               &transform
[INFO] [stdout]     |  ______________-
[INFO] [stdout] 404 | |                 .transform_vectors(array![
[INFO] [stdout] 405 | |                     Vector3::new(1.0, 2.0, 3.0),
[INFO] [stdout] 406 | |                     Vector3::new(1.0, 2.0, 3.0)
[INFO] [stdout] 407 | |                 ])
[INFO] [stdout] 408 | |                 .flatten_vector3(),
[INFO] [stdout]     | |                 -^^^^^^^^^^^^^^^ method not found in `ArrayBase<OwnedRepr<Matrix<f32, Const<3>, Const<1>, ArrayStorage<f32, 3, 1>>>, Dim<[usize; 1]>>`
[INFO] [stdout]     | |_________________|
[INFO] [stdout]     | 
[INFO] [stdout] 
[INFO] [stdout] 
[INFO] [stdout] error: aborting due to 18 previous errors; 2 warnings emitted
[INFO] [stdout] 
[INFO] [stdout] 
[INFO] [stdout] Some errors have detailed explanations: E0432, E0583, E0599.
[INFO] [stdout] 
[INFO] [stdout] For more information about an error, try `rustc --explain E0432`.
[INFO] [stdout] 
[INFO] [stderr] error: could not compile `align3d` (lib test) due to 19 previous errors; 2 warnings emitted
[INFO] running `Command { std: "docker" "inspect" "a307d5cb5a3966c1f53c4edc3252a077a5419bc93726b916a63973be9f3f2a13", kill_on_drop: false }`
[INFO] running `Command { std: "docker" "rm" "-f" "a307d5cb5a3966c1f53c4edc3252a077a5419bc93726b916a63973be9f3f2a13", kill_on_drop: false }`
[INFO] [stdout] a307d5cb5a3966c1f53c4edc3252a077a5419bc93726b916a63973be9f3f2a13
[INFO] testing align3d-1.0.2 against beta-2023-12-22 for beta-1.76-1
[INFO] extracting crate align3d 1.0.2 into /workspace/builds/worker-2-tc2/source
[INFO] validating manifest of crates.io crate align3d 1.0.2 on toolchain beta-2023-12-22
[INFO] running `Command { std: CARGO_HOME="/workspace/cargo-home" RUSTUP_HOME="/workspace/rustup-home" "/workspace/cargo-home/bin/cargo" "+beta-2023-12-22" "metadata" "--manifest-path" "Cargo.toml" "--no-deps", kill_on_drop: false }`
[INFO] started tweaking crates.io crate align3d 1.0.2
[INFO] removed 5 missing tests
[INFO] finished tweaking crates.io crate align3d 1.0.2
[INFO] tweaked toml for crates.io crate align3d 1.0.2 written to /workspace/builds/worker-2-tc2/source/Cargo.toml
[INFO] running `Command { std: CARGO_HOME="/workspace/cargo-home" RUSTUP_HOME="/workspace/rustup-home" "/workspace/cargo-home/bin/cargo" "+beta-2023-12-22" "generate-lockfile" "--manifest-path" "Cargo.toml", kill_on_drop: false }`
[INFO] [stderr]     Updating crates.io index
[INFO] running `Command { std: CARGO_HOME="/workspace/cargo-home" RUSTUP_HOME="/workspace/rustup-home" "/workspace/cargo-home/bin/cargo" "+beta-2023-12-22" "fetch" "--manifest-path" "Cargo.toml", kill_on_drop: false }`
[INFO] running `Command { std: "docker" "create" "-v" "/var/lib/crater-agent-workspace/builds/worker-2-tc2/target:/opt/rustwide/target:rw,Z" "-v" "/var/lib/crater-agent-workspace/builds/worker-2-tc2/source:/opt/rustwide/workdir:ro,Z" "-v" "/var/lib/crater-agent-workspace/cargo-home:/opt/rustwide/cargo-home:ro,Z" "-v" "/var/lib/crater-agent-workspace/rustup-home:/opt/rustwide/rustup-home:ro,Z" "-e" "SOURCE_DIR=/opt/rustwide/workdir" "-e" "CARGO_TARGET_DIR=/opt/rustwide/target" "-e" "CARGO_HOME=/opt/rustwide/cargo-home" "-e" "RUSTUP_HOME=/opt/rustwide/rustup-home" "-w" "/opt/rustwide/workdir" "-m" "1610612736" "--user" "0:0" "--network" "none" "ghcr.io/rust-lang/crates-build-env/linux@sha256:2788e3201cd34a07e3172128adcd8b3090168a8e3bcc40d7c032b9dda1df7d1c" "/opt/rustwide/cargo-home/bin/cargo" "+beta-2023-12-22" "metadata" "--no-deps" "--format-version=1", kill_on_drop: false }`
[INFO] [stdout] 5dc312e4b281048ec5133f2e67ff5e81513ef576f988e95d6932ff7f4a3bb863
[INFO] running `Command { std: "docker" "start" "-a" "5dc312e4b281048ec5133f2e67ff5e81513ef576f988e95d6932ff7f4a3bb863", kill_on_drop: false }`
[INFO] running `Command { std: "docker" "inspect" "5dc312e4b281048ec5133f2e67ff5e81513ef576f988e95d6932ff7f4a3bb863", kill_on_drop: false }`
[INFO] running `Command { std: "docker" "rm" "-f" "5dc312e4b281048ec5133f2e67ff5e81513ef576f988e95d6932ff7f4a3bb863", kill_on_drop: false }`
[INFO] [stdout] 5dc312e4b281048ec5133f2e67ff5e81513ef576f988e95d6932ff7f4a3bb863
[INFO] running `Command { std: "docker" "create" "-v" "/var/lib/crater-agent-workspace/builds/worker-2-tc2/target:/opt/rustwide/target:rw,Z" "-v" "/var/lib/crater-agent-workspace/builds/worker-2-tc2/source:/opt/rustwide/workdir:ro,Z" "-v" "/var/lib/crater-agent-workspace/cargo-home:/opt/rustwide/cargo-home:ro,Z" "-v" "/var/lib/crater-agent-workspace/rustup-home:/opt/rustwide/rustup-home:ro,Z" "-e" "SOURCE_DIR=/opt/rustwide/workdir" "-e" "CARGO_TARGET_DIR=/opt/rustwide/target" "-e" "CARGO_INCREMENTAL=0" "-e" "RUST_BACKTRACE=full" "-e" "RUSTFLAGS=--cap-lints=warn" "-e" "RUSTDOCFLAGS=--cap-lints=warn" "-e" "CARGO_HOME=/opt/rustwide/cargo-home" "-e" "RUSTUP_HOME=/opt/rustwide/rustup-home" "-w" "/opt/rustwide/workdir" "-m" "1610612736" "--user" "0:0" "--network" "none" "ghcr.io/rust-lang/crates-build-env/linux@sha256:2788e3201cd34a07e3172128adcd8b3090168a8e3bcc40d7c032b9dda1df7d1c" "/opt/rustwide/cargo-home/bin/cargo" "+beta-2023-12-22" "build" "--frozen" "--message-format=json", kill_on_drop: false }`
[INFO] [stdout] ebe51ca2e4e395f65f97cf82e9aed3a688b03af239500fe8d46aea1c8777e772
[INFO] running `Command { std: "docker" "start" "-a" "ebe51ca2e4e395f65f97cf82e9aed3a688b03af239500fe8d46aea1c8777e772", kill_on_drop: false }`
[INFO] [stderr]    Compiling libm v0.2.8
[INFO] [stderr]    Compiling num-traits v0.2.17
[INFO] [stderr]    Compiling num-integer v0.1.45
[INFO] [stderr]    Compiling crossbeam-utils v0.8.18
[INFO] [stderr]    Compiling serde v1.0.194
[INFO] [stderr]    Compiling rayon-core v1.12.0
[INFO] [stderr]    Compiling getrandom v0.2.11
[INFO] [stderr]    Compiling syn v2.0.48
[INFO] [stderr]    Compiling simd-adler32 v0.3.7
[INFO] [stderr]    Compiling rawpointer v0.2.1
[INFO] [stderr]    Compiling semver v1.0.21
[INFO] [stderr]    Compiling camino v1.1.6
[INFO] [stderr]    Compiling rand_core v0.4.2
[INFO] [stderr]    Compiling serde_json v1.0.111
[INFO] [stderr]    Compiling bytemuck v1.14.0
[INFO] [stderr]    Compiling miniz_oxide v0.7.1
[INFO] [stderr]    Compiling rustix v0.38.28
[INFO] [stderr]    Compiling rand_core v0.3.1
[INFO] [stderr]    Compiling crossbeam-epoch v0.9.17
[INFO] [stderr]    Compiling unicase v2.7.0
[INFO] [stderr]    Compiling error-chain v0.12.4
[INFO] [stderr]    Compiling matrixmultiply v0.3.8
[INFO] [stderr]    Compiling crossbeam-deque v0.8.4
[INFO] [stderr]    Compiling num-complex v0.2.4
[INFO] [stderr]    Compiling num-rational v0.4.1
[INFO] [stderr]    Compiling linux-raw-sys v0.4.12
[INFO] [stderr]    Compiling pulldown-cmark v0.9.3
[INFO] [stderr]    Compiling num-complex v0.4.4
[INFO] [stderr]    Compiling bitflags v2.4.1
[INFO] [stderr]    Compiling num-bigint v0.4.4
[INFO] [stderr]    Compiling rayon v1.8.0
[INFO] [stderr]    Compiling rand v0.5.6
[INFO] [stderr]    Compiling same-file v1.0.6
[INFO] [stderr]    Compiling memchr v2.7.1
[INFO] [stderr]    Compiling syn v1.0.109
[INFO] [stderr]    Compiling fastrand v2.0.1
[INFO] [stderr]    Compiling tempfile v3.9.0
[INFO] [stderr]    Compiling walkdir v2.4.0
[INFO] [stderr]    Compiling flate2 v1.0.28
[INFO] [stderr]    Compiling spin v0.9.8
[INFO] [stderr]    Compiling safe_arch v0.7.1
[INFO] [stderr]    Compiling nanorand v0.7.0
[INFO] [stderr]    Compiling rand_core v0.6.4
[INFO] [stderr]    Compiling weezl v0.1.7
[INFO] [stderr]    Compiling glob v0.3.1
[INFO] [stderr]    Compiling bytecount v0.6.7
[INFO] [stderr]    Compiling wide v0.7.13
[INFO] [stderr]    Compiling rand_chacha v0.3.1
[INFO] [stderr]    Compiling jpeg-decoder v0.3.0
[INFO] [stderr]    Compiling serde_derive v1.0.194
[INFO] [stderr]    Compiling pin-project-internal v1.1.3
[INFO] [stderr]    Compiling approx v0.5.1
[INFO] [stderr]    Compiling approx v0.4.0
[INFO] [stderr]    Compiling zune-inflate v0.2.54
[INFO] [stderr]    Compiling fdeflate v0.3.3
[INFO] [stderr]    Compiling half v2.3.1
[INFO] [stderr]    Compiling bit_field v0.10.2
[INFO] [stderr]    Compiling byteorder v1.5.0
[INFO] [stderr]    Compiling color_quant v1.1.0
[INFO] [stderr]    Compiling lebe v0.5.2
[INFO] [stderr]    Compiling peg-runtime v0.6.3
[INFO] [stderr]    Compiling ndarray v0.13.1
[INFO] [stderr]    Compiling gif v0.12.0
[INFO] [stderr]    Compiling simba v0.7.3
[INFO] [stderr]    Compiling png v0.17.10
[INFO] [stderr]    Compiling peg-macros v0.6.3
[INFO] [stderr]    Compiling ndarray v0.15.6
[INFO] [stderr]    Compiling pin-project v1.1.3
[INFO] [stderr]    Compiling flume v0.10.14
[INFO] [stderr]    Compiling tiff v0.9.0
[INFO] [stderr]    Compiling exr v1.6.4
[INFO] [stderr]    Compiling rand v0.8.5
[INFO] [stderr]    Compiling approx v0.3.2
[INFO] [stderr]    Compiling qoi v0.4.1
[INFO] [stderr]    Compiling matrixmultiply v0.2.4
[INFO] [stderr]    Compiling cblas-sys v0.1.4
[INFO] [stderr]    Compiling lapacke-sys v0.1.4
[INFO] [stderr]    Compiling blas-src v0.2.1
[INFO] [stderr]    Compiling lapacke v0.2.0
[INFO] [stderr]    Compiling rand_distr v0.4.3
[INFO] [stderr]    Compiling nalgebra-macros v0.1.0
[INFO] [stderr]    Compiling image v0.24.7
[INFO] [stderr]    Compiling peg v0.6.3
[INFO] [stderr]    Compiling num-iter v0.1.43
[INFO] [stderr]    Compiling cauchy v0.2.2
[INFO] [stderr]    Compiling lapack-src v0.6.0
[INFO] [stderr]    Compiling blas-src v0.6.1
[INFO] [stderr]    Compiling num v0.4.1
[INFO] [stderr]    Compiling ndarray-rand v0.14.0
[INFO] [stderr]    Compiling ordered-float v3.9.2
[INFO] [stderr]    Compiling ndarray-linalg v0.12.1
[INFO] [stderr]    Compiling nalgebra v0.30.1
[INFO] [stderr]    Compiling cargo-platform v0.1.6
[INFO] [stderr]    Compiling cargo_metadata v0.14.2
[INFO] [stderr]    Compiling skeptic v0.13.7
[INFO] [stderr]    Compiling ply-rs v0.1.3
[INFO] [stderr]    Compiling nshare v0.9.0
[INFO] [stderr]    Compiling align3d v1.0.2 (/opt/rustwide/workdir)
[INFO] [stdout] warning: unused imports: `HuberEstimator`, `RobustEstimator`
[INFO] [stdout]  --> src/optim/mod.rs:5:28
[INFO] [stdout]   |
[INFO] [stdout] 5 | pub use robust_estimator::{HuberEstimator, RobustEstimator};
[INFO] [stdout]   |                            ^^^^^^^^^^^^^^  ^^^^^^^^^^^^^^^
[INFO] [stdout]   |
[INFO] [stdout]   = note: `#[warn(unused_imports)]` on by default
[INFO] [stdout] 
[INFO] [stdout] 
[INFO] [stdout] warning: unused imports: `IntoLumaArray`, `IntoLumaImage`
[INFO] [stdout]  --> src/image/mod.rs:5:45
[INFO] [stdout]   |
[INFO] [stdout] 5 | pub use luma::{rgb_to_luma, rgb_to_luma_u8, IntoLumaArray, IntoLumaImage};
[INFO] [stdout]   |                                             ^^^^^^^^^^^^^  ^^^^^^^^^^^^^
[INFO] [stdout] 
[INFO] [stdout] 
[INFO] [stdout] warning: 2 warnings emitted
[INFO] [stdout] 
[INFO] [stdout] 
[INFO] [stderr]     Finished dev [unoptimized + debuginfo] target(s) in 30.32s
[INFO] running `Command { std: "docker" "inspect" "ebe51ca2e4e395f65f97cf82e9aed3a688b03af239500fe8d46aea1c8777e772", kill_on_drop: false }`
[INFO] running `Command { std: "docker" "rm" "-f" "ebe51ca2e4e395f65f97cf82e9aed3a688b03af239500fe8d46aea1c8777e772", kill_on_drop: false }`
[INFO] [stdout] ebe51ca2e4e395f65f97cf82e9aed3a688b03af239500fe8d46aea1c8777e772
[INFO] running `Command { std: "docker" "create" "-v" "/var/lib/crater-agent-workspace/builds/worker-2-tc2/target:/opt/rustwide/target:rw,Z" "-v" "/var/lib/crater-agent-workspace/builds/worker-2-tc2/source:/opt/rustwide/workdir:ro,Z" "-v" "/var/lib/crater-agent-workspace/cargo-home:/opt/rustwide/cargo-home:ro,Z" "-v" "/var/lib/crater-agent-workspace/rustup-home:/opt/rustwide/rustup-home:ro,Z" "-e" "SOURCE_DIR=/opt/rustwide/workdir" "-e" "CARGO_TARGET_DIR=/opt/rustwide/target" "-e" "CARGO_INCREMENTAL=0" "-e" "RUST_BACKTRACE=full" "-e" "RUSTFLAGS=--cap-lints=warn" "-e" "RUSTDOCFLAGS=--cap-lints=warn" "-e" "CARGO_HOME=/opt/rustwide/cargo-home" "-e" "RUSTUP_HOME=/opt/rustwide/rustup-home" "-w" "/opt/rustwide/workdir" "-m" "1610612736" "--user" "0:0" "--network" "none" "ghcr.io/rust-lang/crates-build-env/linux@sha256:2788e3201cd34a07e3172128adcd8b3090168a8e3bcc40d7c032b9dda1df7d1c" "/opt/rustwide/cargo-home/bin/cargo" "+beta-2023-12-22" "test" "--frozen" "--no-run" "--message-format=json", kill_on_drop: false }`
[INFO] [stdout] a803f9e14de8a6b226932beac2b0960ecbb23e18c05e0544e5d823457d3abf8d
[INFO] running `Command { std: "docker" "start" "-a" "a803f9e14de8a6b226932beac2b0960ecbb23e18c05e0544e5d823457d3abf8d", kill_on_drop: false }`
[INFO] [stderr]    Compiling libc v0.2.151
[INFO] [stderr]    Compiling memchr v2.7.1
[INFO] [stderr]    Compiling serde v1.0.194
[INFO] [stderr]    Compiling futures-sink v0.3.30
[INFO] [stderr]    Compiling rustix v0.38.28
[INFO] [stderr]    Compiling syn v1.0.109
[INFO] [stderr]    Compiling getrandom v0.1.16
[INFO] [stderr]    Compiling futures-channel v0.3.30
[INFO] [stderr]    Compiling rustc_version v0.4.0
[INFO] [stderr]    Compiling futures-macro v0.3.30
[INFO] [stderr]    Compiling ahash v0.8.7
[INFO] [stderr]    Compiling pulldown-cmark v0.9.3
[INFO] [stderr]    Compiling futures-io v0.3.30
[INFO] [stderr]    Compiling cpp_demangle v0.4.3
[INFO] [stderr]    Compiling ciborium-io v0.2.1
[INFO] [stderr]    Compiling tempfile v3.9.0
[INFO] [stderr]    Compiling getrandom v0.2.11
[INFO] [stderr]    Compiling rand v0.5.6
[INFO] [stderr]    Compiling nanorand v0.7.0
[INFO] [stderr]    Compiling rand_core v0.6.4
[INFO] [stderr]    Compiling skeptic v0.13.7
[INFO] [stderr]    Compiling flume v0.10.14
[INFO] [stderr]    Compiling rand_chacha v0.3.1
[INFO] [stderr]    Compiling uuid v1.6.1
[INFO] [stderr]    Compiling futures-task v0.3.30
[INFO] [stderr]    Compiling regex-syntax v0.8.2
[INFO] [stderr]    Compiling plotters-backend v0.3.5
[INFO] [stderr]    Compiling os_str_bytes v6.6.1
[INFO] [stderr]    Compiling half v1.8.2
[INFO] [stderr]    Compiling futures-util v0.3.30
[INFO] [stderr]    Compiling plotters-svg v0.3.5
[INFO] [stderr]    Compiling num-complex v0.2.4
[INFO] [stderr]    Compiling serde_json v1.0.111
[INFO] [stderr]    Compiling ciborium-ll v0.2.1
[INFO] [stderr]    Compiling clap_lex v0.2.4
[INFO] [stderr]    Compiling debugid v0.8.0
[INFO] [stderr]    Compiling exr v1.6.4
[INFO] [stderr]    Compiling ply-rs v0.1.3
[INFO] [stderr]    Compiling rand v0.8.5
[INFO] [stderr]    Compiling rand_core v0.5.1
[INFO] [stderr]    Compiling lapacke-sys v0.1.4
[INFO] [stderr]    Compiling regex-automata v0.4.3
[INFO] [stderr]    Compiling memmap2 v0.5.10
[INFO] [stderr]    Compiling cblas-sys v0.1.4
[INFO] [stderr]    Compiling rstest_macros v0.14.0
[INFO] [stderr]    Compiling backtrace v0.3.69
[INFO] [stderr]    Compiling findshlibs v0.10.2
[INFO] [stderr]    Compiling cast v0.3.0
[INFO] [stderr]    Compiling protobuf v2.28.0
[INFO] [stderr]    Compiling textwrap v0.16.0
[INFO] [stderr]    Compiling once_cell v1.19.0
[INFO] [stderr]    Compiling rustc-demangle v0.1.23
[INFO] [stderr]    Compiling zerocopy v0.7.32
[INFO] [stderr]    Compiling symbolic-demangle v10.2.1
[INFO] [stderr]    Compiling gimli v0.28.1
[INFO] [stderr]    Compiling arrayvec v0.7.4
[INFO] [stderr]    Compiling ndarray v0.13.1
[INFO] [stderr]    Compiling num-format v0.4.4
[INFO] [stderr]    Compiling regex v1.10.2
[INFO] [stderr]    Compiling image v0.24.7
[INFO] [stderr]    Compiling futures-executor v0.3.30
[INFO] [stderr]    Compiling clap v3.2.25
[INFO] [stderr]    Compiling symbolic-common v10.2.1
[INFO] [stderr]    Compiling nalgebra-macros v0.1.0
[INFO] [stderr]    Compiling addr2line v0.21.0
[INFO] [stderr]    Compiling nalgebra v0.30.1
[INFO] [stderr]    Compiling criterion-plot v0.5.0
[INFO] [stderr]    Compiling parking_lot_core v0.9.9
[INFO] [stderr]    Compiling rand_distr v0.4.3
[INFO] [stderr]    Compiling tinytemplate v1.2.1
[INFO] [stderr]    Compiling lapacke v0.2.0
[INFO] [stderr]    Compiling rand_chacha v0.2.2
[INFO] [stderr]    Compiling cauchy v0.2.2
[INFO] [stderr]    Compiling ciborium v0.2.1
[INFO] [stderr]    Compiling plotters v0.3.5
[INFO] [stderr]    Compiling is-terminal v0.4.10
[INFO] [stderr]    Compiling atty v0.2.14
[INFO] [stderr]    Compiling quick-xml v0.26.0
[INFO] [stderr]    Compiling object v0.32.2
[INFO] [stderr]    Compiling rgb v0.8.37
[INFO] [stderr]    Compiling thiserror-impl v1.0.56
[INFO] [stderr]    Compiling pprof v0.11.1
[INFO] [stderr]    Compiling str_stack v0.1.0
[INFO] [stderr]    Compiling anes v0.1.6
[INFO] [stderr]    Compiling oorandom v11.1.3
[INFO] [stderr]    Compiling inferno v0.11.19
[INFO] [stderr]    Compiling ndarray-linalg v0.12.1
[INFO] [stderr]    Compiling criterion v0.4.0
[INFO] [stderr]    Compiling thiserror v1.0.56
[INFO] [stderr]    Compiling rand v0.7.3
[INFO] [stderr]    Compiling ndarray-rand v0.14.0
[INFO] [stderr]    Compiling parking_lot v0.12.1
[INFO] [stderr]    Compiling futures v0.3.30
[INFO] [stderr]    Compiling nix v0.26.4
[INFO] [stderr]    Compiling test-temp-file v0.1.2
[INFO] [stderr]    Compiling rstest v0.15.0
[INFO] [stderr]    Compiling nshare v0.9.0
[INFO] [stderr]    Compiling align3d v1.0.2 (/opt/rustwide/workdir)
[INFO] [stdout] warning: unused imports: `HuberEstimator`, `RobustEstimator`
[INFO] [stdout]  --> src/optim/mod.rs:5:28
[INFO] [stdout]   |
[INFO] [stdout] 5 | pub use robust_estimator::{HuberEstimator, RobustEstimator};
[INFO] [stdout]   |                            ^^^^^^^^^^^^^^  ^^^^^^^^^^^^^^^
[INFO] [stdout]   |
[INFO] [stdout]   = note: `#[warn(unused_imports)]` on by default
[INFO] [stdout] 
[INFO] [stdout] 
[INFO] [stdout] warning: unused imports: `IntoLumaArray`, `IntoLumaImage`
[INFO] [stdout]  --> src/image/mod.rs:5:45
[INFO] [stdout]   |
[INFO] [stdout] 5 | pub use luma::{rgb_to_luma, rgb_to_luma_u8, IntoLumaArray, IntoLumaImage};
[INFO] [stdout]   |                                             ^^^^^^^^^^^^^  ^^^^^^^^^^^^^
[INFO] [stdout] 
[INFO] [stdout] 
[INFO] [stdout] error[E0583]: file not found for module `unit_test`
[INFO] [stdout]   --> src/lib.rs:19:1
[INFO] [stdout]    |
[INFO] [stdout] 19 | mod unit_test;
[INFO] [stdout]    | ^^^^^^^^^^^^^^
[INFO] [stdout]    |
[INFO] [stdout]    = help: to create the module `unit_test`, create file "src/unit_test.rs" or "src/unit_test/mod.rs"
[INFO] [stdout]    = note: if there is a `mod unit_test` elsewhere in the crate already, import it with `use crate::...` instead
[INFO] [stdout] 
[INFO] [stdout] 
[INFO] [stdout] warning: 2 warnings emitted
[INFO] [stdout] 
[INFO] [stdout] 
[INFO] [stdout] error[E0432]: unresolved import `crate::unit_test::bloei_luma16`
[INFO] [stdout]    --> src/bilateral/grid.rs:171:9
[INFO] [stdout]     |
[INFO] [stdout] 171 |     use crate::unit_test::bloei_luma16;
[INFO] [stdout]     |         ^^^^^^^^^^^^^^^^^^^^^^^^^^^^^^ no `bloei_luma16` in `unit_test`
[INFO] [stdout] 
[INFO] [stdout] 
[INFO] [stdout] error[E0432]: unresolved imports `crate::unit_test::sample_pcl_ds1`, `crate::unit_test::TestPclDataset`
[INFO] [stdout]    --> src/icp/pcl_icp.rs:117:21
[INFO] [stdout]     |
[INFO] [stdout] 117 |         unit_test::{sample_pcl_ds1, TestPclDataset},
[INFO] [stdout]     |                     ^^^^^^^^^^^^^^  ^^^^^^^^^^^^^^ no `TestPclDataset` in `unit_test`
[INFO] [stdout]     |                     |
[INFO] [stdout]     |                     no `sample_pcl_ds1` in `unit_test`
[INFO] [stdout] 
[INFO] [stdout] 
[INFO] [stdout] error[E0432]: unresolved imports `crate::unit_test::sample_range_img_ds2`, `crate::unit_test::TestRangeImageDataset`
[INFO] [stdout]    --> src/icp/image_icp.rs:192:21
[INFO] [stdout]     |
[INFO] [stdout] 192 |         unit_test::{sample_range_img_ds2, TestRangeImageDataset},
[INFO] [stdout]     |                     ^^^^^^^^^^^^^^^^^^^^  ^^^^^^^^^^^^^^^^^^^^^ no `TestRangeImageDataset` in `unit_test`
[INFO] [stdout]     |                     |
[INFO] [stdout]     |                     no `sample_range_img_ds2` in `unit_test`
[INFO] [stdout] 
[INFO] [stdout] 
[INFO] [stdout] error[E0432]: unresolved imports `crate::unit_test::sample_rgbd_frame_dataset1`, `crate::unit_test::TestRgbdFrameDataset`
[INFO] [stdout]   --> src/icp/multiscale.rs:78:21
[INFO] [stdout]    |
[INFO] [stdout] 78 |         unit_test::{sample_rgbd_frame_dataset1, TestRgbdFrameDataset},
[INFO] [stdout]    |                     ^^^^^^^^^^^^^^^^^^^^^^^^^^  ^^^^^^^^^^^^^^^^^^^^ no `TestRgbdFrameDataset` in `unit_test`
[INFO] [stdout]    |                     |
[INFO] [stdout]    |                     no `sample_rgbd_frame_dataset1` in `unit_test`
[INFO] [stdout] 
[INFO] [stdout] 
[INFO] [stdout] error[E0432]: unresolved import `crate::unit_test::bloei_luma8`
[INFO] [stdout]    --> src/intensity_map.rs:206:9
[INFO] [stdout]     |
[INFO] [stdout] 206 |     use crate::unit_test::bloei_luma8;
[INFO] [stdout]     |         ^^^^^^^^^^^^^^^^^^^^^^^^^^^^^ no `bloei_luma8` in `unit_test`
[INFO] [stdout] 
[INFO] [stdout] 
[INFO] [stdout] error[E0432]: unresolved import `crate::unit_test::access`
[INFO] [stdout]    --> src/kdtree.rs:113:27
[INFO] [stdout]     |
[INFO] [stdout] 113 |     use crate::unit_test::access::UnflattenVector3;
[INFO] [stdout]     |                           ^^^^^^ could not find `access` in `unit_test`
[INFO] [stdout] 
[INFO] [stdout] 
[INFO] [stdout] error[E0432]: unresolved import `crate::unit_test::sample_rgbd_dataset1`
[INFO] [stdout]    --> src/range_image/resize.rs:113:9
[INFO] [stdout]     |
[INFO] [stdout] 113 |         unit_test::sample_rgbd_dataset1,
[INFO] [stdout]     |         ^^^^^^^^^^^^^^^^^^^^^^^^^^^^^^^ no `sample_rgbd_dataset1` in `unit_test`
[INFO] [stdout] 
[INFO] [stdout] 
[INFO] [stdout] error[E0432]: unresolved import `crate::unit_test::access`
[INFO] [stdout]    --> src/transform.rs:297:27
[INFO] [stdout]     |
[INFO] [stdout] 297 |     use crate::unit_test::access::FlattenVector3;
[INFO] [stdout]     |                           ^^^^^^ could not find `access` in `unit_test`
[INFO] [stdout] 
[INFO] [stdout] 
[INFO] [stdout] error[E0432]: unresolved import `crate::unit_test::bloei_rgb`
[INFO] [stdout]   --> src/image/rgb.rs:90:9
[INFO] [stdout]    |
[INFO] [stdout] 90 |     use crate::unit_test::bloei_rgb;
[INFO] [stdout]    |         ^^^^^^^^^^^^^^^^^^^^^^^^^^^ no `bloei_rgb` in `unit_test`
[INFO] [stdout] 
[INFO] [stdout] 
[INFO] [stdout] error[E0432]: unresolved import `crate::unit_test::sample_rgbd_dataset1`
[INFO] [stdout]    --> src/image/rgbd_image.rs:113:9
[INFO] [stdout]     |
[INFO] [stdout] 113 |         unit_test::sample_rgbd_dataset1,
[INFO] [stdout]     |         ^^^^^^^^^^^^^^^^^^^^^^^^^^^^^^^ no `sample_rgbd_dataset1` in `unit_test`
[INFO] [stdout] 
[INFO] [stdout] 
[INFO] [stdout] warning: unused imports: `HuberEstimator`, `RobustEstimator`
[INFO] [stdout]  --> src/optim/mod.rs:5:28
[INFO] [stdout]   |
[INFO] [stdout] 5 | pub use robust_estimator::{HuberEstimator, RobustEstimator};
[INFO] [stdout]   |                            ^^^^^^^^^^^^^^  ^^^^^^^^^^^^^^^
[INFO] [stdout]   |
[INFO] [stdout]   = note: `#[warn(unused_imports)]` on by default
[INFO] [stdout] 
[INFO] [stdout] 
[INFO] [stdout] warning: unused import: `IntoLumaArray`
[INFO] [stdout]  --> src/image/mod.rs:5:45
[INFO] [stdout]   |
[INFO] [stdout] 5 | pub use luma::{rgb_to_luma, rgb_to_luma_u8, IntoLumaArray, IntoLumaImage};
[INFO] [stdout]   |                                             ^^^^^^^^^^^^^
[INFO] [stdout] 
[INFO] [stdout] 
[INFO] [stdout] error[E0599]: no method named `unflatten_vector3` found for struct `ArrayBase` in the current scope
[INFO] [stdout]    --> src/kdtree.rs:123:14
[INFO] [stdout]     |
[INFO] [stdout] 122 |           let points = array![[1., 2., 3.], [2., 3., 4.], [5., 6., 7.], [8., 9., 1.]]
[INFO] [stdout]     |  ______________________-
[INFO] [stdout] 123 | |             .unflatten_vector3()
[INFO] [stdout]     | |             -^^^^^^^^^^^^^^^^^ method not found in `ArrayBase<OwnedRepr<{float}>, Dim<[usize; 2]>>`
[INFO] [stdout]     | |_____________|
[INFO] [stdout]     | 
[INFO] [stdout] 
[INFO] [stdout] 
[INFO] [stdout] error[E0599]: no method named `unflatten_vector3` found for struct `ArrayBase` in the current scope
[INFO] [stdout]    --> src/kdtree.rs:159:35
[INFO] [stdout]     |
[INFO] [stdout] 159 |                 randomized_points.unflatten_vector3().unwrap(),
[INFO] [stdout]     |                                   ^^^^^^^^^^^^^^^^^ method not found in `ArrayBase<OwnedRepr<f32>, Dim<[usize; 2]>>`
[INFO] [stdout] 
[INFO] [stdout] 
[INFO] [stdout] error[E0599]: no method named `unflatten_vector3` found for struct `ArrayBase` in the current scope
[INFO] [stdout]    --> src/kdtree.rs:191:18
[INFO] [stdout]     |
[INFO] [stdout] 189 | /             randomized_points
[INFO] [stdout] 190 | |                 .slice_move(s![0..5000, ..])
[INFO] [stdout] 191 | |                 .unflatten_vector3()
[INFO] [stdout]     | |                 -^^^^^^^^^^^^^^^^^ method not found in `ArrayBase<OwnedRepr<f32>, Dim<[usize; 2]>>`
[INFO] [stdout]     | |_________________|
[INFO] [stdout]     | 
[INFO] [stdout] 
[INFO] [stdout] 
[INFO] [stdout] error[E0599]: no method named `flatten_vector3` found for struct `ArrayBase` in the current scope
[INFO] [stdout]    --> src/transform.rs:343:18
[INFO] [stdout]     |
[INFO] [stdout] 338 |               &transform
[INFO] [stdout]     |  ______________-
[INFO] [stdout] 339 | |                 .transform_vectors(Array1::from_iter([
[INFO] [stdout] 340 | |                     Vector3::new(1.0, 2.0, 3.0),
[INFO] [stdout] 341 | |                     Vector3::new(1.0, 2.0, 3.0)
[INFO] [stdout] 342 | |                 ]))
[INFO] [stdout] 343 | |                 .flatten_vector3(),
[INFO] [stdout]     | |                 -^^^^^^^^^^^^^^^ method not found in `ArrayBase<OwnedRepr<Matrix<f32, Const<3>, Const<1>, ArrayStorage<f32, 3, 1>>>, Dim<[usize; 1]>>`
[INFO] [stdout]     | |_________________|
[INFO] [stdout]     | 
[INFO] [stdout] 
[INFO] [stdout] 
[INFO] [stdout] error[E0599]: no method named `flatten_vector3` found for struct `ArrayBase` in the current scope
[INFO] [stdout]    --> src/transform.rs:358:21
[INFO] [stdout]     |
[INFO] [stdout] 358 |             &points.flatten_vector3(),
[INFO] [stdout]     |                     ^^^^^^^^^^^^^^^ method not found in `ArrayBase<OwnedRepr<Matrix<f32, Const<3>, Const<1>, ArrayStorage<f32, 3, 1>>>, Dim<[usize; 1]>>`
[INFO] [stdout] 
[INFO] [stdout] 
[INFO] [stdout] error[E0599]: no method named `flatten_vector3` found for struct `ArrayBase` in the current scope
[INFO] [stdout]    --> src/transform.rs:370:18
[INFO] [stdout]     |
[INFO] [stdout] 368 |               &transform
[INFO] [stdout]     |  ______________-
[INFO] [stdout] 369 | |                 .transform_vectors(array![Vector3::new(5.5, 6.4, 7.8)])
[INFO] [stdout] 370 | |                 .flatten_vector3(),
[INFO] [stdout]     | |                 -^^^^^^^^^^^^^^^ method not found in `ArrayBase<OwnedRepr<Matrix<f32, Const<3>, Const<1>, ArrayStorage<f32, 3, 1>>>, Dim<[usize; 1]>>`
[INFO] [stdout]     | |_________________|
[INFO] [stdout]     | 
[INFO] [stdout] 
[INFO] [stdout] 
[INFO] [stdout] error[E0599]: no method named `flatten_vector3` found for struct `ArrayBase` in the current scope
[INFO] [stdout]    --> src/transform.rs:408:18
[INFO] [stdout]     |
[INFO] [stdout] 403 |               &transform
[INFO] [stdout]     |  ______________-
[INFO] [stdout] 404 | |                 .transform_vectors(array![
[INFO] [stdout] 405 | |                     Vector3::new(1.0, 2.0, 3.0),
[INFO] [stdout] 406 | |                     Vector3::new(1.0, 2.0, 3.0)
[INFO] [stdout] 407 | |                 ])
[INFO] [stdout] 408 | |                 .flatten_vector3(),
[INFO] [stdout]     | |                 -^^^^^^^^^^^^^^^ method not found in `ArrayBase<OwnedRepr<Matrix<f32, Const<3>, Const<1>, ArrayStorage<f32, 3, 1>>>, Dim<[usize; 1]>>`
[INFO] [stdout]     | |_________________|
[INFO] [stdout]     | 
[INFO] [stdout] 
[INFO] [stdout] 
[INFO] [stdout] error: aborting due to 18 previous errors; 2 warnings emitted
[INFO] [stdout] 
[INFO] [stdout] 
[INFO] [stdout] Some errors have detailed explanations: E0432, E0583, E0599.
[INFO] [stdout] 
[INFO] [stdout] For more information about an error, try `rustc --explain E0432`.
[INFO] [stdout] 
[INFO] [stderr] error: could not compile `align3d` (lib test) due to 19 previous errors; 2 warnings emitted
[INFO] running `Command { std: "docker" "inspect" "a803f9e14de8a6b226932beac2b0960ecbb23e18c05e0544e5d823457d3abf8d", kill_on_drop: false }`
[INFO] running `Command { std: "docker" "rm" "-f" "a803f9e14de8a6b226932beac2b0960ecbb23e18c05e0544e5d823457d3abf8d", kill_on_drop: false }`
[INFO] [stdout] a803f9e14de8a6b226932beac2b0960ecbb23e18c05e0544e5d823457d3abf8d
