[INFO] fetching crate algonaut 0.4.2...
[INFO] testing algonaut-0.4.2 against 1.75.0 for beta-1.76-1
[INFO] extracting crate algonaut 0.4.2 into /workspace/builds/worker-1-tc1/source
[INFO] validating manifest of crates.io crate algonaut 0.4.2 on toolchain 1.75.0
[INFO] running `Command { std: CARGO_HOME="/workspace/cargo-home" RUSTUP_HOME="/workspace/rustup-home" "/workspace/cargo-home/bin/cargo" "+1.75.0" "metadata" "--manifest-path" "Cargo.toml" "--no-deps", kill_on_drop: false }`
[INFO] started tweaking crates.io crate algonaut 0.4.2
[INFO] removed 0 missing tests
[INFO] finished tweaking crates.io crate algonaut 0.4.2
[INFO] tweaked toml for crates.io crate algonaut 0.4.2 written to /workspace/builds/worker-1-tc1/source/Cargo.toml
[INFO] crate crates.io crate algonaut 0.4.2 already has a lockfile, it will not be regenerated
[INFO] running `Command { std: CARGO_HOME="/workspace/cargo-home" RUSTUP_HOME="/workspace/rustup-home" "/workspace/cargo-home/bin/cargo" "+1.75.0" "fetch" "--manifest-path" "Cargo.toml", kill_on_drop: false }`
[INFO] [stderr]     Updating crates.io index
[INFO] [stderr]  Downloading crates ...
[INFO] [stderr]   Downloaded data-encoding v2.3.2
[INFO] [stderr]   Downloaded pkg-config v0.3.25
[INFO] [stderr]   Downloaded parking_lot_core v0.9.3
[INFO] [stderr]   Downloaded synthez-codegen v0.2.0
[INFO] [stderr]   Downloaded inventory v0.2.3
[INFO] [stderr]   Downloaded globwalk v0.8.1
[INFO] [stderr]   Downloaded native-tls v0.2.10
[INFO] [stderr]   Downloaded nom_locate v4.0.0
[INFO] [stderr]   Downloaded tokio-native-tls v0.3.0
[INFO] [stderr]   Downloaded algonaut_abi v0.4.2
[INFO] [stderr]   Downloaded security-framework v2.7.0
[INFO] [stderr]   Downloaded hyper v0.14.20
[INFO] [stderr]   Downloaded algonaut_client v0.4.2
[INFO] [stderr]   Downloaded webpki-roots v0.22.4
[INFO] [stderr]   Downloaded clap v3.2.22
[INFO] [stderr]   Downloaded nom v7.1.1
[INFO] [stderr]   Downloaded num-bigint v0.4.3
[INFO] [stderr]   Downloaded bumpalo v3.11.0
[INFO] [stderr]   Downloaded tokio v1.21.1
[INFO] [stderr]   Downloaded h2 v0.3.14
[INFO] [stderr]   Downloaded cucumber v0.13.0
[INFO] [stderr]   Downloaded openssl v0.10.41
[INFO] [stderr]   Downloaded rustls v0.20.6
[INFO] [stderr]   Downloaded ignore v0.4.18
[INFO] [stderr]   Downloaded unicode-segmentation v1.10.0
[INFO] [stderr]   Downloaded algonaut_core v0.4.2
[INFO] [stderr]   Downloaded reqwest v0.11.11
[INFO] [stderr]   Downloaded algonaut_encoding v0.4.2
[INFO] [stderr]   Downloaded serde_bytes v0.11.7
[INFO] [stderr]   Downloaded os_str_bytes v6.3.0
[INFO] [stderr]   Downloaded termcolor v1.1.3
[INFO] [stderr]   Downloaded textwrap v0.15.1
[INFO] [stderr]   Downloaded algonaut_transaction v0.4.2
[INFO] [stderr]   Downloaded typed-builder v0.7.1
[INFO] [stderr]   Downloaded encode_unicode v0.3.6
[INFO] [stderr]   Downloaded terminal_size v0.1.17
[INFO] [stderr]   Downloaded schannel v0.1.20
[INFO] [stderr]   Downloaded async-trait v0.1.57
[INFO] [stderr]   Downloaded globset v0.4.9
[INFO] [stderr]   Downloaded digest v0.10.5
[INFO] [stderr]   Downloaded textwrap v0.12.1
[INFO] [stderr]   Downloaded rmp-serde v1.1.0
[INFO] [stderr]   Downloaded security-framework-sys v2.6.1
[INFO] [stderr]   Downloaded algonaut_model v0.4.2
[INFO] [stderr]   Downloaded console v0.15.1
[INFO] [stderr]   Downloaded cucumber-codegen v0.13.0
[INFO] [stderr]   Downloaded cucumber-expressions v0.2.1
[INFO] [stderr]   Downloaded ghost v0.1.6
[INFO] [stderr]   Downloaded sealed v0.4.0
[INFO] [stderr]   Downloaded algonaut_crypto v0.4.2
[INFO] [stderr]   Downloaded urlencoding v2.1.2
[INFO] [stderr]   Downloaded clap_derive v3.2.18
[INFO] [stderr]   Downloaded peg-macros v0.6.3
[INFO] [stderr]   Downloaded winreg v0.10.1
[INFO] [stderr]   Downloaded sha2 v0.10.6
[INFO] [stderr]   Downloaded sealed v0.3.0
[INFO] [stderr]   Downloaded bytecount v0.6.3
[INFO] [stderr]   Downloaded ctor v0.1.23
[INFO] [stderr]   Downloaded gloo-timers v0.2.4
[INFO] [stderr]   Downloaded synthez-core v0.2.0
[INFO] [stderr]   Downloaded peg v0.6.3
[INFO] [stderr]   Downloaded futures-timer v3.0.2
[INFO] [stderr]   Downloaded synthez v0.2.0
[INFO] [stderr]   Downloaded peg-runtime v0.6.3
[INFO] [stderr]   Downloaded core-foundation-sys v0.8.3
[INFO] [stderr]   Downloaded unicode-width v0.1.10
[INFO] [stderr]   Downloaded thiserror-impl v1.0.35
[INFO] [stderr]   Downloaded tokio-macros v1.8.0
[INFO] [stderr]   Downloaded openssl-sys v0.9.75
[INFO] [stderr]   Downloaded gherkin v0.12.0
[INFO] [stderr]   Downloaded block-buffer v0.10.3
[INFO] [stderr]   Downloaded thiserror v1.0.35
[INFO] [stderr]   Downloaded hyper-rustls v0.23.0
[INFO] running `Command { std: "docker" "create" "-v" "/var/lib/crater-agent-workspace/builds/worker-1-tc1/target:/opt/rustwide/target:rw,Z" "-v" "/var/lib/crater-agent-workspace/builds/worker-1-tc1/source:/opt/rustwide/workdir:ro,Z" "-v" "/var/lib/crater-agent-workspace/cargo-home:/opt/rustwide/cargo-home:ro,Z" "-v" "/var/lib/crater-agent-workspace/rustup-home:/opt/rustwide/rustup-home:ro,Z" "-e" "SOURCE_DIR=/opt/rustwide/workdir" "-e" "CARGO_TARGET_DIR=/opt/rustwide/target" "-e" "CARGO_HOME=/opt/rustwide/cargo-home" "-e" "RUSTUP_HOME=/opt/rustwide/rustup-home" "-w" "/opt/rustwide/workdir" "-m" "1610612736" "--user" "0:0" "--network" "none" "ghcr.io/rust-lang/crates-build-env/linux@sha256:2788e3201cd34a07e3172128adcd8b3090168a8e3bcc40d7c032b9dda1df7d1c" "/opt/rustwide/cargo-home/bin/cargo" "+1.75.0" "metadata" "--no-deps" "--format-version=1", kill_on_drop: false }`
[INFO] [stdout] 4741bd3f2ea43f8b326fe2ac3b2b295764e5b014731f4aa59cb82e5b042533e6
[INFO] running `Command { std: "docker" "start" "-a" "4741bd3f2ea43f8b326fe2ac3b2b295764e5b014731f4aa59cb82e5b042533e6", kill_on_drop: false }`
[INFO] running `Command { std: "docker" "inspect" "4741bd3f2ea43f8b326fe2ac3b2b295764e5b014731f4aa59cb82e5b042533e6", kill_on_drop: false }`
[INFO] running `Command { std: "docker" "rm" "-f" "4741bd3f2ea43f8b326fe2ac3b2b295764e5b014731f4aa59cb82e5b042533e6", kill_on_drop: false }`
[INFO] [stdout] 4741bd3f2ea43f8b326fe2ac3b2b295764e5b014731f4aa59cb82e5b042533e6
[INFO] running `Command { std: "docker" "create" "-v" "/var/lib/crater-agent-workspace/builds/worker-1-tc1/target:/opt/rustwide/target:rw,Z" "-v" "/var/lib/crater-agent-workspace/builds/worker-1-tc1/source:/opt/rustwide/workdir:ro,Z" "-v" "/var/lib/crater-agent-workspace/cargo-home:/opt/rustwide/cargo-home:ro,Z" "-v" "/var/lib/crater-agent-workspace/rustup-home:/opt/rustwide/rustup-home:ro,Z" "-e" "SOURCE_DIR=/opt/rustwide/workdir" "-e" "CARGO_TARGET_DIR=/opt/rustwide/target" "-e" "CARGO_INCREMENTAL=0" "-e" "RUST_BACKTRACE=full" "-e" "RUSTFLAGS=--cap-lints=warn" "-e" "RUSTDOCFLAGS=--cap-lints=warn" "-e" "CARGO_HOME=/opt/rustwide/cargo-home" "-e" "RUSTUP_HOME=/opt/rustwide/rustup-home" "-w" "/opt/rustwide/workdir" "-m" "1610612736" "--user" "0:0" "--network" "none" "ghcr.io/rust-lang/crates-build-env/linux@sha256:2788e3201cd34a07e3172128adcd8b3090168a8e3bcc40d7c032b9dda1df7d1c" "/opt/rustwide/cargo-home/bin/cargo" "+1.75.0" "build" "--frozen" "--message-format=json", kill_on_drop: false }`
[INFO] [stdout] 4be8e3d64be336780d03fe3c596a6cd7bb42e42373286945693bb0345775537d
[INFO] running `Command { std: "docker" "start" "-a" "4be8e3d64be336780d03fe3c596a6cd7bb42e42373286945693bb0345775537d", kill_on_drop: false }`
[INFO] [stderr]    Compiling proc-macro2 v1.0.43
[INFO] [stderr]    Compiling quote v1.0.21
[INFO] [stderr]    Compiling unicode-ident v1.0.4
[INFO] [stderr]    Compiling syn v1.0.99
[INFO] [stderr]    Compiling libc v0.2.132
[INFO] [stderr]    Compiling parking_lot_core v0.9.3
[INFO] [stderr]    Compiling smallvec v1.9.0
[INFO] [stderr]    Compiling cc v1.0.73
[INFO] [stderr]    Compiling serde_derive v1.0.144
[INFO] [stderr]    Compiling serde v1.0.144
[INFO] [stderr]    Compiling memchr v2.5.0
[INFO] [stderr]    Compiling log v0.4.17
[INFO] [stderr]    Compiling typenum v1.15.0
[INFO] [stderr]    Compiling generic-array v0.14.6
[INFO] [stderr]    Compiling indexmap v1.9.1
[INFO] [stderr]    Compiling num-traits v0.2.15
[INFO] [stderr]    Compiling pin-project-lite v0.2.9
[INFO] [stderr]    Compiling itoa v1.0.3
[INFO] [stderr]    Compiling pkg-config v0.3.25
[INFO] [stderr]    Compiling once_cell v1.14.0
[INFO] [stderr]    Compiling bytes v1.2.1
[INFO] [stderr]    Compiling futures-core v0.3.24
[INFO] [stderr]    Compiling tokio v1.21.1
[INFO] [stderr]    Compiling ring v0.16.20
[INFO] [stderr]    Compiling openssl-sys v0.9.75
[INFO] [stderr]    Compiling socket2 v0.4.7
[INFO] [stderr]    Compiling num_cpus v1.13.1
[INFO] [stderr]    Compiling mio v0.8.4
[INFO] [stderr]    Compiling slab v0.4.7
[INFO] [stderr]    Compiling thiserror v1.0.35
[INFO] [stderr]    Compiling futures-sink v0.3.24
[INFO] [stderr]    Compiling futures-task v0.3.24
[INFO] [stderr]    Compiling strsim v0.10.0
[INFO] [stderr]    Compiling futures-channel v0.3.24
[INFO] [stderr]    Compiling ident_case v1.0.1
[INFO] [stderr]    Compiling tracing-core v0.1.29
[INFO] [stderr]    Compiling cpufeatures v0.2.5
[INFO] [stderr]    Compiling byteorder v1.4.3
[INFO] [stderr]    Compiling spin v0.5.2
[INFO] [stderr]    Compiling crypto-common v0.1.6
[INFO] [stderr]    Compiling block-buffer v0.10.3
[INFO] [stderr]    Compiling tinyvec_macros v0.1.0
[INFO] [stderr]    Compiling openssl v0.10.41
[INFO] [stderr]    Compiling digest v0.10.5
[INFO] [stderr]    Compiling data-encoding v2.3.2
[INFO] [stderr]    Compiling paste v1.0.9
[INFO] [stderr]    Compiling untrusted v0.7.1
[INFO] [stderr]    Compiling convert_case v0.4.0
[INFO] [stderr]    Compiling futures-util v0.3.24
[INFO] [stderr]    Compiling foreign-types-shared v0.1.1
[INFO] [stderr]    Compiling foreign-types v0.3.2
[INFO] [stderr]    Compiling tracing v0.1.36
[INFO] [stderr]    Compiling sha2 v0.10.6
[INFO] [stderr]    Compiling tinyvec v1.6.0
[INFO] [stderr]    Compiling rmp v0.8.11
[INFO] [stderr]    Compiling http v0.2.8
[INFO] [stderr]    Compiling static_assertions v1.1.0
[INFO] [stderr]    Compiling percent-encoding v2.2.0
[INFO] [stderr]    Compiling native-tls v0.2.10
[INFO] [stderr]    Compiling serde_json v1.0.85
[INFO] [stderr]    Compiling ryu v1.0.11
[INFO] [stderr]    Compiling futures-io v0.3.24
[INFO] [stderr]    Compiling unicode-normalization v0.1.22
[INFO] [stderr]    Compiling form_urlencoded v1.1.0
[INFO] [stderr]    Compiling num-integer v0.1.45
[INFO] [stderr]    Compiling try-lock v0.2.3
[INFO] [stderr]    Compiling unicode-bidi v0.3.8
[INFO] [stderr]    Compiling openssl-probe v0.1.5
[INFO] [stderr]    Compiling http-body v0.4.5
[INFO] [stderr]    Compiling want v0.3.0
[INFO] [stderr]    Compiling getrandom v0.2.7
[INFO] [stderr]    Compiling idna v0.3.0
[INFO] [stderr]    Compiling num-bigint v0.4.3
[INFO] [stderr]    Compiling httpdate v1.0.2
[INFO] [stderr]    Compiling encoding_rs v0.8.31
[INFO] [stderr]    Compiling darling_core v0.13.4
[INFO] [stderr]    Compiling rand_core v0.6.4
[INFO] [stderr]    Compiling aho-corasick v0.7.19
[INFO] [stderr]    Compiling regex-syntax v0.6.27
[INFO] [stderr]    Compiling url v2.3.1
[INFO] [stderr]    Compiling ppv-lite86 v0.2.16
[INFO] [stderr]    Compiling async-trait v0.1.57
[INFO] [stderr]    Compiling rand_chacha v0.3.1
[INFO] [stderr]    Compiling ipnet v2.5.0
[INFO] [stderr]    Compiling base64 v0.13.0
[INFO] [stderr]    Compiling mime v0.3.16
[INFO] [stderr]    Compiling regex v1.6.0
[INFO] [stderr]    Compiling rand v0.8.5
[INFO] [stderr]    Compiling urlencoding v2.1.2
[INFO] [stderr]    Compiling instant v0.1.12
[INFO] [stderr]    Compiling futures-timer v3.0.2
[INFO] [stderr]    Compiling tokio-macros v1.8.0
[INFO] [stderr]    Compiling thiserror-impl v1.0.35
[INFO] [stderr]    Compiling derive_more v0.99.17
[INFO] [stderr]    Compiling futures-macro v0.3.24
[INFO] [stderr]    Compiling darling_macro v0.13.4
[INFO] [stderr]    Compiling openssl-macros v0.1.0
[INFO] [stderr]    Compiling darling v0.13.4
[INFO] [stderr]    Compiling serde_with_macros v1.5.2
[INFO] [stderr]    Compiling tokio-util v0.7.4
[INFO] [stderr]    Compiling tokio-native-tls v0.3.0
[INFO] [stderr]    Compiling h2 v0.3.14
[INFO] [stderr]    Compiling algonaut_encoding v0.4.2
[INFO] [stderr]    Compiling rmp-serde v1.1.0
[INFO] [stderr]    Compiling serde_bytes v0.11.7
[INFO] [stderr]    Compiling serde_with v1.14.0
[INFO] [stderr]    Compiling serde_urlencoded v0.7.1
[INFO] [stderr]    Compiling algonaut_crypto v0.4.2
[INFO] [stderr]    Compiling algonaut_core v0.4.2
[INFO] [stderr]    Compiling hyper v0.14.20
[INFO] [stderr]    Compiling algonaut_abi v0.4.2
[INFO] [stderr]    Compiling algonaut_model v0.4.2
[INFO] [stderr]    Compiling hyper-tls v0.5.0
[INFO] [stderr]    Compiling reqwest v0.11.11
[INFO] [stderr]    Compiling algonaut_client v0.4.2
[INFO] [stderr]    Compiling algonaut_transaction v0.4.2
[INFO] [stderr]    Compiling algonaut v0.4.2 (/opt/rustwide/workdir)
[INFO] [stderr]     Finished dev [unoptimized + debuginfo] target(s) in 26.93s
[INFO] running `Command { std: "docker" "inspect" "4be8e3d64be336780d03fe3c596a6cd7bb42e42373286945693bb0345775537d", kill_on_drop: false }`
[INFO] running `Command { std: "docker" "rm" "-f" "4be8e3d64be336780d03fe3c596a6cd7bb42e42373286945693bb0345775537d", kill_on_drop: false }`
[INFO] [stdout] 4be8e3d64be336780d03fe3c596a6cd7bb42e42373286945693bb0345775537d
[INFO] running `Command { std: "docker" "create" "-v" "/var/lib/crater-agent-workspace/builds/worker-1-tc1/target:/opt/rustwide/target:rw,Z" "-v" "/var/lib/crater-agent-workspace/builds/worker-1-tc1/source:/opt/rustwide/workdir:ro,Z" "-v" "/var/lib/crater-agent-workspace/cargo-home:/opt/rustwide/cargo-home:ro,Z" "-v" "/var/lib/crater-agent-workspace/rustup-home:/opt/rustwide/rustup-home:ro,Z" "-e" "SOURCE_DIR=/opt/rustwide/workdir" "-e" "CARGO_TARGET_DIR=/opt/rustwide/target" "-e" "CARGO_INCREMENTAL=0" "-e" "RUST_BACKTRACE=full" "-e" "RUSTFLAGS=--cap-lints=warn" "-e" "RUSTDOCFLAGS=--cap-lints=warn" "-e" "CARGO_HOME=/opt/rustwide/cargo-home" "-e" "RUSTUP_HOME=/opt/rustwide/rustup-home" "-w" "/opt/rustwide/workdir" "-m" "1610612736" "--user" "0:0" "--network" "none" "ghcr.io/rust-lang/crates-build-env/linux@sha256:2788e3201cd34a07e3172128adcd8b3090168a8e3bcc40d7c032b9dda1df7d1c" "/opt/rustwide/cargo-home/bin/cargo" "+1.75.0" "test" "--frozen" "--no-run" "--message-format=json", kill_on_drop: false }`
[INFO] [stdout] a6d788521444a56fd01b18524a57cf1691f1b7b53dda8153cbc8b842c46231f6
[INFO] running `Command { std: "docker" "start" "-a" "a6d788521444a56fd01b18524a57cf1691f1b7b53dda8153cbc8b842c46231f6", kill_on_drop: false }`
[INFO] [stderr]    Compiling unicode-segmentation v1.10.0
[INFO] [stderr]    Compiling darling_core v0.13.4
[INFO] [stderr]    Compiling proc-macro-error-attr v1.0.4
[INFO] [stderr]    Compiling proc-macro-error v1.0.4
[INFO] [stderr]    Compiling minimal-lexical v0.2.1
[INFO] [stderr]    Compiling crossbeam-utils v0.8.11
[INFO] [stderr]    Compiling bstr v0.2.17
[INFO] [stderr]    Compiling same-file v1.0.6
[INFO] [stderr]    Compiling unicode-width v0.1.10
[INFO] [stderr]    Compiling nom v7.1.1
[INFO] [stderr]    Compiling bytecount v0.6.3
[INFO] [stderr]    Compiling heck v0.3.3
[INFO] [stderr]    Compiling either v1.8.0
[INFO] [stderr]    Compiling peg-runtime v0.6.3
[INFO] [stderr]    Compiling globset v0.4.9
[INFO] [stderr]    Compiling walkdir v2.3.2
[INFO] [stderr]    Compiling sealed v0.3.0
[INFO] [stderr]    Compiling peg-macros v0.6.3
[INFO] [stderr]    Compiling gherkin v0.12.0
[INFO] [stderr]    Compiling thread_local v1.1.4
[INFO] [stderr]    Compiling heck v0.4.0
[INFO] [stderr]    Compiling synthez-core v0.2.0
[INFO] [stderr]    Compiling os_str_bytes v6.3.0
[INFO] [stderr]    Compiling clap_derive v3.2.18
[INFO] [stderr]    Compiling clap_lex v0.2.4
[INFO] [stderr]    Compiling ignore v0.4.18
[INFO] [stderr]    Compiling itertools v0.10.4
[INFO] [stderr]    Compiling textwrap v0.12.1
[INFO] [stderr]    Compiling nom_locate v4.0.0
[INFO] [stderr]    Compiling synthez-codegen v0.2.0
[INFO] [stderr]    Compiling peg v0.6.3
[INFO] [stderr]    Compiling cucumber-expressions v0.2.1
[INFO] [stderr]    Compiling futures-executor v0.3.24
[INFO] [stderr]    Compiling typed-builder v0.7.1
[INFO] [stderr]    Compiling ctor v0.1.23
[INFO] [stderr]    Compiling darling_macro v0.13.4
[INFO] [stderr]    Compiling synthez v0.2.0
[INFO] [stderr]    Compiling ghost v0.1.6
[INFO] [stderr]    Compiling terminal_size v0.1.17
[INFO] [stderr]    Compiling atty v0.2.14
[INFO] [stderr]    Compiling termcolor v1.1.3
[INFO] [stderr]    Compiling inflections v1.1.1
[INFO] [stderr]    Compiling textwrap v0.15.1
[INFO] [stderr]    Compiling darling v0.13.4
[INFO] [stderr]    Compiling console v0.15.1
[INFO] [stderr]    Compiling cucumber-codegen v0.13.0
[INFO] [stderr]    Compiling serde_with_macros v1.5.2
[INFO] [stderr]    Compiling inventory v0.2.3
[INFO] [stderr]    Compiling futures v0.3.24
[INFO] [stderr]    Compiling globwalk v0.8.1
[INFO] [stderr]    Compiling sealed v0.4.0
[INFO] [stderr]    Compiling linked-hash-map v0.5.6
[INFO] [stderr]    Compiling clap v3.2.22
[INFO] [stderr]    Compiling dotenv v0.15.0
[INFO] [stderr]    Compiling serde_with v1.14.0
[INFO] [stderr]    Compiling cucumber v0.13.0
[INFO] [stderr]    Compiling algonaut_model v0.4.2
[INFO] [stderr]    Compiling algonaut_client v0.4.2
[INFO] [stderr]    Compiling algonaut_transaction v0.4.2
[INFO] [stderr]    Compiling algonaut v0.4.2 (/opt/rustwide/workdir)
[INFO] [stderr] error: could not compile `algonaut` (test "test_kmd_v1")
[INFO] [stderr] 
[INFO] [stderr] Caused by:
[INFO] [stderr]   process didn't exit successfully: `/opt/rustwide/rustup-home/toolchains/1.75.0-x86_64-unknown-linux-gnu/bin/rustc --crate-name test_kmd_v1 --edition=2018 tests/test_kmd_v1.rs --error-format=json --json=diagnostic-rendered-ansi,artifacts,future-incompat --emit=dep-info,link -C embed-bitcode=no -C debuginfo=2 --test --cfg 'feature="default"' --cfg 'feature="native"' -C metadata=52783b4cb379fc0f -C extra-filename=-52783b4cb379fc0f --out-dir /opt/rustwide/target/debug/deps -L dependency=/opt/rustwide/target/debug/deps --extern algonaut=/opt/rustwide/target/debug/deps/libalgonaut-0c516f457354fd4f.rlib --extern algonaut_abi=/opt/rustwide/target/debug/deps/libalgonaut_abi-8df29c521e25bbcf.rlib --extern algonaut_client=/opt/rustwide/target/debug/deps/libalgonaut_client-cbfec3da3d47b309.rlib --extern algonaut_core=/opt/rustwide/target/debug/deps/libalgonaut_core-ea4adf7c9b6a0b0c.rlib --extern algonaut_crypto=/opt/rustwide/target/debug/deps/libalgonaut_crypto-eba70e3beec62eaf.rlib --extern algonaut_encoding=/opt/rustwide/target/debug/deps/libalgonaut_encoding-e634966dcd1fa8f5.rlib --extern algonaut_model=/opt/rustwide/target/debug/deps/libalgonaut_model-ae34e7319e76e871.rlib --extern algonaut_transaction=/opt/rustwide/target/debug/deps/libalgonaut_transaction-ff134478b7fb7be6.rlib --extern async_trait=/opt/rustwide/target/debug/deps/libasync_trait-a14b6bcdeb0326e7.so --extern cucumber=/opt/rustwide/target/debug/deps/libcucumber-a0203abd47a44a34.rlib --extern data_encoding=/opt/rustwide/target/debug/deps/libdata_encoding-039954bda8031879.rlib --extern dotenv=/opt/rustwide/target/debug/deps/libdotenv-74253baa84974fa1.rlib --extern futures_timer=/opt/rustwide/target/debug/deps/libfutures_timer-377201e06f6c6302.rlib --extern getrandom=/opt/rustwide/target/debug/deps/libgetrandom-9ad18bdbbf4ecb5e.rlib --extern instant=/opt/rustwide/target/debug/deps/libinstant-b922788a01171fef.rlib --extern num_bigint=/opt/rustwide/target/debug/deps/libnum_bigint-06e1189ef677133f.rlib --extern num_traits=/opt/rustwide/target/debug/deps/libnum_traits-a6410cac0a25d3f1.rlib --extern rand=/opt/rustwide/target/debug/deps/librand-092048cecba2fc97.rlib --extern rmp_serde=/opt/rustwide/target/debug/deps/librmp_serde-a606508e142b29ee.rlib --extern sha2=/opt/rustwide/target/debug/deps/libsha2-f509c4928348472f.rlib --extern thiserror=/opt/rustwide/target/debug/deps/libthiserror-4f0be099531420d6.rlib --extern tokio=/opt/rustwide/target/debug/deps/libtokio-1006b4a6314ec664.rlib --cap-lints=warn -L native=/opt/rustwide/target/debug/build/ring-340fd659df181cd3/out` (signal: 9, SIGKILL: kill)
[INFO] [stderr] warning: build failed, waiting for other jobs to finish...
[INFO] [stdout] error: linking with `cc` failed: exit status: 1
[INFO] [stdout]   |
[INFO] [stdout]   = note: LC_ALL="C" PATH="/opt/rustwide/rustup-home/toolchains/1.75.0-x86_64-unknown-linux-gnu/lib/rustlib/x86_64-unknown-linux-gnu/bin:/opt/rustwide/cargo-home/bin:/usr/local/sbin:/usr/local/bin:/usr/sbin:/usr/bin:/sbin:/bin" VSLANG="1033" "cc" "-m64" "/tmp/rustchKZShJ/symbols.o" "/opt/rustwide/target/debug/deps/algonaut-5d9546ad720299aa.algonaut.c4e4d243942a4652-cgu.0.rcgu.o" "/opt/rustwide/target/debug/deps/algonaut-5d9546ad720299aa.20c8trvwrfhdbit3.rcgu.o" "-Wl,--as-needed" "-L" "/opt/rustwide/target/debug/deps" "-L" "/opt/rustwide/target/debug/build/ring-340fd659df181cd3/out" "-L" "/opt/rustwide/rustup-home/toolchains/1.75.0-x86_64-unknown-linux-gnu/lib/rustlib/x86_64-unknown-linux-gnu/lib" "-Wl,-Bstatic" "/opt/rustwide/target/debug/deps/libfutures_timer-377201e06f6c6302.rlib" "/opt/rustwide/rustup-home/toolchains/1.75.0-x86_64-unknown-linux-gnu/lib/rustlib/x86_64-unknown-linux-gnu/lib/libtest-3df1bed8075ce1de.rlib" "/opt/rustwide/rustup-home/toolchains/1.75.0-x86_64-unknown-linux-gnu/lib/rustlib/x86_64-unknown-linux-gnu/lib/libgetopts-2076fd86b325cb5d.rlib" "/opt/rustwide/rustup-home/toolchains/1.75.0-x86_64-unknown-linux-gnu/lib/rustlib/x86_64-unknown-linux-gnu/lib/libunicode_width-caa7152ee70c190f.rlib" "/opt/rustwide/rustup-home/toolchains/1.75.0-x86_64-unknown-linux-gnu/lib/rustlib/x86_64-unknown-linux-gnu/lib/librustc_std_workspace_std-04e6425e07f02a3c.rlib" "/opt/rustwide/target/debug/deps/libinstant-b922788a01171fef.rlib" "/opt/rustwide/target/debug/deps/libalgonaut_client-cbfec3da3d47b309.rlib" "/opt/rustwide/target/debug/deps/libreqwest-3e24b79505e3b78c.rlib" "/opt/rustwide/target/debug/deps/libhyper_tls-8ee002797033b629.rlib" "/opt/rustwide/target/debug/deps/libserde_urlencoded-0e2adbc56c3b0aa6.rlib" "/opt/rustwide/target/debug/deps/libipnet-55fdaaa4d0006a30.rlib" "/opt/rustwide/target/debug/deps/libtokio_native_tls-ca8a81046c8ae47d.rlib" "/opt/rustwide/target/debug/deps/libmime-450b243d21db2a61.rlib" "/opt/rustwide/target/debug/deps/libencoding_rs-6ac919aaf73aa201.rlib" "/opt/rustwide/target/debug/deps/libserde_json-3e16261d2cd28e24.rlib" "/opt/rustwide/target/debug/deps/libryu-80596ff4214e4d03.rlib" "/opt/rustwide/target/debug/deps/libbase64-8ea64d3566a9d67e.rlib" "/opt/rustwide/target/debug/deps/libnative_tls-1f41e050b929a830.rlib" "/opt/rustwide/target/debug/deps/libopenssl_probe-d850575132083d7c.rlib" "/opt/rustwide/target/debug/deps/libopenssl-56b4dd74ae25159c.rlib" "/opt/rustwide/target/debug/deps/libbitflags-b7cee2ca4fb438d0.rlib" "/opt/rustwide/target/debug/deps/libforeign_types-c05743815e5b8a9d.rlib" "/opt/rustwide/target/debug/deps/libforeign_types_shared-d149f5491fde2862.rlib" "/opt/rustwide/target/debug/deps/libopenssl_sys-81c976ef0596c941.rlib" "/opt/rustwide/target/debug/deps/libhyper-95dee2edbf269e37.rlib" "/opt/rustwide/target/debug/deps/libwant-aba4c5639a11f28a.rlib" "/opt/rustwide/target/debug/deps/libtry_lock-6573df21d991c823.rlib" "/opt/rustwide/target/debug/deps/libhttparse-64f1ffbeda450424.rlib" "/opt/rustwide/target/debug/deps/libh2-f1dacb19226e514f.rlib" "/opt/rustwide/target/debug/deps/libtokio_util-f229893ed8c1a210.rlib" "/opt/rustwide/target/debug/deps/libtower_service-104d6e83d5ce383d.rlib" "/opt/rustwide/target/debug/deps/libtracing-c9f2a5e3a369c187.rlib" "/opt/rustwide/target/debug/deps/libtracing_core-9d59326a1251ca39.rlib" "/opt/rustwide/target/debug/deps/libfutures_util-03423cec7dc91b6c.rlib" "/opt/rustwide/target/debug/deps/libfutures_io-d3ca8d3d34ca6dfb.rlib" "/opt/rustwide/target/debug/deps/libslab-29fe6a49d400343d.rlib" "/opt/rustwide/target/debug/deps/libfutures_channel-c114ba8c8ec18305.rlib" "/opt/rustwide/target/debug/deps/libfutures_sink-33a871b3ecf4afde.rlib" "/opt/rustwide/target/debug/deps/libfutures_task-f30209098c38f296.rlib" "/opt/rustwide/target/debug/deps/libpin_utils-741f7d9d160e4a16.rlib" "/opt/rustwide/target/debug/deps/libtokio-1006b4a6314ec664.rlib" "/opt/rustwide/target/debug/deps/libnum_cpus-966e8b82a9eae593.rlib" "/opt/rustwide/target/debug/deps/libsocket2-b584dba27a87ade1.rlib" "/opt/rustwide/target/debug/deps/libmio-29ab05cb4328ca2f.rlib" "/opt/rustwide/target/debug/deps/libhttp_body-3206acd3173dbc27.rlib" "/opt/rustwide/target/debug/deps/libpin_project_lite-cead9f5d94689600.rlib" "/opt/rustwide/target/debug/deps/liblog-3ad322dff60a4fea.rlib" "/opt/rustwide/target/debug/deps/libfutures_core-f0bad9cb33be9048.rlib" "/opt/rustwide/target/debug/deps/libhttp-d800a5c9346a0da7.rlib" "/opt/rustwide/target/debug/deps/libitoa-324a29e856512b52.rlib" "/opt/rustwide/target/debug/deps/libbytes-f5dc1f268a1b4c4c.rlib" "/opt/rustwide/target/debug/deps/libfnv-18bf5144d055e772.rlib" "/opt/rustwide/target/debug/deps/libalgonaut_transaction-ff134478b7fb7be6.rlib" "/opt/rustwide/target/debug/deps/liburlencoding-d2feafa7ebf8e62a.rlib" "/opt/rustwide/target/debug/deps/liburl-766f8fa2770c8650.rlib" "/opt/rustwide/target/debug/deps/libidna-c62e120fb9daafd7.rlib" "/opt/rustwide/target/debug/deps/libunicode_normalization-9a523c060fbda597.rlib" "/opt/rustwide/target/debug/deps/libtinyvec-e78be141da4aa4a4.rlib" "/opt/rustwide/target/debug/deps/libtinyvec_macros-bfeb7a087f0273ce.rlib" "/opt/rustwide/target/debug/deps/libunicode_bidi-6e4d9a1bf3170bfc.rlib" "/opt/rustwide/target/debug/deps/libform_urlencoded-e8c43e838ad28fa4.rlib" "/opt/rustwide/target/debug/deps/libpercent_encoding-c39f6500503dd269.rlib" "/opt/rustwide/target/debug/deps/librand-092048cecba2fc97.rlib" "/opt/rustwide/target/debug/deps/librand_chacha-cfec841579bd20b0.rlib" "/opt/rustwide/target/debug/deps/libppv_lite86-a99ab8a0983e0261.rlib" "/opt/rustwide/target/debug/deps/librand_core-75f165fb7ab765a1.rlib" "/opt/rustwide/target/debug/deps/libgetrandom-9ad18bdbbf4ecb5e.rlib" "/opt/rustwide/target/debug/deps/libalgonaut_model-ae34e7319e76e871.rlib" "/opt/rustwide/target/debug/deps/libserde_bytes-9768330cbe1e9834.rlib" "/opt/rustwide/target/debug/deps/libserde_with-26432730b4ae6554.rlib" "/opt/rustwide/target/debug/deps/libalgonaut_abi-8df29c521e25bbcf.rlib" "/opt/rustwide/target/debug/deps/libregex-93b39a2087577503.rlib" "/opt/rustwide/target/debug/deps/libaho_corasick-f6dee6adfcb4e0fd.rlib" "/opt/rustwide/target/debug/deps/libmemchr-1072add811bdc208.rlib" "/opt/rustwide/target/debug/deps/libregex_syntax-edde019f48871409.rlib" "/opt/rustwide/target/debug/deps/libnum_bigint-06e1189ef677133f.rlib" "/opt/rustwide/target/debug/deps/libnum_integer-9c0f5a690acad44a.rlib" "/opt/rustwide/target/debug/deps/libalgonaut_core-ea4adf7c9b6a0b0c.rlib" "/opt/rustwide/target/debug/deps/librmp_serde-a606508e142b29ee.rlib" "/opt/rustwide/target/debug/deps/librmp-9a18138355254576.rlib" "/opt/rustwide/target/debug/deps/libbyteorder-b7588b59c1d17615.rlib" "/opt/rustwide/target/debug/deps/libnum_traits-a6410cac0a25d3f1.rlib" "/opt/rustwide/target/debug/deps/libalgonaut_crypto-eba70e3beec62eaf.rlib" "/opt/rustwide/target/debug/deps/libthiserror-4f0be099531420d6.rlib" "/opt/rustwide/target/debug/deps/liblazy_static-591486ebcb9a7ead.rlib" "/opt/rustwide/target/debug/deps/libindexmap-4a55c90885f25f25.rlib" "/opt/rustwide/target/debug/deps/libhashbrown-567986452cb9bc94.rlib" "/opt/rustwide/target/debug/deps/libstatic_assertions-06b6572b5d394a0a.rlib" "/opt/rustwide/target/debug/deps/libsha2-f509c4928348472f.rlib" "/opt/rustwide/target/debug/deps/libcpufeatures-68ff2c2a83d8484f.rlib" "/opt/rustwide/target/debug/deps/libdigest-1ce85d86a1045a4e.rlib" "/opt/rustwide/target/debug/deps/libblock_buffer-6fdbec726c4d5514.rlib" "/opt/rustwide/target/debug/deps/libcrypto_common-399d71eb863da976.rlib" "/opt/rustwide/target/debug/deps/libgeneric_array-8f7b31e17d791b6e.rlib" "/opt/rustwide/target/debug/deps/libtypenum-62ca5a12b60d0fda.rlib" "/opt/rustwide/target/debug/deps/libring-24c2b96bc996166e.rlib" "/opt/rustwide/target/debug/deps/libspin-c4098cd951aef6c9.rlib" "/opt/rustwide/target/debug/deps/libuntrusted-5ec0aa78ed8cda5c.rlib" "/opt/rustwide/target/debug/deps/libonce_cell-b7df48eae2d3f4dd.rlib" "/opt/rustwide/target/debug/deps/libparking_lot_core-06ca5f0cf7487fe6.rlib" "/opt/rustwide/target/debug/deps/libcfg_if-61dc7a6799e72b18.rlib" "/opt/rustwide/target/debug/deps/libsmallvec-60de533f7e4075fe.rlib" "/opt/rustwide/target/debug/deps/liblibc-d80c00569cbe8841.rlib" "/opt/rustwide/target/debug/deps/libalgonaut_encoding-e634966dcd1fa8f5.rlib" "/opt/rustwide/target/debug/deps/libserde-49b763834360b03a.rlib" "/opt/rustwide/target/debug/deps/libdata_encoding-039954bda8031879.rlib" "/opt/rustwide/rustup-home/toolchains/1.75.0-x86_64-unknown-linux-gnu/lib/rustlib/x86_64-unknown-linux-gnu/lib/libstd-90f6ddbf82de36ec.rlib" "/opt/rustwide/rustup-home/toolchains/1.75.0-x86_64-unknown-linux-gnu/lib/rustlib/x86_64-unknown-linux-gnu/lib/libpanic_unwind-480c41e9d4e1f677.rlib" "/opt/rustwide/rustup-home/toolchains/1.75.0-x86_64-unknown-linux-gnu/lib/rustlib/x86_64-unknown-linux-gnu/lib/libobject-db744c0ca03eed1d.rlib" "/opt/rustwide/rustup-home/toolchains/1.75.0-x86_64-unknown-linux-gnu/lib/rustlib/x86_64-unknown-linux-gnu/lib/libmemchr-8ba652dc7d4b285a.rlib" "/opt/rustwide/rustup-home/toolchains/1.75.0-x86_64-unknown-linux-gnu/lib/rustlib/x86_64-unknown-linux-gnu/lib/libaddr2line-d5f4520a9ebc0d58.rlib" "/opt/rustwide/rustup-home/toolchains/1.75.0-x86_64-unknown-linux-gnu/lib/rustlib/x86_64-unknown-linux-gnu/lib/libgimli-4ad84de58f0cb463.rlib" "/opt/rustwide/rustup-home/toolchains/1.75.0-x86_64-unknown-linux-gnu/lib/rustlib/x86_64-unknown-linux-gnu/lib/librustc_demangle-0d10aae2e0f38735.rlib" "/opt/rustwide/rustup-home/toolchains/1.75.0-x86_64-unknown-linux-gnu/lib/rustlib/x86_64-unknown-linux-gnu/lib/libstd_detect-0c17cff739e6745b.rlib" "/opt/rustwide/rustup-home/toolchains/1.75.0-x86_64-unknown-linux-gnu/lib/rustlib/x86_64-unknown-linux-gnu/lib/libhashbrown-b29e17139dde1aa8.rlib" "/opt/rustwide/rustup-home/toolchains/1.75.0-x86_64-unknown-linux-gnu/lib/rustlib/x86_64-unknown-linux-gnu/lib/librustc_std_workspace_alloc-1f975299829cc7bd.rlib" "/opt/rustwide/rustup-home/toolchains/1.75.0-x86_64-unknown-linux-gnu/lib/rustlib/x86_64-unknown-linux-gnu/lib/libminiz_oxide-86bae3bc3079f89b.rlib" "/opt/rustwide/rustup-home/toolchains/1.75.0-x86_64-unknown-linux-gnu/lib/rustlib/x86_64-unknown-linux-gnu/lib/libadler-321b82c30dffdf5f.rlib" "/opt/rustwide/rustup-home/toolchains/1.75.0-x86_64-unknown-linux-gnu/lib/rustlib/x86_64-unknown-linux-gnu/lib/libunwind-3dd8a6810a0bdfef.rlib" "/opt/rustwide/rustup-home/toolchains/1.75.0-x86_64-unknown-linux-gnu/lib/rustlib/x86_64-unknown-linux-gnu/lib/libcfg_if-eb39a61c0c879984.rlib" "/opt/rustwide/rustup-home/toolchains/1.75.0-x86_64-unknown-linux-gnu/lib/rustlib/x86_64-unknown-linux-gnu/lib/liblibc-aa769569f91c3548.rlib" "/opt/rustwide/rustup-home/toolchains/1.75.0-x86_64-unknown-linux-gnu/lib/rustlib/x86_64-unknown-linux-gnu/lib/liballoc-510a192a50a983ed.rlib" "/opt/rustwide/rustup-home/toolchains/1.75.0-x86_64-unknown-linux-gnu/lib/rustlib/x86_64-unknown-linux-gnu/lib/librustc_std_workspace_core-0577018320f99037.rlib" "/opt/rustwide/rustup-home/toolchains/1.75.0-x86_64-unknown-linux-gnu/lib/rustlib/x86_64-unknown-linux-gnu/lib/libcore-193cf992125ccd4c.rlib" "/opt/rustwide/rustup-home/toolchains/1.75.0-x86_64-unknown-linux-gnu/lib/rustlib/x86_64-unknown-linux-gnu/lib/libcompiler_builtins-8e138eaf26ebb4a8.rlib" "-Wl,-Bdynamic" "-lssl" "-lcrypto" "-lgcc_s" "-lutil" "-lrt" "-lpthread" "-lm" "-ldl" "-lc" "-Wl,--eh-frame-hdr" "-Wl,-z,noexecstack" "-L" "/opt/rustwide/rustup-home/toolchains/1.75.0-x86_64-unknown-linux-gnu/lib/rustlib/x86_64-unknown-linux-gnu/lib" "-o" "/opt/rustwide/target/debug/deps/algonaut-5d9546ad720299aa" "-Wl,--gc-sections" "-pie" "-Wl,-z,relro,-z,now" "-nodefaultlibs"
[INFO] [stdout]   = note: collect2: fatal error: ld terminated with signal 9 [Killed]
[INFO] [stdout]           compilation terminated.
[INFO] [stdout]           
[INFO] [stdout] 
[INFO] [stdout] 
[INFO] [stdout] error: aborting due to previous error
[INFO] [stdout] 
[INFO] [stdout] 
[INFO] [stderr] error: could not compile `algonaut` (lib test) due to 2 previous errors
[INFO] [stdout] error: linking with `cc` failed: exit status: 1
[INFO] [stdout]   |
[INFO] [stdout]   = note: LC_ALL="C" PATH="/opt/rustwide/rustup-home/toolchains/1.75.0-x86_64-unknown-linux-gnu/lib/rustlib/x86_64-unknown-linux-gnu/bin:/opt/rustwide/cargo-home/bin:/usr/local/sbin:/usr/local/bin:/usr/sbin:/usr/bin:/sbin:/bin" VSLANG="1033" "cc" "-m64" "/tmp/rustcNKsKHU/symbols.o" "/opt/rustwide/target/debug/examples/asset_create-2e1f59649a6895bb.asset_create.d6c83cb8b51ef926-cgu.0.rcgu.o" "/opt/rustwide/target/debug/examples/asset_create-2e1f59649a6895bb.asset_create.d6c83cb8b51ef926-cgu.1.rcgu.o" "/opt/rustwide/target/debug/examples/asset_create-2e1f59649a6895bb.asset_create.d6c83cb8b51ef926-cgu.2.rcgu.o" "/opt/rustwide/target/debug/examples/asset_create-2e1f59649a6895bb.asset_create.d6c83cb8b51ef926-cgu.3.rcgu.o" "/opt/rustwide/target/debug/examples/asset_create-2e1f59649a6895bb.asset_create.d6c83cb8b51ef926-cgu.4.rcgu.o" "/opt/rustwide/target/debug/examples/asset_create-2e1f59649a6895bb.asset_create.d6c83cb8b51ef926-cgu.5.rcgu.o" "/opt/rustwide/target/debug/examples/asset_create-2e1f59649a6895bb.54hqzyeqhubnd69j.rcgu.o" "-Wl,--as-needed" "-L" "/opt/rustwide/target/debug/deps" "-L" "/opt/rustwide/target/debug/build/ring-340fd659df181cd3/out" "-L" "/opt/rustwide/rustup-home/toolchains/1.75.0-x86_64-unknown-linux-gnu/lib/rustlib/x86_64-unknown-linux-gnu/lib" "-Wl,-Bstatic" "/opt/rustwide/target/debug/deps/libdotenv-74253baa84974fa1.rlib" "/opt/rustwide/target/debug/deps/libalgonaut-0c516f457354fd4f.rlib" "/opt/rustwide/target/debug/deps/libfutures_timer-377201e06f6c6302.rlib" "/opt/rustwide/target/debug/deps/libinstant-b922788a01171fef.rlib" "/opt/rustwide/target/debug/deps/libalgonaut_client-cbfec3da3d47b309.rlib" "/opt/rustwide/target/debug/deps/libreqwest-3e24b79505e3b78c.rlib" "/opt/rustwide/target/debug/deps/libhyper_tls-8ee002797033b629.rlib" "/opt/rustwide/target/debug/deps/libserde_urlencoded-0e2adbc56c3b0aa6.rlib" "/opt/rustwide/target/debug/deps/libipnet-55fdaaa4d0006a30.rlib" "/opt/rustwide/target/debug/deps/libtokio_native_tls-ca8a81046c8ae47d.rlib" "/opt/rustwide/target/debug/deps/libmime-450b243d21db2a61.rlib" "/opt/rustwide/target/debug/deps/libencoding_rs-6ac919aaf73aa201.rlib" "/opt/rustwide/target/debug/deps/libserde_json-3e16261d2cd28e24.rlib" "/opt/rustwide/target/debug/deps/libryu-80596ff4214e4d03.rlib" "/opt/rustwide/target/debug/deps/libbase64-8ea64d3566a9d67e.rlib" "/opt/rustwide/target/debug/deps/libnative_tls-1f41e050b929a830.rlib" "/opt/rustwide/target/debug/deps/libopenssl_probe-d850575132083d7c.rlib" "/opt/rustwide/target/debug/deps/libopenssl-56b4dd74ae25159c.rlib" "/opt/rustwide/target/debug/deps/libbitflags-b7cee2ca4fb438d0.rlib" "/opt/rustwide/target/debug/deps/libforeign_types-c05743815e5b8a9d.rlib" "/opt/rustwide/target/debug/deps/libforeign_types_shared-d149f5491fde2862.rlib" "/opt/rustwide/target/debug/deps/libopenssl_sys-81c976ef0596c941.rlib" "/opt/rustwide/target/debug/deps/libhyper-95dee2edbf269e37.rlib" "/opt/rustwide/target/debug/deps/libwant-aba4c5639a11f28a.rlib" "/opt/rustwide/target/debug/deps/libtry_lock-6573df21d991c823.rlib" "/opt/rustwide/target/debug/deps/libhttparse-64f1ffbeda450424.rlib" "/opt/rustwide/target/debug/deps/libh2-f1dacb19226e514f.rlib" "/opt/rustwide/target/debug/deps/libtokio_util-f229893ed8c1a210.rlib" "/opt/rustwide/target/debug/deps/libtower_service-104d6e83d5ce383d.rlib" "/opt/rustwide/target/debug/deps/libtracing-c9f2a5e3a369c187.rlib" "/opt/rustwide/target/debug/deps/libtracing_core-9d59326a1251ca39.rlib" "/opt/rustwide/target/debug/deps/libfutures_util-03423cec7dc91b6c.rlib" "/opt/rustwide/target/debug/deps/libfutures_io-d3ca8d3d34ca6dfb.rlib" "/opt/rustwide/target/debug/deps/libslab-29fe6a49d400343d.rlib" "/opt/rustwide/target/debug/deps/libfutures_channel-c114ba8c8ec18305.rlib" "/opt/rustwide/target/debug/deps/libfutures_sink-33a871b3ecf4afde.rlib" "/opt/rustwide/target/debug/deps/libfutures_task-f30209098c38f296.rlib" "/opt/rustwide/target/debug/deps/libpin_utils-741f7d9d160e4a16.rlib" "/opt/rustwide/target/debug/deps/libtokio-1006b4a6314ec664.rlib" "/opt/rustwide/target/debug/deps/libnum_cpus-966e8b82a9eae593.rlib" "/opt/rustwide/target/debug/deps/libsocket2-b584dba27a87ade1.rlib" "/opt/rustwide/target/debug/deps/libmio-29ab05cb4328ca2f.rlib" "/opt/rustwide/target/debug/deps/libhttp_body-3206acd3173dbc27.rlib" "/opt/rustwide/target/debug/deps/libpin_project_lite-cead9f5d94689600.rlib" "/opt/rustwide/target/debug/deps/liblog-3ad322dff60a4fea.rlib" "/opt/rustwide/target/debug/deps/libfutures_core-f0bad9cb33be9048.rlib" "/opt/rustwide/target/debug/deps/libhttp-d800a5c9346a0da7.rlib" "/opt/rustwide/target/debug/deps/libitoa-324a29e856512b52.rlib" "/opt/rustwide/target/debug/deps/libbytes-f5dc1f268a1b4c4c.rlib" "/opt/rustwide/target/debug/deps/libfnv-18bf5144d055e772.rlib" "/opt/rustwide/target/debug/deps/libalgonaut_transaction-ff134478b7fb7be6.rlib" "/opt/rustwide/target/debug/deps/liburlencoding-d2feafa7ebf8e62a.rlib" "/opt/rustwide/target/debug/deps/liburl-766f8fa2770c8650.rlib" "/opt/rustwide/target/debug/deps/libidna-c62e120fb9daafd7.rlib" "/opt/rustwide/target/debug/deps/libunicode_normalization-9a523c060fbda597.rlib" "/opt/rustwide/target/debug/deps/libtinyvec-e78be141da4aa4a4.rlib" "/opt/rustwide/target/debug/deps/libtinyvec_macros-bfeb7a087f0273ce.rlib" "/opt/rustwide/target/debug/deps/libunicode_bidi-6e4d9a1bf3170bfc.rlib" "/opt/rustwide/target/debug/deps/libform_urlencoded-e8c43e838ad28fa4.rlib" "/opt/rustwide/target/debug/deps/libpercent_encoding-c39f6500503dd269.rlib" "/opt/rustwide/target/debug/deps/librand-092048cecba2fc97.rlib" "/opt/rustwide/target/debug/deps/librand_chacha-cfec841579bd20b0.rlib" "/opt/rustwide/target/debug/deps/libppv_lite86-a99ab8a0983e0261.rlib" "/opt/rustwide/target/debug/deps/librand_core-75f165fb7ab765a1.rlib" "/opt/rustwide/target/debug/deps/libgetrandom-9ad18bdbbf4ecb5e.rlib" "/opt/rustwide/target/debug/deps/libalgonaut_model-ae34e7319e76e871.rlib" "/opt/rustwide/target/debug/deps/libserde_bytes-9768330cbe1e9834.rlib" "/opt/rustwide/target/debug/deps/libserde_with-26432730b4ae6554.rlib" "/opt/rustwide/target/debug/deps/libalgonaut_abi-8df29c521e25bbcf.rlib" "/opt/rustwide/target/debug/deps/libregex-93b39a2087577503.rlib" "/opt/rustwide/target/debug/deps/libaho_corasick-f6dee6adfcb4e0fd.rlib" "/opt/rustwide/target/debug/deps/libmemchr-1072add811bdc208.rlib" "/opt/rustwide/target/debug/deps/libregex_syntax-edde019f48871409.rlib" "/opt/rustwide/target/debug/deps/libnum_bigint-06e1189ef677133f.rlib" "/opt/rustwide/target/debug/deps/libnum_integer-9c0f5a690acad44a.rlib" "/opt/rustwide/target/debug/deps/libalgonaut_core-ea4adf7c9b6a0b0c.rlib" "/opt/rustwide/target/debug/deps/librmp_serde-a606508e142b29ee.rlib" "/opt/rustwide/target/debug/deps/librmp-9a18138355254576.rlib" "/opt/rustwide/target/debug/deps/libbyteorder-b7588b59c1d17615.rlib" "/opt/rustwide/target/debug/deps/libnum_traits-a6410cac0a25d3f1.rlib" "/opt/rustwide/target/debug/deps/libalgonaut_crypto-eba70e3beec62eaf.rlib" "/opt/rustwide/target/debug/deps/libthiserror-4f0be099531420d6.rlib" "/opt/rustwide/target/debug/deps/liblazy_static-591486ebcb9a7ead.rlib" "/opt/rustwide/target/debug/deps/libindexmap-4a55c90885f25f25.rlib" "/opt/rustwide/target/debug/deps/libhashbrown-567986452cb9bc94.rlib" "/opt/rustwide/target/debug/deps/libstatic_assertions-06b6572b5d394a0a.rlib" "/opt/rustwide/target/debug/deps/libsha2-f509c4928348472f.rlib" "/opt/rustwide/target/debug/deps/libcpufeatures-68ff2c2a83d8484f.rlib" "/opt/rustwide/target/debug/deps/libdigest-1ce85d86a1045a4e.rlib" "/opt/rustwide/target/debug/deps/libblock_buffer-6fdbec726c4d5514.rlib" "/opt/rustwide/target/debug/deps/libcrypto_common-399d71eb863da976.rlib" "/opt/rustwide/target/debug/deps/libgeneric_array-8f7b31e17d791b6e.rlib" "/opt/rustwide/target/debug/deps/libtypenum-62ca5a12b60d0fda.rlib" "/opt/rustwide/target/debug/deps/libring-24c2b96bc996166e.rlib" "/opt/rustwide/target/debug/deps/libspin-c4098cd951aef6c9.rlib" "/opt/rustwide/target/debug/deps/libuntrusted-5ec0aa78ed8cda5c.rlib" "/opt/rustwide/target/debug/deps/libonce_cell-b7df48eae2d3f4dd.rlib" "/opt/rustwide/target/debug/deps/libparking_lot_core-06ca5f0cf7487fe6.rlib" "/opt/rustwide/target/debug/deps/libcfg_if-61dc7a6799e72b18.rlib" "/opt/rustwide/target/debug/deps/libsmallvec-60de533f7e4075fe.rlib" "/opt/rustwide/target/debug/deps/liblibc-d80c00569cbe8841.rlib" "/opt/rustwide/target/debug/deps/libalgonaut_encoding-e634966dcd1fa8f5.rlib" "/opt/rustwide/target/debug/deps/libserde-49b763834360b03a.rlib" "/opt/rustwide/target/debug/deps/libdata_encoding-039954bda8031879.rlib" "/opt/rustwide/rustup-home/toolchains/1.75.0-x86_64-unknown-linux-gnu/lib/rustlib/x86_64-unknown-linux-gnu/lib/libstd-90f6ddbf82de36ec.rlib" "/opt/rustwide/rustup-home/toolchains/1.75.0-x86_64-unknown-linux-gnu/lib/rustlib/x86_64-unknown-linux-gnu/lib/libpanic_unwind-480c41e9d4e1f677.rlib" "/opt/rustwide/rustup-home/toolchains/1.75.0-x86_64-unknown-linux-gnu/lib/rustlib/x86_64-unknown-linux-gnu/lib/libobject-db744c0ca03eed1d.rlib" "/opt/rustwide/rustup-home/toolchains/1.75.0-x86_64-unknown-linux-gnu/lib/rustlib/x86_64-unknown-linux-gnu/lib/libmemchr-8ba652dc7d4b285a.rlib" "/opt/rustwide/rustup-home/toolchains/1.75.0-x86_64-unknown-linux-gnu/lib/rustlib/x86_64-unknown-linux-gnu/lib/libaddr2line-d5f4520a9ebc0d58.rlib" "/opt/rustwide/rustup-home/toolchains/1.75.0-x86_64-unknown-linux-gnu/lib/rustlib/x86_64-unknown-linux-gnu/lib/libgimli-4ad84de58f0cb463.rlib" "/opt/rustwide/rustup-home/toolchains/1.75.0-x86_64-unknown-linux-gnu/lib/rustlib/x86_64-unknown-linux-gnu/lib/librustc_demangle-0d10aae2e0f38735.rlib" "/opt/rustwide/rustup-home/toolchains/1.75.0-x86_64-unknown-linux-gnu/lib/rustlib/x86_64-unknown-linux-gnu/lib/libstd_detect-0c17cff739e6745b.rlib" "/opt/rustwide/rustup-home/toolchains/1.75.0-x86_64-unknown-linux-gnu/lib/rustlib/x86_64-unknown-linux-gnu/lib/libhashbrown-b29e17139dde1aa8.rlib" "/opt/rustwide/rustup-home/toolchains/1.75.0-x86_64-unknown-linux-gnu/lib/rustlib/x86_64-unknown-linux-gnu/lib/librustc_std_workspace_alloc-1f975299829cc7bd.rlib" "/opt/rustwide/rustup-home/toolchains/1.75.0-x86_64-unknown-linux-gnu/lib/rustlib/x86_64-unknown-linux-gnu/lib/libminiz_oxide-86bae3bc3079f89b.rlib" "/opt/rustwide/rustup-home/toolchains/1.75.0-x86_64-unknown-linux-gnu/lib/rustlib/x86_64-unknown-linux-gnu/lib/libadler-321b82c30dffdf5f.rlib" "/opt/rustwide/rustup-home/toolchains/1.75.0-x86_64-unknown-linux-gnu/lib/rustlib/x86_64-unknown-linux-gnu/lib/libunwind-3dd8a6810a0bdfef.rlib" "/opt/rustwide/rustup-home/toolchains/1.75.0-x86_64-unknown-linux-gnu/lib/rustlib/x86_64-unknown-linux-gnu/lib/libcfg_if-eb39a61c0c879984.rlib" "/opt/rustwide/rustup-home/toolchains/1.75.0-x86_64-unknown-linux-gnu/lib/rustlib/x86_64-unknown-linux-gnu/lib/liblibc-aa769569f91c3548.rlib" "/opt/rustwide/rustup-home/toolchains/1.75.0-x86_64-unknown-linux-gnu/lib/rustlib/x86_64-unknown-linux-gnu/lib/liballoc-510a192a50a983ed.rlib" "/opt/rustwide/rustup-home/toolchains/1.75.0-x86_64-unknown-linux-gnu/lib/rustlib/x86_64-unknown-linux-gnu/lib/librustc_std_workspace_core-0577018320f99037.rlib" "/opt/rustwide/rustup-home/toolchains/1.75.0-x86_64-unknown-linux-gnu/lib/rustlib/x86_64-unknown-linux-gnu/lib/libcore-193cf992125ccd4c.rlib" "/opt/rustwide/rustup-home/toolchains/1.75.0-x86_64-unknown-linux-gnu/lib/rustlib/x86_64-unknown-linux-gnu/lib/libcompiler_builtins-8e138eaf26ebb4a8.rlib" "-Wl,-Bdynamic" "-lssl" "-lcrypto" "-lgcc_s" "-lutil" "-lrt" "-lpthread" "-lm" "-ldl" "-lc" "-Wl,--eh-frame-hdr" "-Wl,-z,noexecstack" "-L" "/opt/rustwide/rustup-home/toolchains/1.75.0-x86_64-unknown-linux-gnu/lib/rustlib/x86_64-unknown-linux-gnu/lib" "-o" "/opt/rustwide/target/debug/examples/asset_create-2e1f59649a6895bb" "-Wl,--gc-sections" "-pie" "-Wl,-z,relro,-z,now" "-nodefaultlibs"
[INFO] [stdout]   = note: collect2: fatal error: ld terminated with signal 9 [Killed]
[INFO] [stdout]           compilation terminated.
[INFO] [stdout]           
[INFO] [stdout] 
[INFO] [stdout] 
[INFO] [stdout] error: aborting due to previous error
[INFO] [stdout] 
[INFO] [stdout] 
[INFO] [stderr] error: could not compile `algonaut` (example "asset_create") due to 2 previous errors
[INFO] running `Command { std: "docker" "inspect" "a6d788521444a56fd01b18524a57cf1691f1b7b53dda8153cbc8b842c46231f6", kill_on_drop: false }`
[INFO] running `Command { std: "docker" "rm" "-f" "a6d788521444a56fd01b18524a57cf1691f1b7b53dda8153cbc8b842c46231f6", kill_on_drop: false }`
[INFO] [stdout] a6d788521444a56fd01b18524a57cf1691f1b7b53dda8153cbc8b842c46231f6
[INFO] testing algonaut-0.4.2 against beta-2023-12-22 for beta-1.76-1
[INFO] extracting crate algonaut 0.4.2 into /workspace/builds/worker-1-tc2/source
[INFO] validating manifest of crates.io crate algonaut 0.4.2 on toolchain beta-2023-12-22
[INFO] running `Command { std: CARGO_HOME="/workspace/cargo-home" RUSTUP_HOME="/workspace/rustup-home" "/workspace/cargo-home/bin/cargo" "+beta-2023-12-22" "metadata" "--manifest-path" "Cargo.toml" "--no-deps", kill_on_drop: false }`
[INFO] started tweaking crates.io crate algonaut 0.4.2
[INFO] removed 0 missing tests
[INFO] finished tweaking crates.io crate algonaut 0.4.2
[INFO] tweaked toml for crates.io crate algonaut 0.4.2 written to /workspace/builds/worker-1-tc2/source/Cargo.toml
[INFO] crate crates.io crate algonaut 0.4.2 already has a lockfile, it will not be regenerated
[INFO] running `Command { std: CARGO_HOME="/workspace/cargo-home" RUSTUP_HOME="/workspace/rustup-home" "/workspace/cargo-home/bin/cargo" "+beta-2023-12-22" "fetch" "--manifest-path" "Cargo.toml", kill_on_drop: false }`
[INFO] running `Command { std: "docker" "create" "-v" "/var/lib/crater-agent-workspace/builds/worker-1-tc2/target:/opt/rustwide/target:rw,Z" "-v" "/var/lib/crater-agent-workspace/builds/worker-1-tc2/source:/opt/rustwide/workdir:ro,Z" "-v" "/var/lib/crater-agent-workspace/cargo-home:/opt/rustwide/cargo-home:ro,Z" "-v" "/var/lib/crater-agent-workspace/rustup-home:/opt/rustwide/rustup-home:ro,Z" "-e" "SOURCE_DIR=/opt/rustwide/workdir" "-e" "CARGO_TARGET_DIR=/opt/rustwide/target" "-e" "CARGO_HOME=/opt/rustwide/cargo-home" "-e" "RUSTUP_HOME=/opt/rustwide/rustup-home" "-w" "/opt/rustwide/workdir" "-m" "1610612736" "--user" "0:0" "--network" "none" "ghcr.io/rust-lang/crates-build-env/linux@sha256:2788e3201cd34a07e3172128adcd8b3090168a8e3bcc40d7c032b9dda1df7d1c" "/opt/rustwide/cargo-home/bin/cargo" "+beta-2023-12-22" "metadata" "--no-deps" "--format-version=1", kill_on_drop: false }`
[INFO] [stdout] 2941e7a696dce2659928618d97a9592c65313ad973357283f00e78bb1db94fe8
[INFO] running `Command { std: "docker" "start" "-a" "2941e7a696dce2659928618d97a9592c65313ad973357283f00e78bb1db94fe8", kill_on_drop: false }`
[INFO] running `Command { std: "docker" "inspect" "2941e7a696dce2659928618d97a9592c65313ad973357283f00e78bb1db94fe8", kill_on_drop: false }`
[INFO] running `Command { std: "docker" "rm" "-f" "2941e7a696dce2659928618d97a9592c65313ad973357283f00e78bb1db94fe8", kill_on_drop: false }`
[INFO] [stdout] 2941e7a696dce2659928618d97a9592c65313ad973357283f00e78bb1db94fe8
[INFO] running `Command { std: "docker" "create" "-v" "/var/lib/crater-agent-workspace/builds/worker-1-tc2/target:/opt/rustwide/target:rw,Z" "-v" "/var/lib/crater-agent-workspace/builds/worker-1-tc2/source:/opt/rustwide/workdir:ro,Z" "-v" "/var/lib/crater-agent-workspace/cargo-home:/opt/rustwide/cargo-home:ro,Z" "-v" "/var/lib/crater-agent-workspace/rustup-home:/opt/rustwide/rustup-home:ro,Z" "-e" "SOURCE_DIR=/opt/rustwide/workdir" "-e" "CARGO_TARGET_DIR=/opt/rustwide/target" "-e" "CARGO_INCREMENTAL=0" "-e" "RUST_BACKTRACE=full" "-e" "RUSTFLAGS=--cap-lints=warn" "-e" "RUSTDOCFLAGS=--cap-lints=warn" "-e" "CARGO_HOME=/opt/rustwide/cargo-home" "-e" "RUSTUP_HOME=/opt/rustwide/rustup-home" "-w" "/opt/rustwide/workdir" "-m" "1610612736" "--user" "0:0" "--network" "none" "ghcr.io/rust-lang/crates-build-env/linux@sha256:2788e3201cd34a07e3172128adcd8b3090168a8e3bcc40d7c032b9dda1df7d1c" "/opt/rustwide/cargo-home/bin/cargo" "+beta-2023-12-22" "build" "--frozen" "--message-format=json", kill_on_drop: false }`
[INFO] [stdout] 9fc67f220fcb0c7c852f1eb56308298d92521ad78b359ca1beafcbe102d6ced6
[INFO] running `Command { std: "docker" "start" "-a" "9fc67f220fcb0c7c852f1eb56308298d92521ad78b359ca1beafcbe102d6ced6", kill_on_drop: false }`
[INFO] [stderr]    Compiling proc-macro2 v1.0.43
[INFO] [stderr]    Compiling quote v1.0.21
[INFO] [stderr]    Compiling unicode-ident v1.0.4
[INFO] [stderr]    Compiling syn v1.0.99
[INFO] [stderr]    Compiling libc v0.2.132
[INFO] [stderr]    Compiling parking_lot_core v0.9.3
[INFO] [stderr]    Compiling smallvec v1.9.0
[INFO] [stderr]    Compiling cc v1.0.73
[INFO] [stderr]    Compiling serde_derive v1.0.144
[INFO] [stderr]    Compiling serde v1.0.144
[INFO] [stderr]    Compiling memchr v2.5.0
[INFO] [stderr]    Compiling log v0.4.17
[INFO] [stderr]    Compiling typenum v1.15.0
[INFO] [stderr]    Compiling generic-array v0.14.6
[INFO] [stderr]    Compiling indexmap v1.9.1
[INFO] [stderr]    Compiling num-traits v0.2.15
[INFO] [stderr]    Compiling pkg-config v0.3.25
[INFO] [stderr]    Compiling itoa v1.0.3
[INFO] [stderr]    Compiling pin-project-lite v0.2.9
[INFO] [stderr]    Compiling once_cell v1.14.0
[INFO] [stderr]    Compiling openssl-sys v0.9.75
[INFO] [stderr]    Compiling futures-core v0.3.24
[INFO] [stderr]    Compiling bytes v1.2.1
[INFO] [stderr]    Compiling tokio v1.21.1
[INFO] [stderr]    Compiling ring v0.16.20
[INFO] [stderr]    Compiling socket2 v0.4.7
[INFO] [stderr]    Compiling num_cpus v1.13.1
[INFO] [stderr]    Compiling mio v0.8.4
[INFO] [stderr]    Compiling slab v0.4.7
[INFO] [stderr]    Compiling futures-task v0.3.24
[INFO] [stderr]    Compiling futures-sink v0.3.24
[INFO] [stderr]    Compiling thiserror v1.0.35
[INFO] [stderr]    Compiling strsim v0.10.0
[INFO] [stderr]    Compiling futures-channel v0.3.24
[INFO] [stderr]    Compiling block-buffer v0.10.3
[INFO] [stderr]    Compiling crypto-common v0.1.6
[INFO] [stderr]    Compiling ident_case v1.0.1
[INFO] [stderr]    Compiling digest v0.10.5
[INFO] [stderr]    Compiling tracing-core v0.1.29
[INFO] [stderr]    Compiling tinyvec_macros v0.1.0
[INFO] [stderr]    Compiling byteorder v1.4.3
[INFO] [stderr]    Compiling convert_case v0.4.0
[INFO] [stderr]    Compiling cpufeatures v0.2.5
[INFO] [stderr]    Compiling foreign-types-shared v0.1.1
[INFO] [stderr]    Compiling paste v1.0.9
[INFO] [stderr]    Compiling futures-util v0.3.24
[INFO] [stderr]    Compiling openssl v0.10.41
[INFO] [stderr]    Compiling untrusted v0.7.1
[INFO] [stderr]    Compiling spin v0.5.2
[INFO] [stderr]    Compiling data-encoding v2.3.2
[INFO] [stderr]    Compiling tracing v0.1.36
[INFO] [stderr]    Compiling foreign-types v0.3.2
[INFO] [stderr]    Compiling sha2 v0.10.6
[INFO] [stderr]    Compiling tinyvec v1.6.0
[INFO] [stderr]    Compiling rmp v0.8.11
[INFO] [stderr]    Compiling http v0.2.8
[INFO] [stderr]    Compiling static_assertions v1.1.0
[INFO] [stderr]    Compiling ryu v1.0.11
[INFO] [stderr]    Compiling futures-io v0.3.24
[INFO] [stderr]    Compiling serde_json v1.0.85
[INFO] [stderr]    Compiling percent-encoding v2.2.0
[INFO] [stderr]    Compiling native-tls v0.2.10
[INFO] [stderr]    Compiling unicode-normalization v0.1.22
[INFO] [stderr]    Compiling form_urlencoded v1.1.0
[INFO] [stderr]    Compiling num-integer v0.1.45
[INFO] [stderr]    Compiling openssl-probe v0.1.5
[INFO] [stderr]    Compiling unicode-bidi v0.3.8
[INFO] [stderr]    Compiling try-lock v0.2.3
[INFO] [stderr]    Compiling want v0.3.0
[INFO] [stderr]    Compiling http-body v0.4.5
[INFO] [stderr]    Compiling getrandom v0.2.7
[INFO] [stderr]    Compiling num-bigint v0.4.3
[INFO] [stderr]    Compiling idna v0.3.0
[INFO] [stderr]    Compiling httpdate v1.0.2
[INFO] [stderr]    Compiling encoding_rs v0.8.31
[INFO] [stderr]    Compiling darling_core v0.13.4
[INFO] [stderr]    Compiling rand_core v0.6.4
[INFO] [stderr]    Compiling url v2.3.1
[INFO] [stderr]    Compiling aho-corasick v0.7.19
[INFO] [stderr]    Compiling ppv-lite86 v0.2.16
[INFO] [stderr]    Compiling regex-syntax v0.6.27
[INFO] [stderr]    Compiling async-trait v0.1.57
[INFO] [stderr]    Compiling rand_chacha v0.3.1
[INFO] [stderr]    Compiling ipnet v2.5.0
[INFO] [stderr]    Compiling base64 v0.13.0
[INFO] [stderr]    Compiling mime v0.3.16
[INFO] [stderr]    Compiling rand v0.8.5
[INFO] [stderr]    Compiling regex v1.6.0
[INFO] [stderr]    Compiling urlencoding v2.1.2
[INFO] [stderr]    Compiling instant v0.1.12
[INFO] [stderr]    Compiling futures-timer v3.0.2
[INFO] [stderr]    Compiling tokio-macros v1.8.0
[INFO] [stderr]    Compiling thiserror-impl v1.0.35
[INFO] [stderr]    Compiling darling_macro v0.13.4
[INFO] [stderr]    Compiling openssl-macros v0.1.0
[INFO] [stderr]    Compiling derive_more v0.99.17
[INFO] [stderr]    Compiling futures-macro v0.3.24
[INFO] [stderr]    Compiling darling v0.13.4
[INFO] [stderr]    Compiling serde_with_macros v1.5.2
[INFO] [stderr]    Compiling tokio-util v0.7.4
[INFO] [stderr]    Compiling tokio-native-tls v0.3.0
[INFO] [stderr]    Compiling h2 v0.3.14
[INFO] [stderr]    Compiling algonaut_encoding v0.4.2
[INFO] [stderr]    Compiling rmp-serde v1.1.0
[INFO] [stderr]    Compiling serde_bytes v0.11.7
[INFO] [stderr]    Compiling serde_with v1.14.0
[INFO] [stderr]    Compiling serde_urlencoded v0.7.1
[INFO] [stderr]    Compiling algonaut_crypto v0.4.2
[INFO] [stderr]    Compiling hyper v0.14.20
[INFO] [stderr]    Compiling algonaut_core v0.4.2
[INFO] [stderr]    Compiling algonaut_abi v0.4.2
[INFO] [stderr]    Compiling algonaut_model v0.4.2
[INFO] [stderr]    Compiling hyper-tls v0.5.0
[INFO] [stderr]    Compiling reqwest v0.11.11
[INFO] [stderr]    Compiling algonaut_transaction v0.4.2
[INFO] [stderr]    Compiling algonaut_client v0.4.2
[INFO] [stderr]    Compiling algonaut v0.4.2 (/opt/rustwide/workdir)
[INFO] [stderr]     Finished dev [unoptimized + debuginfo] target(s) in 24.00s
[INFO] running `Command { std: "docker" "inspect" "9fc67f220fcb0c7c852f1eb56308298d92521ad78b359ca1beafcbe102d6ced6", kill_on_drop: false }`
[INFO] running `Command { std: "docker" "rm" "-f" "9fc67f220fcb0c7c852f1eb56308298d92521ad78b359ca1beafcbe102d6ced6", kill_on_drop: false }`
[INFO] [stdout] 9fc67f220fcb0c7c852f1eb56308298d92521ad78b359ca1beafcbe102d6ced6
[INFO] running `Command { std: "docker" "create" "-v" "/var/lib/crater-agent-workspace/builds/worker-1-tc2/target:/opt/rustwide/target:rw,Z" "-v" "/var/lib/crater-agent-workspace/builds/worker-1-tc2/source:/opt/rustwide/workdir:ro,Z" "-v" "/var/lib/crater-agent-workspace/cargo-home:/opt/rustwide/cargo-home:ro,Z" "-v" "/var/lib/crater-agent-workspace/rustup-home:/opt/rustwide/rustup-home:ro,Z" "-e" "SOURCE_DIR=/opt/rustwide/workdir" "-e" "CARGO_TARGET_DIR=/opt/rustwide/target" "-e" "CARGO_INCREMENTAL=0" "-e" "RUST_BACKTRACE=full" "-e" "RUSTFLAGS=--cap-lints=warn" "-e" "RUSTDOCFLAGS=--cap-lints=warn" "-e" "CARGO_HOME=/opt/rustwide/cargo-home" "-e" "RUSTUP_HOME=/opt/rustwide/rustup-home" "-w" "/opt/rustwide/workdir" "-m" "1610612736" "--user" "0:0" "--network" "none" "ghcr.io/rust-lang/crates-build-env/linux@sha256:2788e3201cd34a07e3172128adcd8b3090168a8e3bcc40d7c032b9dda1df7d1c" "/opt/rustwide/cargo-home/bin/cargo" "+beta-2023-12-22" "test" "--frozen" "--no-run" "--message-format=json", kill_on_drop: false }`
[INFO] [stdout] acb20558f654c19ab4c8855338fc29dfab03aafd87db951d0b0597bc2792c211
[INFO] running `Command { std: "docker" "start" "-a" "acb20558f654c19ab4c8855338fc29dfab03aafd87db951d0b0597bc2792c211", kill_on_drop: false }`
[INFO] [stderr]    Compiling unicode-segmentation v1.10.0
[INFO] [stderr]    Compiling darling_core v0.13.4
[INFO] [stderr]    Compiling proc-macro-error-attr v1.0.4
[INFO] [stderr]    Compiling proc-macro-error v1.0.4
[INFO] [stderr]    Compiling crossbeam-utils v0.8.11
[INFO] [stderr]    Compiling minimal-lexical v0.2.1
[INFO] [stderr]    Compiling bstr v0.2.17
[INFO] [stderr]    Compiling either v1.8.0
[INFO] [stderr]    Compiling same-file v1.0.6
[INFO] [stderr]    Compiling bytecount v0.6.3
[INFO] [stderr]    Compiling unicode-width v0.1.10
[INFO] [stderr]    Compiling nom v7.1.1
[INFO] [stderr]    Compiling peg-runtime v0.6.3
[INFO] [stderr]    Compiling heck v0.3.3
[INFO] [stderr]    Compiling walkdir v2.3.2
[INFO] [stderr]    Compiling globset v0.4.9
[INFO] [stderr]    Compiling sealed v0.3.0
[INFO] [stderr]    Compiling peg-macros v0.6.3
[INFO] [stderr]    Compiling gherkin v0.12.0
[INFO] [stderr]    Compiling thread_local v1.1.4
[INFO] [stderr]    Compiling heck v0.4.0
[INFO] [stderr]    Compiling os_str_bytes v6.3.0
[INFO] [stderr]    Compiling clap_derive v3.2.18
[INFO] [stderr]    Compiling synthez-core v0.2.0
[INFO] [stderr]    Compiling clap_lex v0.2.4
[INFO] [stderr]    Compiling ignore v0.4.18
[INFO] [stderr]    Compiling textwrap v0.12.1
[INFO] [stderr]    Compiling itertools v0.10.4
[INFO] [stderr]    Compiling futures-executor v0.3.24
[INFO] [stderr]    Compiling synthez-codegen v0.2.0
[INFO] [stderr]    Compiling nom_locate v4.0.0
[INFO] [stderr]    Compiling typed-builder v0.7.1
[INFO] [stderr]    Compiling peg v0.6.3
[INFO] [stderr]    Compiling cucumber-expressions v0.2.1
[INFO] [stderr]    Compiling ctor v0.1.23
[INFO] [stderr]    Compiling darling_macro v0.13.4
[INFO] [stderr]    Compiling synthez v0.2.0
[INFO] [stderr]    Compiling ghost v0.1.6
[INFO] [stderr]    Compiling terminal_size v0.1.17
[INFO] [stderr]    Compiling atty v0.2.14
[INFO] [stderr]    Compiling inflections v1.1.1
[INFO] [stderr]    Compiling termcolor v1.1.3
[INFO] [stderr]    Compiling textwrap v0.15.1
[INFO] [stderr]    Compiling darling v0.13.4
[INFO] [stderr]    Compiling cucumber-codegen v0.13.0
[INFO] [stderr]    Compiling serde_with_macros v1.5.2
[INFO] [stderr]    Compiling console v0.15.1
[INFO] [stderr]    Compiling clap v3.2.22
[INFO] [stderr]    Compiling globwalk v0.8.1
[INFO] [stderr]    Compiling inventory v0.2.3
[INFO] [stderr]    Compiling futures v0.3.24
[INFO] [stderr]    Compiling sealed v0.4.0
[INFO] [stderr]    Compiling linked-hash-map v0.5.6
[INFO] [stderr]    Compiling dotenv v0.15.0
[INFO] [stderr]    Compiling serde_with v1.14.0
[INFO] [stderr]    Compiling cucumber v0.13.0
[INFO] [stderr]    Compiling algonaut_model v0.4.2
[INFO] [stderr]    Compiling algonaut_client v0.4.2
[INFO] [stderr]    Compiling algonaut_transaction v0.4.2
[INFO] [stderr]    Compiling algonaut v0.4.2 (/opt/rustwide/workdir)
[INFO] [stderr] error: could not compile `algonaut` (test "test_kmd_v1")
[INFO] [stderr] 
[INFO] [stderr] Caused by:
[INFO] [stderr]   process didn't exit successfully: `/opt/rustwide/rustup-home/toolchains/beta-2023-12-22-x86_64-unknown-linux-gnu/bin/rustc --crate-name test_kmd_v1 --edition=2018 tests/test_kmd_v1.rs --error-format=json --json=diagnostic-rendered-ansi,artifacts,future-incompat --emit=dep-info,link -C embed-bitcode=no -C debuginfo=2 --test --cfg 'feature="default"' --cfg 'feature="native"' -C metadata=dc5ffc4fe51df74e -C extra-filename=-dc5ffc4fe51df74e --out-dir /opt/rustwide/target/debug/deps -L dependency=/opt/rustwide/target/debug/deps --extern algonaut=/opt/rustwide/target/debug/deps/libalgonaut-1d0eecbfbd32ad2f.rlib --extern algonaut_abi=/opt/rustwide/target/debug/deps/libalgonaut_abi-2a8f8f6d0e8c6637.rlib --extern algonaut_client=/opt/rustwide/target/debug/deps/libalgonaut_client-a15919cee2513312.rlib --extern algonaut_core=/opt/rustwide/target/debug/deps/libalgonaut_core-0159f7eab0a9d3e1.rlib --extern algonaut_crypto=/opt/rustwide/target/debug/deps/libalgonaut_crypto-a23941372a109227.rlib --extern algonaut_encoding=/opt/rustwide/target/debug/deps/libalgonaut_encoding-865c52f3ff5fc8eb.rlib --extern algonaut_model=/opt/rustwide/target/debug/deps/libalgonaut_model-61ca3e36e9a28f9e.rlib --extern algonaut_transaction=/opt/rustwide/target/debug/deps/libalgonaut_transaction-106a95830cdfeabd.rlib --extern async_trait=/opt/rustwide/target/debug/deps/libasync_trait-cd0c5939928ef25c.so --extern cucumber=/opt/rustwide/target/debug/deps/libcucumber-b1824bfd47a09c16.rlib --extern data_encoding=/opt/rustwide/target/debug/deps/libdata_encoding-f45f01588a50150b.rlib --extern dotenv=/opt/rustwide/target/debug/deps/libdotenv-eb1f88852bc411ee.rlib --extern futures_timer=/opt/rustwide/target/debug/deps/libfutures_timer-105eb334315356f5.rlib --extern getrandom=/opt/rustwide/target/debug/deps/libgetrandom-2cbe5cc981036753.rlib --extern instant=/opt/rustwide/target/debug/deps/libinstant-193fe513fe431d4d.rlib --extern num_bigint=/opt/rustwide/target/debug/deps/libnum_bigint-1a59ddfd4ddb5e65.rlib --extern num_traits=/opt/rustwide/target/debug/deps/libnum_traits-e8834603c0747d08.rlib --extern rand=/opt/rustwide/target/debug/deps/librand-d2c92c627b6dbd49.rlib --extern rmp_serde=/opt/rustwide/target/debug/deps/librmp_serde-fba70b680fb06522.rlib --extern sha2=/opt/rustwide/target/debug/deps/libsha2-beec516b5292be77.rlib --extern thiserror=/opt/rustwide/target/debug/deps/libthiserror-3e807eff3a30c204.rlib --extern tokio=/opt/rustwide/target/debug/deps/libtokio-8ed007fccd34a1d7.rlib --cap-lints=warn -L native=/opt/rustwide/target/debug/build/ring-193fa95b8163e977/out` (signal: 9, SIGKILL: kill)
[INFO] [stderr] warning: build failed, waiting for other jobs to finish...
[INFO] [stdout] error: linking with `cc` failed: exit status: 1
[INFO] [stdout]   |
[INFO] [stdout]   = note: LC_ALL="C" PATH="/opt/rustwide/rustup-home/toolchains/beta-2023-12-22-x86_64-unknown-linux-gnu/lib/rustlib/x86_64-unknown-linux-gnu/bin:/opt/rustwide/cargo-home/bin:/usr/local/sbin:/usr/local/bin:/usr/sbin:/usr/bin:/sbin:/bin" VSLANG="1033" "cc" "-m64" "/tmp/rustcBUcNJZ/symbols.o" "/opt/rustwide/target/debug/deps/algonaut-56e8dce6faa6a2f7.algonaut.fe6d39a2486b8148-cgu.0.rcgu.o" "/opt/rustwide/target/debug/deps/algonaut-56e8dce6faa6a2f7.275e58h2enig4sz2.rcgu.o" "-Wl,--as-needed" "-L" "/opt/rustwide/target/debug/deps" "-L" "/opt/rustwide/target/debug/build/ring-193fa95b8163e977/out" "-L" "/opt/rustwide/rustup-home/toolchains/beta-2023-12-22-x86_64-unknown-linux-gnu/lib/rustlib/x86_64-unknown-linux-gnu/lib" "-Wl,-Bstatic" "/opt/rustwide/target/debug/deps/libfutures_timer-105eb334315356f5.rlib" "/opt/rustwide/rustup-home/toolchains/beta-2023-12-22-x86_64-unknown-linux-gnu/lib/rustlib/x86_64-unknown-linux-gnu/lib/libtest-cbab71697df97b00.rlib" "/opt/rustwide/rustup-home/toolchains/beta-2023-12-22-x86_64-unknown-linux-gnu/lib/rustlib/x86_64-unknown-linux-gnu/lib/libgetopts-2a2cf8f16c536007.rlib" "/opt/rustwide/rustup-home/toolchains/beta-2023-12-22-x86_64-unknown-linux-gnu/lib/rustlib/x86_64-unknown-linux-gnu/lib/libunicode_width-c5f3cc3cceaf9070.rlib" "/opt/rustwide/rustup-home/toolchains/beta-2023-12-22-x86_64-unknown-linux-gnu/lib/rustlib/x86_64-unknown-linux-gnu/lib/librustc_std_workspace_std-a31324ec815b09db.rlib" "/opt/rustwide/target/debug/deps/libinstant-193fe513fe431d4d.rlib" "/opt/rustwide/target/debug/deps/libalgonaut_client-a15919cee2513312.rlib" "/opt/rustwide/target/debug/deps/libreqwest-a40d3f2865f05089.rlib" "/opt/rustwide/target/debug/deps/libhyper_tls-2f28ee9807230e3b.rlib" "/opt/rustwide/target/debug/deps/libserde_urlencoded-a70beb9c53aeaf85.rlib" "/opt/rustwide/target/debug/deps/libipnet-844b8f6b4c0c04b0.rlib" "/opt/rustwide/target/debug/deps/libtokio_native_tls-09085d0571a54be5.rlib" "/opt/rustwide/target/debug/deps/libmime-d5b83fc07afe1071.rlib" "/opt/rustwide/target/debug/deps/libencoding_rs-11de2cfd99d9044d.rlib" "/opt/rustwide/target/debug/deps/libserde_json-5611c03635b0cab5.rlib" "/opt/rustwide/target/debug/deps/libryu-71a7e639e7459b62.rlib" "/opt/rustwide/target/debug/deps/libbase64-450a6d9dcba13b9b.rlib" "/opt/rustwide/target/debug/deps/libnative_tls-e8865049d15604be.rlib" "/opt/rustwide/target/debug/deps/libopenssl_probe-01da96bec2dfd166.rlib" "/opt/rustwide/target/debug/deps/libopenssl-d5a2ba27d9813740.rlib" "/opt/rustwide/target/debug/deps/libbitflags-85e13ed1e0c6d910.rlib" "/opt/rustwide/target/debug/deps/libforeign_types-34162016ad32c65c.rlib" "/opt/rustwide/target/debug/deps/libforeign_types_shared-6c481fa47d8ef87b.rlib" "/opt/rustwide/target/debug/deps/libopenssl_sys-f7b8d8e2aa18ab78.rlib" "/opt/rustwide/target/debug/deps/libhyper-fe9b1609d83a7551.rlib" "/opt/rustwide/target/debug/deps/libwant-3e72820aea60aeab.rlib" "/opt/rustwide/target/debug/deps/libtry_lock-da79cbb67b0e5d22.rlib" "/opt/rustwide/target/debug/deps/libhttparse-2dbc320ca65411a3.rlib" "/opt/rustwide/target/debug/deps/libh2-a71f13036539e18f.rlib" "/opt/rustwide/target/debug/deps/libtokio_util-e657f404170facee.rlib" "/opt/rustwide/target/debug/deps/libtower_service-92bbc7b5a1dd8782.rlib" "/opt/rustwide/target/debug/deps/libtracing-1d045083a0557ea7.rlib" "/opt/rustwide/target/debug/deps/libtracing_core-8506dc37132d9754.rlib" "/opt/rustwide/target/debug/deps/libfutures_util-3fb36908bed50206.rlib" "/opt/rustwide/target/debug/deps/libfutures_io-8526c1a2850b87fb.rlib" "/opt/rustwide/target/debug/deps/libslab-ce952e4d8ebf26c9.rlib" "/opt/rustwide/target/debug/deps/libfutures_channel-de68712470337d8e.rlib" "/opt/rustwide/target/debug/deps/libfutures_sink-b61fdf00ed7bad3d.rlib" "/opt/rustwide/target/debug/deps/libfutures_task-bfe15ea9bb413659.rlib" "/opt/rustwide/target/debug/deps/libpin_utils-9c5dcf17efb91bff.rlib" "/opt/rustwide/target/debug/deps/libtokio-8ed007fccd34a1d7.rlib" "/opt/rustwide/target/debug/deps/libnum_cpus-4bbcc29602100740.rlib" "/opt/rustwide/target/debug/deps/libsocket2-635af3675b313979.rlib" "/opt/rustwide/target/debug/deps/libmio-74b62a45b8fe838e.rlib" "/opt/rustwide/target/debug/deps/libhttp_body-2203432f380a1cd6.rlib" "/opt/rustwide/target/debug/deps/libpin_project_lite-e8b15c1d45637ce8.rlib" "/opt/rustwide/target/debug/deps/liblog-c50132996933641a.rlib" "/opt/rustwide/target/debug/deps/libfutures_core-6a5c8ed40d8ceabd.rlib" "/opt/rustwide/target/debug/deps/libhttp-31cca91088815af0.rlib" "/opt/rustwide/target/debug/deps/libitoa-1d92cc467d2e500f.rlib" "/opt/rustwide/target/debug/deps/libbytes-f67657259700e1e6.rlib" "/opt/rustwide/target/debug/deps/libfnv-953831fe314029b4.rlib" "/opt/rustwide/target/debug/deps/libalgonaut_transaction-106a95830cdfeabd.rlib" "/opt/rustwide/target/debug/deps/liburlencoding-0e30beace4106e02.rlib" "/opt/rustwide/target/debug/deps/liburl-c27420e289672182.rlib" "/opt/rustwide/target/debug/deps/libidna-f5ec19a924db9307.rlib" "/opt/rustwide/target/debug/deps/libunicode_normalization-d46a9be84e5a96bd.rlib" "/opt/rustwide/target/debug/deps/libtinyvec-e7dc63e82263080a.rlib" "/opt/rustwide/target/debug/deps/libtinyvec_macros-2b90caf71be257df.rlib" "/opt/rustwide/target/debug/deps/libunicode_bidi-dff3380632f62c6d.rlib" "/opt/rustwide/target/debug/deps/libform_urlencoded-2e6be29729763aa6.rlib" "/opt/rustwide/target/debug/deps/libpercent_encoding-52ba3d834e28489d.rlib" "/opt/rustwide/target/debug/deps/librand-d2c92c627b6dbd49.rlib" "/opt/rustwide/target/debug/deps/librand_chacha-382b94ee18d90c40.rlib" "/opt/rustwide/target/debug/deps/libppv_lite86-7d6f1ee516acde66.rlib" "/opt/rustwide/target/debug/deps/librand_core-b236854f39856513.rlib" "/opt/rustwide/target/debug/deps/libgetrandom-2cbe5cc981036753.rlib" "/opt/rustwide/target/debug/deps/libalgonaut_model-61ca3e36e9a28f9e.rlib" "/opt/rustwide/target/debug/deps/libserde_bytes-5c05077eed136e07.rlib" "/opt/rustwide/target/debug/deps/libserde_with-b7e4e8998966940b.rlib" "/opt/rustwide/target/debug/deps/libalgonaut_abi-2a8f8f6d0e8c6637.rlib" "/opt/rustwide/target/debug/deps/libregex-4141fa9e1354d0ad.rlib" "/opt/rustwide/target/debug/deps/libaho_corasick-d4bea5a00f3325ee.rlib" "/opt/rustwide/target/debug/deps/libmemchr-094c7e8b8a4836b6.rlib" "/opt/rustwide/target/debug/deps/libregex_syntax-e3f07c2354d4f303.rlib" "/opt/rustwide/target/debug/deps/libnum_bigint-1a59ddfd4ddb5e65.rlib" "/opt/rustwide/target/debug/deps/libnum_integer-991285890de7eeec.rlib" "/opt/rustwide/target/debug/deps/libalgonaut_core-0159f7eab0a9d3e1.rlib" "/opt/rustwide/target/debug/deps/librmp_serde-fba70b680fb06522.rlib" "/opt/rustwide/target/debug/deps/librmp-98dcb7617f522a10.rlib" "/opt/rustwide/target/debug/deps/libbyteorder-0ef92d8cf14cf0b1.rlib" "/opt/rustwide/target/debug/deps/libnum_traits-e8834603c0747d08.rlib" "/opt/rustwide/target/debug/deps/libalgonaut_crypto-a23941372a109227.rlib" "/opt/rustwide/target/debug/deps/libthiserror-3e807eff3a30c204.rlib" "/opt/rustwide/target/debug/deps/liblazy_static-efa3519517df6cf0.rlib" "/opt/rustwide/target/debug/deps/libindexmap-1ce30c148e54e12a.rlib" "/opt/rustwide/target/debug/deps/libhashbrown-e273ba0f8cdcbe5b.rlib" "/opt/rustwide/target/debug/deps/libstatic_assertions-0ef270c4de502b0e.rlib" "/opt/rustwide/target/debug/deps/libsha2-beec516b5292be77.rlib" "/opt/rustwide/target/debug/deps/libcpufeatures-e4eed89a997d23da.rlib" "/opt/rustwide/target/debug/deps/libdigest-64deaf1b8ac4fc60.rlib" "/opt/rustwide/target/debug/deps/libblock_buffer-394ab75840750b56.rlib" "/opt/rustwide/target/debug/deps/libcrypto_common-d02e8a190861a858.rlib" "/opt/rustwide/target/debug/deps/libgeneric_array-16c826b63c8c5a94.rlib" "/opt/rustwide/target/debug/deps/libtypenum-d1feac8ebe5aef3f.rlib" "/opt/rustwide/target/debug/deps/libring-13b3f3bd2e1fc797.rlib" "/opt/rustwide/target/debug/deps/libspin-e858d3468b8e3abd.rlib" "/opt/rustwide/target/debug/deps/libuntrusted-6cf40e3a64622ff0.rlib" "/opt/rustwide/target/debug/deps/libonce_cell-9ae84f564917c9f5.rlib" "/opt/rustwide/target/debug/deps/libparking_lot_core-4a3e6d6b3a95e760.rlib" "/opt/rustwide/target/debug/deps/libcfg_if-e7002d307f97bc56.rlib" "/opt/rustwide/target/debug/deps/libsmallvec-ffee7acdd9609ff6.rlib" "/opt/rustwide/target/debug/deps/liblibc-7fa2a9f384f55565.rlib" "/opt/rustwide/target/debug/deps/libalgonaut_encoding-865c52f3ff5fc8eb.rlib" "/opt/rustwide/target/debug/deps/libserde-8f129373054eaf2c.rlib" "/opt/rustwide/target/debug/deps/libdata_encoding-f45f01588a50150b.rlib" "/opt/rustwide/rustup-home/toolchains/beta-2023-12-22-x86_64-unknown-linux-gnu/lib/rustlib/x86_64-unknown-linux-gnu/lib/libstd-0672489a78b613de.rlib" "/opt/rustwide/rustup-home/toolchains/beta-2023-12-22-x86_64-unknown-linux-gnu/lib/rustlib/x86_64-unknown-linux-gnu/lib/libpanic_unwind-7eb3ffc34a49f675.rlib" "/opt/rustwide/rustup-home/toolchains/beta-2023-12-22-x86_64-unknown-linux-gnu/lib/rustlib/x86_64-unknown-linux-gnu/lib/libobject-6478a9daa4bee8e2.rlib" "/opt/rustwide/rustup-home/toolchains/beta-2023-12-22-x86_64-unknown-linux-gnu/lib/rustlib/x86_64-unknown-linux-gnu/lib/libmemchr-0c75d871a5c3923d.rlib" "/opt/rustwide/rustup-home/toolchains/beta-2023-12-22-x86_64-unknown-linux-gnu/lib/rustlib/x86_64-unknown-linux-gnu/lib/libaddr2line-d163ef63ad37bb71.rlib" "/opt/rustwide/rustup-home/toolchains/beta-2023-12-22-x86_64-unknown-linux-gnu/lib/rustlib/x86_64-unknown-linux-gnu/lib/libgimli-8a3fd810a85b9f4c.rlib" "/opt/rustwide/rustup-home/toolchains/beta-2023-12-22-x86_64-unknown-linux-gnu/lib/rustlib/x86_64-unknown-linux-gnu/lib/librustc_demangle-462a2cde8c5dfc10.rlib" "/opt/rustwide/rustup-home/toolchains/beta-2023-12-22-x86_64-unknown-linux-gnu/lib/rustlib/x86_64-unknown-linux-gnu/lib/libstd_detect-cb06ac9f54713f71.rlib" "/opt/rustwide/rustup-home/toolchains/beta-2023-12-22-x86_64-unknown-linux-gnu/lib/rustlib/x86_64-unknown-linux-gnu/lib/libhashbrown-f20bfd1f8e59b393.rlib" "/opt/rustwide/rustup-home/toolchains/beta-2023-12-22-x86_64-unknown-linux-gnu/lib/rustlib/x86_64-unknown-linux-gnu/lib/librustc_std_workspace_alloc-1ef460949b49da4b.rlib" "/opt/rustwide/rustup-home/toolchains/beta-2023-12-22-x86_64-unknown-linux-gnu/lib/rustlib/x86_64-unknown-linux-gnu/lib/libminiz_oxide-2cb0c0ffe4f87514.rlib" "/opt/rustwide/rustup-home/toolchains/beta-2023-12-22-x86_64-unknown-linux-gnu/lib/rustlib/x86_64-unknown-linux-gnu/lib/libadler-58d841eb322a11a2.rlib" "/opt/rustwide/rustup-home/toolchains/beta-2023-12-22-x86_64-unknown-linux-gnu/lib/rustlib/x86_64-unknown-linux-gnu/lib/libunwind-aa2ae0b0a9d11533.rlib" "/opt/rustwide/rustup-home/toolchains/beta-2023-12-22-x86_64-unknown-linux-gnu/lib/rustlib/x86_64-unknown-linux-gnu/lib/libcfg_if-23874e15830ed336.rlib" "/opt/rustwide/rustup-home/toolchains/beta-2023-12-22-x86_64-unknown-linux-gnu/lib/rustlib/x86_64-unknown-linux-gnu/lib/liblibc-e47cddc003bce885.rlib" "/opt/rustwide/rustup-home/toolchains/beta-2023-12-22-x86_64-unknown-linux-gnu/lib/rustlib/x86_64-unknown-linux-gnu/lib/liballoc-c22b13b48a8f128e.rlib" "/opt/rustwide/rustup-home/toolchains/beta-2023-12-22-x86_64-unknown-linux-gnu/lib/rustlib/x86_64-unknown-linux-gnu/lib/librustc_std_workspace_core-e46bc3da6d7c462f.rlib" "/opt/rustwide/rustup-home/toolchains/beta-2023-12-22-x86_64-unknown-linux-gnu/lib/rustlib/x86_64-unknown-linux-gnu/lib/libcore-8d1ac131d3cb2645.rlib" "/opt/rustwide/rustup-home/toolchains/beta-2023-12-22-x86_64-unknown-linux-gnu/lib/rustlib/x86_64-unknown-linux-gnu/lib/libcompiler_builtins-a1b43df8c6899c1f.rlib" "-Wl,-Bdynamic" "-lssl" "-lcrypto" "-lgcc_s" "-lutil" "-lrt" "-lpthread" "-lm" "-ldl" "-lc" "-Wl,--eh-frame-hdr" "-Wl,-z,noexecstack" "-L" "/opt/rustwide/rustup-home/toolchains/beta-2023-12-22-x86_64-unknown-linux-gnu/lib/rustlib/x86_64-unknown-linux-gnu/lib" "-o" "/opt/rustwide/target/debug/deps/algonaut-56e8dce6faa6a2f7" "-Wl,--gc-sections" "-pie" "-Wl,-z,relro,-z,now" "-nodefaultlibs"
[INFO] [stdout]   = note: collect2: fatal error: ld terminated with signal 9 [Killed]
[INFO] [stdout]           compilation terminated.
[INFO] [stdout]           
[INFO] [stdout] 
[INFO] [stdout] 
[INFO] [stdout] error: aborting due to 1 previous error
[INFO] [stdout] 
[INFO] [stdout] 
[INFO] [stderr] error: could not compile `algonaut` (lib test) due to 2 previous errors
[INFO] [stdout] error: linking with `cc` failed: exit status: 1
[INFO] [stdout]   |
[INFO] [stdout]   = note: LC_ALL="C" PATH="/opt/rustwide/rustup-home/toolchains/beta-2023-12-22-x86_64-unknown-linux-gnu/lib/rustlib/x86_64-unknown-linux-gnu/bin:/opt/rustwide/cargo-home/bin:/usr/local/sbin:/usr/local/bin:/usr/sbin:/usr/bin:/sbin:/bin" VSLANG="1033" "cc" "-m64" "/tmp/rustcdAw60k/symbols.o" "/opt/rustwide/target/debug/examples/submit_file-fb69157b598782a3.submit_file.f1002b217ee001f7-cgu.0.rcgu.o" "/opt/rustwide/target/debug/examples/submit_file-fb69157b598782a3.21dkk32wqcmrysq0.rcgu.o" "-Wl,--as-needed" "-L" "/opt/rustwide/target/debug/deps" "-L" "/opt/rustwide/target/debug/build/ring-193fa95b8163e977/out" "-L" "/opt/rustwide/rustup-home/toolchains/beta-2023-12-22-x86_64-unknown-linux-gnu/lib/rustlib/x86_64-unknown-linux-gnu/lib" "-Wl,-Bstatic" "/opt/rustwide/target/debug/deps/libdotenv-eb1f88852bc411ee.rlib" "/opt/rustwide/target/debug/deps/libalgonaut-1d0eecbfbd32ad2f.rlib" "/opt/rustwide/target/debug/deps/libfutures_timer-105eb334315356f5.rlib" "/opt/rustwide/target/debug/deps/libinstant-193fe513fe431d4d.rlib" "/opt/rustwide/target/debug/deps/libalgonaut_client-a15919cee2513312.rlib" "/opt/rustwide/target/debug/deps/libreqwest-a40d3f2865f05089.rlib" "/opt/rustwide/target/debug/deps/libhyper_tls-2f28ee9807230e3b.rlib" "/opt/rustwide/target/debug/deps/libserde_urlencoded-a70beb9c53aeaf85.rlib" "/opt/rustwide/target/debug/deps/libipnet-844b8f6b4c0c04b0.rlib" "/opt/rustwide/target/debug/deps/libtokio_native_tls-09085d0571a54be5.rlib" "/opt/rustwide/target/debug/deps/libmime-d5b83fc07afe1071.rlib" "/opt/rustwide/target/debug/deps/libencoding_rs-11de2cfd99d9044d.rlib" "/opt/rustwide/target/debug/deps/libserde_json-5611c03635b0cab5.rlib" "/opt/rustwide/target/debug/deps/libryu-71a7e639e7459b62.rlib" "/opt/rustwide/target/debug/deps/libbase64-450a6d9dcba13b9b.rlib" "/opt/rustwide/target/debug/deps/libnative_tls-e8865049d15604be.rlib" "/opt/rustwide/target/debug/deps/libopenssl_probe-01da96bec2dfd166.rlib" "/opt/rustwide/target/debug/deps/libopenssl-d5a2ba27d9813740.rlib" "/opt/rustwide/target/debug/deps/libbitflags-85e13ed1e0c6d910.rlib" "/opt/rustwide/target/debug/deps/libforeign_types-34162016ad32c65c.rlib" "/opt/rustwide/target/debug/deps/libforeign_types_shared-6c481fa47d8ef87b.rlib" "/opt/rustwide/target/debug/deps/libopenssl_sys-f7b8d8e2aa18ab78.rlib" "/opt/rustwide/target/debug/deps/libhyper-fe9b1609d83a7551.rlib" "/opt/rustwide/target/debug/deps/libwant-3e72820aea60aeab.rlib" "/opt/rustwide/target/debug/deps/libtry_lock-da79cbb67b0e5d22.rlib" "/opt/rustwide/target/debug/deps/libhttparse-2dbc320ca65411a3.rlib" "/opt/rustwide/target/debug/deps/libh2-a71f13036539e18f.rlib" "/opt/rustwide/target/debug/deps/libtokio_util-e657f404170facee.rlib" "/opt/rustwide/target/debug/deps/libtower_service-92bbc7b5a1dd8782.rlib" "/opt/rustwide/target/debug/deps/libtracing-1d045083a0557ea7.rlib" "/opt/rustwide/target/debug/deps/libtracing_core-8506dc37132d9754.rlib" "/opt/rustwide/target/debug/deps/libfutures_util-3fb36908bed50206.rlib" "/opt/rustwide/target/debug/deps/libfutures_io-8526c1a2850b87fb.rlib" "/opt/rustwide/target/debug/deps/libslab-ce952e4d8ebf26c9.rlib" "/opt/rustwide/target/debug/deps/libfutures_channel-de68712470337d8e.rlib" "/opt/rustwide/target/debug/deps/libfutures_sink-b61fdf00ed7bad3d.rlib" "/opt/rustwide/target/debug/deps/libfutures_task-bfe15ea9bb413659.rlib" "/opt/rustwide/target/debug/deps/libpin_utils-9c5dcf17efb91bff.rlib" "/opt/rustwide/target/debug/deps/libtokio-8ed007fccd34a1d7.rlib" "/opt/rustwide/target/debug/deps/libnum_cpus-4bbcc29602100740.rlib" "/opt/rustwide/target/debug/deps/libsocket2-635af3675b313979.rlib" "/opt/rustwide/target/debug/deps/libmio-74b62a45b8fe838e.rlib" "/opt/rustwide/target/debug/deps/libhttp_body-2203432f380a1cd6.rlib" "/opt/rustwide/target/debug/deps/libpin_project_lite-e8b15c1d45637ce8.rlib" "/opt/rustwide/target/debug/deps/liblog-c50132996933641a.rlib" "/opt/rustwide/target/debug/deps/libfutures_core-6a5c8ed40d8ceabd.rlib" "/opt/rustwide/target/debug/deps/libhttp-31cca91088815af0.rlib" "/opt/rustwide/target/debug/deps/libitoa-1d92cc467d2e500f.rlib" "/opt/rustwide/target/debug/deps/libbytes-f67657259700e1e6.rlib" "/opt/rustwide/target/debug/deps/libfnv-953831fe314029b4.rlib" "/opt/rustwide/target/debug/deps/libalgonaut_transaction-106a95830cdfeabd.rlib" "/opt/rustwide/target/debug/deps/liburlencoding-0e30beace4106e02.rlib" "/opt/rustwide/target/debug/deps/liburl-c27420e289672182.rlib" "/opt/rustwide/target/debug/deps/libidna-f5ec19a924db9307.rlib" "/opt/rustwide/target/debug/deps/libunicode_normalization-d46a9be84e5a96bd.rlib" "/opt/rustwide/target/debug/deps/libtinyvec-e7dc63e82263080a.rlib" "/opt/rustwide/target/debug/deps/libtinyvec_macros-2b90caf71be257df.rlib" "/opt/rustwide/target/debug/deps/libunicode_bidi-dff3380632f62c6d.rlib" "/opt/rustwide/target/debug/deps/libform_urlencoded-2e6be29729763aa6.rlib" "/opt/rustwide/target/debug/deps/libpercent_encoding-52ba3d834e28489d.rlib" "/opt/rustwide/target/debug/deps/librand-d2c92c627b6dbd49.rlib" "/opt/rustwide/target/debug/deps/librand_chacha-382b94ee18d90c40.rlib" "/opt/rustwide/target/debug/deps/libppv_lite86-7d6f1ee516acde66.rlib" "/opt/rustwide/target/debug/deps/librand_core-b236854f39856513.rlib" "/opt/rustwide/target/debug/deps/libgetrandom-2cbe5cc981036753.rlib" "/opt/rustwide/target/debug/deps/libalgonaut_model-61ca3e36e9a28f9e.rlib" "/opt/rustwide/target/debug/deps/libserde_bytes-5c05077eed136e07.rlib" "/opt/rustwide/target/debug/deps/libserde_with-b7e4e8998966940b.rlib" "/opt/rustwide/target/debug/deps/libalgonaut_abi-2a8f8f6d0e8c6637.rlib" "/opt/rustwide/target/debug/deps/libregex-4141fa9e1354d0ad.rlib" "/opt/rustwide/target/debug/deps/libaho_corasick-d4bea5a00f3325ee.rlib" "/opt/rustwide/target/debug/deps/libmemchr-094c7e8b8a4836b6.rlib" "/opt/rustwide/target/debug/deps/libregex_syntax-e3f07c2354d4f303.rlib" "/opt/rustwide/target/debug/deps/libnum_bigint-1a59ddfd4ddb5e65.rlib" "/opt/rustwide/target/debug/deps/libnum_integer-991285890de7eeec.rlib" "/opt/rustwide/target/debug/deps/libalgonaut_core-0159f7eab0a9d3e1.rlib" "/opt/rustwide/target/debug/deps/librmp_serde-fba70b680fb06522.rlib" "/opt/rustwide/target/debug/deps/librmp-98dcb7617f522a10.rlib" "/opt/rustwide/target/debug/deps/libbyteorder-0ef92d8cf14cf0b1.rlib" "/opt/rustwide/target/debug/deps/libnum_traits-e8834603c0747d08.rlib" "/opt/rustwide/target/debug/deps/libalgonaut_crypto-a23941372a109227.rlib" "/opt/rustwide/target/debug/deps/libthiserror-3e807eff3a30c204.rlib" "/opt/rustwide/target/debug/deps/liblazy_static-efa3519517df6cf0.rlib" "/opt/rustwide/target/debug/deps/libindexmap-1ce30c148e54e12a.rlib" "/opt/rustwide/target/debug/deps/libhashbrown-e273ba0f8cdcbe5b.rlib" "/opt/rustwide/target/debug/deps/libstatic_assertions-0ef270c4de502b0e.rlib" "/opt/rustwide/target/debug/deps/libsha2-beec516b5292be77.rlib" "/opt/rustwide/target/debug/deps/libcpufeatures-e4eed89a997d23da.rlib" "/opt/rustwide/target/debug/deps/libdigest-64deaf1b8ac4fc60.rlib" "/opt/rustwide/target/debug/deps/libblock_buffer-394ab75840750b56.rlib" "/opt/rustwide/target/debug/deps/libcrypto_common-d02e8a190861a858.rlib" "/opt/rustwide/target/debug/deps/libgeneric_array-16c826b63c8c5a94.rlib" "/opt/rustwide/target/debug/deps/libtypenum-d1feac8ebe5aef3f.rlib" "/opt/rustwide/target/debug/deps/libring-13b3f3bd2e1fc797.rlib" "/opt/rustwide/target/debug/deps/libspin-e858d3468b8e3abd.rlib" "/opt/rustwide/target/debug/deps/libuntrusted-6cf40e3a64622ff0.rlib" "/opt/rustwide/target/debug/deps/libonce_cell-9ae84f564917c9f5.rlib" "/opt/rustwide/target/debug/deps/libparking_lot_core-4a3e6d6b3a95e760.rlib" "/opt/rustwide/target/debug/deps/libcfg_if-e7002d307f97bc56.rlib" "/opt/rustwide/target/debug/deps/libsmallvec-ffee7acdd9609ff6.rlib" "/opt/rustwide/target/debug/deps/liblibc-7fa2a9f384f55565.rlib" "/opt/rustwide/target/debug/deps/libalgonaut_encoding-865c52f3ff5fc8eb.rlib" "/opt/rustwide/target/debug/deps/libserde-8f129373054eaf2c.rlib" "/opt/rustwide/target/debug/deps/libdata_encoding-f45f01588a50150b.rlib" "/opt/rustwide/rustup-home/toolchains/beta-2023-12-22-x86_64-unknown-linux-gnu/lib/rustlib/x86_64-unknown-linux-gnu/lib/libstd-0672489a78b613de.rlib" "/opt/rustwide/rustup-home/toolchains/beta-2023-12-22-x86_64-unknown-linux-gnu/lib/rustlib/x86_64-unknown-linux-gnu/lib/libpanic_unwind-7eb3ffc34a49f675.rlib" "/opt/rustwide/rustup-home/toolchains/beta-2023-12-22-x86_64-unknown-linux-gnu/lib/rustlib/x86_64-unknown-linux-gnu/lib/libobject-6478a9daa4bee8e2.rlib" "/opt/rustwide/rustup-home/toolchains/beta-2023-12-22-x86_64-unknown-linux-gnu/lib/rustlib/x86_64-unknown-linux-gnu/lib/libmemchr-0c75d871a5c3923d.rlib" "/opt/rustwide/rustup-home/toolchains/beta-2023-12-22-x86_64-unknown-linux-gnu/lib/rustlib/x86_64-unknown-linux-gnu/lib/libaddr2line-d163ef63ad37bb71.rlib" "/opt/rustwide/rustup-home/toolchains/beta-2023-12-22-x86_64-unknown-linux-gnu/lib/rustlib/x86_64-unknown-linux-gnu/lib/libgimli-8a3fd810a85b9f4c.rlib" "/opt/rustwide/rustup-home/toolchains/beta-2023-12-22-x86_64-unknown-linux-gnu/lib/rustlib/x86_64-unknown-linux-gnu/lib/librustc_demangle-462a2cde8c5dfc10.rlib" "/opt/rustwide/rustup-home/toolchains/beta-2023-12-22-x86_64-unknown-linux-gnu/lib/rustlib/x86_64-unknown-linux-gnu/lib/libstd_detect-cb06ac9f54713f71.rlib" "/opt/rustwide/rustup-home/toolchains/beta-2023-12-22-x86_64-unknown-linux-gnu/lib/rustlib/x86_64-unknown-linux-gnu/lib/libhashbrown-f20bfd1f8e59b393.rlib" "/opt/rustwide/rustup-home/toolchains/beta-2023-12-22-x86_64-unknown-linux-gnu/lib/rustlib/x86_64-unknown-linux-gnu/lib/librustc_std_workspace_alloc-1ef460949b49da4b.rlib" "/opt/rustwide/rustup-home/toolchains/beta-2023-12-22-x86_64-unknown-linux-gnu/lib/rustlib/x86_64-unknown-linux-gnu/lib/libminiz_oxide-2cb0c0ffe4f87514.rlib" "/opt/rustwide/rustup-home/toolchains/beta-2023-12-22-x86_64-unknown-linux-gnu/lib/rustlib/x86_64-unknown-linux-gnu/lib/libadler-58d841eb322a11a2.rlib" "/opt/rustwide/rustup-home/toolchains/beta-2023-12-22-x86_64-unknown-linux-gnu/lib/rustlib/x86_64-unknown-linux-gnu/lib/libunwind-aa2ae0b0a9d11533.rlib" "/opt/rustwide/rustup-home/toolchains/beta-2023-12-22-x86_64-unknown-linux-gnu/lib/rustlib/x86_64-unknown-linux-gnu/lib/libcfg_if-23874e15830ed336.rlib" "/opt/rustwide/rustup-home/toolchains/beta-2023-12-22-x86_64-unknown-linux-gnu/lib/rustlib/x86_64-unknown-linux-gnu/lib/liblibc-e47cddc003bce885.rlib" "/opt/rustwide/rustup-home/toolchains/beta-2023-12-22-x86_64-unknown-linux-gnu/lib/rustlib/x86_64-unknown-linux-gnu/lib/liballoc-c22b13b48a8f128e.rlib" "/opt/rustwide/rustup-home/toolchains/beta-2023-12-22-x86_64-unknown-linux-gnu/lib/rustlib/x86_64-unknown-linux-gnu/lib/librustc_std_workspace_core-e46bc3da6d7c462f.rlib" "/opt/rustwide/rustup-home/toolchains/beta-2023-12-22-x86_64-unknown-linux-gnu/lib/rustlib/x86_64-unknown-linux-gnu/lib/libcore-8d1ac131d3cb2645.rlib" "/opt/rustwide/rustup-home/toolchains/beta-2023-12-22-x86_64-unknown-linux-gnu/lib/rustlib/x86_64-unknown-linux-gnu/lib/libcompiler_builtins-a1b43df8c6899c1f.rlib" "-Wl,-Bdynamic" "-lssl" "-lcrypto" "-lgcc_s" "-lutil" "-lrt" "-lpthread" "-lm" "-ldl" "-lc" "-Wl,--eh-frame-hdr" "-Wl,-z,noexecstack" "-L" "/opt/rustwide/rustup-home/toolchains/beta-2023-12-22-x86_64-unknown-linux-gnu/lib/rustlib/x86_64-unknown-linux-gnu/lib" "-o" "/opt/rustwide/target/debug/examples/submit_file-fb69157b598782a3" "-Wl,--gc-sections" "-pie" "-Wl,-z,relro,-z,now" "-nodefaultlibs"
[INFO] [stdout]   = note: collect2: fatal error: ld terminated with signal 9 [Killed]
[INFO] [stdout]           compilation terminated.
[INFO] [stdout]           
[INFO] [stdout] 
[INFO] [stdout] 
[INFO] [stdout] error: aborting due to 1 previous error
[INFO] [stdout] 
[INFO] [stdout] 
[INFO] [stderr] error: could not compile `algonaut` (example "submit_file") due to 2 previous errors
[INFO] running `Command { std: "docker" "inspect" "acb20558f654c19ab4c8855338fc29dfab03aafd87db951d0b0597bc2792c211", kill_on_drop: false }`
[INFO] running `Command { std: "docker" "rm" "-f" "acb20558f654c19ab4c8855338fc29dfab03aafd87db951d0b0597bc2792c211", kill_on_drop: false }`
[INFO] [stdout] acb20558f654c19ab4c8855338fc29dfab03aafd87db951d0b0597bc2792c211
