[INFO] fetching crate algae 0.1.19...
[INFO] testing algae-0.1.19 against 1.75.0 for beta-1.76-1
[INFO] extracting crate algae 0.1.19 into /workspace/builds/worker-3-tc1/source
[INFO] validating manifest of crates.io crate algae 0.1.19 on toolchain 1.75.0
[INFO] running `Command { std: CARGO_HOME="/workspace/cargo-home" RUSTUP_HOME="/workspace/rustup-home" "/workspace/cargo-home/bin/cargo" "+1.75.0" "metadata" "--manifest-path" "Cargo.toml" "--no-deps", kill_on_drop: false }`
[INFO] started tweaking crates.io crate algae 0.1.19
[INFO] finished tweaking crates.io crate algae 0.1.19
[INFO] tweaked toml for crates.io crate algae 0.1.19 written to /workspace/builds/worker-3-tc1/source/Cargo.toml
[INFO] running `Command { std: CARGO_HOME="/workspace/cargo-home" RUSTUP_HOME="/workspace/rustup-home" "/workspace/cargo-home/bin/cargo" "+1.75.0" "generate-lockfile" "--manifest-path" "Cargo.toml", kill_on_drop: false }`
[INFO] [stderr]     Updating crates.io index
[INFO] running `Command { std: CARGO_HOME="/workspace/cargo-home" RUSTUP_HOME="/workspace/rustup-home" "/workspace/cargo-home/bin/cargo" "+1.75.0" "fetch" "--manifest-path" "Cargo.toml", kill_on_drop: false }`
[INFO] [stderr]  Downloading crates ...
[INFO] [stderr]   Downloaded strum_macros v0.24.3
[INFO] [stderr]   Downloaded decanter-crypto v0.1.5
[INFO] [stderr]   Downloaded smart-default v0.6.0
[INFO] [stderr]   Downloaded decanter v0.1.5
[INFO] [stderr]   Downloaded decanter-derive v0.1.6
[INFO] [stderr]   Downloaded strum v0.24.1
[INFO] [stderr]   Downloaded algae-merkle v0.1.19
[INFO] [stderr]   Downloaded algae-mmr v0.1.19
[INFO] [stderr]   Downloaded algae-graph v0.1.19
[INFO] running `Command { std: "docker" "create" "-v" "/var/lib/crater-agent-workspace/builds/worker-3-tc1/target:/opt/rustwide/target:rw,Z" "-v" "/var/lib/crater-agent-workspace/builds/worker-3-tc1/source:/opt/rustwide/workdir:ro,Z" "-v" "/var/lib/crater-agent-workspace/cargo-home:/opt/rustwide/cargo-home:ro,Z" "-v" "/var/lib/crater-agent-workspace/rustup-home:/opt/rustwide/rustup-home:ro,Z" "-e" "SOURCE_DIR=/opt/rustwide/workdir" "-e" "CARGO_TARGET_DIR=/opt/rustwide/target" "-e" "CARGO_HOME=/opt/rustwide/cargo-home" "-e" "RUSTUP_HOME=/opt/rustwide/rustup-home" "-w" "/opt/rustwide/workdir" "-m" "1610612736" "--user" "0:0" "--network" "none" "ghcr.io/rust-lang/crates-build-env/linux@sha256:2788e3201cd34a07e3172128adcd8b3090168a8e3bcc40d7c032b9dda1df7d1c" "/opt/rustwide/cargo-home/bin/cargo" "+1.75.0" "metadata" "--no-deps" "--format-version=1", kill_on_drop: false }`
[INFO] [stdout] eabdd942b83ead727f0489e7962e2547812e0082a6ef5677986a1b781f11e5ba
[INFO] running `Command { std: "docker" "start" "-a" "eabdd942b83ead727f0489e7962e2547812e0082a6ef5677986a1b781f11e5ba", kill_on_drop: false }`
[INFO] running `Command { std: "docker" "inspect" "eabdd942b83ead727f0489e7962e2547812e0082a6ef5677986a1b781f11e5ba", kill_on_drop: false }`
[INFO] running `Command { std: "docker" "rm" "-f" "eabdd942b83ead727f0489e7962e2547812e0082a6ef5677986a1b781f11e5ba", kill_on_drop: false }`
[INFO] [stdout] eabdd942b83ead727f0489e7962e2547812e0082a6ef5677986a1b781f11e5ba
[INFO] running `Command { std: "docker" "create" "-v" "/var/lib/crater-agent-workspace/builds/worker-3-tc1/target:/opt/rustwide/target:rw,Z" "-v" "/var/lib/crater-agent-workspace/builds/worker-3-tc1/source:/opt/rustwide/workdir:ro,Z" "-v" "/var/lib/crater-agent-workspace/cargo-home:/opt/rustwide/cargo-home:ro,Z" "-v" "/var/lib/crater-agent-workspace/rustup-home:/opt/rustwide/rustup-home:ro,Z" "-e" "SOURCE_DIR=/opt/rustwide/workdir" "-e" "CARGO_TARGET_DIR=/opt/rustwide/target" "-e" "CARGO_INCREMENTAL=0" "-e" "RUST_BACKTRACE=full" "-e" "RUSTFLAGS=--cap-lints=warn" "-e" "RUSTDOCFLAGS=--cap-lints=warn" "-e" "CARGO_HOME=/opt/rustwide/cargo-home" "-e" "RUSTUP_HOME=/opt/rustwide/rustup-home" "-w" "/opt/rustwide/workdir" "-m" "1610612736" "--user" "0:0" "--network" "none" "ghcr.io/rust-lang/crates-build-env/linux@sha256:2788e3201cd34a07e3172128adcd8b3090168a8e3bcc40d7c032b9dda1df7d1c" "/opt/rustwide/cargo-home/bin/cargo" "+1.75.0" "build" "--frozen" "--message-format=json", kill_on_drop: false }`
[INFO] [stdout] 6f2dc56f40fc3082a61c5cb9e3702ef6ed134acc70383ba52b7088fa1d4bcdff
[INFO] running `Command { std: "docker" "start" "-a" "6f2dc56f40fc3082a61c5cb9e3702ef6ed134acc70383ba52b7088fa1d4bcdff", kill_on_drop: false }`
[INFO] [stderr]    Compiling syn v1.0.109
[INFO] [stderr]    Compiling serde v1.0.194
[INFO] [stderr]    Compiling rustversion v1.0.14
[INFO] [stderr]    Compiling ring v0.16.20
[INFO] [stderr]    Compiling getrandom v0.2.11
[INFO] [stderr]    Compiling syn v2.0.48
[INFO] [stderr]    Compiling heck v0.4.1
[INFO] [stderr]    Compiling blake3 v1.5.0
[INFO] [stderr]    Compiling rand_core v0.6.4
[INFO] [stderr]    Compiling untrusted v0.7.1
[INFO] [stderr]    Compiling spin v0.5.2
[INFO] [stderr]    Compiling arrayvec v0.7.4
[INFO] [stderr]    Compiling rand_chacha v0.3.1
[INFO] [stderr]    Compiling constant_time_eq v0.3.0
[INFO] [stderr]    Compiling arrayref v0.3.7
[INFO] [stderr]    Compiling anyhow v1.0.79
[INFO] [stderr]    Compiling crypto-common v0.1.6
[INFO] [stderr]    Compiling rand v0.8.5
[INFO] [stderr]    Compiling hex v0.4.3
[INFO] [stderr]    Compiling digest v0.10.7
[INFO] [stderr]    Compiling serde_derive v1.0.194
[INFO] [stderr]    Compiling strum_macros v0.24.3
[INFO] [stderr]    Compiling smart-default v0.6.0
[INFO] [stderr]    Compiling strum v0.24.1
[INFO] [stderr]    Compiling serde_json v1.0.111
[INFO] [stderr]    Compiling decanter-crypto v0.1.5
[INFO] [stderr]    Compiling decanter-derive v0.1.6
[INFO] [stderr]    Compiling decanter v0.1.5
[INFO] [stderr]    Compiling algae-graph v0.1.19
[INFO] [stderr]    Compiling algae-mmr v0.1.19
[INFO] [stderr]    Compiling algae-merkle v0.1.19
[INFO] [stdout] error[E0425]: cannot find function `hash_serialize` in module `decanter::hash`
[INFO] [stdout]   --> /opt/rustwide/cargo-home/registry/src/index.crates.io-6f17d22bba15001f/algae-merkle-0.1.19/src/payloads.rs:20:5
[INFO] [stdout]    |
[INFO] [stdout] 20 |     Hashable,
[INFO] [stdout]    |     ^^^^^^^^ not found in `decanter::hash`
[INFO] [stdout]    |
[INFO] [stdout]    = note: this error originates in the derive macro `Hashable` (in Nightly builds, run with -Z macro-backtrace for more info)
[INFO] [stdout] 
[INFO] [stdout] 
[INFO] [stdout] error[E0425]: cannot find function `hash_serialize` in module `decanter::hash`
[INFO] [stdout]   --> /opt/rustwide/cargo-home/registry/src/index.crates.io-6f17d22bba15001f/algae-mmr-0.1.19/src/mmr.rs:13:50
[INFO] [stdout]    |
[INFO] [stdout] 13 | #[derive(Clone, Debug, Default, Deserialize, Eq, Hashable, PartialEq, Serialize)]
[INFO] [stdout]    |                                                  ^^^^^^^^ not found in `decanter::hash`
[INFO] [stdout]    |
[INFO] [stdout]    = note: this error originates in the derive macro `Hashable` (in Nightly builds, run with -Z macro-backtrace for more info)
[INFO] [stdout] 
[INFO] [stdout] 
[INFO] [stdout] error[E0425]: cannot find function `hash_serialize` in module `decanter::hash`
[INFO] [stdout]   --> /opt/rustwide/cargo-home/registry/src/index.crates.io-6f17d22bba15001f/algae-mmr-0.1.19/src/cmp/payloads.rs:10:50
[INFO] [stdout]    |
[INFO] [stdout] 10 | #[derive(Clone, Debug, Default, Deserialize, Eq, Hashable, PartialEq, Serialize)]
[INFO] [stdout]    |                                                  ^^^^^^^^ not found in `decanter::hash`
[INFO] [stdout]    |
[INFO] [stdout]    = note: this error originates in the derive macro `Hashable` (in Nightly builds, run with -Z macro-backtrace for more info)
[INFO] [stdout] 
[INFO] [stdout] 
[INFO] [stdout] error[E0425]: cannot find function `hash_serialize` in module `decanter::hash`
[INFO] [stdout]   --> /opt/rustwide/cargo-home/registry/src/index.crates.io-6f17d22bba15001f/algae-mmr-0.1.19/src/cmp/position.rs:10:51
[INFO] [stdout]    |
[INFO] [stdout] 10 |     Clone, Debug, Default, Deserialize, Eq, Hash, Hashable, Ord, PartialEq, PartialOrd, Serialize,
[INFO] [stdout]    |                                                   ^^^^^^^^ not found in `decanter::hash`
[INFO] [stdout]    |
[INFO] [stdout]    = note: this error originates in the derive macro `Hashable` (in Nightly builds, run with -Z macro-backtrace for more info)
[INFO] [stdout] 
[INFO] [stdout] 
[INFO] [stdout] error[E0425]: cannot find function `hash_serialize` in module `decanter::hash`
[INFO] [stdout]  --> /opt/rustwide/cargo-home/registry/src/index.crates.io-6f17d22bba15001f/algae-mmr-0.1.19/src/stores/store.rs:9:56
[INFO] [stdout]   |
[INFO] [stdout] 9 | #[derive(Clone, Debug, Default, Deserialize, Eq, Hash, Hashable, PartialEq, Serialize)]
[INFO] [stdout]   |                                                        ^^^^^^^^ not found in `decanter::hash`
[INFO] [stdout]   |
[INFO] [stdout]   = note: this error originates in the derive macro `Hashable` (in Nightly builds, run with -Z macro-backtrace for more info)
[INFO] [stdout] 
[INFO] [stdout] 
[INFO] [stdout] error: aborting due to 4 previous errors
[INFO] [stdout] 
[INFO] [stdout] 
[INFO] [stdout] For more information about this error, try `rustc --explain E0425`.
[INFO] [stdout] 
[INFO] [stderr] error: could not compile `algae-mmr` (lib) due to 5 previous errors
[INFO] [stderr] warning: build failed, waiting for other jobs to finish...
[INFO] [stdout] error: aborting due to previous error
[INFO] [stdout] 
[INFO] [stdout] 
[INFO] [stdout] For more information about this error, try `rustc --explain E0425`.
[INFO] [stdout] 
[INFO] [stderr] error: could not compile `algae-merkle` (lib) due to 2 previous errors
[INFO] running `Command { std: "docker" "inspect" "6f2dc56f40fc3082a61c5cb9e3702ef6ed134acc70383ba52b7088fa1d4bcdff", kill_on_drop: false }`
[INFO] running `Command { std: "docker" "rm" "-f" "6f2dc56f40fc3082a61c5cb9e3702ef6ed134acc70383ba52b7088fa1d4bcdff", kill_on_drop: false }`
[INFO] [stdout] 6f2dc56f40fc3082a61c5cb9e3702ef6ed134acc70383ba52b7088fa1d4bcdff
[INFO] testing algae-0.1.19 against beta-2023-12-22 for beta-1.76-1
[INFO] extracting crate algae 0.1.19 into /workspace/builds/worker-3-tc2/source
[INFO] validating manifest of crates.io crate algae 0.1.19 on toolchain beta-2023-12-22
[INFO] running `Command { std: CARGO_HOME="/workspace/cargo-home" RUSTUP_HOME="/workspace/rustup-home" "/workspace/cargo-home/bin/cargo" "+beta-2023-12-22" "metadata" "--manifest-path" "Cargo.toml" "--no-deps", kill_on_drop: false }`
[INFO] started tweaking crates.io crate algae 0.1.19
[INFO] finished tweaking crates.io crate algae 0.1.19
[INFO] tweaked toml for crates.io crate algae 0.1.19 written to /workspace/builds/worker-3-tc2/source/Cargo.toml
[INFO] running `Command { std: CARGO_HOME="/workspace/cargo-home" RUSTUP_HOME="/workspace/rustup-home" "/workspace/cargo-home/bin/cargo" "+beta-2023-12-22" "generate-lockfile" "--manifest-path" "Cargo.toml", kill_on_drop: false }`
[INFO] [stderr]     Updating crates.io index
[INFO] running `Command { std: CARGO_HOME="/workspace/cargo-home" RUSTUP_HOME="/workspace/rustup-home" "/workspace/cargo-home/bin/cargo" "+beta-2023-12-22" "fetch" "--manifest-path" "Cargo.toml", kill_on_drop: false }`
[INFO] running `Command { std: "docker" "create" "-v" "/var/lib/crater-agent-workspace/builds/worker-3-tc2/target:/opt/rustwide/target:rw,Z" "-v" "/var/lib/crater-agent-workspace/builds/worker-3-tc2/source:/opt/rustwide/workdir:ro,Z" "-v" "/var/lib/crater-agent-workspace/cargo-home:/opt/rustwide/cargo-home:ro,Z" "-v" "/var/lib/crater-agent-workspace/rustup-home:/opt/rustwide/rustup-home:ro,Z" "-e" "SOURCE_DIR=/opt/rustwide/workdir" "-e" "CARGO_TARGET_DIR=/opt/rustwide/target" "-e" "CARGO_HOME=/opt/rustwide/cargo-home" "-e" "RUSTUP_HOME=/opt/rustwide/rustup-home" "-w" "/opt/rustwide/workdir" "-m" "1610612736" "--user" "0:0" "--network" "none" "ghcr.io/rust-lang/crates-build-env/linux@sha256:2788e3201cd34a07e3172128adcd8b3090168a8e3bcc40d7c032b9dda1df7d1c" "/opt/rustwide/cargo-home/bin/cargo" "+beta-2023-12-22" "metadata" "--no-deps" "--format-version=1", kill_on_drop: false }`
[INFO] [stdout] dbaad647e4aa51f2add5f5769bac0121607cca451d6ab7c2fb7a5a38e47626a2
[INFO] running `Command { std: "docker" "start" "-a" "dbaad647e4aa51f2add5f5769bac0121607cca451d6ab7c2fb7a5a38e47626a2", kill_on_drop: false }`
[INFO] running `Command { std: "docker" "inspect" "dbaad647e4aa51f2add5f5769bac0121607cca451d6ab7c2fb7a5a38e47626a2", kill_on_drop: false }`
[INFO] running `Command { std: "docker" "rm" "-f" "dbaad647e4aa51f2add5f5769bac0121607cca451d6ab7c2fb7a5a38e47626a2", kill_on_drop: false }`
[INFO] [stdout] dbaad647e4aa51f2add5f5769bac0121607cca451d6ab7c2fb7a5a38e47626a2
[INFO] running `Command { std: "docker" "create" "-v" "/var/lib/crater-agent-workspace/builds/worker-3-tc2/target:/opt/rustwide/target:rw,Z" "-v" "/var/lib/crater-agent-workspace/builds/worker-3-tc2/source:/opt/rustwide/workdir:ro,Z" "-v" "/var/lib/crater-agent-workspace/cargo-home:/opt/rustwide/cargo-home:ro,Z" "-v" "/var/lib/crater-agent-workspace/rustup-home:/opt/rustwide/rustup-home:ro,Z" "-e" "SOURCE_DIR=/opt/rustwide/workdir" "-e" "CARGO_TARGET_DIR=/opt/rustwide/target" "-e" "CARGO_INCREMENTAL=0" "-e" "RUST_BACKTRACE=full" "-e" "RUSTFLAGS=--cap-lints=warn" "-e" "RUSTDOCFLAGS=--cap-lints=warn" "-e" "CARGO_HOME=/opt/rustwide/cargo-home" "-e" "RUSTUP_HOME=/opt/rustwide/rustup-home" "-w" "/opt/rustwide/workdir" "-m" "1610612736" "--user" "0:0" "--network" "none" "ghcr.io/rust-lang/crates-build-env/linux@sha256:2788e3201cd34a07e3172128adcd8b3090168a8e3bcc40d7c032b9dda1df7d1c" "/opt/rustwide/cargo-home/bin/cargo" "+beta-2023-12-22" "build" "--frozen" "--message-format=json", kill_on_drop: false }`
[INFO] [stdout] 170edaafe95d9d3e0a1f4ad292c2eabb70549a4effd312dad6d4b0f3524f1152
[INFO] running `Command { std: "docker" "start" "-a" "170edaafe95d9d3e0a1f4ad292c2eabb70549a4effd312dad6d4b0f3524f1152", kill_on_drop: false }`
[INFO] [stderr]    Compiling syn v1.0.109
[INFO] [stderr]    Compiling serde v1.0.194
[INFO] [stderr]    Compiling rustversion v1.0.14
[INFO] [stderr]    Compiling ring v0.16.20
[INFO] [stderr]    Compiling getrandom v0.2.11
[INFO] [stderr]    Compiling syn v2.0.48
[INFO] [stderr]    Compiling heck v0.4.1
[INFO] [stderr]    Compiling blake3 v1.5.0
[INFO] [stderr]    Compiling rand_core v0.6.4
[INFO] [stderr]    Compiling spin v0.5.2
[INFO] [stderr]    Compiling untrusted v0.7.1
[INFO] [stderr]    Compiling rand_chacha v0.3.1
[INFO] [stderr]    Compiling constant_time_eq v0.3.0
[INFO] [stderr]    Compiling arrayvec v0.7.4
[INFO] [stderr]    Compiling arrayref v0.3.7
[INFO] [stderr]    Compiling anyhow v1.0.79
[INFO] [stderr]    Compiling crypto-common v0.1.6
[INFO] [stderr]    Compiling rand v0.8.5
[INFO] [stderr]    Compiling hex v0.4.3
[INFO] [stderr]    Compiling digest v0.10.7
[INFO] [stderr]    Compiling serde_derive v1.0.194
[INFO] [stderr]    Compiling strum_macros v0.24.3
[INFO] [stderr]    Compiling smart-default v0.6.0
[INFO] [stderr]    Compiling strum v0.24.1
[INFO] [stderr]    Compiling serde_json v1.0.111
[INFO] [stderr]    Compiling decanter-crypto v0.1.5
[INFO] [stderr]    Compiling decanter-derive v0.1.6
[INFO] [stderr]    Compiling decanter v0.1.5
[INFO] [stderr]    Compiling algae-merkle v0.1.19
[INFO] [stderr]    Compiling algae-graph v0.1.19
[INFO] [stderr]    Compiling algae-mmr v0.1.19
[INFO] [stdout] error[E0425]: cannot find function `hash_serialize` in module `decanter::hash`
[INFO] [stdout]   --> /opt/rustwide/cargo-home/registry/src/index.crates.io-6f17d22bba15001f/algae-mmr-0.1.19/src/mmr.rs:13:50
[INFO] [stdout]    |
[INFO] [stdout] 13 | #[derive(Clone, Debug, Default, Deserialize, Eq, Hashable, PartialEq, Serialize)]
[INFO] [stdout]    |                                                  ^^^^^^^^ not found in `decanter::hash`
[INFO] [stdout]    |
[INFO] [stdout]    = note: this error originates in the derive macro `Hashable` (in Nightly builds, run with -Z macro-backtrace for more info)
[INFO] [stdout] 
[INFO] [stdout] 
[INFO] [stdout] error[E0425]: cannot find function `hash_serialize` in module `decanter::hash`
[INFO] [stdout]   --> /opt/rustwide/cargo-home/registry/src/index.crates.io-6f17d22bba15001f/algae-mmr-0.1.19/src/cmp/payloads.rs:10:50
[INFO] [stdout]    |
[INFO] [stdout] 10 | #[derive(Clone, Debug, Default, Deserialize, Eq, Hashable, PartialEq, Serialize)]
[INFO] [stdout]    |                                                  ^^^^^^^^ not found in `decanter::hash`
[INFO] [stdout]    |
[INFO] [stdout]    = note: this error originates in the derive macro `Hashable` (in Nightly builds, run with -Z macro-backtrace for more info)
[INFO] [stdout] 
[INFO] [stdout] 
[INFO] [stdout] error[E0425]: cannot find function `hash_serialize` in module `decanter::hash`
[INFO] [stdout]   --> /opt/rustwide/cargo-home/registry/src/index.crates.io-6f17d22bba15001f/algae-mmr-0.1.19/src/cmp/position.rs:10:51
[INFO] [stdout]    |
[INFO] [stdout] 10 |     Clone, Debug, Default, Deserialize, Eq, Hash, Hashable, Ord, PartialEq, PartialOrd, Serialize,
[INFO] [stdout]    |                                                   ^^^^^^^^ not found in `decanter::hash`
[INFO] [stdout]    |
[INFO] [stdout]    = note: this error originates in the derive macro `Hashable` (in Nightly builds, run with -Z macro-backtrace for more info)
[INFO] [stdout] 
[INFO] [stdout] 
[INFO] [stdout] error[E0425]: cannot find function `hash_serialize` in module `decanter::hash`
[INFO] [stdout]  --> /opt/rustwide/cargo-home/registry/src/index.crates.io-6f17d22bba15001f/algae-mmr-0.1.19/src/stores/store.rs:9:56
[INFO] [stdout]   |
[INFO] [stdout] 9 | #[derive(Clone, Debug, Default, Deserialize, Eq, Hash, Hashable, PartialEq, Serialize)]
[INFO] [stdout]   |                                                        ^^^^^^^^ not found in `decanter::hash`
[INFO] [stdout]   |
[INFO] [stdout]   = note: this error originates in the derive macro `Hashable` (in Nightly builds, run with -Z macro-backtrace for more info)
[INFO] [stdout] 
[INFO] [stdout] 
[INFO] [stdout] error[E0425]: cannot find function `hash_serialize` in module `decanter::hash`
[INFO] [stdout]   --> /opt/rustwide/cargo-home/registry/src/index.crates.io-6f17d22bba15001f/algae-merkle-0.1.19/src/payloads.rs:20:5
[INFO] [stdout]    |
[INFO] [stdout] 20 |     Hashable,
[INFO] [stdout]    |     ^^^^^^^^ not found in `decanter::hash`
[INFO] [stdout]    |
[INFO] [stdout]    = note: this error originates in the derive macro `Hashable` (in Nightly builds, run with -Z macro-backtrace for more info)
[INFO] [stdout] 
[INFO] [stdout] 
[INFO] [stdout] error: aborting due to 4 previous errors
[INFO] [stdout] 
[INFO] [stdout] 
[INFO] [stdout] For more information about this error, try `rustc --explain E0425`.
[INFO] [stdout] 
[INFO] [stderr] error: could not compile `algae-mmr` (lib) due to 5 previous errors
[INFO] [stderr] warning: build failed, waiting for other jobs to finish...
[INFO] [stdout] error: aborting due to 1 previous error
[INFO] [stdout] 
[INFO] [stdout] 
[INFO] [stdout] For more information about this error, try `rustc --explain E0425`.
[INFO] [stdout] 
[INFO] [stderr] error: could not compile `algae-merkle` (lib) due to 2 previous errors
[INFO] running `Command { std: "docker" "inspect" "170edaafe95d9d3e0a1f4ad292c2eabb70549a4effd312dad6d4b0f3524f1152", kill_on_drop: false }`
[INFO] running `Command { std: "docker" "rm" "-f" "170edaafe95d9d3e0a1f4ad292c2eabb70549a4effd312dad6d4b0f3524f1152", kill_on_drop: false }`
[INFO] [stdout] 170edaafe95d9d3e0a1f4ad292c2eabb70549a4effd312dad6d4b0f3524f1152
