[INFO] fetching crate algae-mmr 0.1.19...
[INFO] testing algae-mmr-0.1.19 against 1.75.0 for beta-1.76-1
[INFO] extracting crate algae-mmr 0.1.19 into /workspace/builds/worker-6-tc1/source
[INFO] validating manifest of crates.io crate algae-mmr 0.1.19 on toolchain 1.75.0
[INFO] running `Command { std: CARGO_HOME="/workspace/cargo-home" RUSTUP_HOME="/workspace/rustup-home" "/workspace/cargo-home/bin/cargo" "+1.75.0" "metadata" "--manifest-path" "Cargo.toml" "--no-deps", kill_on_drop: false }`
[INFO] started tweaking crates.io crate algae-mmr 0.1.19
[INFO] finished tweaking crates.io crate algae-mmr 0.1.19
[INFO] tweaked toml for crates.io crate algae-mmr 0.1.19 written to /workspace/builds/worker-6-tc1/source/Cargo.toml
[INFO] running `Command { std: CARGO_HOME="/workspace/cargo-home" RUSTUP_HOME="/workspace/rustup-home" "/workspace/cargo-home/bin/cargo" "+1.75.0" "generate-lockfile" "--manifest-path" "Cargo.toml", kill_on_drop: false }`
[INFO] [stderr]     Updating crates.io index
[INFO] running `Command { std: CARGO_HOME="/workspace/cargo-home" RUSTUP_HOME="/workspace/rustup-home" "/workspace/cargo-home/bin/cargo" "+1.75.0" "fetch" "--manifest-path" "Cargo.toml", kill_on_drop: false }`
[INFO] [stderr]  Downloading crates ...
[INFO] [stderr]   Downloaded untrusted v0.7.1
[INFO] [stderr]   Downloaded spin v0.5.2
[INFO] [stderr]   Downloaded decanter-crypto v0.1.5
[INFO] [stderr]   Downloaded failure_derive v0.1.8
[INFO] [stderr]   Downloaded smart-default v0.6.0
[INFO] [stderr]   Downloaded decanter-derive v0.1.6
[INFO] [stderr]   Downloaded hmac-sha256 v1.1.7
[INFO] [stderr]   Downloaded vrf v0.2.4
[INFO] [stderr]   Downloaded decanter v0.1.5
[INFO] [stderr]   Downloaded failure v0.1.8
[INFO] [stderr]   Downloaded winapi v0.3.9
[INFO] [stderr]   Downloaded winapi-x86_64-pc-windows-gnu v0.4.0
[INFO] [stderr]   Downloaded winapi-i686-pc-windows-gnu v0.4.0
[INFO] [stderr]   Downloaded ring v0.16.20
[INFO] running `Command { std: "docker" "create" "-v" "/var/lib/crater-agent-workspace/builds/worker-6-tc1/target:/opt/rustwide/target:rw,Z" "-v" "/var/lib/crater-agent-workspace/builds/worker-6-tc1/source:/opt/rustwide/workdir:ro,Z" "-v" "/var/lib/crater-agent-workspace/cargo-home:/opt/rustwide/cargo-home:ro,Z" "-v" "/var/lib/crater-agent-workspace/rustup-home:/opt/rustwide/rustup-home:ro,Z" "-e" "SOURCE_DIR=/opt/rustwide/workdir" "-e" "CARGO_TARGET_DIR=/opt/rustwide/target" "-e" "CARGO_HOME=/opt/rustwide/cargo-home" "-e" "RUSTUP_HOME=/opt/rustwide/rustup-home" "-w" "/opt/rustwide/workdir" "-m" "1610612736" "--user" "0:0" "--network" "none" "ghcr.io/rust-lang/crates-build-env/linux@sha256:2788e3201cd34a07e3172128adcd8b3090168a8e3bcc40d7c032b9dda1df7d1c" "/opt/rustwide/cargo-home/bin/cargo" "+1.75.0" "metadata" "--no-deps" "--format-version=1", kill_on_drop: false }`
[INFO] [stdout] ebaa70eebbb2d5fe6710714eb8f2bdcff304b6929f0b65716a48f4a203b7e2e1
[INFO] running `Command { std: "docker" "start" "-a" "ebaa70eebbb2d5fe6710714eb8f2bdcff304b6929f0b65716a48f4a203b7e2e1", kill_on_drop: false }`
[INFO] running `Command { std: "docker" "inspect" "ebaa70eebbb2d5fe6710714eb8f2bdcff304b6929f0b65716a48f4a203b7e2e1", kill_on_drop: false }`
[INFO] running `Command { std: "docker" "rm" "-f" "ebaa70eebbb2d5fe6710714eb8f2bdcff304b6929f0b65716a48f4a203b7e2e1", kill_on_drop: false }`
[INFO] [stdout] ebaa70eebbb2d5fe6710714eb8f2bdcff304b6929f0b65716a48f4a203b7e2e1
[INFO] running `Command { std: "docker" "create" "-v" "/var/lib/crater-agent-workspace/builds/worker-6-tc1/target:/opt/rustwide/target:rw,Z" "-v" "/var/lib/crater-agent-workspace/builds/worker-6-tc1/source:/opt/rustwide/workdir:ro,Z" "-v" "/var/lib/crater-agent-workspace/cargo-home:/opt/rustwide/cargo-home:ro,Z" "-v" "/var/lib/crater-agent-workspace/rustup-home:/opt/rustwide/rustup-home:ro,Z" "-e" "SOURCE_DIR=/opt/rustwide/workdir" "-e" "CARGO_TARGET_DIR=/opt/rustwide/target" "-e" "CARGO_INCREMENTAL=0" "-e" "RUST_BACKTRACE=full" "-e" "RUSTFLAGS=--cap-lints=warn" "-e" "RUSTDOCFLAGS=--cap-lints=warn" "-e" "CARGO_HOME=/opt/rustwide/cargo-home" "-e" "RUSTUP_HOME=/opt/rustwide/rustup-home" "-w" "/opt/rustwide/workdir" "-m" "1610612736" "--user" "0:0" "--network" "none" "ghcr.io/rust-lang/crates-build-env/linux@sha256:2788e3201cd34a07e3172128adcd8b3090168a8e3bcc40d7c032b9dda1df7d1c" "/opt/rustwide/cargo-home/bin/cargo" "+1.75.0" "build" "--frozen" "--message-format=json", kill_on_drop: false }`
[INFO] [stdout] cabad5d6ec2f80ff11c41137ed1f76885ab8fed7e0d1b84e7e357e4436363fd1
[INFO] running `Command { std: "docker" "start" "-a" "cabad5d6ec2f80ff11c41137ed1f76885ab8fed7e0d1b84e7e357e4436363fd1", kill_on_drop: false }`
[INFO] [stderr]    Compiling libc v0.2.151
[INFO] [stderr]    Compiling syn v1.0.109
[INFO] [stderr]    Compiling serde v1.0.194
[INFO] [stderr]    Compiling heck v0.4.1
[INFO] [stderr]    Compiling spin v0.5.2
[INFO] [stderr]    Compiling untrusted v0.7.1
[INFO] [stderr]    Compiling generic-array v0.14.7
[INFO] [stderr]    Compiling either v1.9.0
[INFO] [stderr]    Compiling hex v0.4.3
[INFO] [stderr]    Compiling syn v2.0.48
[INFO] [stderr]    Compiling itertools v0.10.5
[INFO] [stderr]    Compiling cc v1.0.83
[INFO] [stderr]    Compiling getrandom v0.2.11
[INFO] [stderr]    Compiling rand_core v0.6.4
[INFO] [stderr]    Compiling block-buffer v0.10.4
[INFO] [stderr]    Compiling crypto-common v0.1.6
[INFO] [stderr]    Compiling rand_chacha v0.3.1
[INFO] [stderr]    Compiling digest v0.10.7
[INFO] [stderr]    Compiling rand v0.8.5
[INFO] [stderr]    Compiling ring v0.16.20
[INFO] [stderr]    Compiling blake3 v1.5.0
[INFO] [stderr]    Compiling serde_derive v1.0.194
[INFO] [stderr]    Compiling strum_macros v0.24.3
[INFO] [stderr]    Compiling smart-default v0.6.0
[INFO] [stderr]    Compiling strum v0.24.1
[INFO] [stderr]    Compiling serde_json v1.0.111
[INFO] [stderr]    Compiling decanter-crypto v0.1.5
[INFO] [stderr]    Compiling decanter-derive v0.1.6
[INFO] [stderr]    Compiling decanter v0.1.5
[INFO] [stderr]    Compiling algae-mmr v0.1.19 (/opt/rustwide/workdir)
[INFO] [stdout] error[E0425]: cannot find function `hash_serialize` in module `decanter::hash`
[INFO] [stdout]   --> src/mmr.rs:13:50
[INFO] [stdout]    |
[INFO] [stdout] 13 | #[derive(Clone, Debug, Default, Deserialize, Eq, Hashable, PartialEq, Serialize)]
[INFO] [stdout]    |                                                  ^^^^^^^^ not found in `decanter::hash`
[INFO] [stdout]    |
[INFO] [stdout]    = note: this error originates in the derive macro `Hashable` (in Nightly builds, run with -Z macro-backtrace for more info)
[INFO] [stdout] 
[INFO] [stdout] 
[INFO] [stdout] error[E0425]: cannot find function `hash_serialize` in module `decanter::hash`
[INFO] [stdout]   --> src/cmp/payloads.rs:10:50
[INFO] [stdout]    |
[INFO] [stdout] 10 | #[derive(Clone, Debug, Default, Deserialize, Eq, Hashable, PartialEq, Serialize)]
[INFO] [stdout]    |                                                  ^^^^^^^^ not found in `decanter::hash`
[INFO] [stdout]    |
[INFO] [stdout]    = note: this error originates in the derive macro `Hashable` (in Nightly builds, run with -Z macro-backtrace for more info)
[INFO] [stdout] 
[INFO] [stdout] 
[INFO] [stdout] error[E0425]: cannot find function `hash_serialize` in module `decanter::hash`
[INFO] [stdout]   --> src/cmp/position.rs:10:51
[INFO] [stdout]    |
[INFO] [stdout] 10 |     Clone, Debug, Default, Deserialize, Eq, Hash, Hashable, Ord, PartialEq, PartialOrd, Serialize,
[INFO] [stdout]    |                                                   ^^^^^^^^ not found in `decanter::hash`
[INFO] [stdout]    |
[INFO] [stdout]    = note: this error originates in the derive macro `Hashable` (in Nightly builds, run with -Z macro-backtrace for more info)
[INFO] [stdout] 
[INFO] [stdout] 
[INFO] [stdout] error[E0425]: cannot find function `hash_serialize` in module `decanter::hash`
[INFO] [stdout]  --> src/stores/store.rs:9:56
[INFO] [stdout]   |
[INFO] [stdout] 9 | #[derive(Clone, Debug, Default, Deserialize, Eq, Hash, Hashable, PartialEq, Serialize)]
[INFO] [stdout]   |                                                        ^^^^^^^^ not found in `decanter::hash`
[INFO] [stdout]   |
[INFO] [stdout]   = note: this error originates in the derive macro `Hashable` (in Nightly builds, run with -Z macro-backtrace for more info)
[INFO] [stdout] 
[INFO] [stdout] 
[INFO] [stdout] warning: unused imports: `constants::*`, `statics::*`
[INFO] [stdout]  --> src/primitives.rs:6:16
[INFO] [stdout]   |
[INFO] [stdout] 6 | pub use self::{constants::*, statics::*, types::*};
[INFO] [stdout]   |                ^^^^^^^^^^^^  ^^^^^^^^^^
[INFO] [stdout]   |
[INFO] [stdout]   = note: `#[warn(unused_imports)]` on by default
[INFO] [stdout] 
[INFO] [stdout] 
[INFO] [stdout] error: aborting due to 4 previous errors; 1 warning emitted
[INFO] [stdout] 
[INFO] [stdout] 
[INFO] [stdout] For more information about this error, try `rustc --explain E0425`.
[INFO] [stdout] 
[INFO] [stderr] error: could not compile `algae-mmr` (lib) due to 5 previous errors; 1 warning emitted
[INFO] running `Command { std: "docker" "inspect" "cabad5d6ec2f80ff11c41137ed1f76885ab8fed7e0d1b84e7e357e4436363fd1", kill_on_drop: false }`
[INFO] running `Command { std: "docker" "rm" "-f" "cabad5d6ec2f80ff11c41137ed1f76885ab8fed7e0d1b84e7e357e4436363fd1", kill_on_drop: false }`
[INFO] [stdout] cabad5d6ec2f80ff11c41137ed1f76885ab8fed7e0d1b84e7e357e4436363fd1
