[INFO] fetching crate alacritty_terminal 0.19.1...
[INFO] testing alacritty_terminal-0.19.1 against 1.75.0 for beta-1.76-1
[INFO] extracting crate alacritty_terminal 0.19.1 into /workspace/builds/worker-2-tc1/source
[INFO] validating manifest of crates.io crate alacritty_terminal 0.19.1 on toolchain 1.75.0
[INFO] running `Command { std: CARGO_HOME="/workspace/cargo-home" RUSTUP_HOME="/workspace/rustup-home" "/workspace/cargo-home/bin/cargo" "+1.75.0" "metadata" "--manifest-path" "Cargo.toml" "--no-deps", kill_on_drop: false }`
[INFO] started tweaking crates.io crate alacritty_terminal 0.19.1
[INFO] finished tweaking crates.io crate alacritty_terminal 0.19.1
[INFO] tweaked toml for crates.io crate alacritty_terminal 0.19.1 written to /workspace/builds/worker-2-tc1/source/Cargo.toml
[INFO] running `Command { std: CARGO_HOME="/workspace/cargo-home" RUSTUP_HOME="/workspace/rustup-home" "/workspace/cargo-home/bin/cargo" "+1.75.0" "generate-lockfile" "--manifest-path" "Cargo.toml", kill_on_drop: false }`
[INFO] [stderr]     Blocking waiting for file lock on package cache
[INFO] [stderr]     Updating crates.io index
[INFO] running `Command { std: CARGO_HOME="/workspace/cargo-home" RUSTUP_HOME="/workspace/rustup-home" "/workspace/cargo-home/bin/cargo" "+1.75.0" "fetch" "--manifest-path" "Cargo.toml", kill_on_drop: false }`
[INFO] [stderr]  Downloading crates ...
[INFO] [stderr]   Downloaded mio-anonymous-pipes v0.2.0
[INFO] [stderr]   Downloaded vte_generate_state_changes v0.1.1
[INFO] [stderr]   Downloaded spsc-buffer v0.1.1
[INFO] [stderr]   Downloaded memoffset v0.6.5
[INFO] [stderr]   Downloaded dirs-sys v0.3.7
[INFO] [stderr]   Downloaded dirs v4.0.0
[INFO] [stderr]   Downloaded mio-uds v0.6.8
[INFO] [stderr]   Downloaded signal-hook-mio v0.2.3
[INFO] [stderr]   Downloaded mio-extras v2.0.6
[INFO] [stderr]   Downloaded vte v0.10.1
[INFO] [stderr]   Downloaded regex-automata v0.1.10
[INFO] [stderr]   Downloaded nix v0.24.3
[INFO] [stderr]   Downloaded windows_aarch64_msvc v0.36.1
[INFO] [stderr]   Downloaded windows_i686_gnu v0.36.1
[INFO] [stderr]   Downloaded windows-sys v0.36.1
[INFO] [stderr]   Downloaded alacritty_config_derive v0.2.2
[INFO] [stderr]   Downloaded windows_i686_msvc v0.36.1
[INFO] [stderr]   Downloaded windows_x86_64_gnu v0.36.1
[INFO] [stderr]   Downloaded regex-syntax v0.6.29
[INFO] [stderr]   Downloaded windows_x86_64_msvc v0.36.1
[INFO] running `Command { std: "docker" "create" "-v" "/var/lib/crater-agent-workspace/builds/worker-2-tc1/target:/opt/rustwide/target:rw,Z" "-v" "/var/lib/crater-agent-workspace/builds/worker-2-tc1/source:/opt/rustwide/workdir:ro,Z" "-v" "/var/lib/crater-agent-workspace/cargo-home:/opt/rustwide/cargo-home:ro,Z" "-v" "/var/lib/crater-agent-workspace/rustup-home:/opt/rustwide/rustup-home:ro,Z" "-e" "SOURCE_DIR=/opt/rustwide/workdir" "-e" "CARGO_TARGET_DIR=/opt/rustwide/target" "-e" "CARGO_HOME=/opt/rustwide/cargo-home" "-e" "RUSTUP_HOME=/opt/rustwide/rustup-home" "-w" "/opt/rustwide/workdir" "-m" "1610612736" "--user" "0:0" "--network" "none" "ghcr.io/rust-lang/crates-build-env/linux@sha256:2788e3201cd34a07e3172128adcd8b3090168a8e3bcc40d7c032b9dda1df7d1c" "/opt/rustwide/cargo-home/bin/cargo" "+1.75.0" "metadata" "--no-deps" "--format-version=1", kill_on_drop: false }`
[INFO] [stdout] 7f294a06d81a48ea39f005b75a2ec5387dc035d89ac05df6fb29d670cf1095be
[INFO] running `Command { std: "docker" "start" "-a" "7f294a06d81a48ea39f005b75a2ec5387dc035d89ac05df6fb29d670cf1095be", kill_on_drop: false }`
[INFO] running `Command { std: "docker" "inspect" "7f294a06d81a48ea39f005b75a2ec5387dc035d89ac05df6fb29d670cf1095be", kill_on_drop: false }`
[INFO] running `Command { std: "docker" "rm" "-f" "7f294a06d81a48ea39f005b75a2ec5387dc035d89ac05df6fb29d670cf1095be", kill_on_drop: false }`
[INFO] [stdout] 7f294a06d81a48ea39f005b75a2ec5387dc035d89ac05df6fb29d670cf1095be
[INFO] running `Command { std: "docker" "create" "-v" "/var/lib/crater-agent-workspace/builds/worker-2-tc1/target:/opt/rustwide/target:rw,Z" "-v" "/var/lib/crater-agent-workspace/builds/worker-2-tc1/source:/opt/rustwide/workdir:ro,Z" "-v" "/var/lib/crater-agent-workspace/cargo-home:/opt/rustwide/cargo-home:ro,Z" "-v" "/var/lib/crater-agent-workspace/rustup-home:/opt/rustwide/rustup-home:ro,Z" "-e" "SOURCE_DIR=/opt/rustwide/workdir" "-e" "CARGO_TARGET_DIR=/opt/rustwide/target" "-e" "CARGO_INCREMENTAL=0" "-e" "RUST_BACKTRACE=full" "-e" "RUSTFLAGS=--cap-lints=warn" "-e" "RUSTDOCFLAGS=--cap-lints=warn" "-e" "CARGO_HOME=/opt/rustwide/cargo-home" "-e" "RUSTUP_HOME=/opt/rustwide/rustup-home" "-w" "/opt/rustwide/workdir" "-m" "1610612736" "--user" "0:0" "--network" "none" "ghcr.io/rust-lang/crates-build-env/linux@sha256:2788e3201cd34a07e3172128adcd8b3090168a8e3bcc40d7c032b9dda1df7d1c" "/opt/rustwide/cargo-home/bin/cargo" "+1.75.0" "build" "--frozen" "--message-format=json", kill_on_drop: false }`
[INFO] [stdout] 1d5b6bb11cb83c6d6d006e60d8d75cfd1deecbf996ac17bd779456abd2c06419
[INFO] running `Command { std: "docker" "start" "-a" "1d5b6bb11cb83c6d6d006e60d8d75cfd1deecbf996ac17bd779456abd2c06419", kill_on_drop: false }`
[INFO] [stderr]    Compiling serde v1.0.194
[INFO] [stderr]    Compiling cfg-if v0.1.10
[INFO] [stderr]    Compiling memoffset v0.6.5
[INFO] [stderr]    Compiling signal-hook v0.3.17
[INFO] [stderr]    Compiling syn v2.0.48
[INFO] [stderr]    Compiling iovec v0.1.4
[INFO] [stderr]    Compiling winnow v0.5.32
[INFO] [stderr]    Compiling signal-hook-registry v1.4.1
[INFO] [stderr]    Compiling net2 v0.2.39
[INFO] [stderr]    Compiling dirs-sys v0.3.7
[INFO] [stderr]    Compiling vte_generate_state_changes v0.1.1
[INFO] [stderr]    Compiling lazycell v1.3.0
[INFO] [stderr]    Compiling utf8parse v0.2.1
[INFO] [stderr]    Compiling bitflags v1.3.2
[INFO] [stderr]    Compiling regex-syntax v0.6.29
[INFO] [stderr]    Compiling nix v0.24.3
[INFO] [stderr]    Compiling dirs v4.0.0
[INFO] [stderr]    Compiling unicode-width v0.1.11
[INFO] [stderr]    Compiling vte v0.10.1
[INFO] [stderr]    Compiling regex-automata v0.1.10
[INFO] [stderr]    Compiling serde_derive v1.0.194
[INFO] [stderr]    Compiling alacritty_config_derive v0.2.2
[INFO] [stderr]    Compiling log v0.4.20
[INFO] [stderr]    Compiling toml_datetime v0.6.5
[INFO] [stderr]    Compiling serde_spanned v0.6.5
[INFO] [stderr]    Compiling serde_yaml v0.8.26
[INFO] [stderr]    Compiling toml_edit v0.21.0
[INFO] [stderr]    Compiling mio v0.6.23
[INFO] [stderr]    Compiling mio-uds v0.6.8
[INFO] [stderr]    Compiling mio-extras v2.0.6
[INFO] [stderr]    Compiling signal-hook-mio v0.2.3
[INFO] [stderr]    Compiling toml v0.8.8
[INFO] [stderr]    Compiling alacritty_config v0.1.2
[INFO] [stderr]    Compiling alacritty_terminal v0.19.1 (/opt/rustwide/workdir)
[INFO] [stdout] error[E0433]: failed to resolve: use of undeclared crate or module `toml`
[INFO] [stdout]    --> src/ansi.rs:467:10
[INFO] [stdout]     |
[INFO] [stdout] 467 | #[derive(ConfigDeserialize, Default, Debug, Eq, PartialEq, Copy, Clone, Hash)]
[INFO] [stdout]     |          ^^^^^^^^^^^^^^^^^ use of undeclared crate or module `toml`
[INFO] [stdout]     |
[INFO] [stdout]     = note: this error originates in the derive macro `ConfigDeserialize` (in Nightly builds, run with -Z macro-backtrace for more info)
[INFO] [stdout] 
[INFO] [stdout] 
[INFO] [stdout] error[E0433]: failed to resolve: use of undeclared crate or module `toml`
[INFO] [stdout]   --> src/config/scrolling.rs:10:10
[INFO] [stdout]    |
[INFO] [stdout] 10 | #[derive(ConfigDeserialize, Copy, Clone, Debug, PartialEq, Eq)]
[INFO] [stdout]    |          ^^^^^^^^^^^^^^^^^ use of undeclared crate or module `toml`
[INFO] [stdout]    |
[INFO] [stdout]    = note: this error originates in the derive macro `ConfigDeserialize` (in Nightly builds, run with -Z macro-backtrace for more info)
[INFO] [stdout] 
[INFO] [stdout] 
[INFO] [stdout] error[E0433]: failed to resolve: use of undeclared crate or module `toml`
[INFO] [stdout]   --> src/config/mod.rs:21:10
[INFO] [stdout]    |
[INFO] [stdout] 21 | #[derive(ConfigDeserialize, Clone, Debug, PartialEq, Default)]
[INFO] [stdout]    |          ^^^^^^^^^^^^^^^^^ use of undeclared crate or module `toml`
[INFO] [stdout]    |
[INFO] [stdout]    = note: this error originates in the derive macro `ConfigDeserialize` (in Nightly builds, run with -Z macro-backtrace for more info)
[INFO] [stdout] 
[INFO] [stdout] 
[INFO] [stdout] error[E0433]: failed to resolve: use of undeclared crate or module `toml`
[INFO] [stdout]   --> src/config/mod.rs:38:10
[INFO] [stdout]    |
[INFO] [stdout] 38 | #[derive(ConfigDeserialize, Clone, Debug, PartialEq, Eq, Default)]
[INFO] [stdout]    |          ^^^^^^^^^^^^^^^^^ use of undeclared crate or module `toml`
[INFO] [stdout]    |
[INFO] [stdout]    = note: this error originates in the derive macro `ConfigDeserialize` (in Nightly builds, run with -Z macro-backtrace for more info)
[INFO] [stdout] 
[INFO] [stdout] 
[INFO] [stdout] error[E0433]: failed to resolve: use of undeclared crate or module `toml`
[INFO] [stdout]   --> src/config/mod.rs:57:10
[INFO] [stdout]    |
[INFO] [stdout] 57 | #[derive(ConfigDeserialize, Clone, Debug, PartialEq, Eq)]
[INFO] [stdout]    |          ^^^^^^^^^^^^^^^^^ use of undeclared crate or module `toml`
[INFO] [stdout]    |
[INFO] [stdout]    = note: this error originates in the derive macro `ConfigDeserialize` (in Nightly builds, run with -Z macro-backtrace for more info)
[INFO] [stdout] 
[INFO] [stdout] 
[INFO] [stdout] error[E0433]: failed to resolve: use of undeclared crate or module `toml`
[INFO] [stdout]   --> src/config/mod.rs:72:10
[INFO] [stdout]    |
[INFO] [stdout] 72 | #[derive(ConfigDeserialize, Copy, Clone, Debug, PartialEq)]
[INFO] [stdout]    |          ^^^^^^^^^^^^^^^^^ use of undeclared crate or module `toml`
[INFO] [stdout]    |
[INFO] [stdout]    = note: this error originates in the derive macro `ConfigDeserialize` (in Nightly builds, run with -Z macro-backtrace for more info)
[INFO] [stdout] 
[INFO] [stdout] 
[INFO] [stdout] error[E0433]: failed to resolve: use of undeclared crate or module `toml`
[INFO] [stdout]    --> src/ansi.rs:474:10
[INFO] [stdout]     |
[INFO] [stdout] 474 | #[derive(ConfigDeserialize, Debug, Eq, PartialEq, Copy, Clone, Hash)]
[INFO] [stdout]     |          ^^^^^^^^^^^^^^^^^ use of undeclared crate or module `toml`
[INFO] [stdout]     |
[INFO] [stdout]     = note: this error originates in the derive macro `ConfigDeserialize` (in Nightly builds, run with -Z macro-backtrace for more info)
[INFO] [stdout] 
[INFO] [stdout] 
[INFO] [stdout] error[E0433]: failed to resolve: use of undeclared crate or module `toml`
[INFO] [stdout]   --> src/config/scrolling.rs:34:10
[INFO] [stdout]    |
[INFO] [stdout] 34 | #[derive(SerdeReplace, Copy, Clone, Debug, PartialEq, Eq)]
[INFO] [stdout]    |          ^^^^^^^^^^^^ use of undeclared crate or module `toml`
[INFO] [stdout]    |
[INFO] [stdout]    = note: this error originates in the derive macro `SerdeReplace` (in Nightly builds, run with -Z macro-backtrace for more info)
[INFO] [stdout] 
[INFO] [stdout] 
[INFO] [stdout] error[E0433]: failed to resolve: use of undeclared crate or module `toml`
[INFO] [stdout]    --> src/config/mod.rs:129:10
[INFO] [stdout]     |
[INFO] [stdout] 129 | #[derive(SerdeReplace, Deserialize, Debug, Copy, Clone, PartialEq, Eq)]
[INFO] [stdout]     |          ^^^^^^^^^^^^ use of undeclared crate or module `toml`
[INFO] [stdout]     |
[INFO] [stdout]     = note: this error originates in the derive macro `SerdeReplace` (in Nightly builds, run with -Z macro-backtrace for more info)
[INFO] [stdout] 
[INFO] [stdout] 
[INFO] [stdout] error[E0433]: failed to resolve: use of undeclared crate or module `toml`
[INFO] [stdout]    --> src/config/mod.rs:168:10
[INFO] [stdout]     |
[INFO] [stdout] 168 | #[derive(ConfigDeserialize, Debug, Copy, Clone, PartialEq, Eq)]
[INFO] [stdout]     |          ^^^^^^^^^^^^^^^^^ use of undeclared crate or module `toml`
[INFO] [stdout]     |
[INFO] [stdout]     = note: this error originates in the derive macro `ConfigDeserialize` (in Nightly builds, run with -Z macro-backtrace for more info)
[INFO] [stdout] 
[INFO] [stdout] 
[INFO] [stdout] error[E0433]: failed to resolve: use of undeclared crate or module `toml`
[INFO] [stdout]    --> src/config/mod.rs:226:10
[INFO] [stdout]     |
[INFO] [stdout] 226 | #[derive(SerdeReplace, Deserialize, Clone, Copy, Debug, PartialEq)]
[INFO] [stdout]     |          ^^^^^^^^^^^^ use of undeclared crate or module `toml`
[INFO] [stdout]     |
[INFO] [stdout]     = note: this error originates in the derive macro `SerdeReplace` (in Nightly builds, run with -Z macro-backtrace for more info)
[INFO] [stdout] 
[INFO] [stdout] 
[INFO] [stdout] error[E0433]: failed to resolve: use of undeclared crate or module `toml`
[INFO] [stdout]    --> src/index.rs:228:5
[INFO] [stdout]     |
[INFO] [stdout] 228 |     SerdeReplace,
[INFO] [stdout]     |     ^^^^^^^^^^^^ use of undeclared crate or module `toml`
[INFO] [stdout]     |
[INFO] [stdout]     = note: this error originates in the derive macro `SerdeReplace` (in Nightly builds, run with -Z macro-backtrace for more info)
[INFO] [stdout] 
[INFO] [stdout] 
[INFO] [stdout] error[E0433]: failed to resolve: use of undeclared crate or module `toml`
[INFO] [stdout]   --> src/term/color.rs:17:10
[INFO] [stdout]    |
[INFO] [stdout] 17 | #[derive(SerdeReplace, Debug, Eq, PartialEq, Copy, Clone, Default, Serialize)]
[INFO] [stdout]    |          ^^^^^^^^^^^^ use of undeclared crate or module `toml`
[INFO] [stdout]    |
[INFO] [stdout]    = note: this error originates in the derive macro `SerdeReplace` (in Nightly builds, run with -Z macro-backtrace for more info)
[INFO] [stdout] 
[INFO] [stdout] 
[INFO] [stdout] error[E0433]: failed to resolve: use of undeclared crate or module `toml`
[INFO] [stdout]    --> src/term/color.rs:174:10
[INFO] [stdout]     |
[INFO] [stdout] 174 | #[derive(SerdeReplace, Copy, Clone, Debug, PartialEq, Eq)]
[INFO] [stdout]     |          ^^^^^^^^^^^^ use of undeclared crate or module `toml`
[INFO] [stdout]     |
[INFO] [stdout]     = note: this error originates in the derive macro `SerdeReplace` (in Nightly builds, run with -Z macro-backtrace for more info)
[INFO] [stdout] 
[INFO] [stdout] 
[INFO] [stdout] error[E0433]: failed to resolve: use of undeclared crate or module `toml`
[INFO] [stdout]   --> src/vi_mode.rs:12:10
[INFO] [stdout]    |
[INFO] [stdout] 12 | #[derive(ConfigDeserialize, Debug, Copy, Clone, PartialEq, Eq)]
[INFO] [stdout]    |          ^^^^^^^^^^^^^^^^^ use of undeclared crate or module `toml`
[INFO] [stdout]    |
[INFO] [stdout]    = note: this error originates in the derive macro `ConfigDeserialize` (in Nightly builds, run with -Z macro-backtrace for more info)
[INFO] [stdout] 
[INFO] [stdout] 
[INFO] [stdout] error: aborting due to 15 previous errors
[INFO] [stdout] 
[INFO] [stdout] 
[INFO] [stdout] For more information about this error, try `rustc --explain E0433`.
[INFO] [stdout] 
[INFO] [stderr] error: could not compile `alacritty_terminal` (lib) due to 16 previous errors
[INFO] running `Command { std: "docker" "inspect" "1d5b6bb11cb83c6d6d006e60d8d75cfd1deecbf996ac17bd779456abd2c06419", kill_on_drop: false }`
[INFO] running `Command { std: "docker" "rm" "-f" "1d5b6bb11cb83c6d6d006e60d8d75cfd1deecbf996ac17bd779456abd2c06419", kill_on_drop: false }`
[INFO] [stdout] 1d5b6bb11cb83c6d6d006e60d8d75cfd1deecbf996ac17bd779456abd2c06419
