[INFO] fetching crate alacritty_config_derive 0.2.1...
[INFO] testing alacritty_config_derive-0.2.1 against 1.75.0 for beta-1.76-1
[INFO] extracting crate alacritty_config_derive 0.2.1 into /workspace/builds/worker-1-tc1/source
[INFO] validating manifest of crates.io crate alacritty_config_derive 0.2.1 on toolchain 1.75.0
[INFO] running `Command { std: CARGO_HOME="/workspace/cargo-home" RUSTUP_HOME="/workspace/rustup-home" "/workspace/cargo-home/bin/cargo" "+1.75.0" "metadata" "--manifest-path" "Cargo.toml" "--no-deps", kill_on_drop: false }`
[INFO] started tweaking crates.io crate alacritty_config_derive 0.2.1
[INFO] finished tweaking crates.io crate alacritty_config_derive 0.2.1
[INFO] tweaked toml for crates.io crate alacritty_config_derive 0.2.1 written to /workspace/builds/worker-1-tc1/source/Cargo.toml
[INFO] running `Command { std: CARGO_HOME="/workspace/cargo-home" RUSTUP_HOME="/workspace/rustup-home" "/workspace/cargo-home/bin/cargo" "+1.75.0" "generate-lockfile" "--manifest-path" "Cargo.toml", kill_on_drop: false }`
[INFO] [stderr]     Updating crates.io index
[INFO] running `Command { std: CARGO_HOME="/workspace/cargo-home" RUSTUP_HOME="/workspace/rustup-home" "/workspace/cargo-home/bin/cargo" "+1.75.0" "fetch" "--manifest-path" "Cargo.toml", kill_on_drop: false }`
[INFO] [stderr]  Downloading crates ...
[INFO] [stderr]   Downloaded toml v0.8.8
[INFO] [stderr]   Downloaded alacritty_config v0.1.2
[INFO] [stderr]   Downloaded serde_spanned v0.6.5
[INFO] [stderr]   Downloaded toml_edit v0.21.0
[INFO] running `Command { std: "docker" "create" "-v" "/var/lib/crater-agent-workspace/builds/worker-1-tc1/target:/opt/rustwide/target:rw,Z" "-v" "/var/lib/crater-agent-workspace/builds/worker-1-tc1/source:/opt/rustwide/workdir:ro,Z" "-v" "/var/lib/crater-agent-workspace/cargo-home:/opt/rustwide/cargo-home:ro,Z" "-v" "/var/lib/crater-agent-workspace/rustup-home:/opt/rustwide/rustup-home:ro,Z" "-e" "SOURCE_DIR=/opt/rustwide/workdir" "-e" "CARGO_TARGET_DIR=/opt/rustwide/target" "-e" "CARGO_HOME=/opt/rustwide/cargo-home" "-e" "RUSTUP_HOME=/opt/rustwide/rustup-home" "-w" "/opt/rustwide/workdir" "-m" "1610612736" "--user" "0:0" "--network" "none" "ghcr.io/rust-lang/crates-build-env/linux@sha256:2788e3201cd34a07e3172128adcd8b3090168a8e3bcc40d7c032b9dda1df7d1c" "/opt/rustwide/cargo-home/bin/cargo" "+1.75.0" "metadata" "--no-deps" "--format-version=1", kill_on_drop: false }`
[INFO] [stdout] 98817cafdc0c32dec56f5f3ae4b160c3672a2c7353989b734ce87b433c8f1a5f
[INFO] running `Command { std: "docker" "start" "-a" "98817cafdc0c32dec56f5f3ae4b160c3672a2c7353989b734ce87b433c8f1a5f", kill_on_drop: false }`
[INFO] running `Command { std: "docker" "inspect" "98817cafdc0c32dec56f5f3ae4b160c3672a2c7353989b734ce87b433c8f1a5f", kill_on_drop: false }`
[INFO] running `Command { std: "docker" "rm" "-f" "98817cafdc0c32dec56f5f3ae4b160c3672a2c7353989b734ce87b433c8f1a5f", kill_on_drop: false }`
[INFO] [stdout] 98817cafdc0c32dec56f5f3ae4b160c3672a2c7353989b734ce87b433c8f1a5f
[INFO] running `Command { std: "docker" "create" "-v" "/var/lib/crater-agent-workspace/builds/worker-1-tc1/target:/opt/rustwide/target:rw,Z" "-v" "/var/lib/crater-agent-workspace/builds/worker-1-tc1/source:/opt/rustwide/workdir:ro,Z" "-v" "/var/lib/crater-agent-workspace/cargo-home:/opt/rustwide/cargo-home:ro,Z" "-v" "/var/lib/crater-agent-workspace/rustup-home:/opt/rustwide/rustup-home:ro,Z" "-e" "SOURCE_DIR=/opt/rustwide/workdir" "-e" "CARGO_TARGET_DIR=/opt/rustwide/target" "-e" "CARGO_INCREMENTAL=0" "-e" "RUST_BACKTRACE=full" "-e" "RUSTFLAGS=--cap-lints=warn" "-e" "RUSTDOCFLAGS=--cap-lints=warn" "-e" "CARGO_HOME=/opt/rustwide/cargo-home" "-e" "RUSTUP_HOME=/opt/rustwide/rustup-home" "-w" "/opt/rustwide/workdir" "-m" "1610612736" "--user" "0:0" "--network" "none" "ghcr.io/rust-lang/crates-build-env/linux@sha256:2788e3201cd34a07e3172128adcd8b3090168a8e3bcc40d7c032b9dda1df7d1c" "/opt/rustwide/cargo-home/bin/cargo" "+1.75.0" "build" "--frozen" "--message-format=json", kill_on_drop: false }`
[INFO] [stdout] 469b01124e736dd56a9d2772004fd56440a0e55c746f1e1c306414eff98f7172
[INFO] running `Command { std: "docker" "start" "-a" "469b01124e736dd56a9d2772004fd56440a0e55c746f1e1c306414eff98f7172", kill_on_drop: false }`
[INFO] [stderr]    Compiling syn v1.0.109
[INFO] [stderr]    Compiling alacritty_config_derive v0.2.1 (/opt/rustwide/workdir)
[INFO] [stderr]     Finished dev [unoptimized + debuginfo] target(s) in 1.66s
[INFO] running `Command { std: "docker" "inspect" "469b01124e736dd56a9d2772004fd56440a0e55c746f1e1c306414eff98f7172", kill_on_drop: false }`
[INFO] running `Command { std: "docker" "rm" "-f" "469b01124e736dd56a9d2772004fd56440a0e55c746f1e1c306414eff98f7172", kill_on_drop: false }`
[INFO] [stdout] 469b01124e736dd56a9d2772004fd56440a0e55c746f1e1c306414eff98f7172
[INFO] running `Command { std: "docker" "create" "-v" "/var/lib/crater-agent-workspace/builds/worker-1-tc1/target:/opt/rustwide/target:rw,Z" "-v" "/var/lib/crater-agent-workspace/builds/worker-1-tc1/source:/opt/rustwide/workdir:ro,Z" "-v" "/var/lib/crater-agent-workspace/cargo-home:/opt/rustwide/cargo-home:ro,Z" "-v" "/var/lib/crater-agent-workspace/rustup-home:/opt/rustwide/rustup-home:ro,Z" "-e" "SOURCE_DIR=/opt/rustwide/workdir" "-e" "CARGO_TARGET_DIR=/opt/rustwide/target" "-e" "CARGO_INCREMENTAL=0" "-e" "RUST_BACKTRACE=full" "-e" "RUSTFLAGS=--cap-lints=warn" "-e" "RUSTDOCFLAGS=--cap-lints=warn" "-e" "CARGO_HOME=/opt/rustwide/cargo-home" "-e" "RUSTUP_HOME=/opt/rustwide/rustup-home" "-w" "/opt/rustwide/workdir" "-m" "1610612736" "--user" "0:0" "--network" "none" "ghcr.io/rust-lang/crates-build-env/linux@sha256:2788e3201cd34a07e3172128adcd8b3090168a8e3bcc40d7c032b9dda1df7d1c" "/opt/rustwide/cargo-home/bin/cargo" "+1.75.0" "test" "--frozen" "--no-run" "--message-format=json", kill_on_drop: false }`
[INFO] [stdout] d360247a7bb35389b45a57c8d84fb327ff37a6196a15b93cb2dce2a98d9ae581
[INFO] running `Command { std: "docker" "start" "-a" "d360247a7bb35389b45a57c8d84fb327ff37a6196a15b93cb2dce2a98d9ae581", kill_on_drop: false }`
[INFO] [stderr]    Compiling proc-macro2 v1.0.75
[INFO] [stderr]    Compiling unicode-ident v1.0.12
[INFO] [stderr]    Compiling winnow v0.5.32
[INFO] [stderr]    Compiling indexmap v1.9.3
[INFO] [stderr]    Compiling syn v1.0.109
[INFO] [stderr]    Compiling linked-hash-map v0.5.6
[INFO] [stderr]    Compiling yaml-rust v0.4.5
[INFO] [stderr]    Compiling quote v1.0.35
[INFO] [stderr]    Compiling syn v2.0.48
[INFO] [stderr]    Compiling serde_derive v1.0.194
[INFO] [stderr]    Compiling alacritty_config_derive v0.2.1 (/opt/rustwide/workdir)
[INFO] [stderr]    Compiling serde v1.0.194
[INFO] [stderr]    Compiling serde_spanned v0.6.5
[INFO] [stderr]    Compiling toml_datetime v0.6.5
[INFO] [stderr]    Compiling log v0.4.20
[INFO] [stderr]    Compiling serde_yaml v0.8.26
[INFO] [stderr]    Compiling toml_edit v0.21.0
[INFO] [stderr]    Compiling toml v0.8.8
[INFO] [stderr]    Compiling alacritty_config v0.1.2
[INFO] [stdout] error[E0050]: method `replace` has 3 parameters but the declaration in trait `alacritty_config::SerdeReplace::replace` has 2
[INFO] [stdout]  --> tests/config.rs:9:10
[INFO] [stdout]   |
[INFO] [stdout] 9 | #[derive(ConfigDeserialize, Debug, PartialEq, Eq)]
[INFO] [stdout]   |          ^^^^^^^^^^^^^^^^^ expected 2 parameters, found 3
[INFO] [stdout]   |
[INFO] [stdout]   = note: `replace` from trait: `fn(&mut Self, toml::value::Value) -> Result<(), Box<(dyn StdError + 'static)>>`
[INFO] [stdout]   = note: this error originates in the derive macro `ConfigDeserialize` (in Nightly builds, run with -Z macro-backtrace for more info)
[INFO] [stdout] 
[INFO] [stdout] 
[INFO] [stdout] error[E0050]: method `replace` has 3 parameters but the declaration in trait `alacritty_config::SerdeReplace::replace` has 2
[INFO] [stdout]   --> tests/config.rs:24:10
[INFO] [stdout]    |
[INFO] [stdout] 24 | #[derive(ConfigDeserialize)]
[INFO] [stdout]    |          ^^^^^^^^^^^^^^^^^ expected 2 parameters, found 3
[INFO] [stdout]    |
[INFO] [stdout]    = note: `replace` from trait: `fn(&mut Self, toml::value::Value) -> Result<(), Box<(dyn StdError + 'static)>>`
[INFO] [stdout]    = note: this error originates in the derive macro `ConfigDeserialize` (in Nightly builds, run with -Z macro-backtrace for more info)
[INFO] [stdout] 
[INFO] [stdout] 
[INFO] [stdout] error[E0050]: method `replace` has 3 parameters but the declaration in trait `alacritty_config::SerdeReplace::replace` has 2
[INFO] [stdout]   --> tests/config.rs:60:10
[INFO] [stdout]    |
[INFO] [stdout] 60 | #[derive(ConfigDeserialize, Default)]
[INFO] [stdout]    |          ^^^^^^^^^^^^^^^^^ expected 2 parameters, found 3
[INFO] [stdout]    |
[INFO] [stdout]    = note: `replace` from trait: `fn(&mut Self, toml::value::Value) -> Result<(), Box<(dyn StdError + 'static)>>`
[INFO] [stdout]    = note: this error originates in the derive macro `ConfigDeserialize` (in Nightly builds, run with -Z macro-backtrace for more info)
[INFO] [stdout] 
[INFO] [stdout] 
[INFO] [stdout] error[E0050]: method `replace` has 3 parameters but the declaration in trait `alacritty_config::SerdeReplace::replace` has 2
[INFO] [stdout]   --> tests/config.rs:71:10
[INFO] [stdout]    |
[INFO] [stdout] 71 | #[derive(ConfigDeserialize, Default)]
[INFO] [stdout]    |          ^^^^^^^^^^^^^^^^^ expected 2 parameters, found 3
[INFO] [stdout]    |
[INFO] [stdout]    = note: `replace` from trait: `fn(&mut Self, toml::value::Value) -> Result<(), Box<(dyn StdError + 'static)>>`
[INFO] [stdout]    = note: this error originates in the derive macro `ConfigDeserialize` (in Nightly builds, run with -Z macro-backtrace for more info)
[INFO] [stdout] 
[INFO] [stdout] 
[INFO] [stdout] error[E0050]: method `replace` has 3 parameters but the declaration in trait `alacritty_config::SerdeReplace::replace` has 2
[INFO] [stdout]   --> tests/config.rs:76:10
[INFO] [stdout]    |
[INFO] [stdout] 76 | #[derive(SerdeReplace, Deserialize, Default, PartialEq, Eq, Debug)]
[INFO] [stdout]    |          ^^^^^^^^^^^^ expected 2 parameters, found 3
[INFO] [stdout]    |
[INFO] [stdout]    = note: `replace` from trait: `fn(&mut Self, toml::value::Value) -> Result<(), Box<(dyn StdError + 'static)>>`
[INFO] [stdout]    = note: this error originates in the derive macro `SerdeReplace` (in Nightly builds, run with -Z macro-backtrace for more info)
[INFO] [stdout] 
[INFO] [stdout] 
[INFO] [stdout] error[E0061]: this function takes 2 arguments but 3 arguments were supplied
[INFO] [stdout]   --> tests/config.rs:24:10
[INFO] [stdout]    |
[INFO] [stdout] 24 | #[derive(ConfigDeserialize)]
[INFO] [stdout]    |          ^^^^^^^^^^^^^^^^^
[INFO] [stdout]    |          |
[INFO] [stdout]    |          expected `Value`, found `&str`
[INFO] [stdout]    |          unexpected argument of type `Value`
[INFO] [stdout]    |
[INFO] [stdout] note: method defined here
[INFO] [stdout]   --> /opt/rustwide/cargo-home/registry/src/index.crates.io-6f17d22bba15001f/alacritty_config-0.1.2/src/lib.rs:9:8
[INFO] [stdout]    |
[INFO] [stdout] 9  |     fn replace(&mut self, value: Value) -> Result<(), Box<dyn Error>>;
[INFO] [stdout]    |        ^^^^^^^
[INFO] [stdout]    = note: this error originates in the derive macro `ConfigDeserialize` (in Nightly builds, run with -Z macro-backtrace for more info)
[INFO] [stdout] help: call `Into::into` on this expression to convert `&str` into `toml::value::Value`
[INFO] [stdout]    |
[INFO] [stdout] 24 | #[derive(ConfigDeserialize.into())]
[INFO] [stdout]    |                           +++++++
[INFO] [stdout] 
[INFO] [stdout] 
[INFO] [stdout] error[E0061]: this function takes 2 arguments but 3 arguments were supplied
[INFO] [stdout]   --> tests/config.rs:60:10
[INFO] [stdout]    |
[INFO] [stdout] 60 | #[derive(ConfigDeserialize, Default)]
[INFO] [stdout]    |          ^^^^^^^^^^^^^^^^^
[INFO] [stdout]    |          |
[INFO] [stdout]    |          expected `Value`, found `&str`
[INFO] [stdout]    |          unexpected argument of type `Value`
[INFO] [stdout]    |
[INFO] [stdout] note: method defined here
[INFO] [stdout]   --> /opt/rustwide/cargo-home/registry/src/index.crates.io-6f17d22bba15001f/alacritty_config-0.1.2/src/lib.rs:9:8
[INFO] [stdout]    |
[INFO] [stdout] 9  |     fn replace(&mut self, value: Value) -> Result<(), Box<dyn Error>>;
[INFO] [stdout]    |        ^^^^^^^
[INFO] [stdout]    = note: this error originates in the derive macro `ConfigDeserialize` (in Nightly builds, run with -Z macro-backtrace for more info)
[INFO] [stdout] help: call `Into::into` on this expression to convert `&str` into `toml::value::Value`
[INFO] [stdout]    |
[INFO] [stdout] 60 | #[derive(ConfigDeserialize.into(), Default)]
[INFO] [stdout]    |                           +++++++
[INFO] [stdout] 
[INFO] [stdout] 
[INFO] [stdout] error[E0061]: this function takes 2 arguments but 3 arguments were supplied
[INFO] [stdout]   --> tests/config.rs:71:10
[INFO] [stdout]    |
[INFO] [stdout] 71 | #[derive(ConfigDeserialize, Default)]
[INFO] [stdout]    |          ^^^^^^^^^^^^^^^^^
[INFO] [stdout]    |          |
[INFO] [stdout]    |          expected `Value`, found `&str`
[INFO] [stdout]    |          unexpected argument of type `Value`
[INFO] [stdout]    |
[INFO] [stdout] note: method defined here
[INFO] [stdout]   --> /opt/rustwide/cargo-home/registry/src/index.crates.io-6f17d22bba15001f/alacritty_config-0.1.2/src/lib.rs:9:8
[INFO] [stdout]    |
[INFO] [stdout] 9  |     fn replace(&mut self, value: Value) -> Result<(), Box<dyn Error>>;
[INFO] [stdout]    |        ^^^^^^^
[INFO] [stdout]    = note: this error originates in the derive macro `ConfigDeserialize` (in Nightly builds, run with -Z macro-backtrace for more info)
[INFO] [stdout] help: call `Into::into` on this expression to convert `&str` into `toml::value::Value`
[INFO] [stdout]    |
[INFO] [stdout] 71 | #[derive(ConfigDeserialize.into(), Default)]
[INFO] [stdout]    |                           +++++++
[INFO] [stdout] 
[INFO] [stdout] 
[INFO] [stdout] error[E0061]: this method takes 1 argument but 2 arguments were supplied
[INFO] [stdout]    --> tests/config.rs:174:10
[INFO] [stdout]     |
[INFO] [stdout] 174 |     test.replace("nesting.field2", value).unwrap();
[INFO] [stdout]     |          ^^^^^^^ ----------------  ----- unexpected argument of type `Value`
[INFO] [stdout]     |                  |
[INFO] [stdout]     |                  expected `Value`, found `&str`
[INFO] [stdout]     |
[INFO] [stdout] note: method defined here
[INFO] [stdout]    --> /opt/rustwide/cargo-home/registry/src/index.crates.io-6f17d22bba15001f/alacritty_config-0.1.2/src/lib.rs:9:8
[INFO] [stdout]     |
[INFO] [stdout] 9   |     fn replace(&mut self, value: Value) -> Result<(), Box<dyn Error>>;
[INFO] [stdout]     |        ^^^^^^^
[INFO] [stdout] help: call `Into::into` on this expression to convert `&'static str` into `toml::value::Value`
[INFO] [stdout]     |
[INFO] [stdout] 174 |     test.replace("nesting.field2".into(), value).unwrap();
[INFO] [stdout]     |                                  +++++++
[INFO] [stdout] help: remove the extra argument
[INFO] [stdout]     |
[INFO] [stdout] 174 -     test.replace("nesting.field2", value).unwrap();
[INFO] [stdout] 174 +     test.replace(/* toml::value::Value */).unwrap();
[INFO] [stdout]     |
[INFO] [stdout] 
[INFO] [stdout] 
[INFO] [stdout] error[E0061]: this method takes 1 argument but 2 arguments were supplied
[INFO] [stdout]    --> tests/config.rs:184:10
[INFO] [stdout]     |
[INFO] [stdout] 184 |     test.replace("nesting.newtype", value).unwrap();
[INFO] [stdout]     |          ^^^^^^^ -----------------  ----- unexpected argument of type `Value`
[INFO] [stdout]     |                  |
[INFO] [stdout]     |                  expected `Value`, found `&str`
[INFO] [stdout]     |
[INFO] [stdout] note: method defined here
[INFO] [stdout]    --> /opt/rustwide/cargo-home/registry/src/index.crates.io-6f17d22bba15001f/alacritty_config-0.1.2/src/lib.rs:9:8
[INFO] [stdout]     |
[INFO] [stdout] 9   |     fn replace(&mut self, value: Value) -> Result<(), Box<dyn Error>>;
[INFO] [stdout]     |        ^^^^^^^
[INFO] [stdout] help: call `Into::into` on this expression to convert `&'static str` into `toml::value::Value`
[INFO] [stdout]     |
[INFO] [stdout] 184 |     test.replace("nesting.newtype".into(), value).unwrap();
[INFO] [stdout]     |                                   +++++++
[INFO] [stdout] help: remove the extra argument
[INFO] [stdout]     |
[INFO] [stdout] 184 -     test.replace("nesting.newtype", value).unwrap();
[INFO] [stdout] 184 +     test.replace(/* toml::value::Value */).unwrap();
[INFO] [stdout]     |
[INFO] [stdout] 
[INFO] [stdout] 
[INFO] [stdout] error[E0061]: this method takes 1 argument but 2 arguments were supplied
[INFO] [stdout]    --> tests/config.rs:194:10
[INFO] [stdout]     |
[INFO] [stdout] 194 |     test.replace("flatty", value).unwrap();
[INFO] [stdout]     |          ^^^^^^^ --------  ----- unexpected argument of type `Value`
[INFO] [stdout]     |                  |
[INFO] [stdout]     |                  expected `Value`, found `&str`
[INFO] [stdout]     |
[INFO] [stdout] note: method defined here
[INFO] [stdout]    --> /opt/rustwide/cargo-home/registry/src/index.crates.io-6f17d22bba15001f/alacritty_config-0.1.2/src/lib.rs:9:8
[INFO] [stdout]     |
[INFO] [stdout] 9   |     fn replace(&mut self, value: Value) -> Result<(), Box<dyn Error>>;
[INFO] [stdout]     |        ^^^^^^^
[INFO] [stdout] help: call `Into::into` on this expression to convert `&'static str` into `toml::value::Value`
[INFO] [stdout]     |
[INFO] [stdout] 194 |     test.replace("flatty".into(), value).unwrap();
[INFO] [stdout]     |                          +++++++
[INFO] [stdout] help: remove the extra argument
[INFO] [stdout]     |
[INFO] [stdout] 194 -     test.replace("flatty", value).unwrap();
[INFO] [stdout] 194 +     test.replace(/* toml::value::Value */).unwrap();
[INFO] [stdout]     |
[INFO] [stdout] 
[INFO] [stdout] 
[INFO] [stdout] error: aborting due to 11 previous errors
[INFO] [stdout] 
[INFO] [stdout] 
[INFO] [stdout] Some errors have detailed explanations: E0050, E0061.
[INFO] [stdout] 
[INFO] [stdout] For more information about an error, try `rustc --explain E0050`.
[INFO] [stdout] 
[INFO] [stderr] error: could not compile `alacritty_config_derive` (test "config") due to 12 previous errors
[INFO] [stderr] warning: build failed, waiting for other jobs to finish...
[INFO] running `Command { std: "docker" "inspect" "d360247a7bb35389b45a57c8d84fb327ff37a6196a15b93cb2dce2a98d9ae581", kill_on_drop: false }`
[INFO] running `Command { std: "docker" "rm" "-f" "d360247a7bb35389b45a57c8d84fb327ff37a6196a15b93cb2dce2a98d9ae581", kill_on_drop: false }`
[INFO] [stdout] d360247a7bb35389b45a57c8d84fb327ff37a6196a15b93cb2dce2a98d9ae581
[INFO] testing alacritty_config_derive-0.2.1 against beta-2023-12-22 for beta-1.76-1
[INFO] extracting crate alacritty_config_derive 0.2.1 into /workspace/builds/worker-1-tc2/source
[INFO] validating manifest of crates.io crate alacritty_config_derive 0.2.1 on toolchain beta-2023-12-22
[INFO] running `Command { std: CARGO_HOME="/workspace/cargo-home" RUSTUP_HOME="/workspace/rustup-home" "/workspace/cargo-home/bin/cargo" "+beta-2023-12-22" "metadata" "--manifest-path" "Cargo.toml" "--no-deps", kill_on_drop: false }`
[INFO] started tweaking crates.io crate alacritty_config_derive 0.2.1
[INFO] finished tweaking crates.io crate alacritty_config_derive 0.2.1
[INFO] tweaked toml for crates.io crate alacritty_config_derive 0.2.1 written to /workspace/builds/worker-1-tc2/source/Cargo.toml
[INFO] running `Command { std: CARGO_HOME="/workspace/cargo-home" RUSTUP_HOME="/workspace/rustup-home" "/workspace/cargo-home/bin/cargo" "+beta-2023-12-22" "generate-lockfile" "--manifest-path" "Cargo.toml", kill_on_drop: false }`
[INFO] [stderr]     Updating crates.io index
[INFO] running `Command { std: CARGO_HOME="/workspace/cargo-home" RUSTUP_HOME="/workspace/rustup-home" "/workspace/cargo-home/bin/cargo" "+beta-2023-12-22" "fetch" "--manifest-path" "Cargo.toml", kill_on_drop: false }`
[INFO] [stderr]     Blocking waiting for file lock on package cache
[INFO] [stderr]     Blocking waiting for file lock on package cache
[INFO] running `Command { std: "docker" "create" "-v" "/var/lib/crater-agent-workspace/builds/worker-1-tc2/target:/opt/rustwide/target:rw,Z" "-v" "/var/lib/crater-agent-workspace/builds/worker-1-tc2/source:/opt/rustwide/workdir:ro,Z" "-v" "/var/lib/crater-agent-workspace/cargo-home:/opt/rustwide/cargo-home:ro,Z" "-v" "/var/lib/crater-agent-workspace/rustup-home:/opt/rustwide/rustup-home:ro,Z" "-e" "SOURCE_DIR=/opt/rustwide/workdir" "-e" "CARGO_TARGET_DIR=/opt/rustwide/target" "-e" "CARGO_HOME=/opt/rustwide/cargo-home" "-e" "RUSTUP_HOME=/opt/rustwide/rustup-home" "-w" "/opt/rustwide/workdir" "-m" "1610612736" "--user" "0:0" "--network" "none" "ghcr.io/rust-lang/crates-build-env/linux@sha256:2788e3201cd34a07e3172128adcd8b3090168a8e3bcc40d7c032b9dda1df7d1c" "/opt/rustwide/cargo-home/bin/cargo" "+beta-2023-12-22" "metadata" "--no-deps" "--format-version=1", kill_on_drop: false }`
[INFO] [stdout] 30b08ab36370dea46554339a7819f919b1d78a1747f4bd01eb14830b23304edf
[INFO] running `Command { std: "docker" "start" "-a" "30b08ab36370dea46554339a7819f919b1d78a1747f4bd01eb14830b23304edf", kill_on_drop: false }`
[INFO] running `Command { std: "docker" "inspect" "30b08ab36370dea46554339a7819f919b1d78a1747f4bd01eb14830b23304edf", kill_on_drop: false }`
[INFO] running `Command { std: "docker" "rm" "-f" "30b08ab36370dea46554339a7819f919b1d78a1747f4bd01eb14830b23304edf", kill_on_drop: false }`
[INFO] [stdout] 30b08ab36370dea46554339a7819f919b1d78a1747f4bd01eb14830b23304edf
[INFO] running `Command { std: "docker" "create" "-v" "/var/lib/crater-agent-workspace/builds/worker-1-tc2/target:/opt/rustwide/target:rw,Z" "-v" "/var/lib/crater-agent-workspace/builds/worker-1-tc2/source:/opt/rustwide/workdir:ro,Z" "-v" "/var/lib/crater-agent-workspace/cargo-home:/opt/rustwide/cargo-home:ro,Z" "-v" "/var/lib/crater-agent-workspace/rustup-home:/opt/rustwide/rustup-home:ro,Z" "-e" "SOURCE_DIR=/opt/rustwide/workdir" "-e" "CARGO_TARGET_DIR=/opt/rustwide/target" "-e" "CARGO_INCREMENTAL=0" "-e" "RUST_BACKTRACE=full" "-e" "RUSTFLAGS=--cap-lints=warn" "-e" "RUSTDOCFLAGS=--cap-lints=warn" "-e" "CARGO_HOME=/opt/rustwide/cargo-home" "-e" "RUSTUP_HOME=/opt/rustwide/rustup-home" "-w" "/opt/rustwide/workdir" "-m" "1610612736" "--user" "0:0" "--network" "none" "ghcr.io/rust-lang/crates-build-env/linux@sha256:2788e3201cd34a07e3172128adcd8b3090168a8e3bcc40d7c032b9dda1df7d1c" "/opt/rustwide/cargo-home/bin/cargo" "+beta-2023-12-22" "build" "--frozen" "--message-format=json", kill_on_drop: false }`
[INFO] [stdout] 3d37cf423021c4dc698f3fb4e7414667ffacee34f5c7079be48eb40a3131fe01
[INFO] running `Command { std: "docker" "start" "-a" "3d37cf423021c4dc698f3fb4e7414667ffacee34f5c7079be48eb40a3131fe01", kill_on_drop: false }`
[INFO] [stderr]    Compiling syn v1.0.109
[INFO] [stderr]    Compiling alacritty_config_derive v0.2.1 (/opt/rustwide/workdir)
[INFO] [stderr]     Finished dev [unoptimized + debuginfo] target(s) in 2.32s
[INFO] running `Command { std: "docker" "inspect" "3d37cf423021c4dc698f3fb4e7414667ffacee34f5c7079be48eb40a3131fe01", kill_on_drop: false }`
[INFO] running `Command { std: "docker" "rm" "-f" "3d37cf423021c4dc698f3fb4e7414667ffacee34f5c7079be48eb40a3131fe01", kill_on_drop: false }`
[INFO] [stdout] 3d37cf423021c4dc698f3fb4e7414667ffacee34f5c7079be48eb40a3131fe01
[INFO] running `Command { std: "docker" "create" "-v" "/var/lib/crater-agent-workspace/builds/worker-1-tc2/target:/opt/rustwide/target:rw,Z" "-v" "/var/lib/crater-agent-workspace/builds/worker-1-tc2/source:/opt/rustwide/workdir:ro,Z" "-v" "/var/lib/crater-agent-workspace/cargo-home:/opt/rustwide/cargo-home:ro,Z" "-v" "/var/lib/crater-agent-workspace/rustup-home:/opt/rustwide/rustup-home:ro,Z" "-e" "SOURCE_DIR=/opt/rustwide/workdir" "-e" "CARGO_TARGET_DIR=/opt/rustwide/target" "-e" "CARGO_INCREMENTAL=0" "-e" "RUST_BACKTRACE=full" "-e" "RUSTFLAGS=--cap-lints=warn" "-e" "RUSTDOCFLAGS=--cap-lints=warn" "-e" "CARGO_HOME=/opt/rustwide/cargo-home" "-e" "RUSTUP_HOME=/opt/rustwide/rustup-home" "-w" "/opt/rustwide/workdir" "-m" "1610612736" "--user" "0:0" "--network" "none" "ghcr.io/rust-lang/crates-build-env/linux@sha256:2788e3201cd34a07e3172128adcd8b3090168a8e3bcc40d7c032b9dda1df7d1c" "/opt/rustwide/cargo-home/bin/cargo" "+beta-2023-12-22" "test" "--frozen" "--no-run" "--message-format=json", kill_on_drop: false }`
[INFO] [stdout] 1390025ec1daa0d51ec4c9002c590dc40b3e17184974a41ec2aa6d9c7d963cd3
[INFO] running `Command { std: "docker" "start" "-a" "1390025ec1daa0d51ec4c9002c590dc40b3e17184974a41ec2aa6d9c7d963cd3", kill_on_drop: false }`
[INFO] [stderr]    Compiling proc-macro2 v1.0.75
[INFO] [stderr]    Compiling unicode-ident v1.0.12
[INFO] [stderr]    Compiling indexmap v1.9.3
[INFO] [stderr]    Compiling winnow v0.5.32
[INFO] [stderr]    Compiling syn v1.0.109
[INFO] [stderr]    Compiling linked-hash-map v0.5.6
[INFO] [stderr]    Compiling yaml-rust v0.4.5
[INFO] [stderr]    Compiling quote v1.0.35
[INFO] [stderr]    Compiling syn v2.0.48
[INFO] [stderr]    Compiling serde_derive v1.0.194
[INFO] [stderr]    Compiling alacritty_config_derive v0.2.1 (/opt/rustwide/workdir)
[INFO] [stderr]    Compiling serde v1.0.194
[INFO] [stderr]    Compiling serde_spanned v0.6.5
[INFO] [stderr]    Compiling toml_datetime v0.6.5
[INFO] [stderr]    Compiling log v0.4.20
[INFO] [stderr]    Compiling serde_yaml v0.8.26
[INFO] [stderr]    Compiling toml_edit v0.21.0
[INFO] [stderr]    Compiling toml v0.8.8
[INFO] [stderr]    Compiling alacritty_config v0.1.2
[INFO] [stdout] error[E0050]: method `replace` has 3 parameters but the declaration in trait `alacritty_config::SerdeReplace::replace` has 2
[INFO] [stdout]  --> tests/config.rs:9:10
[INFO] [stdout]   |
[INFO] [stdout] 9 | #[derive(ConfigDeserialize, Debug, PartialEq, Eq)]
[INFO] [stdout]   |          ^^^^^^^^^^^^^^^^^ expected 2 parameters, found 3
[INFO] [stdout]   |
[INFO] [stdout]   = note: `replace` from trait: `fn(&mut Self, toml::value::Value) -> Result<(), Box<(dyn StdError + 'static)>>`
[INFO] [stdout]   = note: this error originates in the derive macro `ConfigDeserialize` (in Nightly builds, run with -Z macro-backtrace for more info)
[INFO] [stdout] 
[INFO] [stdout] 
[INFO] [stdout] error[E0050]: method `replace` has 3 parameters but the declaration in trait `alacritty_config::SerdeReplace::replace` has 2
[INFO] [stdout]   --> tests/config.rs:24:10
[INFO] [stdout]    |
[INFO] [stdout] 24 | #[derive(ConfigDeserialize)]
[INFO] [stdout]    |          ^^^^^^^^^^^^^^^^^ expected 2 parameters, found 3
[INFO] [stdout]    |
[INFO] [stdout]    = note: `replace` from trait: `fn(&mut Self, toml::value::Value) -> Result<(), Box<(dyn StdError + 'static)>>`
[INFO] [stdout]    = note: this error originates in the derive macro `ConfigDeserialize` (in Nightly builds, run with -Z macro-backtrace for more info)
[INFO] [stdout] 
[INFO] [stdout] 
[INFO] [stdout] error[E0050]: method `replace` has 3 parameters but the declaration in trait `alacritty_config::SerdeReplace::replace` has 2
[INFO] [stdout]   --> tests/config.rs:60:10
[INFO] [stdout]    |
[INFO] [stdout] 60 | #[derive(ConfigDeserialize, Default)]
[INFO] [stdout]    |          ^^^^^^^^^^^^^^^^^ expected 2 parameters, found 3
[INFO] [stdout]    |
[INFO] [stdout]    = note: `replace` from trait: `fn(&mut Self, toml::value::Value) -> Result<(), Box<(dyn StdError + 'static)>>`
[INFO] [stdout]    = note: this error originates in the derive macro `ConfigDeserialize` (in Nightly builds, run with -Z macro-backtrace for more info)
[INFO] [stdout] 
[INFO] [stdout] 
[INFO] [stdout] error[E0050]: method `replace` has 3 parameters but the declaration in trait `alacritty_config::SerdeReplace::replace` has 2
[INFO] [stdout]   --> tests/config.rs:71:10
[INFO] [stdout]    |
[INFO] [stdout] 71 | #[derive(ConfigDeserialize, Default)]
[INFO] [stdout]    |          ^^^^^^^^^^^^^^^^^ expected 2 parameters, found 3
[INFO] [stdout]    |
[INFO] [stdout]    = note: `replace` from trait: `fn(&mut Self, toml::value::Value) -> Result<(), Box<(dyn StdError + 'static)>>`
[INFO] [stdout]    = note: this error originates in the derive macro `ConfigDeserialize` (in Nightly builds, run with -Z macro-backtrace for more info)
[INFO] [stdout] 
[INFO] [stdout] 
[INFO] [stdout] error[E0050]: method `replace` has 3 parameters but the declaration in trait `alacritty_config::SerdeReplace::replace` has 2
[INFO] [stdout]   --> tests/config.rs:76:10
[INFO] [stdout]    |
[INFO] [stdout] 76 | #[derive(SerdeReplace, Deserialize, Default, PartialEq, Eq, Debug)]
[INFO] [stdout]    |          ^^^^^^^^^^^^ expected 2 parameters, found 3
[INFO] [stdout]    |
[INFO] [stdout]    = note: `replace` from trait: `fn(&mut Self, toml::value::Value) -> Result<(), Box<(dyn StdError + 'static)>>`
[INFO] [stdout]    = note: this error originates in the derive macro `SerdeReplace` (in Nightly builds, run with -Z macro-backtrace for more info)
[INFO] [stdout] 
[INFO] [stdout] 
[INFO] [stdout] error[E0061]: this function takes 2 arguments but 3 arguments were supplied
[INFO] [stdout]   --> tests/config.rs:24:10
[INFO] [stdout]    |
[INFO] [stdout] 24 | #[derive(ConfigDeserialize)]
[INFO] [stdout]    |          ^^^^^^^^^^^^^^^^^
[INFO] [stdout]    |          |
[INFO] [stdout]    |          expected `Value`, found `&str`
[INFO] [stdout]    |          unexpected argument of type `Value`
[INFO] [stdout]    |
[INFO] [stdout] note: method defined here
[INFO] [stdout]   --> /opt/rustwide/cargo-home/registry/src/index.crates.io-6f17d22bba15001f/alacritty_config-0.1.2/src/lib.rs:9:8
[INFO] [stdout]    |
[INFO] [stdout] 9  |     fn replace(&mut self, value: Value) -> Result<(), Box<dyn Error>>;
[INFO] [stdout]    |        ^^^^^^^
[INFO] [stdout]    = note: this error originates in the derive macro `ConfigDeserialize` (in Nightly builds, run with -Z macro-backtrace for more info)
[INFO] [stdout] help: call `Into::into` on this expression to convert `&str` into `toml::value::Value`
[INFO] [stdout]    |
[INFO] [stdout] 24 | #[derive(ConfigDeserialize.into())]
[INFO] [stdout]    |                           +++++++
[INFO] [stdout] 
[INFO] [stdout] 
[INFO] [stdout] error[E0061]: this function takes 2 arguments but 3 arguments were supplied
[INFO] [stdout]   --> tests/config.rs:60:10
[INFO] [stdout]    |
[INFO] [stdout] 60 | #[derive(ConfigDeserialize, Default)]
[INFO] [stdout]    |          ^^^^^^^^^^^^^^^^^
[INFO] [stdout]    |          |
[INFO] [stdout]    |          expected `Value`, found `&str`
[INFO] [stdout]    |          unexpected argument of type `Value`
[INFO] [stdout]    |
[INFO] [stdout] note: method defined here
[INFO] [stdout]   --> /opt/rustwide/cargo-home/registry/src/index.crates.io-6f17d22bba15001f/alacritty_config-0.1.2/src/lib.rs:9:8
[INFO] [stdout]    |
[INFO] [stdout] 9  |     fn replace(&mut self, value: Value) -> Result<(), Box<dyn Error>>;
[INFO] [stdout]    |        ^^^^^^^
[INFO] [stdout]    = note: this error originates in the derive macro `ConfigDeserialize` (in Nightly builds, run with -Z macro-backtrace for more info)
[INFO] [stdout] help: call `Into::into` on this expression to convert `&str` into `toml::value::Value`
[INFO] [stdout]    |
[INFO] [stdout] 60 | #[derive(ConfigDeserialize.into(), Default)]
[INFO] [stdout]    |                           +++++++
[INFO] [stdout] 
[INFO] [stdout] 
[INFO] [stdout] error[E0061]: this function takes 2 arguments but 3 arguments were supplied
[INFO] [stdout]   --> tests/config.rs:71:10
[INFO] [stdout]    |
[INFO] [stdout] 71 | #[derive(ConfigDeserialize, Default)]
[INFO] [stdout]    |          ^^^^^^^^^^^^^^^^^
[INFO] [stdout]    |          |
[INFO] [stdout]    |          expected `Value`, found `&str`
[INFO] [stdout]    |          unexpected argument of type `Value`
[INFO] [stdout]    |
[INFO] [stdout] note: method defined here
[INFO] [stdout]   --> /opt/rustwide/cargo-home/registry/src/index.crates.io-6f17d22bba15001f/alacritty_config-0.1.2/src/lib.rs:9:8
[INFO] [stdout]    |
[INFO] [stdout] 9  |     fn replace(&mut self, value: Value) -> Result<(), Box<dyn Error>>;
[INFO] [stdout]    |        ^^^^^^^
[INFO] [stdout]    = note: this error originates in the derive macro `ConfigDeserialize` (in Nightly builds, run with -Z macro-backtrace for more info)
[INFO] [stdout] help: call `Into::into` on this expression to convert `&str` into `toml::value::Value`
[INFO] [stdout]    |
[INFO] [stdout] 71 | #[derive(ConfigDeserialize.into(), Default)]
[INFO] [stdout]    |                           +++++++
[INFO] [stdout] 
[INFO] [stdout] 
[INFO] [stdout] error[E0061]: this method takes 1 argument but 2 arguments were supplied
[INFO] [stdout]    --> tests/config.rs:174:10
[INFO] [stdout]     |
[INFO] [stdout] 174 |     test.replace("nesting.field2", value).unwrap();
[INFO] [stdout]     |          ^^^^^^^ ----------------  ----- unexpected argument of type `Value`
[INFO] [stdout]     |                  |
[INFO] [stdout]     |                  expected `Value`, found `&str`
[INFO] [stdout]     |
[INFO] [stdout] note: method defined here
[INFO] [stdout]    --> /opt/rustwide/cargo-home/registry/src/index.crates.io-6f17d22bba15001f/alacritty_config-0.1.2/src/lib.rs:9:8
[INFO] [stdout]     |
[INFO] [stdout] 9   |     fn replace(&mut self, value: Value) -> Result<(), Box<dyn Error>>;
[INFO] [stdout]     |        ^^^^^^^
[INFO] [stdout] help: call `Into::into` on this expression to convert `&'static str` into `toml::value::Value`
[INFO] [stdout]     |
[INFO] [stdout] 174 |     test.replace("nesting.field2".into(), value).unwrap();
[INFO] [stdout]     |                                  +++++++
[INFO] [stdout] help: remove the extra argument
[INFO] [stdout]     |
[INFO] [stdout] 174 -     test.replace("nesting.field2", value).unwrap();
[INFO] [stdout] 174 +     test.replace(/* toml::value::Value */).unwrap();
[INFO] [stdout]     |
[INFO] [stdout] 
[INFO] [stdout] 
[INFO] [stdout] error[E0061]: this method takes 1 argument but 2 arguments were supplied
[INFO] [stdout]    --> tests/config.rs:184:10
[INFO] [stdout]     |
[INFO] [stdout] 184 |     test.replace("nesting.newtype", value).unwrap();
[INFO] [stdout]     |          ^^^^^^^ -----------------  ----- unexpected argument of type `Value`
[INFO] [stdout]     |                  |
[INFO] [stdout]     |                  expected `Value`, found `&str`
[INFO] [stdout]     |
[INFO] [stdout] note: method defined here
[INFO] [stdout]    --> /opt/rustwide/cargo-home/registry/src/index.crates.io-6f17d22bba15001f/alacritty_config-0.1.2/src/lib.rs:9:8
[INFO] [stdout]     |
[INFO] [stdout] 9   |     fn replace(&mut self, value: Value) -> Result<(), Box<dyn Error>>;
[INFO] [stdout]     |        ^^^^^^^
[INFO] [stdout] help: call `Into::into` on this expression to convert `&'static str` into `toml::value::Value`
[INFO] [stdout]     |
[INFO] [stdout] 184 |     test.replace("nesting.newtype".into(), value).unwrap();
[INFO] [stdout]     |                                   +++++++
[INFO] [stdout] help: remove the extra argument
[INFO] [stdout]     |
[INFO] [stdout] 184 -     test.replace("nesting.newtype", value).unwrap();
[INFO] [stdout] 184 +     test.replace(/* toml::value::Value */).unwrap();
[INFO] [stdout]     |
[INFO] [stdout] 
[INFO] [stdout] 
[INFO] [stdout] error[E0061]: this method takes 1 argument but 2 arguments were supplied
[INFO] [stdout]    --> tests/config.rs:194:10
[INFO] [stdout]     |
[INFO] [stdout] 194 |     test.replace("flatty", value).unwrap();
[INFO] [stdout]     |          ^^^^^^^ --------  ----- unexpected argument of type `Value`
[INFO] [stdout]     |                  |
[INFO] [stdout]     |                  expected `Value`, found `&str`
[INFO] [stdout]     |
[INFO] [stdout] note: method defined here
[INFO] [stdout]    --> /opt/rustwide/cargo-home/registry/src/index.crates.io-6f17d22bba15001f/alacritty_config-0.1.2/src/lib.rs:9:8
[INFO] [stdout]     |
[INFO] [stdout] 9   |     fn replace(&mut self, value: Value) -> Result<(), Box<dyn Error>>;
[INFO] [stdout]     |        ^^^^^^^
[INFO] [stdout] help: call `Into::into` on this expression to convert `&'static str` into `toml::value::Value`
[INFO] [stdout]     |
[INFO] [stdout] 194 |     test.replace("flatty".into(), value).unwrap();
[INFO] [stdout]     |                          +++++++
[INFO] [stdout] help: remove the extra argument
[INFO] [stdout]     |
[INFO] [stdout] 194 -     test.replace("flatty", value).unwrap();
[INFO] [stdout] 194 +     test.replace(/* toml::value::Value */).unwrap();
[INFO] [stdout]     |
[INFO] [stdout] 
[INFO] [stdout] 
[INFO] [stdout] error: aborting due to 11 previous errors
[INFO] [stdout] 
[INFO] [stdout] 
[INFO] [stdout] Some errors have detailed explanations: E0050, E0061.
[INFO] [stdout] 
[INFO] [stdout] For more information about an error, try `rustc --explain E0050`.
[INFO] [stdout] 
[INFO] [stderr] error: could not compile `alacritty_config_derive` (test "config") due to 12 previous errors
[INFO] [stderr] warning: build failed, waiting for other jobs to finish...
[INFO] running `Command { std: "docker" "inspect" "1390025ec1daa0d51ec4c9002c590dc40b3e17184974a41ec2aa6d9c7d963cd3", kill_on_drop: false }`
[INFO] running `Command { std: "docker" "rm" "-f" "1390025ec1daa0d51ec4c9002c590dc40b3e17184974a41ec2aa6d9c7d963cd3", kill_on_drop: false }`
[INFO] [stdout] 1390025ec1daa0d51ec4c9002c590dc40b3e17184974a41ec2aa6d9c7d963cd3
