[INFO] fetching crate akd 0.11.0...
[INFO] testing akd-0.11.0 against 1.75.0 for beta-1.76-1
[INFO] extracting crate akd 0.11.0 into /workspace/builds/worker-1-tc1/source
[INFO] validating manifest of crates.io crate akd 0.11.0 on toolchain 1.75.0
[INFO] running `Command { std: CARGO_HOME="/workspace/cargo-home" RUSTUP_HOME="/workspace/rustup-home" "/workspace/cargo-home/bin/cargo" "+1.75.0" "metadata" "--manifest-path" "Cargo.toml" "--no-deps", kill_on_drop: false }`
[INFO] started tweaking crates.io crate akd 0.11.0
[INFO] finished tweaking crates.io crate akd 0.11.0
[INFO] tweaked toml for crates.io crate akd 0.11.0 written to /workspace/builds/worker-1-tc1/source/Cargo.toml
[INFO] running `Command { std: CARGO_HOME="/workspace/cargo-home" RUSTUP_HOME="/workspace/rustup-home" "/workspace/cargo-home/bin/cargo" "+1.75.0" "generate-lockfile" "--manifest-path" "Cargo.toml", kill_on_drop: false }`
[INFO] [stderr]     Blocking waiting for file lock on package cache
[INFO] [stderr]     Updating crates.io index
[INFO] running `Command { std: CARGO_HOME="/workspace/cargo-home" RUSTUP_HOME="/workspace/rustup-home" "/workspace/cargo-home/bin/cargo" "+1.75.0" "fetch" "--manifest-path" "Cargo.toml", kill_on_drop: false }`
[INFO] [stderr]  Downloading crates ...
[INFO] [stderr]   Downloaded clap v4.4.13
[INFO] [stderr]   Downloaded normalize-line-endings v0.3.0
[INFO] [stderr]   Downloaded predicates-core v1.0.6
[INFO] [stderr]   Downloaded async-recursion v1.0.5
[INFO] [stderr]   Downloaded signature v2.2.0
[INFO] [stderr]   Downloaded fiat-crypto v0.2.5
[INFO] [stderr]   Downloaded mockall_derive v0.11.4
[INFO] [stderr]   Downloaded curve25519-dalek-derive v0.1.1
[INFO] [stderr]   Downloaded curve25519-dalek v4.1.1
[INFO] [stderr]   Downloaded proptest v1.4.0
[INFO] [stderr]   Downloaded plotters v0.3.5
[INFO] [stderr]   Downloaded protobuf v3.3.0
[INFO] [stderr]   Downloaded difflib v0.4.0
[INFO] [stderr]   Downloaded protobuf-parse v3.3.0
[INFO] [stderr]   Downloaded ed25519-dalek v2.1.0
[INFO] [stderr]   Downloaded predicates-tree v1.0.9
[INFO] [stderr]   Downloaded ctor v0.2.6
[INFO] [stderr]   Downloaded cast v0.3.0
[INFO] [stderr]   Downloaded criterion-plot v0.5.0
[INFO] [stderr]   Downloaded oorandom v11.1.3
[INFO] [stderr]   Downloaded const-oid v0.9.6
[INFO] [stderr]   Downloaded crossbeam-epoch v0.9.17
[INFO] [stderr]   Downloaded rayon-core v1.12.0
[INFO] [stderr]   Downloaded protobuf-codegen v3.3.0
[INFO] [stderr]   Downloaded serde_bytes v0.11.14
[INFO] [stderr]   Downloaded ciborium-ll v0.2.1
[INFO] [stderr]   Downloaded clap_builder v4.4.12
[INFO] [stderr]   Downloaded rayon v1.8.0
[INFO] [stderr]   Downloaded platforms v3.3.0
[INFO] [stderr]   Downloaded criterion v0.5.1
[INFO] [stderr]   Downloaded wait-timeout v0.2.0
[INFO] [stderr]   Downloaded mockall v0.11.4
[INFO] [stderr]   Downloaded serial_test_derive v2.0.0
[INFO] [stderr]   Downloaded unarray v0.1.4
[INFO] [stderr]   Downloaded spki v0.7.3
[INFO] [stderr]   Downloaded plotters-backend v0.3.5
[INFO] [stderr]   Downloaded crossbeam-deque v0.8.4
[INFO] [stderr]   Downloaded tokio-test v0.4.3
[INFO] [stderr]   Downloaded float-cmp v0.9.0
[INFO] [stderr]   Downloaded serial_test v2.0.0
[INFO] [stderr]   Downloaded fragile v2.0.0
[INFO] [stderr]   Downloaded rusty-fork v0.3.0
[INFO] [stderr]   Downloaded predicates v2.1.5
[INFO] [stderr]   Downloaded downcast v0.11.0
[INFO] [stderr]   Downloaded protobuf-support v3.3.0
[INFO] [stderr]   Downloaded colored v2.1.0
[INFO] [stderr]   Downloaded anes v0.1.6
[INFO] [stderr]   Downloaded ciborium-io v0.2.1
[INFO] [stderr]   Downloaded half v1.8.2
[INFO] [stderr]   Downloaded termtree v0.4.1
[INFO] [stderr]   Downloaded plotters-svg v0.3.5
[INFO] [stderr]   Downloaded ciborium v0.2.1
[INFO] [stderr]   Downloaded tinytemplate v1.2.1
[INFO] [stderr]   Downloaded akd_core v0.11.0
[INFO] [stderr]   Downloaded proptest-derive v0.4.0
[INFO] running `Command { std: "docker" "create" "-v" "/var/lib/crater-agent-workspace/builds/worker-1-tc1/target:/opt/rustwide/target:rw,Z" "-v" "/var/lib/crater-agent-workspace/builds/worker-1-tc1/source:/opt/rustwide/workdir:ro,Z" "-v" "/var/lib/crater-agent-workspace/cargo-home:/opt/rustwide/cargo-home:ro,Z" "-v" "/var/lib/crater-agent-workspace/rustup-home:/opt/rustwide/rustup-home:ro,Z" "-e" "SOURCE_DIR=/opt/rustwide/workdir" "-e" "CARGO_TARGET_DIR=/opt/rustwide/target" "-e" "CARGO_HOME=/opt/rustwide/cargo-home" "-e" "RUSTUP_HOME=/opt/rustwide/rustup-home" "-w" "/opt/rustwide/workdir" "-m" "1610612736" "--user" "0:0" "--network" "none" "ghcr.io/rust-lang/crates-build-env/linux@sha256:2788e3201cd34a07e3172128adcd8b3090168a8e3bcc40d7c032b9dda1df7d1c" "/opt/rustwide/cargo-home/bin/cargo" "+1.75.0" "metadata" "--no-deps" "--format-version=1", kill_on_drop: false }`
[INFO] [stdout] 98c360c41575a86257a19f0279c51ad9b17e655f011fc24be99d8dd21f88b44b
[INFO] running `Command { std: "docker" "start" "-a" "98c360c41575a86257a19f0279c51ad9b17e655f011fc24be99d8dd21f88b44b", kill_on_drop: false }`
[INFO] running `Command { std: "docker" "inspect" "98c360c41575a86257a19f0279c51ad9b17e655f011fc24be99d8dd21f88b44b", kill_on_drop: false }`
[INFO] running `Command { std: "docker" "rm" "-f" "98c360c41575a86257a19f0279c51ad9b17e655f011fc24be99d8dd21f88b44b", kill_on_drop: false }`
[INFO] [stdout] 98c360c41575a86257a19f0279c51ad9b17e655f011fc24be99d8dd21f88b44b
[INFO] running `Command { std: "docker" "create" "-v" "/var/lib/crater-agent-workspace/builds/worker-1-tc1/target:/opt/rustwide/target:rw,Z" "-v" "/var/lib/crater-agent-workspace/builds/worker-1-tc1/source:/opt/rustwide/workdir:ro,Z" "-v" "/var/lib/crater-agent-workspace/cargo-home:/opt/rustwide/cargo-home:ro,Z" "-v" "/var/lib/crater-agent-workspace/rustup-home:/opt/rustwide/rustup-home:ro,Z" "-e" "SOURCE_DIR=/opt/rustwide/workdir" "-e" "CARGO_TARGET_DIR=/opt/rustwide/target" "-e" "CARGO_INCREMENTAL=0" "-e" "RUST_BACKTRACE=full" "-e" "RUSTFLAGS=--cap-lints=warn" "-e" "RUSTDOCFLAGS=--cap-lints=warn" "-e" "CARGO_HOME=/opt/rustwide/cargo-home" "-e" "RUSTUP_HOME=/opt/rustwide/rustup-home" "-w" "/opt/rustwide/workdir" "-m" "1610612736" "--user" "0:0" "--network" "none" "ghcr.io/rust-lang/crates-build-env/linux@sha256:2788e3201cd34a07e3172128adcd8b3090168a8e3bcc40d7c032b9dda1df7d1c" "/opt/rustwide/cargo-home/bin/cargo" "+1.75.0" "build" "--frozen" "--message-format=json", kill_on_drop: false }`
[INFO] [stdout] 17ed95dec2535d3bd55ef87e21a85110951d6ffe0052578893294a4d8e557106
[INFO] running `Command { std: "docker" "start" "-a" "17ed95dec2535d3bd55ef87e21a85110951d6ffe0052578893294a4d8e557106", kill_on_drop: false }`
[INFO] [stderr]    Compiling proc-macro2 v1.0.75
[INFO] [stderr]    Compiling unicode-ident v1.0.12
[INFO] [stderr]    Compiling cfg-if v1.0.0
[INFO] [stderr]    Compiling autocfg v1.1.0
[INFO] [stderr]    Compiling typenum v1.17.0
[INFO] [stderr]    Compiling version_check v0.9.4
[INFO] [stderr]    Compiling libc v0.2.151
[INFO] [stderr]    Compiling rustix v0.38.28
[INFO] [stderr]    Compiling thiserror v1.0.56
[INFO] [stderr]    Compiling semver v1.0.21
[INFO] [stderr]    Compiling generic-array v0.14.7
[INFO] [stderr]    Compiling bitflags v2.4.1
[INFO] [stderr]    Compiling linux-raw-sys v0.4.12
[INFO] [stderr]    Compiling indexmap v1.9.3
[INFO] [stderr]    Compiling anyhow v1.0.79
[INFO] [stderr]    Compiling once_cell v1.19.0
[INFO] [stderr]    Compiling memchr v2.7.1
[INFO] [stderr]    Compiling protobuf v3.3.0
[INFO] [stderr]    Compiling quote v1.0.35
[INFO] [stderr]    Compiling aho-corasick v1.1.2
[INFO] [stderr]    Compiling syn v2.0.48
[INFO] [stderr]    Compiling hashbrown v0.12.3
[INFO] [stderr]    Compiling home v0.5.9
[INFO] [stderr]    Compiling either v1.9.0
[INFO] [stderr]    Compiling value-bag v1.4.3
[INFO] [stderr]    Compiling fastrand v2.0.1
[INFO] [stderr]    Compiling block-buffer v0.10.4
[INFO] [stderr]    Compiling crypto-common v0.1.6
[INFO] [stderr]    Compiling regex-syntax v0.8.2
[INFO] [stderr]    Compiling log v0.4.20
[INFO] [stderr]    Compiling digest v0.10.7
[INFO] [stderr]    Compiling rustc_version v0.4.0
[INFO] [stderr]    Compiling platforms v3.3.0
[INFO] [stderr]    Compiling cc v1.0.83
[INFO] [stderr]    Compiling cpufeatures v0.2.12
[INFO] [stderr]    Compiling signature v2.2.0
[INFO] [stderr]    Compiling lock_api v0.4.11
[INFO] [stderr]    Compiling async-trait v0.1.77
[INFO] [stderr]    Compiling curve25519-dalek v4.1.1
[INFO] [stderr]    Compiling parking_lot_core v0.9.9
[INFO] [stderr]    Compiling zeroize v1.7.0
[INFO] [stderr]    Compiling subtle v2.5.0
[INFO] [stderr]    Compiling ed25519 v2.2.3
[INFO] [stderr]    Compiling sha2 v0.10.8
[INFO] [stderr]    Compiling arrayvec v0.7.4
[INFO] [stderr]    Compiling constant_time_eq v0.3.0
[INFO] [stderr]    Compiling smallvec v1.11.2
[INFO] [stderr]    Compiling pin-project-lite v0.2.13
[INFO] [stderr]    Compiling scopeguard v1.2.0
[INFO] [stderr]    Compiling arrayref v0.3.7
[INFO] [stderr]    Compiling tempfile v3.9.0
[INFO] [stderr]    Compiling which v4.4.2
[INFO] [stderr]    Compiling blake3 v1.5.0
[INFO] [stderr]    Compiling hex v0.4.3
[INFO] [stderr]    Compiling hashbrown v0.14.3
[INFO] [stderr]    Compiling regex-automata v0.4.3
[INFO] [stderr]    Compiling dashmap v5.5.3
[INFO] [stderr]    Compiling thiserror-impl v1.0.56
[INFO] [stderr]    Compiling curve25519-dalek-derive v0.1.1
[INFO] [stderr]    Compiling tokio-macros v2.2.0
[INFO] [stderr]    Compiling async-recursion v1.0.5
[INFO] [stderr]    Compiling regex v1.10.2
[INFO] [stderr]    Compiling tokio v1.35.1
[INFO] [stderr]    Compiling protobuf-support v3.3.0
[INFO] [stderr]    Compiling ed25519-dalek v2.1.0
[INFO] [stderr]    Compiling protobuf-parse v3.3.0
[INFO] [stderr]    Compiling protobuf-codegen v3.3.0
[INFO] [stderr]    Compiling akd_core v0.11.0
[INFO] [stderr]    Compiling akd v0.11.0 (/opt/rustwide/workdir)
[INFO] [stderr]     Finished dev [unoptimized + debuginfo] target(s) in 31.71s
[INFO] running `Command { std: "docker" "inspect" "17ed95dec2535d3bd55ef87e21a85110951d6ffe0052578893294a4d8e557106", kill_on_drop: false }`
[INFO] running `Command { std: "docker" "rm" "-f" "17ed95dec2535d3bd55ef87e21a85110951d6ffe0052578893294a4d8e557106", kill_on_drop: false }`
[INFO] [stdout] 17ed95dec2535d3bd55ef87e21a85110951d6ffe0052578893294a4d8e557106
[INFO] running `Command { std: "docker" "create" "-v" "/var/lib/crater-agent-workspace/builds/worker-1-tc1/target:/opt/rustwide/target:rw,Z" "-v" "/var/lib/crater-agent-workspace/builds/worker-1-tc1/source:/opt/rustwide/workdir:ro,Z" "-v" "/var/lib/crater-agent-workspace/cargo-home:/opt/rustwide/cargo-home:ro,Z" "-v" "/var/lib/crater-agent-workspace/rustup-home:/opt/rustwide/rustup-home:ro,Z" "-e" "SOURCE_DIR=/opt/rustwide/workdir" "-e" "CARGO_TARGET_DIR=/opt/rustwide/target" "-e" "CARGO_INCREMENTAL=0" "-e" "RUST_BACKTRACE=full" "-e" "RUSTFLAGS=--cap-lints=warn" "-e" "RUSTDOCFLAGS=--cap-lints=warn" "-e" "CARGO_HOME=/opt/rustwide/cargo-home" "-e" "RUSTUP_HOME=/opt/rustwide/rustup-home" "-w" "/opt/rustwide/workdir" "-m" "1610612736" "--user" "0:0" "--network" "none" "ghcr.io/rust-lang/crates-build-env/linux@sha256:2788e3201cd34a07e3172128adcd8b3090168a8e3bcc40d7c032b9dda1df7d1c" "/opt/rustwide/cargo-home/bin/cargo" "+1.75.0" "test" "--frozen" "--no-run" "--message-format=json", kill_on_drop: false }`
[INFO] [stdout] 28b006835e1eb2903c8de3816d4cfaa1d8ffb0f537cf16df7743fdc42c666a1e
[INFO] running `Command { std: "docker" "start" "-a" "28b006835e1eb2903c8de3816d4cfaa1d8ffb0f537cf16df7743fdc42c666a1e", kill_on_drop: false }`
[INFO] [stderr]    Compiling memchr v2.7.1
[INFO] [stderr]    Compiling either v1.9.0
[INFO] [stderr]    Compiling rustix v0.38.28
[INFO] [stderr]    Compiling linux-raw-sys v0.4.12
[INFO] [stderr]    Compiling bitflags v2.4.1
[INFO] [stderr]    Compiling regex-syntax v0.8.2
[INFO] [stderr]    Compiling libm v0.2.8
[INFO] [stderr]    Compiling fastrand v2.0.1
[INFO] [stderr]    Compiling num-traits v0.2.17
[INFO] [stderr]    Compiling futures-core v0.3.30
[INFO] [stderr]    Compiling crossbeam-utils v0.8.18
[INFO] [stderr]    Compiling slab v0.4.9
[INFO] [stderr]    Compiling serde v1.0.194
[INFO] [stderr]    Compiling aho-corasick v1.1.2
[INFO] [stderr]    Compiling serde_derive v1.0.194
[INFO] [stderr]    Compiling getrandom v0.2.11
[INFO] [stderr]    Compiling futures-sink v0.3.30
[INFO] [stderr]    Compiling syn v1.0.109
[INFO] [stderr]    Compiling futures-channel v0.3.30
[INFO] [stderr]    Compiling crossbeam-epoch v0.9.17
[INFO] [stderr]    Compiling rand_core v0.6.4
[INFO] [stderr]    Compiling itertools v0.10.5
[INFO] [stderr]    Compiling futures-macro v0.3.30
[INFO] [stderr]    Compiling futures-io v0.3.30
[INFO] [stderr]    Compiling regex-automata v0.4.3
[INFO] [stderr]    Compiling rayon-core v1.12.0
[INFO] [stderr]    Compiling tempfile v3.9.0
[INFO] [stderr]    Compiling which v4.4.2
[INFO] [stderr]    Compiling protobuf-parse v3.3.0
[INFO] [stderr]    Compiling serde_json v1.0.111
[INFO] [stderr]    Compiling lazy_static v1.4.0
[INFO] [stderr]    Compiling futures-task v0.3.30
[INFO] [stderr]    Compiling pin-utils v0.1.0
[INFO] [stderr]    Compiling futures-util v0.3.30
[INFO] [stderr]    Compiling crossbeam-deque v0.8.4
[INFO] [stderr]    Compiling ciborium-io v0.2.1
[INFO] [stderr]    Compiling half v1.8.2
[INFO] [stderr]    Compiling plotters-backend v0.3.5
[INFO] [stderr]    Compiling regex v1.10.2
[INFO] [stderr]    Compiling clap_lex v0.6.0
[INFO] [stderr]    Compiling protobuf-codegen v3.3.0
[INFO] [stderr]    Compiling ryu v1.0.16
[INFO] [stderr]    Compiling anstyle v1.0.4
[INFO] [stderr]    Compiling itoa v1.0.10
[INFO] [stderr]    Compiling predicates-core v1.0.6
[INFO] [stderr]    Compiling ppv-lite86 v0.2.17
[INFO] [stderr]    Compiling clap_builder v4.4.12
[INFO] [stderr]    Compiling rand_chacha v0.3.1
[INFO] [stderr]    Compiling plotters-svg v0.3.5
[INFO] [stderr]    Compiling ciborium-ll v0.2.1
[INFO] [stderr]    Compiling futures-executor v0.3.30
[INFO] [stderr]    Compiling float-cmp v0.9.0
[INFO] [stderr]    Compiling async-stream-impl v0.3.5
[INFO] [stderr]    Compiling wait-timeout v0.2.0
[INFO] [stderr]    Compiling termtree v0.4.1
[INFO] [stderr]    Compiling normalize-line-endings v0.3.0
[INFO] [stderr]    Compiling same-file v1.0.6
[INFO] [stderr]    Compiling fnv v1.0.7
[INFO] [stderr]    Compiling quick-error v1.2.3
[INFO] [stderr]    Compiling difflib v0.4.0
[INFO] [stderr]    Compiling cast v0.3.0
[INFO] [stderr]    Compiling bit-vec v0.6.3
[INFO] [stderr]    Compiling criterion-plot v0.5.0
[INFO] [stderr]    Compiling bit-set v0.5.3
[INFO] [stderr]    Compiling predicates v2.1.5
[INFO] [stderr]    Compiling rusty-fork v0.3.0
[INFO] [stderr]    Compiling akd_core v0.11.0
[INFO] [stderr]    Compiling async-stream v0.3.5
[INFO] [stderr]    Compiling walkdir v2.4.0
[INFO] [stderr]    Compiling predicates-tree v1.0.9
[INFO] [stderr]    Compiling clap v4.4.13
[INFO] [stderr]    Compiling rayon v1.8.0
[INFO] [stderr]    Compiling futures v0.3.30
[INFO] [stderr]    Compiling plotters v0.3.5
[INFO] [stderr]    Compiling rand v0.8.5
[INFO] [stderr]    Compiling ciborium v0.2.1
[INFO] [stderr]    Compiling is-terminal v0.4.10
[INFO] [stderr]    Compiling rand_xorshift v0.3.0
[INFO] [stderr]    Compiling tokio-stream v0.1.14
[INFO] [stderr]    Compiling parking_lot v0.12.1
[INFO] [stderr]    Compiling tinytemplate v1.2.1
[INFO] [stderr]    Compiling serial_test_derive v2.0.0
[INFO] [stderr]    Compiling downcast v0.11.0
[INFO] [stderr]    Compiling mockall_derive v0.11.4
[INFO] [stderr]    Compiling anes v0.1.6
[INFO] [stderr]    Compiling oorandom v11.1.3
[INFO] [stderr]    Compiling unarray v0.1.4
[INFO] [stderr]    Compiling fragile v2.0.0
[INFO] [stderr]    Compiling bytes v1.5.0
[INFO] [stderr]    Compiling proptest v1.4.0
[INFO] [stderr]    Compiling proptest-derive v0.4.0
[INFO] [stderr]    Compiling serial_test v2.0.0
[INFO] [stderr]    Compiling colored v2.1.0
[INFO] [stderr]    Compiling tokio-test v0.4.3
[INFO] [stderr]    Compiling criterion v0.5.1
[INFO] [stderr]    Compiling itertools v0.11.0
[INFO] [stderr]    Compiling ctor v0.2.6
[INFO] [stderr]    Compiling akd v0.11.0 (/opt/rustwide/workdir)
[INFO] [stderr]    Compiling mockall v0.11.4
[INFO] [stdout] error[E0433]: failed to resolve: use of undeclared crate or module `rand`
[INFO] [stdout]    --> src/storage/transaction.rs:294:9
[INFO] [stdout]     |
[INFO] [stdout] 294 |     use rand::{rngs::StdRng, seq::SliceRandom, SeedableRng};
[INFO] [stdout]     |         ^^^^ use of undeclared crate or module `rand`
[INFO] [stdout] 
[INFO] [stdout] 
[INFO] [stdout] error[E0432]: unresolved imports `crate::client::verify_membership_for_tests_only`, `crate::client::verify_nonmembership_for_tests_only`
[INFO] [stdout]     --> src/append_only_zks.rs:1176:18
[INFO] [stdout]      |
[INFO] [stdout] 1176 |         client::{verify_membership_for_tests_only, verify_nonmembership_for_tests_only},
[INFO] [stdout]      |                  ^^^^^^^^^^^^^^^^^^^^^^^^^^^^^^^^  ^^^^^^^^^^^^^^^^^^^^^^^^^^^^^^^^^^^ no `verify_nonmembership_for_tests_only` in `client`
[INFO] [stdout]      |                  |
[INFO] [stdout]      |                  no `verify_membership_for_tests_only` in `client`
[INFO] [stdout] 
[INFO] [stdout] 
[INFO] [stdout] error[E0433]: failed to resolve: use of undeclared crate or module `rand`
[INFO] [stdout]   --> src/storage/tests.rs:21:5
[INFO] [stdout]    |
[INFO] [stdout] 21 | use rand::distributions::Alphanumeric;
[INFO] [stdout]    |     ^^^^ use of undeclared crate or module `rand`
[INFO] [stdout] 
[INFO] [stdout] 
[INFO] [stdout] error[E0432]: unresolved import `rand`
[INFO] [stdout]    --> src/storage/transaction.rs:294:9
[INFO] [stdout]     |
[INFO] [stdout] 294 |     use rand::{rngs::StdRng, seq::SliceRandom, SeedableRng};
[INFO] [stdout]     |         ^^^^ use of undeclared crate or module `rand`
[INFO] [stdout] 
[INFO] [stdout] 
[INFO] [stdout] error[E0433]: failed to resolve: use of undeclared crate or module `rand`
[INFO] [stdout]     --> src/append_only_zks.rs:1180:9
[INFO] [stdout]      |
[INFO] [stdout] 1180 |     use rand::{rngs::StdRng, seq::SliceRandom, RngCore, SeedableRng};
[INFO] [stdout]      |         ^^^^ use of undeclared crate or module `rand`
[INFO] [stdout] 
[INFO] [stdout] 
[INFO] [stdout] error[E0432]: unresolved import `rand`
[INFO] [stdout]   --> src/storage/tests.rs:22:5
[INFO] [stdout]    |
[INFO] [stdout] 22 | use rand::{thread_rng, Rng};
[INFO] [stdout]    |     ^^^^ use of undeclared crate or module `rand`
[INFO] [stdout] 
[INFO] [stdout] 
[INFO] [stdout] error[E0433]: failed to resolve: use of undeclared crate or module `rand`
[INFO] [stdout]   --> src/tests.rs:14:5
[INFO] [stdout]    |
[INFO] [stdout] 14 | use rand::{rngs::StdRng, SeedableRng};
[INFO] [stdout]    |     ^^^^ use of undeclared crate or module `rand`
[INFO] [stdout] 
[INFO] [stdout] 
[INFO] [stdout] error[E0432]: unresolved import `rand`
[INFO] [stdout]     --> src/append_only_zks.rs:1180:9
[INFO] [stdout]      |
[INFO] [stdout] 1180 |     use rand::{rngs::StdRng, seq::SliceRandom, RngCore, SeedableRng};
[INFO] [stdout]      |         ^^^^ use of undeclared crate or module `rand`
[INFO] [stdout] 
[INFO] [stdout] 
[INFO] [stdout] error[E0432]: unresolved import `rand`
[INFO] [stdout]   --> src/tests.rs:14:5
[INFO] [stdout]    |
[INFO] [stdout] 14 | use rand::{rngs::StdRng, SeedableRng};
[INFO] [stdout]    |     ^^^^ use of undeclared crate or module `rand`
[INFO] [stdout] 
[INFO] [stdout] 
[INFO] [stdout] error[E0433]: failed to resolve: use of undeclared crate or module `paste`
[INFO] [stdout]     --> src/utils.rs:39:9
[INFO] [stdout]      |
[INFO] [stdout] 39   |         paste::paste! {
[INFO] [stdout]      |         ^^^^^ use of undeclared crate or module `paste`
[INFO] [stdout]      |
[INFO] [stdout]     ::: src/append_only_zks.rs:1184:5
[INFO] [stdout]      |
[INFO] [stdout] 1184 |     test_config!(test_maximal_node_set_resolution);
[INFO] [stdout]      |     ---------------------------------------------- in this macro invocation
[INFO] [stdout]      |
[INFO] [stdout]      = note: this error originates in the macro `test_config` (in Nightly builds, run with -Z macro-backtrace for more info)
[INFO] [stdout] 
[INFO] [stdout] 
[INFO] [stdout] error[E0433]: failed to resolve: use of undeclared crate or module `paste`
[INFO] [stdout]     --> src/utils.rs:39:9
[INFO] [stdout]      |
[INFO] [stdout] 39   |         paste::paste! {
[INFO] [stdout]      |         ^^^^^ use of undeclared crate or module `paste`
[INFO] [stdout]      |
[INFO] [stdout]     ::: src/append_only_zks.rs:1223:5
[INFO] [stdout]      |
[INFO] [stdout] 1223 |     test_config!(test_batch_insert_basic);
[INFO] [stdout]      |     ------------------------------------- in this macro invocation
[INFO] [stdout]      |
[INFO] [stdout]      = note: this error originates in the macro `test_config` (in Nightly builds, run with -Z macro-backtrace for more info)
[INFO] [stdout] 
[INFO] [stdout] 
[INFO] [stdout] error[E0433]: failed to resolve: use of undeclared crate or module `paste`
[INFO] [stdout]     --> src/utils.rs:39:9
[INFO] [stdout]      |
[INFO] [stdout] 39   |         paste::paste! {
[INFO] [stdout]      |         ^^^^^ use of undeclared crate or module `paste`
[INFO] [stdout]      |
[INFO] [stdout]     ::: src/append_only_zks.rs:1272:5
[INFO] [stdout]      |
[INFO] [stdout] 1272 |     test_config!(test_batch_insert_root_hash);
[INFO] [stdout]      |     ----------------------------------------- in this macro invocation
[INFO] [stdout]      |
[INFO] [stdout]      = note: this error originates in the macro `test_config` (in Nightly builds, run with -Z macro-backtrace for more info)
[INFO] [stdout] 
[INFO] [stdout] 
[INFO] [stdout] error[E0433]: failed to resolve: use of undeclared crate or module `paste`
[INFO] [stdout]     --> src/utils.rs:39:9
[INFO] [stdout]      |
[INFO] [stdout] 39   |         paste::paste! {
[INFO] [stdout]      |         ^^^^^ use of undeclared crate or module `paste`
[INFO] [stdout]      |
[INFO] [stdout]     ::: src/append_only_zks.rs:1350:5
[INFO] [stdout]      |
[INFO] [stdout] 1350 |     test_config!(test_insert_permuted);
[INFO] [stdout]      |     ---------------------------------- in this macro invocation
[INFO] [stdout]      |
[INFO] [stdout]      = note: this error originates in the macro `test_config` (in Nightly builds, run with -Z macro-backtrace for more info)
[INFO] [stdout] 
[INFO] [stdout] 
[INFO] [stdout] error[E0433]: failed to resolve: use of undeclared crate or module `paste`
[INFO] [stdout]     --> src/utils.rs:39:9
[INFO] [stdout]      |
[INFO] [stdout] 39   |         paste::paste! {
[INFO] [stdout]      |         ^^^^^ use of undeclared crate or module `paste`
[INFO] [stdout]      |
[INFO] [stdout]     ::: src/append_only_zks.rs:1401:5
[INFO] [stdout]      |
[INFO] [stdout] 1401 |     test_config!(test_insert_num_nodes);
[INFO] [stdout]      |     ----------------------------------- in this macro invocation
[INFO] [stdout]      |
[INFO] [stdout]      = note: this error originates in the macro `test_config` (in Nightly builds, run with -Z macro-backtrace for more info)
[INFO] [stdout] 
[INFO] [stdout] 
[INFO] [stdout] error[E0433]: failed to resolve: use of undeclared crate or module `paste`
[INFO] [stdout]     --> src/utils.rs:39:9
[INFO] [stdout]      |
[INFO] [stdout] 39   |         paste::paste! {
[INFO] [stdout]      |         ^^^^^ use of undeclared crate or module `paste`
[INFO] [stdout]      |
[INFO] [stdout]     ::: src/append_only_zks.rs:1483:5
[INFO] [stdout]      |
[INFO] [stdout] 1483 |     test_config!(test_preload_nodes_accuracy);
[INFO] [stdout]      |     ----------------------------------------- in this macro invocation
[INFO] [stdout]      |
[INFO] [stdout]      = note: this error originates in the macro `test_config` (in Nightly builds, run with -Z macro-backtrace for more info)
[INFO] [stdout] 
[INFO] [stdout] 
[INFO] [stdout] error[E0433]: failed to resolve: use of undeclared crate or module `paste`
[INFO] [stdout]     --> src/utils.rs:39:9
[INFO] [stdout]      |
[INFO] [stdout] 39   |         paste::paste! {
[INFO] [stdout]      |         ^^^^^ use of undeclared crate or module `paste`
[INFO] [stdout]      |
[INFO] [stdout]     ::: src/append_only_zks.rs:1563:5
[INFO] [stdout]      |
[INFO] [stdout] 1563 |     test_config!(test_azks_element_set_partition);
[INFO] [stdout]      |     --------------------------------------------- in this macro invocation
[INFO] [stdout]      |
[INFO] [stdout]      = note: this error originates in the macro `test_config` (in Nightly builds, run with -Z macro-backtrace for more info)
[INFO] [stdout] 
[INFO] [stdout] 
[INFO] [stdout] error[E0433]: failed to resolve: use of undeclared crate or module `paste`
[INFO] [stdout]     --> src/utils.rs:39:9
[INFO] [stdout]      |
[INFO] [stdout] 39   |         paste::paste! {
[INFO] [stdout]      |         ^^^^^ use of undeclared crate or module `paste`
[INFO] [stdout]      |
[INFO] [stdout]     ::: src/append_only_zks.rs:1614:5
[INFO] [stdout]      |
[INFO] [stdout] 1614 |     test_config!(test_azks_element_set_get_longest_common_prefix);
[INFO] [stdout]      |     ------------------------------------------------------------- in this macro invocation
[INFO] [stdout]      |
[INFO] [stdout]      = note: this error originates in the macro `test_config` (in Nightly builds, run with -Z macro-backtrace for more info)
[INFO] [stdout] 
[INFO] [stdout] 
[INFO] [stdout] error[E0433]: failed to resolve: use of undeclared crate or module `paste`
[INFO] [stdout]     --> src/utils.rs:39:9
[INFO] [stdout]      |
[INFO] [stdout] 39   |         paste::paste! {
[INFO] [stdout]      |         ^^^^^ use of undeclared crate or module `paste`
[INFO] [stdout]      |
[INFO] [stdout]     ::: src/append_only_zks.rs:1642:5
[INFO] [stdout]      |
[INFO] [stdout] 1642 |     test_config!(test_get_child_azks_element);
[INFO] [stdout]      |     ----------------------------------------- in this macro invocation
[INFO] [stdout]      |
[INFO] [stdout]      = note: this error originates in the macro `test_config` (in Nightly builds, run with -Z macro-backtrace for more info)
[INFO] [stdout] 
[INFO] [stdout] 
[INFO] [stdout] error[E0433]: failed to resolve: use of undeclared crate or module `paste`
[INFO] [stdout]     --> src/utils.rs:39:9
[INFO] [stdout]      |
[INFO] [stdout] 39   |         paste::paste! {
[INFO] [stdout]      |         ^^^^^ use of undeclared crate or module `paste`
[INFO] [stdout]      |
[INFO] [stdout]     ::: src/append_only_zks.rs:1713:5
[INFO] [stdout]      |
[INFO] [stdout] 1713 |     test_config!(test_membership_proof_permuted);
[INFO] [stdout]      |     -------------------------------------------- in this macro invocation
[INFO] [stdout]      |
[INFO] [stdout]      = note: this error originates in the macro `test_config` (in Nightly builds, run with -Z macro-backtrace for more info)
[INFO] [stdout] 
[INFO] [stdout] 
[INFO] [stdout] error[E0433]: failed to resolve: use of undeclared crate or module `paste`
[INFO] [stdout]     --> src/utils.rs:39:9
[INFO] [stdout]      |
[INFO] [stdout] 39   |         paste::paste! {
[INFO] [stdout]      |         ^^^^^ use of undeclared crate or module `paste`
[INFO] [stdout]      |
[INFO] [stdout]     ::: src/append_only_zks.rs:1737:5
[INFO] [stdout]      |
[INFO] [stdout] 1737 |     test_config!(test_membership_proof_small);
[INFO] [stdout]      |     ----------------------------------------- in this macro invocation
[INFO] [stdout]      |
[INFO] [stdout]      = note: this error originates in the macro `test_config` (in Nightly builds, run with -Z macro-backtrace for more info)
[INFO] [stdout] 
[INFO] [stdout] 
[INFO] [stdout] error[E0433]: failed to resolve: use of undeclared crate or module `paste`
[INFO] [stdout]     --> src/utils.rs:39:9
[INFO] [stdout]      |
[INFO] [stdout] 39   |         paste::paste! {
[INFO] [stdout]      |         ^^^^^ use of undeclared crate or module `paste`
[INFO] [stdout]      |
[INFO] [stdout]     ::: src/append_only_zks.rs:1771:5
[INFO] [stdout]      |
[INFO] [stdout] 1771 |     test_config!(test_membership_proof_failing);
[INFO] [stdout]      |     ------------------------------------------- in this macro invocation
[INFO] [stdout]      |
[INFO] [stdout]      = note: this error originates in the macro `test_config` (in Nightly builds, run with -Z macro-backtrace for more info)
[INFO] [stdout] 
[INFO] [stdout] 
[INFO] [stdout] error[E0433]: failed to resolve: use of undeclared crate or module `paste`
[INFO] [stdout]     --> src/utils.rs:39:9
[INFO] [stdout]      |
[INFO] [stdout] 39   |         paste::paste! {
[INFO] [stdout]      |         ^^^^^ use of undeclared crate or module `paste`
[INFO] [stdout]      |
[INFO] [stdout]     ::: src/append_only_zks.rs:1804:5
[INFO] [stdout]      |
[INFO] [stdout] 1804 |     test_config!(test_nonmembership_proof_intermediate);
[INFO] [stdout]      |     --------------------------------------------------- in this macro invocation
[INFO] [stdout]      |
[INFO] [stdout]      = note: this error originates in the macro `test_config` (in Nightly builds, run with -Z macro-backtrace for more info)
[INFO] [stdout] 
[INFO] [stdout] 
[INFO] [stdout] error[E0433]: failed to resolve: use of undeclared crate or module `paste`
[INFO] [stdout]     --> src/utils.rs:39:9
[INFO] [stdout]      |
[INFO] [stdout] 39   |         paste::paste! {
[INFO] [stdout]      |         ^^^^^ use of undeclared crate or module `paste`
[INFO] [stdout]      |
[INFO] [stdout]     ::: src/append_only_zks.rs:1851:5
[INFO] [stdout]      |
[INFO] [stdout] 1851 |     test_config!(test_nonmembership_proof_very_small);
[INFO] [stdout]      |     ------------------------------------------------- in this macro invocation
[INFO] [stdout]      |
[INFO] [stdout]      = note: this error originates in the macro `test_config` (in Nightly builds, run with -Z macro-backtrace for more info)
[INFO] [stdout] 
[INFO] [stdout] 
[INFO] [stdout] error[E0433]: failed to resolve: use of undeclared crate or module `paste`
[INFO] [stdout]     --> src/utils.rs:39:9
[INFO] [stdout]      |
[INFO] [stdout] 39   |         paste::paste! {
[INFO] [stdout]      |         ^^^^^ use of undeclared crate or module `paste`
[INFO] [stdout]      |
[INFO] [stdout]     ::: src/append_only_zks.rs:1890:5
[INFO] [stdout]      |
[INFO] [stdout] 1890 |     test_config!(test_nonmembership_proof_small);
[INFO] [stdout]      |     -------------------------------------------- in this macro invocation
[INFO] [stdout]      |
[INFO] [stdout]      = note: this error originates in the macro `test_config` (in Nightly builds, run with -Z macro-backtrace for more info)
[INFO] [stdout] 
[INFO] [stdout] 
[INFO] [stdout] error[E0433]: failed to resolve: use of undeclared crate or module `paste`
[INFO] [stdout]     --> src/utils.rs:39:9
[INFO] [stdout]      |
[INFO] [stdout] 39   |         paste::paste! {
[INFO] [stdout]      |         ^^^^^ use of undeclared crate or module `paste`
[INFO] [stdout]      |
[INFO] [stdout]     ::: src/append_only_zks.rs:1915:5
[INFO] [stdout]      |
[INFO] [stdout] 1915 |     test_config!(test_nonmembership_proof);
[INFO] [stdout]      |     -------------------------------------- in this macro invocation
[INFO] [stdout]      |
[INFO] [stdout]      = note: this error originates in the macro `test_config` (in Nightly builds, run with -Z macro-backtrace for more info)
[INFO] [stdout] 
[INFO] [stdout] 
[INFO] [stdout] error[E0433]: failed to resolve: use of undeclared crate or module `paste`
[INFO] [stdout]     --> src/utils.rs:39:9
[INFO] [stdout]      |
[INFO] [stdout] 39   |         paste::paste! {
[INFO] [stdout]      |         ^^^^^ use of undeclared crate or module `paste`
[INFO] [stdout]      |
[INFO] [stdout]     ::: src/append_only_zks.rs:1940:5
[INFO] [stdout]      |
[INFO] [stdout] 1940 |     test_config!(test_append_only_proof_very_tiny);
[INFO] [stdout]      |     ---------------------------------------------- in this macro invocation
[INFO] [stdout]      |
[INFO] [stdout]      = note: this error originates in the macro `test_config` (in Nightly builds, run with -Z macro-backtrace for more info)
[INFO] [stdout] 
[INFO] [stdout] 
[INFO] [stdout] error[E0433]: failed to resolve: use of undeclared crate or module `paste`
[INFO] [stdout]     --> src/utils.rs:39:9
[INFO] [stdout]      |
[INFO] [stdout] 39   |         paste::paste! {
[INFO] [stdout]      |         ^^^^^ use of undeclared crate or module `paste`
[INFO] [stdout]      |
[INFO] [stdout]     ::: src/append_only_zks.rs:1969:5
[INFO] [stdout]      |
[INFO] [stdout] 1969 |     test_config!(test_append_only_proof_tiny);
[INFO] [stdout]      |     ----------------------------------------- in this macro invocation
[INFO] [stdout]      |
[INFO] [stdout]      = note: this error originates in the macro `test_config` (in Nightly builds, run with -Z macro-backtrace for more info)
[INFO] [stdout] 
[INFO] [stdout] 
[INFO] [stdout] error[E0433]: failed to resolve: use of undeclared crate or module `paste`
[INFO] [stdout]     --> src/utils.rs:39:9
[INFO] [stdout]      |
[INFO] [stdout] 39   |         paste::paste! {
[INFO] [stdout]      |         ^^^^^ use of undeclared crate or module `paste`
[INFO] [stdout]      |
[INFO] [stdout]     ::: src/append_only_zks.rs:2010:5
[INFO] [stdout]      |
[INFO] [stdout] 2010 |     test_config!(test_append_only_proof);
[INFO] [stdout]      |     ------------------------------------ in this macro invocation
[INFO] [stdout]      |
[INFO] [stdout]      = note: this error originates in the macro `test_config` (in Nightly builds, run with -Z macro-backtrace for more info)
[INFO] [stdout] 
[INFO] [stdout] 
[INFO] [stdout] error[E0433]: failed to resolve: use of undeclared crate or module `paste`
[INFO] [stdout]     --> src/utils.rs:39:9
[INFO] [stdout]      |
[INFO] [stdout] 39   |         paste::paste! {
[INFO] [stdout]      |         ^^^^^ use of undeclared crate or module `paste`
[INFO] [stdout]      |
[INFO] [stdout]     ::: src/append_only_zks.rs:2044:5
[INFO] [stdout]      |
[INFO] [stdout] 2044 |     test_config!(future_epoch_throws_error);
[INFO] [stdout]      |     --------------------------------------- in this macro invocation
[INFO] [stdout]      |
[INFO] [stdout]      = note: this error originates in the macro `test_config` (in Nightly builds, run with -Z macro-backtrace for more info)
[INFO] [stdout] 
[INFO] [stdout] 
[INFO] [stdout] error[E0433]: failed to resolve: use of undeclared crate or module `paste`
[INFO] [stdout]    --> src/utils.rs:39:9
[INFO] [stdout]     |
[INFO] [stdout] 39  |         paste::paste! {
[INFO] [stdout]     |         ^^^^^ use of undeclared crate or module `paste`
[INFO] [stdout]     |
[INFO] [stdout]    ::: src/tree_node.rs:570:5
[INFO] [stdout]     |
[INFO] [stdout] 570 |     test_config!(test_smallest_descendant_ep);
[INFO] [stdout]     |     ----------------------------------------- in this macro invocation
[INFO] [stdout]     |
[INFO] [stdout]     = note: this error originates in the macro `test_config` (in Nightly builds, run with -Z macro-backtrace for more info)
[INFO] [stdout] 
[INFO] [stdout] 
[INFO] [stdout] error[E0433]: failed to resolve: use of undeclared crate or module `paste`
[INFO] [stdout]    --> src/utils.rs:39:9
[INFO] [stdout]     |
[INFO] [stdout] 39  |         paste::paste! {
[INFO] [stdout]     |         ^^^^^ use of undeclared crate or module `paste`
[INFO] [stdout]     |
[INFO] [stdout]    ::: src/tree_node.rs:663:5
[INFO] [stdout]     |
[INFO] [stdout] 663 |     test_config!(test_insert_single_leaf_root);
[INFO] [stdout]     |     ------------------------------------------ in this macro invocation
[INFO] [stdout]     |
[INFO] [stdout]     = note: this error originates in the macro `test_config` (in Nightly builds, run with -Z macro-backtrace for more info)
[INFO] [stdout] 
[INFO] [stdout] 
[INFO] [stdout] error[E0433]: failed to resolve: use of undeclared crate or module `paste`
[INFO] [stdout]    --> src/utils.rs:39:9
[INFO] [stdout]     |
[INFO] [stdout] 39  |         paste::paste! {
[INFO] [stdout]     |         ^^^^^ use of undeclared crate or module `paste`
[INFO] [stdout]     |
[INFO] [stdout]    ::: src/tree_node.rs:718:5
[INFO] [stdout]     |
[INFO] [stdout] 718 |     test_config!(test_insert_single_leaf_below_root);
[INFO] [stdout]     |     ------------------------------------------------ in this macro invocation
[INFO] [stdout]     |
[INFO] [stdout]     = note: this error originates in the macro `test_config` (in Nightly builds, run with -Z macro-backtrace for more info)
[INFO] [stdout] 
[INFO] [stdout] 
[INFO] [stdout] error[E0433]: failed to resolve: use of undeclared crate or module `paste`
[INFO] [stdout]    --> src/utils.rs:39:9
[INFO] [stdout]     |
[INFO] [stdout] 39  |         paste::paste! {
[INFO] [stdout]     |         ^^^^^ use of undeclared crate or module `paste`
[INFO] [stdout]     |
[INFO] [stdout]    ::: src/tree_node.rs:808:5
[INFO] [stdout]     |
[INFO] [stdout] 808 |     test_config!(test_insert_single_leaf_below_root_both_sides);
[INFO] [stdout]     |     ----------------------------------------------------------- in this macro invocation
[INFO] [stdout]     |
[INFO] [stdout]     = note: this error originates in the macro `test_config` (in Nightly builds, run with -Z macro-backtrace for more info)
[INFO] [stdout] 
[INFO] [stdout] 
[INFO] [stdout] error[E0433]: failed to resolve: use of undeclared crate or module `paste`
[INFO] [stdout]    --> src/utils.rs:39:9
[INFO] [stdout]     |
[INFO] [stdout] 39  |         paste::paste! {
[INFO] [stdout]     |         ^^^^^ use of undeclared crate or module `paste`
[INFO] [stdout]     |
[INFO] [stdout]    ::: src/tree_node.rs:937:5
[INFO] [stdout]     |
[INFO] [stdout] 937 |     test_config!(test_insert_single_leaf_full_tree);
[INFO] [stdout]     |     ----------------------------------------------- in this macro invocation
[INFO] [stdout]     |
[INFO] [stdout]     = note: this error originates in the macro `test_config` (in Nightly builds, run with -Z macro-backtrace for more info)
[INFO] [stdout] 
[INFO] [stdout] 
[INFO] [stdout] error[E0433]: failed to resolve: use of undeclared crate or module `paste`
[INFO] [stdout]    --> src/utils.rs:39:9
[INFO] [stdout]     |
[INFO] [stdout] 39  |         paste::paste! {
[INFO] [stdout]     |         ^^^^^ use of undeclared crate or module `paste`
[INFO] [stdout]     |
[INFO] [stdout]    ::: src/tests.rs:134:1
[INFO] [stdout]     |
[INFO] [stdout] 134 | test_config!(test_empty_tree_root_hash);
[INFO] [stdout]     | --------------------------------------- in this macro invocation
[INFO] [stdout]     |
[INFO] [stdout]     = note: this error originates in the macro `test_config` (in Nightly builds, run with -Z macro-backtrace for more info)
[INFO] [stdout] 
[INFO] [stdout] 
[INFO] [stdout] error[E0433]: failed to resolve: use of undeclared crate or module `paste`
[INFO] [stdout]    --> src/utils.rs:39:9
[INFO] [stdout]     |
[INFO] [stdout] 39  |         paste::paste! {
[INFO] [stdout]     |         ^^^^^ use of undeclared crate or module `paste`
[INFO] [stdout]     |
[INFO] [stdout]    ::: src/tests.rs:154:1
[INFO] [stdout]     |
[INFO] [stdout] 154 | test_config!(test_simple_publish);
[INFO] [stdout]     | --------------------------------- in this macro invocation
[INFO] [stdout]     |
[INFO] [stdout]     = note: this error originates in the macro `test_config` (in Nightly builds, run with -Z macro-backtrace for more info)
[INFO] [stdout] 
[INFO] [stdout] 
[INFO] [stdout] error[E0433]: failed to resolve: use of undeclared crate or module `paste`
[INFO] [stdout]    --> src/utils.rs:39:9
[INFO] [stdout]     |
[INFO] [stdout] 39  |         paste::paste! {
[INFO] [stdout]     |         ^^^^^ use of undeclared crate or module `paste`
[INFO] [stdout]     |
[INFO] [stdout]    ::: src/tests.rs:168:1
[INFO] [stdout]     |
[INFO] [stdout] 168 | test_config!(test_complex_publish);
[INFO] [stdout]     | ---------------------------------- in this macro invocation
[INFO] [stdout]     |
[INFO] [stdout]     = note: this error originates in the macro `test_config` (in Nightly builds, run with -Z macro-backtrace for more info)
[INFO] [stdout] 
[INFO] [stdout] 
[INFO] [stdout] error[E0433]: failed to resolve: use of undeclared crate or module `paste`
[INFO] [stdout]    --> src/utils.rs:39:9
[INFO] [stdout]     |
[INFO] [stdout] 39  |         paste::paste! {
[INFO] [stdout]     |         ^^^^^ use of undeclared crate or module `paste`
[INFO] [stdout]     |
[INFO] [stdout]    ::: src/tests.rs:190:1
[INFO] [stdout]     |
[INFO] [stdout] 190 | test_config!(test_simple_lookup);
[INFO] [stdout]     | -------------------------------- in this macro invocation
[INFO] [stdout]     |
[INFO] [stdout]     = note: this error originates in the macro `test_config` (in Nightly builds, run with -Z macro-backtrace for more info)
[INFO] [stdout] 
[INFO] [stdout] 
[INFO] [stdout] error[E0433]: failed to resolve: use of undeclared crate or module `paste`
[INFO] [stdout]    --> src/utils.rs:39:9
[INFO] [stdout]     |
[INFO] [stdout] 39  |         paste::paste! {
[INFO] [stdout]     |         ^^^^^ use of undeclared crate or module `paste`
[INFO] [stdout]     |
[INFO] [stdout]    ::: src/tests.rs:220:1
[INFO] [stdout]     |
[INFO] [stdout] 220 | test_config!(test_small_key_history);
[INFO] [stdout]     | ------------------------------------ in this macro invocation
[INFO] [stdout]     |
[INFO] [stdout]     = note: this error originates in the macro `test_config` (in Nightly builds, run with -Z macro-backtrace for more info)
[INFO] [stdout] 
[INFO] [stdout] 
[INFO] [stdout] error[E0433]: failed to resolve: use of undeclared crate or module `paste`
[INFO] [stdout]    --> src/utils.rs:39:9
[INFO] [stdout]     |
[INFO] [stdout] 39  |         paste::paste! {
[INFO] [stdout]     |         ^^^^^ use of undeclared crate or module `paste`
[INFO] [stdout]     |
[INFO] [stdout]    ::: src/tests.rs:276:1
[INFO] [stdout]     |
[INFO] [stdout] 276 | test_config!(test_simple_key_history);
[INFO] [stdout]     | ------------------------------------- in this macro invocation
[INFO] [stdout]     |
[INFO] [stdout]     = note: this error originates in the macro `test_config` (in Nightly builds, run with -Z macro-backtrace for more info)
[INFO] [stdout] 
[INFO] [stdout] 
[INFO] [stdout] error[E0433]: failed to resolve: use of undeclared crate or module `paste`
[INFO] [stdout]    --> src/utils.rs:39:9
[INFO] [stdout]     |
[INFO] [stdout] 39  |         paste::paste! {
[INFO] [stdout]     |         ^^^^^ use of undeclared crate or module `paste`
[INFO] [stdout]     |
[INFO] [stdout]    ::: src/tests.rs:421:1
[INFO] [stdout]     |
[INFO] [stdout] 421 | test_config!(test_complex_verification_many_versions);
[INFO] [stdout]     | ----------------------------------------------------- in this macro invocation
[INFO] [stdout]     |
[INFO] [stdout]     = note: this error originates in the macro `test_config` (in Nightly builds, run with -Z macro-backtrace for more info)
[INFO] [stdout] 
[INFO] [stdout] 
[INFO] [stdout] error[E0433]: failed to resolve: use of undeclared crate or module `paste`
[INFO] [stdout]    --> src/utils.rs:39:9
[INFO] [stdout]     |
[INFO] [stdout] 39  |         paste::paste! {
[INFO] [stdout]     |         ^^^^^ use of undeclared crate or module `paste`
[INFO] [stdout]     |
[INFO] [stdout]    ::: src/tests.rs:505:1
[INFO] [stdout]     |
[INFO] [stdout] 505 | test_config!(test_limited_key_history);
[INFO] [stdout]     | -------------------------------------- in this macro invocation
[INFO] [stdout]     |
[INFO] [stdout]     = note: this error originates in the macro `test_config` (in Nightly builds, run with -Z macro-backtrace for more info)
[INFO] [stdout] 
[INFO] [stdout] 
[INFO] [stdout] error[E0433]: failed to resolve: use of undeclared crate or module `paste`
[INFO] [stdout]    --> src/utils.rs:39:9
[INFO] [stdout]     |
[INFO] [stdout] 39  |         paste::paste! {
[INFO] [stdout]     |         ^^^^^ use of undeclared crate or module `paste`
[INFO] [stdout]     |
[INFO] [stdout]    ::: src/tests.rs:628:1
[INFO] [stdout]     |
[INFO] [stdout] 628 | test_config!(test_malicious_key_history);
[INFO] [stdout]     | ---------------------------------------- in this macro invocation
[INFO] [stdout]     |
[INFO] [stdout]     = note: this error originates in the macro `test_config` (in Nightly builds, run with -Z macro-backtrace for more info)
[INFO] [stdout] 
[INFO] [stdout] 
[INFO] [stdout] error[E0433]: failed to resolve: use of undeclared crate or module `paste`
[INFO] [stdout]    --> src/utils.rs:39:9
[INFO] [stdout]     |
[INFO] [stdout] 39  |         paste::paste! {
[INFO] [stdout]     |         ^^^^^ use of undeclared crate or module `paste`
[INFO] [stdout]     |
[INFO] [stdout]    ::: src/tests.rs:698:1
[INFO] [stdout]     |
[INFO] [stdout] 698 | test_config!(test_simple_audit);
[INFO] [stdout]     | ------------------------------- in this macro invocation
[INFO] [stdout]     |
[INFO] [stdout]     = note: this error originates in the macro `test_config` (in Nightly builds, run with -Z macro-backtrace for more info)
[INFO] [stdout] 
[INFO] [stdout] 
[INFO] [stdout] error[E0433]: failed to resolve: use of undeclared crate or module `paste`
[INFO] [stdout]    --> src/utils.rs:39:9
[INFO] [stdout]     |
[INFO] [stdout] 39  |         paste::paste! {
[INFO] [stdout]     |         ^^^^^ use of undeclared crate or module `paste`
[INFO] [stdout]     |
[INFO] [stdout]    ::: src/tests.rs:871:1
[INFO] [stdout]     |
[INFO] [stdout] 871 | test_config!(test_read_during_publish);
[INFO] [stdout]     | -------------------------------------- in this macro invocation
[INFO] [stdout]     |
[INFO] [stdout]     = note: this error originates in the macro `test_config` (in Nightly builds, run with -Z macro-backtrace for more info)
[INFO] [stdout] 
[INFO] [stdout] 
[INFO] [stdout] error[E0433]: failed to resolve: use of undeclared crate or module `paste`
[INFO] [stdout]    --> src/utils.rs:39:9
[INFO] [stdout]     |
[INFO] [stdout] 39  |         paste::paste! {
[INFO] [stdout]     |         ^^^^^ use of undeclared crate or module `paste`
[INFO] [stdout]     |
[INFO] [stdout]    ::: src/tests.rs:968:1
[INFO] [stdout]     |
[INFO] [stdout] 968 | test_config!(test_directory_read_only_mode);
[INFO] [stdout]     | ------------------------------------------- in this macro invocation
[INFO] [stdout]     |
[INFO] [stdout]     = note: this error originates in the macro `test_config` (in Nightly builds, run with -Z macro-backtrace for more info)
[INFO] [stdout] 
[INFO] [stdout] 
[INFO] [stdout] error[E0433]: failed to resolve: use of undeclared crate or module `paste`
[INFO] [stdout]    --> src/utils.rs:39:9
[INFO] [stdout]     |
[INFO] [stdout] 39  |         paste::paste! {
[INFO] [stdout]     |         ^^^^^ use of undeclared crate or module `paste`
[INFO] [stdout]     |
[INFO] [stdout]    ::: src/tests.rs:983:1
[INFO] [stdout]     |
[INFO] [stdout] 983 | test_config!(test_directory_polling_azks_change);
[INFO] [stdout]     | ------------------------------------------------ in this macro invocation
[INFO] [stdout]     |
[INFO] [stdout]     = note: this error originates in the macro `test_config` (in Nightly builds, run with -Z macro-backtrace for more info)
[INFO] [stdout] 
[INFO] [stdout] 
[INFO] [stdout] error[E0433]: failed to resolve: use of undeclared crate or module `paste`
[INFO] [stdout]     --> src/utils.rs:39:9
[INFO] [stdout]      |
[INFO] [stdout] 39   |         paste::paste! {
[INFO] [stdout]      |         ^^^^^ use of undeclared crate or module `paste`
[INFO] [stdout]      |
[INFO] [stdout]     ::: src/tests.rs:1033:1
[INFO] [stdout]      |
[INFO] [stdout] 1033 | test_config!(test_tombstoned_key_history);
[INFO] [stdout]      | ----------------------------------------- in this macro invocation
[INFO] [stdout]      |
[INFO] [stdout]      = note: this error originates in the macro `test_config` (in Nightly builds, run with -Z macro-backtrace for more info)
[INFO] [stdout] 
[INFO] [stdout] 
[INFO] [stdout] error[E0433]: failed to resolve: use of undeclared crate or module `paste`
[INFO] [stdout]     --> src/utils.rs:39:9
[INFO] [stdout]      |
[INFO] [stdout] 39   |         paste::paste! {
[INFO] [stdout]      |         ^^^^^ use of undeclared crate or module `paste`
[INFO] [stdout]      |
[INFO] [stdout]     ::: src/tests.rs:1109:1
[INFO] [stdout]      |
[INFO] [stdout] 1109 | test_config!(test_publish_op_makes_no_get_requests);
[INFO] [stdout]      | --------------------------------------------------- in this macro invocation
[INFO] [stdout]      |
[INFO] [stdout]      = note: this error originates in the macro `test_config` (in Nightly builds, run with -Z macro-backtrace for more info)
[INFO] [stdout] 
[INFO] [stdout] 
[INFO] [stdout] error[E0433]: failed to resolve: use of undeclared crate or module `paste`
[INFO] [stdout]     --> src/utils.rs:39:9
[INFO] [stdout]      |
[INFO] [stdout] 39   |         paste::paste! {
[INFO] [stdout]      |         ^^^^^ use of undeclared crate or module `paste`
[INFO] [stdout]      |
[INFO] [stdout]     ::: src/tests.rs:1179:1
[INFO] [stdout]      |
[INFO] [stdout] 1179 | test_config!(test_simple_lookup_for_small_tree);
[INFO] [stdout]      | ----------------------------------------------- in this macro invocation
[INFO] [stdout]      |
[INFO] [stdout]      = note: this error originates in the macro `test_config` (in Nightly builds, run with -Z macro-backtrace for more info)
[INFO] [stdout] 
[INFO] [stdout] 
[INFO] [stdout] error[E0433]: failed to resolve: use of undeclared crate or module `paste`
[INFO] [stdout]     --> src/utils.rs:39:9
[INFO] [stdout]      |
[INFO] [stdout] 39   |         paste::paste! {
[INFO] [stdout]      |         ^^^^^ use of undeclared crate or module `paste`
[INFO] [stdout]      |
[INFO] [stdout]     ::: src/tests.rs:1232:1
[INFO] [stdout]      |
[INFO] [stdout] 1232 | test_config!(test_lookup_verify_invalid_version_number);
[INFO] [stdout]      | ------------------------------------------------------- in this macro invocation
[INFO] [stdout]      |
[INFO] [stdout]      = note: this error originates in the macro `test_config` (in Nightly builds, run with -Z macro-backtrace for more info)
[INFO] [stdout] 
[INFO] [stdout] 
[INFO] [stdout] error[E0433]: failed to resolve: use of undeclared crate or module `paste`
[INFO] [stdout]     --> src/utils.rs:39:9
[INFO] [stdout]      |
[INFO] [stdout] 39   |         paste::paste! {
[INFO] [stdout]      |         ^^^^^ use of undeclared crate or module `paste`
[INFO] [stdout]      |
[INFO] [stdout]     ::: src/tests.rs:1282:1
[INFO] [stdout]      |
[INFO] [stdout] 1282 | test_config!(test_publish_duplicate_entries);
[INFO] [stdout]      | -------------------------------------------- in this macro invocation
[INFO] [stdout]      |
[INFO] [stdout]      = note: this error originates in the macro `test_config` (in Nightly builds, run with -Z macro-backtrace for more info)
[INFO] [stdout] 
[INFO] [stdout] 
[INFO] [stdout] error[E0433]: failed to resolve: use of undeclared crate or module `paste`
[INFO] [stdout]     --> src/utils.rs:39:9
[INFO] [stdout]      |
[INFO] [stdout] 39   |         paste::paste! {
[INFO] [stdout]      |         ^^^^^ use of undeclared crate or module `paste`
[INFO] [stdout]      |
[INFO] [stdout]     ::: src/tests.rs:1310:1
[INFO] [stdout]      |
[INFO] [stdout] 1310 | test_config!(test_key_history_verify_malformed);
[INFO] [stdout]      | ----------------------------------------------- in this macro invocation
[INFO] [stdout]      |
[INFO] [stdout]      = note: this error originates in the macro `test_config` (in Nightly builds, run with -Z macro-backtrace for more info)
[INFO] [stdout] 
[INFO] [stdout] 
[INFO] [stdout] error[E0433]: failed to resolve: use of undeclared crate or module `rand`
[INFO] [stdout]     --> src/tests.rs:1317:19
[INFO] [stdout]      |
[INFO] [stdout] 1317 |     let mut rng = rand::rngs::OsRng;
[INFO] [stdout]      |                   ^^^^ use of undeclared crate or module `rand`
[INFO] [stdout] 
[INFO] [stdout] 
[INFO] [stdout] error[E0433]: failed to resolve: use of undeclared crate or module `rand`
[INFO] [stdout]   --> src/utils.rs:25:43
[INFO] [stdout]    |
[INFO] [stdout] 25 | pub(crate) fn random_label(rng: &mut impl rand::Rng) -> crate::NodeLabel {
[INFO] [stdout]    |                                           ^^^^ use of undeclared crate or module `rand`
[INFO] [stdout] 
[INFO] [stdout] 
[INFO] [stdout] error: aborting due to 55 previous errors
[INFO] [stdout] 
[INFO] [stdout] 
[INFO] [stdout] Some errors have detailed explanations: E0432, E0433.
[INFO] [stdout] 
[INFO] [stdout] For more information about an error, try `rustc --explain E0432`.
[INFO] [stdout] 
[INFO] [stderr] error: could not compile `akd` (lib test) due to 56 previous errors
[INFO] running `Command { std: "docker" "inspect" "28b006835e1eb2903c8de3816d4cfaa1d8ffb0f537cf16df7743fdc42c666a1e", kill_on_drop: false }`
[INFO] running `Command { std: "docker" "rm" "-f" "28b006835e1eb2903c8de3816d4cfaa1d8ffb0f537cf16df7743fdc42c666a1e", kill_on_drop: false }`
[INFO] [stdout] 28b006835e1eb2903c8de3816d4cfaa1d8ffb0f537cf16df7743fdc42c666a1e
[INFO] testing akd-0.11.0 against beta-2023-12-22 for beta-1.76-1
[INFO] extracting crate akd 0.11.0 into /workspace/builds/worker-1-tc2/source
[INFO] validating manifest of crates.io crate akd 0.11.0 on toolchain beta-2023-12-22
[INFO] running `Command { std: CARGO_HOME="/workspace/cargo-home" RUSTUP_HOME="/workspace/rustup-home" "/workspace/cargo-home/bin/cargo" "+beta-2023-12-22" "metadata" "--manifest-path" "Cargo.toml" "--no-deps", kill_on_drop: false }`
[INFO] started tweaking crates.io crate akd 0.11.0
[INFO] finished tweaking crates.io crate akd 0.11.0
[INFO] tweaked toml for crates.io crate akd 0.11.0 written to /workspace/builds/worker-1-tc2/source/Cargo.toml
[INFO] running `Command { std: CARGO_HOME="/workspace/cargo-home" RUSTUP_HOME="/workspace/rustup-home" "/workspace/cargo-home/bin/cargo" "+beta-2023-12-22" "generate-lockfile" "--manifest-path" "Cargo.toml", kill_on_drop: false }`
[INFO] [stderr]     Updating crates.io index
[INFO] running `Command { std: CARGO_HOME="/workspace/cargo-home" RUSTUP_HOME="/workspace/rustup-home" "/workspace/cargo-home/bin/cargo" "+beta-2023-12-22" "fetch" "--manifest-path" "Cargo.toml", kill_on_drop: false }`
[INFO] running `Command { std: "docker" "create" "-v" "/var/lib/crater-agent-workspace/builds/worker-1-tc2/target:/opt/rustwide/target:rw,Z" "-v" "/var/lib/crater-agent-workspace/builds/worker-1-tc2/source:/opt/rustwide/workdir:ro,Z" "-v" "/var/lib/crater-agent-workspace/cargo-home:/opt/rustwide/cargo-home:ro,Z" "-v" "/var/lib/crater-agent-workspace/rustup-home:/opt/rustwide/rustup-home:ro,Z" "-e" "SOURCE_DIR=/opt/rustwide/workdir" "-e" "CARGO_TARGET_DIR=/opt/rustwide/target" "-e" "CARGO_HOME=/opt/rustwide/cargo-home" "-e" "RUSTUP_HOME=/opt/rustwide/rustup-home" "-w" "/opt/rustwide/workdir" "-m" "1610612736" "--user" "0:0" "--network" "none" "ghcr.io/rust-lang/crates-build-env/linux@sha256:2788e3201cd34a07e3172128adcd8b3090168a8e3bcc40d7c032b9dda1df7d1c" "/opt/rustwide/cargo-home/bin/cargo" "+beta-2023-12-22" "metadata" "--no-deps" "--format-version=1", kill_on_drop: false }`
[INFO] [stdout] e43adf63ff58a44a927668876b35bcf0e536f34d76cb336e0469c2946869f6e1
[INFO] running `Command { std: "docker" "start" "-a" "e43adf63ff58a44a927668876b35bcf0e536f34d76cb336e0469c2946869f6e1", kill_on_drop: false }`
[INFO] running `Command { std: "docker" "inspect" "e43adf63ff58a44a927668876b35bcf0e536f34d76cb336e0469c2946869f6e1", kill_on_drop: false }`
[INFO] running `Command { std: "docker" "rm" "-f" "e43adf63ff58a44a927668876b35bcf0e536f34d76cb336e0469c2946869f6e1", kill_on_drop: false }`
[INFO] [stdout] e43adf63ff58a44a927668876b35bcf0e536f34d76cb336e0469c2946869f6e1
[INFO] running `Command { std: "docker" "create" "-v" "/var/lib/crater-agent-workspace/builds/worker-1-tc2/target:/opt/rustwide/target:rw,Z" "-v" "/var/lib/crater-agent-workspace/builds/worker-1-tc2/source:/opt/rustwide/workdir:ro,Z" "-v" "/var/lib/crater-agent-workspace/cargo-home:/opt/rustwide/cargo-home:ro,Z" "-v" "/var/lib/crater-agent-workspace/rustup-home:/opt/rustwide/rustup-home:ro,Z" "-e" "SOURCE_DIR=/opt/rustwide/workdir" "-e" "CARGO_TARGET_DIR=/opt/rustwide/target" "-e" "CARGO_INCREMENTAL=0" "-e" "RUST_BACKTRACE=full" "-e" "RUSTFLAGS=--cap-lints=warn" "-e" "RUSTDOCFLAGS=--cap-lints=warn" "-e" "CARGO_HOME=/opt/rustwide/cargo-home" "-e" "RUSTUP_HOME=/opt/rustwide/rustup-home" "-w" "/opt/rustwide/workdir" "-m" "1610612736" "--user" "0:0" "--network" "none" "ghcr.io/rust-lang/crates-build-env/linux@sha256:2788e3201cd34a07e3172128adcd8b3090168a8e3bcc40d7c032b9dda1df7d1c" "/opt/rustwide/cargo-home/bin/cargo" "+beta-2023-12-22" "build" "--frozen" "--message-format=json", kill_on_drop: false }`
[INFO] [stdout] 6bfa8a5ad69ff3f341b10e18f9163605563660172bd403a81e0993dd5b2a90ae
[INFO] running `Command { std: "docker" "start" "-a" "6bfa8a5ad69ff3f341b10e18f9163605563660172bd403a81e0993dd5b2a90ae", kill_on_drop: false }`
[INFO] [stderr]    Compiling proc-macro2 v1.0.75
[INFO] [stderr]    Compiling unicode-ident v1.0.12
[INFO] [stderr]    Compiling typenum v1.17.0
[INFO] [stderr]    Compiling autocfg v1.1.0
[INFO] [stderr]    Compiling cfg-if v1.0.0
[INFO] [stderr]    Compiling version_check v0.9.4
[INFO] [stderr]    Compiling rustix v0.38.28
[INFO] [stderr]    Compiling thiserror v1.0.56
[INFO] [stderr]    Compiling libc v0.2.151
[INFO] [stderr]    Compiling semver v1.0.21
[INFO] [stderr]    Compiling generic-array v0.14.7
[INFO] [stderr]    Compiling linux-raw-sys v0.4.12
[INFO] [stderr]    Compiling bitflags v2.4.1
[INFO] [stderr]    Compiling indexmap v1.9.3
[INFO] [stderr]    Compiling once_cell v1.19.0
[INFO] [stderr]    Compiling memchr v2.7.1
[INFO] [stderr]    Compiling anyhow v1.0.79
[INFO] [stderr]    Compiling protobuf v3.3.0
[INFO] [stderr]    Compiling quote v1.0.35
[INFO] [stderr]    Compiling syn v2.0.48
[INFO] [stderr]    Compiling aho-corasick v1.1.2
[INFO] [stderr]    Compiling either v1.9.0
[INFO] [stderr]    Compiling fastrand v2.0.1
[INFO] [stderr]    Compiling hashbrown v0.12.3
[INFO] [stderr]    Compiling home v0.5.9
[INFO] [stderr]    Compiling regex-syntax v0.8.2
[INFO] [stderr]    Compiling value-bag v1.4.3
[INFO] [stderr]    Compiling log v0.4.20
[INFO] [stderr]    Compiling crypto-common v0.1.6
[INFO] [stderr]    Compiling block-buffer v0.10.4
[INFO] [stderr]    Compiling rustc_version v0.4.0
[INFO] [stderr]    Compiling digest v0.10.7
[INFO] [stderr]    Compiling platforms v3.3.0
[INFO] [stderr]    Compiling cc v1.0.83
[INFO] [stderr]    Compiling cpufeatures v0.2.12
[INFO] [stderr]    Compiling signature v2.2.0
[INFO] [stderr]    Compiling lock_api v0.4.11
[INFO] [stderr]    Compiling subtle v2.5.0
[INFO] [stderr]    Compiling curve25519-dalek v4.1.1
[INFO] [stderr]    Compiling parking_lot_core v0.9.9
[INFO] [stderr]    Compiling zeroize v1.7.0
[INFO] [stderr]    Compiling async-trait v0.1.77
[INFO] [stderr]    Compiling tempfile v3.9.0
[INFO] [stderr]    Compiling which v4.4.2
[INFO] [stderr]    Compiling ed25519 v2.2.3
[INFO] [stderr]    Compiling sha2 v0.10.8
[INFO] [stderr]    Compiling arrayvec v0.7.4
[INFO] [stderr]    Compiling constant_time_eq v0.3.0
[INFO] [stderr]    Compiling scopeguard v1.2.0
[INFO] [stderr]    Compiling regex-automata v0.4.3
[INFO] [stderr]    Compiling arrayref v0.3.7
[INFO] [stderr]    Compiling smallvec v1.11.2
[INFO] [stderr]    Compiling pin-project-lite v0.2.13
[INFO] [stderr]    Compiling hex v0.4.3
[INFO] [stderr]    Compiling blake3 v1.5.0
[INFO] [stderr]    Compiling hashbrown v0.14.3
[INFO] [stderr]    Compiling dashmap v5.5.3
[INFO] [stderr]    Compiling thiserror-impl v1.0.56
[INFO] [stderr]    Compiling curve25519-dalek-derive v0.1.1
[INFO] [stderr]    Compiling tokio-macros v2.2.0
[INFO] [stderr]    Compiling async-recursion v1.0.5
[INFO] [stderr]    Compiling regex v1.10.2
[INFO] [stderr]    Compiling tokio v1.35.1
[INFO] [stderr]    Compiling protobuf-support v3.3.0
[INFO] [stderr]    Compiling ed25519-dalek v2.1.0
[INFO] [stderr]    Compiling protobuf-parse v3.3.0
[INFO] [stderr]    Compiling protobuf-codegen v3.3.0
[INFO] [stderr]    Compiling akd_core v0.11.0
[INFO] [stderr]    Compiling akd v0.11.0 (/opt/rustwide/workdir)
[INFO] [stderr]     Finished dev [unoptimized + debuginfo] target(s) in 12.08s
[INFO] running `Command { std: "docker" "inspect" "6bfa8a5ad69ff3f341b10e18f9163605563660172bd403a81e0993dd5b2a90ae", kill_on_drop: false }`
[INFO] running `Command { std: "docker" "rm" "-f" "6bfa8a5ad69ff3f341b10e18f9163605563660172bd403a81e0993dd5b2a90ae", kill_on_drop: false }`
[INFO] [stdout] 6bfa8a5ad69ff3f341b10e18f9163605563660172bd403a81e0993dd5b2a90ae
[INFO] running `Command { std: "docker" "create" "-v" "/var/lib/crater-agent-workspace/builds/worker-1-tc2/target:/opt/rustwide/target:rw,Z" "-v" "/var/lib/crater-agent-workspace/builds/worker-1-tc2/source:/opt/rustwide/workdir:ro,Z" "-v" "/var/lib/crater-agent-workspace/cargo-home:/opt/rustwide/cargo-home:ro,Z" "-v" "/var/lib/crater-agent-workspace/rustup-home:/opt/rustwide/rustup-home:ro,Z" "-e" "SOURCE_DIR=/opt/rustwide/workdir" "-e" "CARGO_TARGET_DIR=/opt/rustwide/target" "-e" "CARGO_INCREMENTAL=0" "-e" "RUST_BACKTRACE=full" "-e" "RUSTFLAGS=--cap-lints=warn" "-e" "RUSTDOCFLAGS=--cap-lints=warn" "-e" "CARGO_HOME=/opt/rustwide/cargo-home" "-e" "RUSTUP_HOME=/opt/rustwide/rustup-home" "-w" "/opt/rustwide/workdir" "-m" "1610612736" "--user" "0:0" "--network" "none" "ghcr.io/rust-lang/crates-build-env/linux@sha256:2788e3201cd34a07e3172128adcd8b3090168a8e3bcc40d7c032b9dda1df7d1c" "/opt/rustwide/cargo-home/bin/cargo" "+beta-2023-12-22" "test" "--frozen" "--no-run" "--message-format=json", kill_on_drop: false }`
[INFO] [stdout] 0b569487d3f0645010042f107a37ac93e5c5ae459ae575390797746814902aeb
[INFO] running `Command { std: "docker" "start" "-a" "0b569487d3f0645010042f107a37ac93e5c5ae459ae575390797746814902aeb", kill_on_drop: false }`
[INFO] [stderr]    Compiling memchr v2.7.1
[INFO] [stderr]    Compiling either v1.9.0
[INFO] [stderr]    Compiling rustix v0.38.28
[INFO] [stderr]    Compiling bitflags v2.4.1
[INFO] [stderr]    Compiling linux-raw-sys v0.4.12
[INFO] [stderr]    Compiling regex-syntax v0.8.2
[INFO] [stderr]    Compiling fastrand v2.0.1
[INFO] [stderr]    Compiling libm v0.2.8
[INFO] [stderr]    Compiling num-traits v0.2.17
[INFO] [stderr]    Compiling futures-core v0.3.30
[INFO] [stderr]    Compiling crossbeam-utils v0.8.18
[INFO] [stderr]    Compiling slab v0.4.9
[INFO] [stderr]    Compiling serde v1.0.194
[INFO] [stderr]    Compiling aho-corasick v1.1.2
[INFO] [stderr]    Compiling serde_derive v1.0.194
[INFO] [stderr]    Compiling getrandom v0.2.11
[INFO] [stderr]    Compiling syn v1.0.109
[INFO] [stderr]    Compiling futures-sink v0.3.30
[INFO] [stderr]    Compiling futures-channel v0.3.30
[INFO] [stderr]    Compiling crossbeam-epoch v0.9.17
[INFO] [stderr]    Compiling rand_core v0.6.4
[INFO] [stderr]    Compiling itertools v0.10.5
[INFO] [stderr]    Compiling futures-macro v0.3.30
[INFO] [stderr]    Compiling lazy_static v1.4.0
[INFO] [stderr]    Compiling pin-utils v0.1.0
[INFO] [stderr]    Compiling rayon-core v1.12.0
[INFO] [stderr]    Compiling serde_json v1.0.111
[INFO] [stderr]    Compiling regex-automata v0.4.3
[INFO] [stderr]    Compiling futures-task v0.3.30
[INFO] [stderr]    Compiling futures-io v0.3.30
[INFO] [stderr]    Compiling crossbeam-deque v0.8.4
[INFO] [stderr]    Compiling tempfile v3.9.0
[INFO] [stderr]    Compiling which v4.4.2
[INFO] [stderr]    Compiling futures-util v0.3.30
[INFO] [stderr]    Compiling protobuf-parse v3.3.0
[INFO] [stderr]    Compiling clap_lex v0.6.0
[INFO] [stderr]    Compiling ciborium-io v0.2.1
[INFO] [stderr]    Compiling anstyle v1.0.4
[INFO] [stderr]    Compiling half v1.8.2
[INFO] [stderr]    Compiling regex v1.10.2
[INFO] [stderr]    Compiling itoa v1.0.10
[INFO] [stderr]    Compiling predicates-core v1.0.6
[INFO] [stderr]    Compiling ppv-lite86 v0.2.17
[INFO] [stderr]    Compiling ryu v1.0.16
[INFO] [stderr]    Compiling protobuf-codegen v3.3.0
[INFO] [stderr]    Compiling plotters-backend v0.3.5
[INFO] [stderr]    Compiling rand_chacha v0.3.1
[INFO] [stderr]    Compiling plotters-svg v0.3.5
[INFO] [stderr]    Compiling ciborium-ll v0.2.1
[INFO] [stderr]    Compiling clap_builder v4.4.12
[INFO] [stderr]    Compiling futures-executor v0.3.30
[INFO] [stderr]    Compiling float-cmp v0.9.0
[INFO] [stderr]    Compiling async-stream-impl v0.3.5
[INFO] [stderr]    Compiling wait-timeout v0.2.0
[INFO] [stderr]    Compiling normalize-line-endings v0.3.0
[INFO] [stderr]    Compiling quick-error v1.2.3
[INFO] [stderr]    Compiling same-file v1.0.6
[INFO] [stderr]    Compiling termtree v0.4.1
[INFO] [stderr]    Compiling bit-vec v0.6.3
[INFO] [stderr]    Compiling fnv v1.0.7
[INFO] [stderr]    Compiling difflib v0.4.0
[INFO] [stderr]    Compiling cast v0.3.0
[INFO] [stderr]    Compiling clap v4.4.13
[INFO] [stderr]    Compiling criterion-plot v0.5.0
[INFO] [stderr]    Compiling rusty-fork v0.3.0
[INFO] [stderr]    Compiling predicates v2.1.5
[INFO] [stderr]    Compiling async-stream v0.3.5
[INFO] [stderr]    Compiling akd_core v0.11.0
[INFO] [stderr]    Compiling bit-set v0.5.3
[INFO] [stderr]    Compiling predicates-tree v1.0.9
[INFO] [stderr]    Compiling ciborium v0.2.1
[INFO] [stderr]    Compiling walkdir v2.4.0
[INFO] [stderr]    Compiling rayon v1.8.0
[INFO] [stderr]    Compiling futures v0.3.30
[INFO] [stderr]    Compiling plotters v0.3.5
[INFO] [stderr]    Compiling rand v0.8.5
[INFO] [stderr]    Compiling tinytemplate v1.2.1
[INFO] [stderr]    Compiling mockall_derive v0.11.4
[INFO] [stderr]    Compiling is-terminal v0.4.10
[INFO] [stderr]    Compiling rand_xorshift v0.3.0
[INFO] [stderr]    Compiling tokio-stream v0.1.14
[INFO] [stderr]    Compiling parking_lot v0.12.1
[INFO] [stderr]    Compiling serial_test_derive v2.0.0
[INFO] [stderr]    Compiling unarray v0.1.4
[INFO] [stderr]    Compiling anes v0.1.6
[INFO] [stderr]    Compiling bytes v1.5.0
[INFO] [stderr]    Compiling oorandom v11.1.3
[INFO] [stderr]    Compiling fragile v2.0.0
[INFO] [stderr]    Compiling downcast v0.11.0
[INFO] [stderr]    Compiling criterion v0.5.1
[INFO] [stderr]    Compiling proptest v1.4.0
[INFO] [stderr]    Compiling proptest-derive v0.4.0
[INFO] [stderr]    Compiling colored v2.1.0
[INFO] [stderr]    Compiling serial_test v2.0.0
[INFO] [stderr]    Compiling tokio-test v0.4.3
[INFO] [stderr]    Compiling itertools v0.11.0
[INFO] [stderr]    Compiling ctor v0.2.6
[INFO] [stderr]    Compiling akd v0.11.0 (/opt/rustwide/workdir)
[INFO] [stderr]    Compiling mockall v0.11.4
[INFO] [stdout] error[E0433]: failed to resolve: use of undeclared crate or module `rand`
[INFO] [stdout]    --> src/storage/transaction.rs:294:9
[INFO] [stdout]     |
[INFO] [stdout] 294 |     use rand::{rngs::StdRng, seq::SliceRandom, SeedableRng};
[INFO] [stdout]     |         ^^^^ use of undeclared crate or module `rand`
[INFO] [stdout] 
[INFO] [stdout] 
[INFO] [stdout] error[E0432]: unresolved imports `crate::client::verify_membership_for_tests_only`, `crate::client::verify_nonmembership_for_tests_only`
[INFO] [stdout]     --> src/append_only_zks.rs:1176:18
[INFO] [stdout]      |
[INFO] [stdout] 1176 |         client::{verify_membership_for_tests_only, verify_nonmembership_for_tests_only},
[INFO] [stdout]      |                  ^^^^^^^^^^^^^^^^^^^^^^^^^^^^^^^^  ^^^^^^^^^^^^^^^^^^^^^^^^^^^^^^^^^^^ no `verify_nonmembership_for_tests_only` in `client`
[INFO] [stdout]      |                  |
[INFO] [stdout]      |                  no `verify_membership_for_tests_only` in `client`
[INFO] [stdout] 
[INFO] [stdout] 
[INFO] [stdout] error[E0433]: failed to resolve: use of undeclared crate or module `rand`
[INFO] [stdout]   --> src/storage/tests.rs:21:5
[INFO] [stdout]    |
[INFO] [stdout] 21 | use rand::distributions::Alphanumeric;
[INFO] [stdout]    |     ^^^^ use of undeclared crate or module `rand`
[INFO] [stdout] 
[INFO] [stdout] 
[INFO] [stdout] error[E0432]: unresolved import `rand`
[INFO] [stdout]    --> src/storage/transaction.rs:294:9
[INFO] [stdout]     |
[INFO] [stdout] 294 |     use rand::{rngs::StdRng, seq::SliceRandom, SeedableRng};
[INFO] [stdout]     |         ^^^^ use of undeclared crate or module `rand`
[INFO] [stdout] 
[INFO] [stdout] 
[INFO] [stdout] error[E0433]: failed to resolve: use of undeclared crate or module `rand`
[INFO] [stdout]     --> src/append_only_zks.rs:1180:9
[INFO] [stdout]      |
[INFO] [stdout] 1180 |     use rand::{rngs::StdRng, seq::SliceRandom, RngCore, SeedableRng};
[INFO] [stdout]      |         ^^^^ use of undeclared crate or module `rand`
[INFO] [stdout] 
[INFO] [stdout] 
[INFO] [stdout] error[E0432]: unresolved import `rand`
[INFO] [stdout]   --> src/storage/tests.rs:22:5
[INFO] [stdout]    |
[INFO] [stdout] 22 | use rand::{thread_rng, Rng};
[INFO] [stdout]    |     ^^^^ use of undeclared crate or module `rand`
[INFO] [stdout] 
[INFO] [stdout] 
[INFO] [stdout] error[E0433]: failed to resolve: use of undeclared crate or module `rand`
[INFO] [stdout]   --> src/tests.rs:14:5
[INFO] [stdout]    |
[INFO] [stdout] 14 | use rand::{rngs::StdRng, SeedableRng};
[INFO] [stdout]    |     ^^^^ use of undeclared crate or module `rand`
[INFO] [stdout] 
[INFO] [stdout] 
[INFO] [stdout] error[E0432]: unresolved import `rand`
[INFO] [stdout]     --> src/append_only_zks.rs:1180:9
[INFO] [stdout]      |
[INFO] [stdout] 1180 |     use rand::{rngs::StdRng, seq::SliceRandom, RngCore, SeedableRng};
[INFO] [stdout]      |         ^^^^ use of undeclared crate or module `rand`
[INFO] [stdout] 
[INFO] [stdout] 
[INFO] [stdout] error[E0432]: unresolved import `rand`
[INFO] [stdout]   --> src/tests.rs:14:5
[INFO] [stdout]    |
[INFO] [stdout] 14 | use rand::{rngs::StdRng, SeedableRng};
[INFO] [stdout]    |     ^^^^ use of undeclared crate or module `rand`
[INFO] [stdout] 
[INFO] [stdout] 
[INFO] [stdout] error[E0433]: failed to resolve: use of undeclared crate or module `paste`
[INFO] [stdout]     --> src/utils.rs:39:9
[INFO] [stdout]      |
[INFO] [stdout] 39   |         paste::paste! {
[INFO] [stdout]      |         ^^^^^ use of undeclared crate or module `paste`
[INFO] [stdout]      |
[INFO] [stdout]     ::: src/append_only_zks.rs:1184:5
[INFO] [stdout]      |
[INFO] [stdout] 1184 |     test_config!(test_maximal_node_set_resolution);
[INFO] [stdout]      |     ---------------------------------------------- in this macro invocation
[INFO] [stdout]      |
[INFO] [stdout]      = note: this error originates in the macro `test_config` (in Nightly builds, run with -Z macro-backtrace for more info)
[INFO] [stdout] 
[INFO] [stdout] 
[INFO] [stdout] error[E0433]: failed to resolve: use of undeclared crate or module `paste`
[INFO] [stdout]     --> src/utils.rs:39:9
[INFO] [stdout]      |
[INFO] [stdout] 39   |         paste::paste! {
[INFO] [stdout]      |         ^^^^^ use of undeclared crate or module `paste`
[INFO] [stdout]      |
[INFO] [stdout]     ::: src/append_only_zks.rs:1223:5
[INFO] [stdout]      |
[INFO] [stdout] 1223 |     test_config!(test_batch_insert_basic);
[INFO] [stdout]      |     ------------------------------------- in this macro invocation
[INFO] [stdout]      |
[INFO] [stdout]      = note: this error originates in the macro `test_config` (in Nightly builds, run with -Z macro-backtrace for more info)
[INFO] [stdout] 
[INFO] [stdout] 
[INFO] [stdout] error[E0433]: failed to resolve: use of undeclared crate or module `paste`
[INFO] [stdout]     --> src/utils.rs:39:9
[INFO] [stdout]      |
[INFO] [stdout] 39   |         paste::paste! {
[INFO] [stdout]      |         ^^^^^ use of undeclared crate or module `paste`
[INFO] [stdout]      |
[INFO] [stdout]     ::: src/append_only_zks.rs:1272:5
[INFO] [stdout]      |
[INFO] [stdout] 1272 |     test_config!(test_batch_insert_root_hash);
[INFO] [stdout]      |     ----------------------------------------- in this macro invocation
[INFO] [stdout]      |
[INFO] [stdout]      = note: this error originates in the macro `test_config` (in Nightly builds, run with -Z macro-backtrace for more info)
[INFO] [stdout] 
[INFO] [stdout] 
[INFO] [stdout] error[E0433]: failed to resolve: use of undeclared crate or module `paste`
[INFO] [stdout]     --> src/utils.rs:39:9
[INFO] [stdout]      |
[INFO] [stdout] 39   |         paste::paste! {
[INFO] [stdout]      |         ^^^^^ use of undeclared crate or module `paste`
[INFO] [stdout]      |
[INFO] [stdout]     ::: src/append_only_zks.rs:1350:5
[INFO] [stdout]      |
[INFO] [stdout] 1350 |     test_config!(test_insert_permuted);
[INFO] [stdout]      |     ---------------------------------- in this macro invocation
[INFO] [stdout]      |
[INFO] [stdout]      = note: this error originates in the macro `test_config` (in Nightly builds, run with -Z macro-backtrace for more info)
[INFO] [stdout] 
[INFO] [stdout] 
[INFO] [stdout] error[E0433]: failed to resolve: use of undeclared crate or module `paste`
[INFO] [stdout]     --> src/utils.rs:39:9
[INFO] [stdout]      |
[INFO] [stdout] 39   |         paste::paste! {
[INFO] [stdout]      |         ^^^^^ use of undeclared crate or module `paste`
[INFO] [stdout]      |
[INFO] [stdout]     ::: src/append_only_zks.rs:1401:5
[INFO] [stdout]      |
[INFO] [stdout] 1401 |     test_config!(test_insert_num_nodes);
[INFO] [stdout]      |     ----------------------------------- in this macro invocation
[INFO] [stdout]      |
[INFO] [stdout]      = note: this error originates in the macro `test_config` (in Nightly builds, run with -Z macro-backtrace for more info)
[INFO] [stdout] 
[INFO] [stdout] 
[INFO] [stdout] error[E0433]: failed to resolve: use of undeclared crate or module `paste`
[INFO] [stdout]     --> src/utils.rs:39:9
[INFO] [stdout]      |
[INFO] [stdout] 39   |         paste::paste! {
[INFO] [stdout]      |         ^^^^^ use of undeclared crate or module `paste`
[INFO] [stdout]      |
[INFO] [stdout]     ::: src/append_only_zks.rs:1483:5
[INFO] [stdout]      |
[INFO] [stdout] 1483 |     test_config!(test_preload_nodes_accuracy);
[INFO] [stdout]      |     ----------------------------------------- in this macro invocation
[INFO] [stdout]      |
[INFO] [stdout]      = note: this error originates in the macro `test_config` (in Nightly builds, run with -Z macro-backtrace for more info)
[INFO] [stdout] 
[INFO] [stdout] 
[INFO] [stdout] error[E0433]: failed to resolve: use of undeclared crate or module `paste`
[INFO] [stdout]     --> src/utils.rs:39:9
[INFO] [stdout]      |
[INFO] [stdout] 39   |         paste::paste! {
[INFO] [stdout]      |         ^^^^^ use of undeclared crate or module `paste`
[INFO] [stdout]      |
[INFO] [stdout]     ::: src/append_only_zks.rs:1563:5
[INFO] [stdout]      |
[INFO] [stdout] 1563 |     test_config!(test_azks_element_set_partition);
[INFO] [stdout]      |     --------------------------------------------- in this macro invocation
[INFO] [stdout]      |
[INFO] [stdout]      = note: this error originates in the macro `test_config` (in Nightly builds, run with -Z macro-backtrace for more info)
[INFO] [stdout] 
[INFO] [stdout] 
[INFO] [stdout] error[E0433]: failed to resolve: use of undeclared crate or module `paste`
[INFO] [stdout]     --> src/utils.rs:39:9
[INFO] [stdout]      |
[INFO] [stdout] 39   |         paste::paste! {
[INFO] [stdout]      |         ^^^^^ use of undeclared crate or module `paste`
[INFO] [stdout]      |
[INFO] [stdout]     ::: src/append_only_zks.rs:1614:5
[INFO] [stdout]      |
[INFO] [stdout] 1614 |     test_config!(test_azks_element_set_get_longest_common_prefix);
[INFO] [stdout]      |     ------------------------------------------------------------- in this macro invocation
[INFO] [stdout]      |
[INFO] [stdout]      = note: this error originates in the macro `test_config` (in Nightly builds, run with -Z macro-backtrace for more info)
[INFO] [stdout] 
[INFO] [stdout] 
[INFO] [stdout] error[E0433]: failed to resolve: use of undeclared crate or module `paste`
[INFO] [stdout]     --> src/utils.rs:39:9
[INFO] [stdout]      |
[INFO] [stdout] 39   |         paste::paste! {
[INFO] [stdout]      |         ^^^^^ use of undeclared crate or module `paste`
[INFO] [stdout]      |
[INFO] [stdout]     ::: src/append_only_zks.rs:1642:5
[INFO] [stdout]      |
[INFO] [stdout] 1642 |     test_config!(test_get_child_azks_element);
[INFO] [stdout]      |     ----------------------------------------- in this macro invocation
[INFO] [stdout]      |
[INFO] [stdout]      = note: this error originates in the macro `test_config` (in Nightly builds, run with -Z macro-backtrace for more info)
[INFO] [stdout] 
[INFO] [stdout] 
[INFO] [stdout] error[E0433]: failed to resolve: use of undeclared crate or module `paste`
[INFO] [stdout]     --> src/utils.rs:39:9
[INFO] [stdout]      |
[INFO] [stdout] 39   |         paste::paste! {
[INFO] [stdout]      |         ^^^^^ use of undeclared crate or module `paste`
[INFO] [stdout]      |
[INFO] [stdout]     ::: src/append_only_zks.rs:1713:5
[INFO] [stdout]      |
[INFO] [stdout] 1713 |     test_config!(test_membership_proof_permuted);
[INFO] [stdout]      |     -------------------------------------------- in this macro invocation
[INFO] [stdout]      |
[INFO] [stdout]      = note: this error originates in the macro `test_config` (in Nightly builds, run with -Z macro-backtrace for more info)
[INFO] [stdout] 
[INFO] [stdout] 
[INFO] [stdout] error[E0433]: failed to resolve: use of undeclared crate or module `paste`
[INFO] [stdout]     --> src/utils.rs:39:9
[INFO] [stdout]      |
[INFO] [stdout] 39   |         paste::paste! {
[INFO] [stdout]      |         ^^^^^ use of undeclared crate or module `paste`
[INFO] [stdout]      |
[INFO] [stdout]     ::: src/append_only_zks.rs:1737:5
[INFO] [stdout]      |
[INFO] [stdout] 1737 |     test_config!(test_membership_proof_small);
[INFO] [stdout]      |     ----------------------------------------- in this macro invocation
[INFO] [stdout]      |
[INFO] [stdout]      = note: this error originates in the macro `test_config` (in Nightly builds, run with -Z macro-backtrace for more info)
[INFO] [stdout] 
[INFO] [stdout] 
[INFO] [stdout] error[E0433]: failed to resolve: use of undeclared crate or module `paste`
[INFO] [stdout]     --> src/utils.rs:39:9
[INFO] [stdout]      |
[INFO] [stdout] 39   |         paste::paste! {
[INFO] [stdout]      |         ^^^^^ use of undeclared crate or module `paste`
[INFO] [stdout]      |
[INFO] [stdout]     ::: src/append_only_zks.rs:1771:5
[INFO] [stdout]      |
[INFO] [stdout] 1771 |     test_config!(test_membership_proof_failing);
[INFO] [stdout]      |     ------------------------------------------- in this macro invocation
[INFO] [stdout]      |
[INFO] [stdout]      = note: this error originates in the macro `test_config` (in Nightly builds, run with -Z macro-backtrace for more info)
[INFO] [stdout] 
[INFO] [stdout] 
[INFO] [stdout] error[E0433]: failed to resolve: use of undeclared crate or module `paste`
[INFO] [stdout]     --> src/utils.rs:39:9
[INFO] [stdout]      |
[INFO] [stdout] 39   |         paste::paste! {
[INFO] [stdout]      |         ^^^^^ use of undeclared crate or module `paste`
[INFO] [stdout]      |
[INFO] [stdout]     ::: src/append_only_zks.rs:1804:5
[INFO] [stdout]      |
[INFO] [stdout] 1804 |     test_config!(test_nonmembership_proof_intermediate);
[INFO] [stdout]      |     --------------------------------------------------- in this macro invocation
[INFO] [stdout]      |
[INFO] [stdout]      = note: this error originates in the macro `test_config` (in Nightly builds, run with -Z macro-backtrace for more info)
[INFO] [stdout] 
[INFO] [stdout] 
[INFO] [stdout] error[E0433]: failed to resolve: use of undeclared crate or module `paste`
[INFO] [stdout]     --> src/utils.rs:39:9
[INFO] [stdout]      |
[INFO] [stdout] 39   |         paste::paste! {
[INFO] [stdout]      |         ^^^^^ use of undeclared crate or module `paste`
[INFO] [stdout]      |
[INFO] [stdout]     ::: src/append_only_zks.rs:1851:5
[INFO] [stdout]      |
[INFO] [stdout] 1851 |     test_config!(test_nonmembership_proof_very_small);
[INFO] [stdout]      |     ------------------------------------------------- in this macro invocation
[INFO] [stdout]      |
[INFO] [stdout]      = note: this error originates in the macro `test_config` (in Nightly builds, run with -Z macro-backtrace for more info)
[INFO] [stdout] 
[INFO] [stdout] 
[INFO] [stdout] error[E0433]: failed to resolve: use of undeclared crate or module `paste`
[INFO] [stdout]     --> src/utils.rs:39:9
[INFO] [stdout]      |
[INFO] [stdout] 39   |         paste::paste! {
[INFO] [stdout]      |         ^^^^^ use of undeclared crate or module `paste`
[INFO] [stdout]      |
[INFO] [stdout]     ::: src/append_only_zks.rs:1890:5
[INFO] [stdout]      |
[INFO] [stdout] 1890 |     test_config!(test_nonmembership_proof_small);
[INFO] [stdout]      |     -------------------------------------------- in this macro invocation
[INFO] [stdout]      |
[INFO] [stdout]      = note: this error originates in the macro `test_config` (in Nightly builds, run with -Z macro-backtrace for more info)
[INFO] [stdout] 
[INFO] [stdout] 
[INFO] [stdout] error[E0433]: failed to resolve: use of undeclared crate or module `paste`
[INFO] [stdout]     --> src/utils.rs:39:9
[INFO] [stdout]      |
[INFO] [stdout] 39   |         paste::paste! {
[INFO] [stdout]      |         ^^^^^ use of undeclared crate or module `paste`
[INFO] [stdout]      |
[INFO] [stdout]     ::: src/append_only_zks.rs:1915:5
[INFO] [stdout]      |
[INFO] [stdout] 1915 |     test_config!(test_nonmembership_proof);
[INFO] [stdout]      |     -------------------------------------- in this macro invocation
[INFO] [stdout]      |
[INFO] [stdout]      = note: this error originates in the macro `test_config` (in Nightly builds, run with -Z macro-backtrace for more info)
[INFO] [stdout] 
[INFO] [stdout] 
[INFO] [stdout] error[E0433]: failed to resolve: use of undeclared crate or module `paste`
[INFO] [stdout]     --> src/utils.rs:39:9
[INFO] [stdout]      |
[INFO] [stdout] 39   |         paste::paste! {
[INFO] [stdout]      |         ^^^^^ use of undeclared crate or module `paste`
[INFO] [stdout]      |
[INFO] [stdout]     ::: src/append_only_zks.rs:1940:5
[INFO] [stdout]      |
[INFO] [stdout] 1940 |     test_config!(test_append_only_proof_very_tiny);
[INFO] [stdout]      |     ---------------------------------------------- in this macro invocation
[INFO] [stdout]      |
[INFO] [stdout]      = note: this error originates in the macro `test_config` (in Nightly builds, run with -Z macro-backtrace for more info)
[INFO] [stdout] 
[INFO] [stdout] 
[INFO] [stdout] error[E0433]: failed to resolve: use of undeclared crate or module `paste`
[INFO] [stdout]     --> src/utils.rs:39:9
[INFO] [stdout]      |
[INFO] [stdout] 39   |         paste::paste! {
[INFO] [stdout]      |         ^^^^^ use of undeclared crate or module `paste`
[INFO] [stdout]      |
[INFO] [stdout]     ::: src/append_only_zks.rs:1969:5
[INFO] [stdout]      |
[INFO] [stdout] 1969 |     test_config!(test_append_only_proof_tiny);
[INFO] [stdout]      |     ----------------------------------------- in this macro invocation
[INFO] [stdout]      |
[INFO] [stdout]      = note: this error originates in the macro `test_config` (in Nightly builds, run with -Z macro-backtrace for more info)
[INFO] [stdout] 
[INFO] [stdout] 
[INFO] [stdout] error[E0433]: failed to resolve: use of undeclared crate or module `paste`
[INFO] [stdout]     --> src/utils.rs:39:9
[INFO] [stdout]      |
[INFO] [stdout] 39   |         paste::paste! {
[INFO] [stdout]      |         ^^^^^ use of undeclared crate or module `paste`
[INFO] [stdout]      |
[INFO] [stdout]     ::: src/append_only_zks.rs:2010:5
[INFO] [stdout]      |
[INFO] [stdout] 2010 |     test_config!(test_append_only_proof);
[INFO] [stdout]      |     ------------------------------------ in this macro invocation
[INFO] [stdout]      |
[INFO] [stdout]      = note: this error originates in the macro `test_config` (in Nightly builds, run with -Z macro-backtrace for more info)
[INFO] [stdout] 
[INFO] [stdout] 
[INFO] [stdout] error[E0433]: failed to resolve: use of undeclared crate or module `paste`
[INFO] [stdout]     --> src/utils.rs:39:9
[INFO] [stdout]      |
[INFO] [stdout] 39   |         paste::paste! {
[INFO] [stdout]      |         ^^^^^ use of undeclared crate or module `paste`
[INFO] [stdout]      |
[INFO] [stdout]     ::: src/append_only_zks.rs:2044:5
[INFO] [stdout]      |
[INFO] [stdout] 2044 |     test_config!(future_epoch_throws_error);
[INFO] [stdout]      |     --------------------------------------- in this macro invocation
[INFO] [stdout]      |
[INFO] [stdout]      = note: this error originates in the macro `test_config` (in Nightly builds, run with -Z macro-backtrace for more info)
[INFO] [stdout] 
[INFO] [stdout] 
[INFO] [stdout] error[E0433]: failed to resolve: use of undeclared crate or module `paste`
[INFO] [stdout]    --> src/utils.rs:39:9
[INFO] [stdout]     |
[INFO] [stdout] 39  |         paste::paste! {
[INFO] [stdout]     |         ^^^^^ use of undeclared crate or module `paste`
[INFO] [stdout]     |
[INFO] [stdout]    ::: src/tree_node.rs:570:5
[INFO] [stdout]     |
[INFO] [stdout] 570 |     test_config!(test_smallest_descendant_ep);
[INFO] [stdout]     |     ----------------------------------------- in this macro invocation
[INFO] [stdout]     |
[INFO] [stdout]     = note: this error originates in the macro `test_config` (in Nightly builds, run with -Z macro-backtrace for more info)
[INFO] [stdout] 
[INFO] [stdout] 
[INFO] [stdout] error[E0433]: failed to resolve: use of undeclared crate or module `paste`
[INFO] [stdout]    --> src/utils.rs:39:9
[INFO] [stdout]     |
[INFO] [stdout] 39  |         paste::paste! {
[INFO] [stdout]     |         ^^^^^ use of undeclared crate or module `paste`
[INFO] [stdout]     |
[INFO] [stdout]    ::: src/tree_node.rs:663:5
[INFO] [stdout]     |
[INFO] [stdout] 663 |     test_config!(test_insert_single_leaf_root);
[INFO] [stdout]     |     ------------------------------------------ in this macro invocation
[INFO] [stdout]     |
[INFO] [stdout]     = note: this error originates in the macro `test_config` (in Nightly builds, run with -Z macro-backtrace for more info)
[INFO] [stdout] 
[INFO] [stdout] 
[INFO] [stdout] error[E0433]: failed to resolve: use of undeclared crate or module `paste`
[INFO] [stdout]    --> src/utils.rs:39:9
[INFO] [stdout]     |
[INFO] [stdout] 39  |         paste::paste! {
[INFO] [stdout]     |         ^^^^^ use of undeclared crate or module `paste`
[INFO] [stdout]     |
[INFO] [stdout]    ::: src/tree_node.rs:718:5
[INFO] [stdout]     |
[INFO] [stdout] 718 |     test_config!(test_insert_single_leaf_below_root);
[INFO] [stdout]     |     ------------------------------------------------ in this macro invocation
[INFO] [stdout]     |
[INFO] [stdout]     = note: this error originates in the macro `test_config` (in Nightly builds, run with -Z macro-backtrace for more info)
[INFO] [stdout] 
[INFO] [stdout] 
[INFO] [stdout] error[E0433]: failed to resolve: use of undeclared crate or module `paste`
[INFO] [stdout]    --> src/utils.rs:39:9
[INFO] [stdout]     |
[INFO] [stdout] 39  |         paste::paste! {
[INFO] [stdout]     |         ^^^^^ use of undeclared crate or module `paste`
[INFO] [stdout]     |
[INFO] [stdout]    ::: src/tree_node.rs:808:5
[INFO] [stdout]     |
[INFO] [stdout] 808 |     test_config!(test_insert_single_leaf_below_root_both_sides);
[INFO] [stdout]     |     ----------------------------------------------------------- in this macro invocation
[INFO] [stdout]     |
[INFO] [stdout]     = note: this error originates in the macro `test_config` (in Nightly builds, run with -Z macro-backtrace for more info)
[INFO] [stdout] 
[INFO] [stdout] 
[INFO] [stdout] error[E0433]: failed to resolve: use of undeclared crate or module `paste`
[INFO] [stdout]    --> src/utils.rs:39:9
[INFO] [stdout]     |
[INFO] [stdout] 39  |         paste::paste! {
[INFO] [stdout]     |         ^^^^^ use of undeclared crate or module `paste`
[INFO] [stdout]     |
[INFO] [stdout]    ::: src/tree_node.rs:937:5
[INFO] [stdout]     |
[INFO] [stdout] 937 |     test_config!(test_insert_single_leaf_full_tree);
[INFO] [stdout]     |     ----------------------------------------------- in this macro invocation
[INFO] [stdout]     |
[INFO] [stdout]     = note: this error originates in the macro `test_config` (in Nightly builds, run with -Z macro-backtrace for more info)
[INFO] [stdout] 
[INFO] [stdout] 
[INFO] [stdout] error[E0433]: failed to resolve: use of undeclared crate or module `paste`
[INFO] [stdout]    --> src/utils.rs:39:9
[INFO] [stdout]     |
[INFO] [stdout] 39  |         paste::paste! {
[INFO] [stdout]     |         ^^^^^ use of undeclared crate or module `paste`
[INFO] [stdout]     |
[INFO] [stdout]    ::: src/tests.rs:134:1
[INFO] [stdout]     |
[INFO] [stdout] 134 | test_config!(test_empty_tree_root_hash);
[INFO] [stdout]     | --------------------------------------- in this macro invocation
[INFO] [stdout]     |
[INFO] [stdout]     = note: this error originates in the macro `test_config` (in Nightly builds, run with -Z macro-backtrace for more info)
[INFO] [stdout] 
[INFO] [stdout] 
[INFO] [stdout] error[E0433]: failed to resolve: use of undeclared crate or module `paste`
[INFO] [stdout]    --> src/utils.rs:39:9
[INFO] [stdout]     |
[INFO] [stdout] 39  |         paste::paste! {
[INFO] [stdout]     |         ^^^^^ use of undeclared crate or module `paste`
[INFO] [stdout]     |
[INFO] [stdout]    ::: src/tests.rs:154:1
[INFO] [stdout]     |
[INFO] [stdout] 154 | test_config!(test_simple_publish);
[INFO] [stdout]     | --------------------------------- in this macro invocation
[INFO] [stdout]     |
[INFO] [stdout]     = note: this error originates in the macro `test_config` (in Nightly builds, run with -Z macro-backtrace for more info)
[INFO] [stdout] 
[INFO] [stdout] 
[INFO] [stdout] error[E0433]: failed to resolve: use of undeclared crate or module `paste`
[INFO] [stdout]    --> src/utils.rs:39:9
[INFO] [stdout]     |
[INFO] [stdout] 39  |         paste::paste! {
[INFO] [stdout]     |         ^^^^^ use of undeclared crate or module `paste`
[INFO] [stdout]     |
[INFO] [stdout]    ::: src/tests.rs:168:1
[INFO] [stdout]     |
[INFO] [stdout] 168 | test_config!(test_complex_publish);
[INFO] [stdout]     | ---------------------------------- in this macro invocation
[INFO] [stdout]     |
[INFO] [stdout]     = note: this error originates in the macro `test_config` (in Nightly builds, run with -Z macro-backtrace for more info)
[INFO] [stdout] 
[INFO] [stdout] 
[INFO] [stdout] error[E0433]: failed to resolve: use of undeclared crate or module `paste`
[INFO] [stdout]    --> src/utils.rs:39:9
[INFO] [stdout]     |
[INFO] [stdout] 39  |         paste::paste! {
[INFO] [stdout]     |         ^^^^^ use of undeclared crate or module `paste`
[INFO] [stdout]     |
[INFO] [stdout]    ::: src/tests.rs:190:1
[INFO] [stdout]     |
[INFO] [stdout] 190 | test_config!(test_simple_lookup);
[INFO] [stdout]     | -------------------------------- in this macro invocation
[INFO] [stdout]     |
[INFO] [stdout]     = note: this error originates in the macro `test_config` (in Nightly builds, run with -Z macro-backtrace for more info)
[INFO] [stdout] 
[INFO] [stdout] 
[INFO] [stdout] error[E0433]: failed to resolve: use of undeclared crate or module `paste`
[INFO] [stdout]    --> src/utils.rs:39:9
[INFO] [stdout]     |
[INFO] [stdout] 39  |         paste::paste! {
[INFO] [stdout]     |         ^^^^^ use of undeclared crate or module `paste`
[INFO] [stdout]     |
[INFO] [stdout]    ::: src/tests.rs:220:1
[INFO] [stdout]     |
[INFO] [stdout] 220 | test_config!(test_small_key_history);
[INFO] [stdout]     | ------------------------------------ in this macro invocation
[INFO] [stdout]     |
[INFO] [stdout]     = note: this error originates in the macro `test_config` (in Nightly builds, run with -Z macro-backtrace for more info)
[INFO] [stdout] 
[INFO] [stdout] 
[INFO] [stdout] error[E0433]: failed to resolve: use of undeclared crate or module `paste`
[INFO] [stdout]    --> src/utils.rs:39:9
[INFO] [stdout]     |
[INFO] [stdout] 39  |         paste::paste! {
[INFO] [stdout]     |         ^^^^^ use of undeclared crate or module `paste`
[INFO] [stdout]     |
[INFO] [stdout]    ::: src/tests.rs:276:1
[INFO] [stdout]     |
[INFO] [stdout] 276 | test_config!(test_simple_key_history);
[INFO] [stdout]     | ------------------------------------- in this macro invocation
[INFO] [stdout]     |
[INFO] [stdout]     = note: this error originates in the macro `test_config` (in Nightly builds, run with -Z macro-backtrace for more info)
[INFO] [stdout] 
[INFO] [stdout] 
[INFO] [stdout] error[E0433]: failed to resolve: use of undeclared crate or module `paste`
[INFO] [stdout]    --> src/utils.rs:39:9
[INFO] [stdout]     |
[INFO] [stdout] 39  |         paste::paste! {
[INFO] [stdout]     |         ^^^^^ use of undeclared crate or module `paste`
[INFO] [stdout]     |
[INFO] [stdout]    ::: src/tests.rs:421:1
[INFO] [stdout]     |
[INFO] [stdout] 421 | test_config!(test_complex_verification_many_versions);
[INFO] [stdout]     | ----------------------------------------------------- in this macro invocation
[INFO] [stdout]     |
[INFO] [stdout]     = note: this error originates in the macro `test_config` (in Nightly builds, run with -Z macro-backtrace for more info)
[INFO] [stdout] 
[INFO] [stdout] 
[INFO] [stdout] error[E0433]: failed to resolve: use of undeclared crate or module `paste`
[INFO] [stdout]    --> src/utils.rs:39:9
[INFO] [stdout]     |
[INFO] [stdout] 39  |         paste::paste! {
[INFO] [stdout]     |         ^^^^^ use of undeclared crate or module `paste`
[INFO] [stdout]     |
[INFO] [stdout]    ::: src/tests.rs:505:1
[INFO] [stdout]     |
[INFO] [stdout] 505 | test_config!(test_limited_key_history);
[INFO] [stdout]     | -------------------------------------- in this macro invocation
[INFO] [stdout]     |
[INFO] [stdout]     = note: this error originates in the macro `test_config` (in Nightly builds, run with -Z macro-backtrace for more info)
[INFO] [stdout] 
[INFO] [stdout] 
[INFO] [stdout] error[E0433]: failed to resolve: use of undeclared crate or module `paste`
[INFO] [stdout]    --> src/utils.rs:39:9
[INFO] [stdout]     |
[INFO] [stdout] 39  |         paste::paste! {
[INFO] [stdout]     |         ^^^^^ use of undeclared crate or module `paste`
[INFO] [stdout]     |
[INFO] [stdout]    ::: src/tests.rs:628:1
[INFO] [stdout]     |
[INFO] [stdout] 628 | test_config!(test_malicious_key_history);
[INFO] [stdout]     | ---------------------------------------- in this macro invocation
[INFO] [stdout]     |
[INFO] [stdout]     = note: this error originates in the macro `test_config` (in Nightly builds, run with -Z macro-backtrace for more info)
[INFO] [stdout] 
[INFO] [stdout] 
[INFO] [stdout] error[E0433]: failed to resolve: use of undeclared crate or module `paste`
[INFO] [stdout]    --> src/utils.rs:39:9
[INFO] [stdout]     |
[INFO] [stdout] 39  |         paste::paste! {
[INFO] [stdout]     |         ^^^^^ use of undeclared crate or module `paste`
[INFO] [stdout]     |
[INFO] [stdout]    ::: src/tests.rs:698:1
[INFO] [stdout]     |
[INFO] [stdout] 698 | test_config!(test_simple_audit);
[INFO] [stdout]     | ------------------------------- in this macro invocation
[INFO] [stdout]     |
[INFO] [stdout]     = note: this error originates in the macro `test_config` (in Nightly builds, run with -Z macro-backtrace for more info)
[INFO] [stdout] 
[INFO] [stdout] 
[INFO] [stdout] error[E0433]: failed to resolve: use of undeclared crate or module `paste`
[INFO] [stdout]    --> src/utils.rs:39:9
[INFO] [stdout]     |
[INFO] [stdout] 39  |         paste::paste! {
[INFO] [stdout]     |         ^^^^^ use of undeclared crate or module `paste`
[INFO] [stdout]     |
[INFO] [stdout]    ::: src/tests.rs:871:1
[INFO] [stdout]     |
[INFO] [stdout] 871 | test_config!(test_read_during_publish);
[INFO] [stdout]     | -------------------------------------- in this macro invocation
[INFO] [stdout]     |
[INFO] [stdout]     = note: this error originates in the macro `test_config` (in Nightly builds, run with -Z macro-backtrace for more info)
[INFO] [stdout] 
[INFO] [stdout] 
[INFO] [stdout] error[E0433]: failed to resolve: use of undeclared crate or module `paste`
[INFO] [stdout]    --> src/utils.rs:39:9
[INFO] [stdout]     |
[INFO] [stdout] 39  |         paste::paste! {
[INFO] [stdout]     |         ^^^^^ use of undeclared crate or module `paste`
[INFO] [stdout]     |
[INFO] [stdout]    ::: src/tests.rs:968:1
[INFO] [stdout]     |
[INFO] [stdout] 968 | test_config!(test_directory_read_only_mode);
[INFO] [stdout]     | ------------------------------------------- in this macro invocation
[INFO] [stdout]     |
[INFO] [stdout]     = note: this error originates in the macro `test_config` (in Nightly builds, run with -Z macro-backtrace for more info)
[INFO] [stdout] 
[INFO] [stdout] 
[INFO] [stdout] error[E0433]: failed to resolve: use of undeclared crate or module `paste`
[INFO] [stdout]    --> src/utils.rs:39:9
[INFO] [stdout]     |
[INFO] [stdout] 39  |         paste::paste! {
[INFO] [stdout]     |         ^^^^^ use of undeclared crate or module `paste`
[INFO] [stdout]     |
[INFO] [stdout]    ::: src/tests.rs:983:1
[INFO] [stdout]     |
[INFO] [stdout] 983 | test_config!(test_directory_polling_azks_change);
[INFO] [stdout]     | ------------------------------------------------ in this macro invocation
[INFO] [stdout]     |
[INFO] [stdout]     = note: this error originates in the macro `test_config` (in Nightly builds, run with -Z macro-backtrace for more info)
[INFO] [stdout] 
[INFO] [stdout] 
[INFO] [stdout] error[E0433]: failed to resolve: use of undeclared crate or module `paste`
[INFO] [stdout]     --> src/utils.rs:39:9
[INFO] [stdout]      |
[INFO] [stdout] 39   |         paste::paste! {
[INFO] [stdout]      |         ^^^^^ use of undeclared crate or module `paste`
[INFO] [stdout]      |
[INFO] [stdout]     ::: src/tests.rs:1033:1
[INFO] [stdout]      |
[INFO] [stdout] 1033 | test_config!(test_tombstoned_key_history);
[INFO] [stdout]      | ----------------------------------------- in this macro invocation
[INFO] [stdout]      |
[INFO] [stdout]      = note: this error originates in the macro `test_config` (in Nightly builds, run with -Z macro-backtrace for more info)
[INFO] [stdout] 
[INFO] [stdout] 
[INFO] [stdout] error[E0433]: failed to resolve: use of undeclared crate or module `paste`
[INFO] [stdout]     --> src/utils.rs:39:9
[INFO] [stdout]      |
[INFO] [stdout] 39   |         paste::paste! {
[INFO] [stdout]      |         ^^^^^ use of undeclared crate or module `paste`
[INFO] [stdout]      |
[INFO] [stdout]     ::: src/tests.rs:1109:1
[INFO] [stdout]      |
[INFO] [stdout] 1109 | test_config!(test_publish_op_makes_no_get_requests);
[INFO] [stdout]      | --------------------------------------------------- in this macro invocation
[INFO] [stdout]      |
[INFO] [stdout]      = note: this error originates in the macro `test_config` (in Nightly builds, run with -Z macro-backtrace for more info)
[INFO] [stdout] 
[INFO] [stdout] 
[INFO] [stdout] error[E0433]: failed to resolve: use of undeclared crate or module `paste`
[INFO] [stdout]     --> src/utils.rs:39:9
[INFO] [stdout]      |
[INFO] [stdout] 39   |         paste::paste! {
[INFO] [stdout]      |         ^^^^^ use of undeclared crate or module `paste`
[INFO] [stdout]      |
[INFO] [stdout]     ::: src/tests.rs:1179:1
[INFO] [stdout]      |
[INFO] [stdout] 1179 | test_config!(test_simple_lookup_for_small_tree);
[INFO] [stdout]      | ----------------------------------------------- in this macro invocation
[INFO] [stdout]      |
[INFO] [stdout]      = note: this error originates in the macro `test_config` (in Nightly builds, run with -Z macro-backtrace for more info)
[INFO] [stdout] 
[INFO] [stdout] 
[INFO] [stdout] error[E0433]: failed to resolve: use of undeclared crate or module `paste`
[INFO] [stdout]     --> src/utils.rs:39:9
[INFO] [stdout]      |
[INFO] [stdout] 39   |         paste::paste! {
[INFO] [stdout]      |         ^^^^^ use of undeclared crate or module `paste`
[INFO] [stdout]      |
[INFO] [stdout]     ::: src/tests.rs:1232:1
[INFO] [stdout]      |
[INFO] [stdout] 1232 | test_config!(test_lookup_verify_invalid_version_number);
[INFO] [stdout]      | ------------------------------------------------------- in this macro invocation
[INFO] [stdout]      |
[INFO] [stdout]      = note: this error originates in the macro `test_config` (in Nightly builds, run with -Z macro-backtrace for more info)
[INFO] [stdout] 
[INFO] [stdout] 
[INFO] [stdout] error[E0433]: failed to resolve: use of undeclared crate or module `paste`
[INFO] [stdout]     --> src/utils.rs:39:9
[INFO] [stdout]      |
[INFO] [stdout] 39   |         paste::paste! {
[INFO] [stdout]      |         ^^^^^ use of undeclared crate or module `paste`
[INFO] [stdout]      |
[INFO] [stdout]     ::: src/tests.rs:1282:1
[INFO] [stdout]      |
[INFO] [stdout] 1282 | test_config!(test_publish_duplicate_entries);
[INFO] [stdout]      | -------------------------------------------- in this macro invocation
[INFO] [stdout]      |
[INFO] [stdout]      = note: this error originates in the macro `test_config` (in Nightly builds, run with -Z macro-backtrace for more info)
[INFO] [stdout] 
[INFO] [stdout] 
[INFO] [stdout] error[E0433]: failed to resolve: use of undeclared crate or module `paste`
[INFO] [stdout]     --> src/utils.rs:39:9
[INFO] [stdout]      |
[INFO] [stdout] 39   |         paste::paste! {
[INFO] [stdout]      |         ^^^^^ use of undeclared crate or module `paste`
[INFO] [stdout]      |
[INFO] [stdout]     ::: src/tests.rs:1310:1
[INFO] [stdout]      |
[INFO] [stdout] 1310 | test_config!(test_key_history_verify_malformed);
[INFO] [stdout]      | ----------------------------------------------- in this macro invocation
[INFO] [stdout]      |
[INFO] [stdout]      = note: this error originates in the macro `test_config` (in Nightly builds, run with -Z macro-backtrace for more info)
[INFO] [stdout] 
[INFO] [stdout] 
[INFO] [stdout] error[E0433]: failed to resolve: use of undeclared crate or module `rand`
[INFO] [stdout]     --> src/tests.rs:1317:19
[INFO] [stdout]      |
[INFO] [stdout] 1317 |     let mut rng = rand::rngs::OsRng;
[INFO] [stdout]      |                   ^^^^ use of undeclared crate or module `rand`
[INFO] [stdout] 
[INFO] [stdout] 
[INFO] [stdout] error[E0433]: failed to resolve: use of undeclared crate or module `rand`
[INFO] [stdout]   --> src/utils.rs:25:43
[INFO] [stdout]    |
[INFO] [stdout] 25 | pub(crate) fn random_label(rng: &mut impl rand::Rng) -> crate::NodeLabel {
[INFO] [stdout]    |                                           ^^^^ use of undeclared crate or module `rand`
[INFO] [stdout] 
[INFO] [stdout] 
[INFO] [stdout] error: aborting due to 55 previous errors
[INFO] [stdout] 
[INFO] [stdout] 
[INFO] [stdout] Some errors have detailed explanations: E0432, E0433.
[INFO] [stdout] 
[INFO] [stdout] For more information about an error, try `rustc --explain E0432`.
[INFO] [stdout] 
[INFO] [stderr] error: could not compile `akd` (lib test) due to 56 previous errors
[INFO] running `Command { std: "docker" "inspect" "0b569487d3f0645010042f107a37ac93e5c5ae459ae575390797746814902aeb", kill_on_drop: false }`
[INFO] running `Command { std: "docker" "rm" "-f" "0b569487d3f0645010042f107a37ac93e5c5ae459ae575390797746814902aeb", kill_on_drop: false }`
[INFO] [stdout] 0b569487d3f0645010042f107a37ac93e5c5ae459ae575390797746814902aeb
