[INFO] fetching crate ajars_server_actix_web 0.10.0...
[INFO] testing ajars_server_actix_web-0.10.0 against 1.75.0 for beta-1.76-1
[INFO] extracting crate ajars_server_actix_web 0.10.0 into /workspace/builds/worker-5-tc1/source
[INFO] validating manifest of crates.io crate ajars_server_actix_web 0.10.0 on toolchain 1.75.0
[INFO] running `Command { std: CARGO_HOME="/workspace/cargo-home" RUSTUP_HOME="/workspace/rustup-home" "/workspace/cargo-home/bin/cargo" "+1.75.0" "metadata" "--manifest-path" "Cargo.toml" "--no-deps", kill_on_drop: false }`
[INFO] started tweaking crates.io crate ajars_server_actix_web 0.10.0
[INFO] finished tweaking crates.io crate ajars_server_actix_web 0.10.0
[INFO] tweaked toml for crates.io crate ajars_server_actix_web 0.10.0 written to /workspace/builds/worker-5-tc1/source/Cargo.toml
[INFO] running `Command { std: CARGO_HOME="/workspace/cargo-home" RUSTUP_HOME="/workspace/rustup-home" "/workspace/cargo-home/bin/cargo" "+1.75.0" "generate-lockfile" "--manifest-path" "Cargo.toml", kill_on_drop: false }`
[INFO] [stderr]     Updating crates.io index
[INFO] running `Command { std: CARGO_HOME="/workspace/cargo-home" RUSTUP_HOME="/workspace/rustup-home" "/workspace/cargo-home/bin/cargo" "+1.75.0" "fetch" "--manifest-path" "Cargo.toml", kill_on_drop: false }`
[INFO] [stderr]  Downloading crates ...
[INFO] [stderr]   Downloaded time-macros v0.2.16
[INFO] [stderr]   Downloaded ajars_core v0.10.0
[INFO] [stderr]   Downloaded deranged v0.3.11
[INFO] [stderr]   Downloaded zstd-safe v7.0.0
[INFO] [stderr]   Downloaded zstd v0.13.0
[INFO] [stderr]   Downloaded actix-web-codegen v4.2.2
[INFO] [stderr]   Downloaded actix-router v0.5.2
[INFO] [stderr]   Downloaded actix-http v3.5.1
[INFO] [stderr]   Downloaded time v0.3.31
[INFO] [stderr]   Downloaded zstd-sys v2.0.9+zstd.1.5.5
[INFO] [stderr]   Downloaded actix-web v4.4.1
[INFO] running `Command { std: "docker" "create" "-v" "/var/lib/crater-agent-workspace/builds/worker-5-tc1/target:/opt/rustwide/target:rw,Z" "-v" "/var/lib/crater-agent-workspace/builds/worker-5-tc1/source:/opt/rustwide/workdir:ro,Z" "-v" "/var/lib/crater-agent-workspace/cargo-home:/opt/rustwide/cargo-home:ro,Z" "-v" "/var/lib/crater-agent-workspace/rustup-home:/opt/rustwide/rustup-home:ro,Z" "-e" "SOURCE_DIR=/opt/rustwide/workdir" "-e" "CARGO_TARGET_DIR=/opt/rustwide/target" "-e" "CARGO_HOME=/opt/rustwide/cargo-home" "-e" "RUSTUP_HOME=/opt/rustwide/rustup-home" "-w" "/opt/rustwide/workdir" "-m" "1610612736" "--user" "0:0" "--network" "none" "ghcr.io/rust-lang/crates-build-env/linux@sha256:2788e3201cd34a07e3172128adcd8b3090168a8e3bcc40d7c032b9dda1df7d1c" "/opt/rustwide/cargo-home/bin/cargo" "+1.75.0" "metadata" "--no-deps" "--format-version=1", kill_on_drop: false }`
[INFO] [stdout] dc5310e1f8bca45ed204a8b036c327d59acbf694367504d2521bbc81c7b239e8
[INFO] running `Command { std: "docker" "start" "-a" "dc5310e1f8bca45ed204a8b036c327d59acbf694367504d2521bbc81c7b239e8", kill_on_drop: false }`
[INFO] running `Command { std: "docker" "inspect" "dc5310e1f8bca45ed204a8b036c327d59acbf694367504d2521bbc81c7b239e8", kill_on_drop: false }`
[INFO] running `Command { std: "docker" "rm" "-f" "dc5310e1f8bca45ed204a8b036c327d59acbf694367504d2521bbc81c7b239e8", kill_on_drop: false }`
[INFO] [stdout] dc5310e1f8bca45ed204a8b036c327d59acbf694367504d2521bbc81c7b239e8
[INFO] running `Command { std: "docker" "create" "-v" "/var/lib/crater-agent-workspace/builds/worker-5-tc1/target:/opt/rustwide/target:rw,Z" "-v" "/var/lib/crater-agent-workspace/builds/worker-5-tc1/source:/opt/rustwide/workdir:ro,Z" "-v" "/var/lib/crater-agent-workspace/cargo-home:/opt/rustwide/cargo-home:ro,Z" "-v" "/var/lib/crater-agent-workspace/rustup-home:/opt/rustwide/rustup-home:ro,Z" "-e" "SOURCE_DIR=/opt/rustwide/workdir" "-e" "CARGO_TARGET_DIR=/opt/rustwide/target" "-e" "CARGO_INCREMENTAL=0" "-e" "RUST_BACKTRACE=full" "-e" "RUSTFLAGS=--cap-lints=warn" "-e" "RUSTDOCFLAGS=--cap-lints=warn" "-e" "CARGO_HOME=/opt/rustwide/cargo-home" "-e" "RUSTUP_HOME=/opt/rustwide/rustup-home" "-w" "/opt/rustwide/workdir" "-m" "1610612736" "--user" "0:0" "--network" "none" "ghcr.io/rust-lang/crates-build-env/linux@sha256:2788e3201cd34a07e3172128adcd8b3090168a8e3bcc40d7c032b9dda1df7d1c" "/opt/rustwide/cargo-home/bin/cargo" "+1.75.0" "build" "--frozen" "--message-format=json", kill_on_drop: false }`
[INFO] [stdout] d6831870f74228be987824ba52ff7a0f7f6039b1da16342464d5a4d55f5fb433
[INFO] running `Command { std: "docker" "start" "-a" "d6831870f74228be987824ba52ff7a0f7f6039b1da16342464d5a4d55f5fb433", kill_on_drop: false }`
[INFO] [stderr]    Compiling serde v1.0.194
[INFO] [stderr]    Compiling pkg-config v0.3.28
[INFO] [stderr]    Compiling regex-syntax v0.8.2
[INFO] [stderr]    Compiling parking_lot_core v0.9.9
[INFO] [stderr]    Compiling jobserver v0.1.27
[INFO] [stderr]    Compiling mio v0.8.10
[INFO] [stderr]    Compiling tracing v0.1.40
[INFO] [stderr]    Compiling bytestring v1.3.1
[INFO] [stderr]    Compiling alloc-no-stdlib v2.0.4
[INFO] [stderr]    Compiling syn v1.0.109
[INFO] [stderr]    Compiling syn v2.0.48
[INFO] [stderr]    Compiling local-waker v0.1.4
[INFO] [stderr]    Compiling zstd-safe v7.0.0
[INFO] [stderr]    Compiling ahash v0.8.7
[INFO] [stderr]    Compiling tracing-core v0.1.32
[INFO] [stderr]    Compiling ppv-lite86 v0.2.17
[INFO] [stderr]    Compiling powerfmt v0.2.0
[INFO] [stderr]    Compiling alloc-stdlib v0.2.2
[INFO] [stderr]    Compiling cc v1.0.83
[INFO] [stderr]    Compiling parking_lot v0.12.1
[INFO] [stderr]    Compiling time-core v0.1.2
[INFO] [stderr]    Compiling deranged v0.3.11
[INFO] [stderr]    Compiling brotli-decompressor v2.5.1
[INFO] [stderr]    Compiling time-macros v0.2.16
[INFO] [stderr]    Compiling actix-utils v3.0.1
[INFO] [stderr]    Compiling digest v0.10.7
[INFO] [stderr]    Compiling actix-service v2.0.2
[INFO] [stderr]    Compiling tokio v1.35.1
[INFO] [stderr]    Compiling rand_chacha v0.3.1
[INFO] [stderr]    Compiling cookie v0.16.2
[INFO] [stderr]    Compiling serde_json v1.0.111
[INFO] [stderr]    Compiling sha1 v0.10.6
[INFO] [stderr]    Compiling rand v0.8.5
[INFO] [stderr]    Compiling flate2 v1.0.28
[INFO] [stderr]    Compiling local-channel v0.1.5
[INFO] [stderr]    Compiling encoding_rs v0.8.33
[INFO] [stderr]    Compiling mime v0.3.17
[INFO] [stderr]    Compiling bitflags v2.4.1
[INFO] [stderr]    Compiling language-tags v0.3.2
[INFO] [stderr]    Compiling brotli v3.4.0
[INFO] [stderr]    Compiling zstd-sys v2.0.9+zstd.1.5.5
[INFO] [stderr]    Compiling regex-automata v0.4.3
[INFO] [stderr]    Compiling time v0.3.31
[INFO] [stderr]    Compiling serde_urlencoded v0.7.1
[INFO] [stderr]    Compiling ajars_core v0.10.0
[INFO] [stderr]    Compiling derive_more v0.99.17
[INFO] [stderr]    Compiling tokio-util v0.7.10
[INFO] [stderr]    Compiling actix-rt v2.9.0
[INFO] [stderr]    Compiling regex v1.10.2
[INFO] [stderr]    Compiling actix-codec v0.5.1
[INFO] [stderr]    Compiling actix-router v0.5.2
[INFO] [stderr]    Compiling futures-macro v0.3.30
[INFO] [stderr]    Compiling actix-macros v0.2.4
[INFO] [stderr]    Compiling actix-web-codegen v4.2.2
[INFO] [stderr]    Compiling futures-util v0.3.30
[INFO] [stderr]    Compiling zstd v0.13.0
[INFO] [stderr]    Compiling h2 v0.3.22
[INFO] [stderr]    Compiling actix-server v2.3.0
[INFO] [stderr]    Compiling actix-http v3.5.1
[INFO] [stderr]    Compiling actix-web v4.4.1
[INFO] [stderr]    Compiling ajars_server_actix_web v0.10.0 (/opt/rustwide/workdir)
[INFO] [stderr]     Finished dev [unoptimized + debuginfo] target(s) in 22.07s
[INFO] running `Command { std: "docker" "inspect" "d6831870f74228be987824ba52ff7a0f7f6039b1da16342464d5a4d55f5fb433", kill_on_drop: false }`
[INFO] running `Command { std: "docker" "rm" "-f" "d6831870f74228be987824ba52ff7a0f7f6039b1da16342464d5a4d55f5fb433", kill_on_drop: false }`
[INFO] [stdout] d6831870f74228be987824ba52ff7a0f7f6039b1da16342464d5a4d55f5fb433
[INFO] running `Command { std: "docker" "create" "-v" "/var/lib/crater-agent-workspace/builds/worker-5-tc1/target:/opt/rustwide/target:rw,Z" "-v" "/var/lib/crater-agent-workspace/builds/worker-5-tc1/source:/opt/rustwide/workdir:ro,Z" "-v" "/var/lib/crater-agent-workspace/cargo-home:/opt/rustwide/cargo-home:ro,Z" "-v" "/var/lib/crater-agent-workspace/rustup-home:/opt/rustwide/rustup-home:ro,Z" "-e" "SOURCE_DIR=/opt/rustwide/workdir" "-e" "CARGO_TARGET_DIR=/opt/rustwide/target" "-e" "CARGO_INCREMENTAL=0" "-e" "RUST_BACKTRACE=full" "-e" "RUSTFLAGS=--cap-lints=warn" "-e" "RUSTDOCFLAGS=--cap-lints=warn" "-e" "CARGO_HOME=/opt/rustwide/cargo-home" "-e" "RUSTUP_HOME=/opt/rustwide/rustup-home" "-w" "/opt/rustwide/workdir" "-m" "1610612736" "--user" "0:0" "--network" "none" "ghcr.io/rust-lang/crates-build-env/linux@sha256:2788e3201cd34a07e3172128adcd8b3090168a8e3bcc40d7c032b9dda1df7d1c" "/opt/rustwide/cargo-home/bin/cargo" "+1.75.0" "test" "--frozen" "--no-run" "--message-format=json", kill_on_drop: false }`
[INFO] [stdout] 30124cb028292b1a87b353e041aa579773bdf8b0cb8131b077d1d0a9d226e444
[INFO] running `Command { std: "docker" "start" "-a" "30124cb028292b1a87b353e041aa579773bdf8b0cb8131b077d1d0a9d226e444", kill_on_drop: false }`
[INFO] [stderr]    Compiling actix-rt v2.9.0
[INFO] [stderr]    Compiling actix-http v3.5.1
[INFO] [stderr]    Compiling actix-server v2.3.0
[INFO] [stderr]    Compiling actix-web v4.4.1
[INFO] [stderr]    Compiling ajars_server_actix_web v0.10.0 (/opt/rustwide/workdir)
[INFO] [stdout] error: cannot find derive macro `Serialize` in this scope
[INFO] [stdout]   --> src/lib.rs:79:14
[INFO] [stdout]    |
[INFO] [stdout] 79 |     #[derive(Serialize, Deserialize, Debug)]
[INFO] [stdout]    |              ^^^^^^^^^
[INFO] [stdout]    |
[INFO] [stdout] note: `Serialize` is imported here, but it is only a trait, without a derive macro
[INFO] [stdout]   --> src/lib.rs:73:30
[INFO] [stdout]    |
[INFO] [stdout] 73 |     use serde::{Deserialize, Serialize};
[INFO] [stdout]    |                              ^^^^^^^^^
[INFO] [stdout] 
[INFO] [stdout] 
[INFO] [stdout] error: cannot find derive macro `Deserialize` in this scope
[INFO] [stdout]   --> src/lib.rs:79:25
[INFO] [stdout]    |
[INFO] [stdout] 79 |     #[derive(Serialize, Deserialize, Debug)]
[INFO] [stdout]    |                         ^^^^^^^^^^^
[INFO] [stdout]    |
[INFO] [stdout] note: `Deserialize` is imported here, but it is only a trait, without a derive macro
[INFO] [stdout]   --> src/lib.rs:73:17
[INFO] [stdout]    |
[INFO] [stdout] 73 |     use serde::{Deserialize, Serialize};
[INFO] [stdout]    |                 ^^^^^^^^^^^
[INFO] [stdout] 
[INFO] [stdout] 
[INFO] [stdout] error: cannot find derive macro `Serialize` in this scope
[INFO] [stdout]   --> src/lib.rs:84:14
[INFO] [stdout]    |
[INFO] [stdout] 84 |     #[derive(Serialize, Deserialize, Debug)]
[INFO] [stdout]    |              ^^^^^^^^^
[INFO] [stdout]    |
[INFO] [stdout] note: `Serialize` is imported here, but it is only a trait, without a derive macro
[INFO] [stdout]   --> src/lib.rs:73:30
[INFO] [stdout]    |
[INFO] [stdout] 73 |     use serde::{Deserialize, Serialize};
[INFO] [stdout]    |                              ^^^^^^^^^
[INFO] [stdout] 
[INFO] [stdout] 
[INFO] [stdout] error: cannot find derive macro `Deserialize` in this scope
[INFO] [stdout]   --> src/lib.rs:84:25
[INFO] [stdout]    |
[INFO] [stdout] 84 |     #[derive(Serialize, Deserialize, Debug)]
[INFO] [stdout]    |                         ^^^^^^^^^^^
[INFO] [stdout]    |
[INFO] [stdout] note: `Deserialize` is imported here, but it is only a trait, without a derive macro
[INFO] [stdout]   --> src/lib.rs:73:17
[INFO] [stdout]    |
[INFO] [stdout] 73 |     use serde::{Deserialize, Serialize};
[INFO] [stdout]    |                 ^^^^^^^^^^^
[INFO] [stdout] 
[INFO] [stdout] 
[INFO] [stdout] error[E0599]: the function or associated item `delete` exists for struct `RestFluent<PingRequest, PingResponse>`, but its trait bounds were not satisfied
[INFO] [stdout]    --> src/lib.rs:108:54
[INFO] [stdout]     |
[INFO] [stdout] 80  |     pub struct PingRequest {
[INFO] [stdout]     |     ----------------------
[INFO] [stdout]     |     |
[INFO] [stdout]     |     doesn't satisfy `PingRequest: DeserializeOwned`
[INFO] [stdout]     |     doesn't satisfy `PingRequest: serde::Deserialize<'de>`
[INFO] [stdout]     |     doesn't satisfy `PingRequest: serde::Serialize`
[INFO] [stdout] ...
[INFO] [stdout] 85  |     pub struct PingResponse {
[INFO] [stdout]     |     -----------------------
[INFO] [stdout]     |     |
[INFO] [stdout]     |     doesn't satisfy `PingResponse: DeserializeOwned`
[INFO] [stdout]     |     doesn't satisfy `PingResponse: serde::Deserialize<'de>`
[INFO] [stdout]     |     doesn't satisfy `PingResponse: serde::Serialize`
[INFO] [stdout] ...
[INFO] [stdout] 108 |             RestFluent::<PingRequest, PingResponse>::delete(format!("/api/something/{}", rand::random::<usize>()));
[INFO] [stdout]     |                                                      ^^^^^^ function or associated item cannot be called on `RestFluent<PingRequest, PingResponse>` due to unsatisfied trait bounds
[INFO] [stdout]     |
[INFO] [stdout]     = note: the following trait bounds were not satisfied:
[INFO] [stdout]             `PingRequest: serde::Serialize`
[INFO] [stdout]             `PingRequest: DeserializeOwned`
[INFO] [stdout]             `PingRequest: serde::Deserialize<'de>`
[INFO] [stdout]             which is required by `PingRequest: DeserializeOwned`
[INFO] [stdout]             `PingResponse: serde::Serialize`
[INFO] [stdout]             `PingResponse: DeserializeOwned`
[INFO] [stdout]             `PingResponse: serde::Deserialize<'de>`
[INFO] [stdout]             which is required by `PingResponse: DeserializeOwned`
[INFO] [stdout] note: the traits `DeserializeOwned` and `serde::Serialize` must be implemented
[INFO] [stdout]    --> /opt/rustwide/cargo-home/registry/src/index.crates.io-6f17d22bba15001f/serde-1.0.194/src/de/mod.rs:607:1
[INFO] [stdout]     |
[INFO] [stdout] 607 | pub trait DeserializeOwned: for<'de> Deserialize<'de> {}
[INFO] [stdout]     | ^^^^^^^^^^^^^^^^^^^^^^^^^^^^^^^^^^^^^^^^^^^^^^^^^^^^^
[INFO] [stdout]     |
[INFO] [stdout]    ::: /opt/rustwide/cargo-home/registry/src/index.crates.io-6f17d22bba15001f/serde-1.0.194/src/ser/mod.rs:218:1
[INFO] [stdout]     |
[INFO] [stdout] 218 | pub trait Serialize {
[INFO] [stdout]     | ^^^^^^^^^^^^^^^^^^^
[INFO] [stdout] 
[INFO] [stdout] 
[INFO] [stdout] error[E0277]: the trait bound `PingRequest: serde::Serialize` is not satisfied
[INFO] [stdout]    --> src/lib.rs:108:13
[INFO] [stdout]     |
[INFO] [stdout] 108 |             RestFluent::<PingRequest, PingResponse>::delete(format!("/api/something/{}", rand::random::<usize>()));
[INFO] [stdout]     |             ^^^^^^^^^^^^^^^^^^^^^^^^^^^^^^^^^^^^^^^ the trait `serde::Serialize` is not implemented for `PingRequest`
[INFO] [stdout]     |
[INFO] [stdout]     = help: the following other types implement trait `serde::Serialize`:
[INFO] [stdout]               bool
[INFO] [stdout]               char
[INFO] [stdout]               isize
[INFO] [stdout]               i8
[INFO] [stdout]               i16
[INFO] [stdout]               i32
[INFO] [stdout]               i64
[INFO] [stdout]               i128
[INFO] [stdout]             and 133 others
[INFO] [stdout] note: required by a bound in `RestFluent`
[INFO] [stdout]    --> /opt/rustwide/cargo-home/registry/src/index.crates.io-6f17d22bba15001f/ajars_core-0.10.0/src/lib.rs:68:26
[INFO] [stdout]     |
[INFO] [stdout] 68  | pub struct RestFluent<I: Serialize + DeserializeOwned, O: Serialize + DeserializeOwned> {
[INFO] [stdout]     |                          ^^^^^^^^^ required by this bound in `RestFluent`
[INFO] [stdout] 
[INFO] [stdout] 
[INFO] [stdout] error[E0277]: the trait bound `PingResponse: serde::Serialize` is not satisfied
[INFO] [stdout]    --> src/lib.rs:108:13
[INFO] [stdout]     |
[INFO] [stdout] 108 |             RestFluent::<PingRequest, PingResponse>::delete(format!("/api/something/{}", rand::random::<usize>()));
[INFO] [stdout]     |             ^^^^^^^^^^^^^^^^^^^^^^^^^^^^^^^^^^^^^^^ the trait `serde::Serialize` is not implemented for `PingResponse`
[INFO] [stdout]     |
[INFO] [stdout]     = help: the following other types implement trait `serde::Serialize`:
[INFO] [stdout]               bool
[INFO] [stdout]               char
[INFO] [stdout]               isize
[INFO] [stdout]               i8
[INFO] [stdout]               i16
[INFO] [stdout]               i32
[INFO] [stdout]               i64
[INFO] [stdout]               i128
[INFO] [stdout]             and 133 others
[INFO] [stdout] note: required by a bound in `RestFluent`
[INFO] [stdout]    --> /opt/rustwide/cargo-home/registry/src/index.crates.io-6f17d22bba15001f/ajars_core-0.10.0/src/lib.rs:68:59
[INFO] [stdout]     |
[INFO] [stdout] 68  | pub struct RestFluent<I: Serialize + DeserializeOwned, O: Serialize + DeserializeOwned> {
[INFO] [stdout]     |                                                           ^^^^^^^^^ required by this bound in `RestFluent`
[INFO] [stdout] 
[INFO] [stdout] 
[INFO] [stdout] error[E0277]: the trait bound `for<'de> PingRequest: serde::Deserialize<'de>` is not satisfied
[INFO] [stdout]    --> src/lib.rs:108:13
[INFO] [stdout]     |
[INFO] [stdout] 108 |             RestFluent::<PingRequest, PingResponse>::delete(format!("/api/something/{}", rand::random::<usize>()));
[INFO] [stdout]     |             ^^^^^^^^^^^^^^^^^^^^^^^^^^^^^^^^^^^^^^^ the trait `for<'de> serde::Deserialize<'de>` is not implemented for `PingRequest`
[INFO] [stdout]     |
[INFO] [stdout]     = help: the following other types implement trait `serde::Deserialize<'de>`:
[INFO] [stdout]               bool
[INFO] [stdout]               char
[INFO] [stdout]               isize
[INFO] [stdout]               i8
[INFO] [stdout]               i16
[INFO] [stdout]               i32
[INFO] [stdout]               i64
[INFO] [stdout]               i128
[INFO] [stdout]             and 131 others
[INFO] [stdout]     = note: required for `PingRequest` to implement `DeserializeOwned`
[INFO] [stdout] note: required by a bound in `RestFluent`
[INFO] [stdout]    --> /opt/rustwide/cargo-home/registry/src/index.crates.io-6f17d22bba15001f/ajars_core-0.10.0/src/lib.rs:68:38
[INFO] [stdout]     |
[INFO] [stdout] 68  | pub struct RestFluent<I: Serialize + DeserializeOwned, O: Serialize + DeserializeOwned> {
[INFO] [stdout]     |                                      ^^^^^^^^^^^^^^^^ required by this bound in `RestFluent`
[INFO] [stdout] 
[INFO] [stdout] 
[INFO] [stdout] error[E0277]: the trait bound `for<'de> PingResponse: serde::Deserialize<'de>` is not satisfied
[INFO] [stdout]    --> src/lib.rs:108:13
[INFO] [stdout]     |
[INFO] [stdout] 108 |             RestFluent::<PingRequest, PingResponse>::delete(format!("/api/something/{}", rand::random::<usize>()));
[INFO] [stdout]     |             ^^^^^^^^^^^^^^^^^^^^^^^^^^^^^^^^^^^^^^^ the trait `for<'de> serde::Deserialize<'de>` is not implemented for `PingResponse`
[INFO] [stdout]     |
[INFO] [stdout]     = help: the following other types implement trait `serde::Deserialize<'de>`:
[INFO] [stdout]               bool
[INFO] [stdout]               char
[INFO] [stdout]               isize
[INFO] [stdout]               i8
[INFO] [stdout]               i16
[INFO] [stdout]               i32
[INFO] [stdout]               i64
[INFO] [stdout]               i128
[INFO] [stdout]             and 131 others
[INFO] [stdout]     = note: required for `PingResponse` to implement `DeserializeOwned`
[INFO] [stdout] note: required by a bound in `RestFluent`
[INFO] [stdout]    --> /opt/rustwide/cargo-home/registry/src/index.crates.io-6f17d22bba15001f/ajars_core-0.10.0/src/lib.rs:68:71
[INFO] [stdout]     |
[INFO] [stdout] 68  | pub struct RestFluent<I: Serialize + DeserializeOwned, O: Serialize + DeserializeOwned> {
[INFO] [stdout]     |                                                                       ^^^^^^^^^^^^^^^^ required by this bound in `RestFluent`
[INFO] [stdout] 
[INFO] [stdout] 
[INFO] [stdout] error[E0277]: the trait bound `for<'de> PingResponse: serde::Deserialize<'de>` is not satisfied
[INFO] [stdout]    --> src/lib.rs:123:34
[INFO] [stdout]     |
[INFO] [stdout] 123 |         let resp: PingResponse = test::read_body_json(resp).await;
[INFO] [stdout]     |                                  ^^^^^^^^^^^^^^^^^^^^ the trait `for<'de> serde::Deserialize<'de>` is not implemented for `PingResponse`
[INFO] [stdout]     |
[INFO] [stdout]     = help: the following other types implement trait `serde::Deserialize<'de>`:
[INFO] [stdout]               bool
[INFO] [stdout]               char
[INFO] [stdout]               isize
[INFO] [stdout]               i8
[INFO] [stdout]               i16
[INFO] [stdout]               i32
[INFO] [stdout]               i64
[INFO] [stdout]               i128
[INFO] [stdout]             and 131 others
[INFO] [stdout]     = note: required for `PingResponse` to implement `DeserializeOwned`
[INFO] [stdout] note: required by a bound in `read_body_json`
[INFO] [stdout]    --> /opt/rustwide/cargo-home/registry/src/index.crates.io-6f17d22bba15001f/actix-web-4.4.1/src/test/test_utils.rs:258:8
[INFO] [stdout]     |
[INFO] [stdout] 255 | pub async fn read_body_json<T, B>(res: ServiceResponse<B>) -> T
[INFO] [stdout]     |              -------------- required by a bound in this function
[INFO] [stdout] ...
[INFO] [stdout] 258 |     T: DeserializeOwned,
[INFO] [stdout]     |        ^^^^^^^^^^^^^^^^ required by this bound in `read_body_json`
[INFO] [stdout] 
[INFO] [stdout] 
[INFO] [stdout] error[E0599]: the function or associated item `get` exists for struct `RestFluent<PingRequest, PingResponse>`, but its trait bounds were not satisfied
[INFO] [stdout]    --> src/lib.rs:130:61
[INFO] [stdout]     |
[INFO] [stdout] 80  |     pub struct PingRequest {
[INFO] [stdout]     |     ----------------------
[INFO] [stdout]     |     |
[INFO] [stdout]     |     doesn't satisfy `PingRequest: DeserializeOwned`
[INFO] [stdout]     |     doesn't satisfy `PingRequest: serde::Deserialize<'de>`
[INFO] [stdout]     |     doesn't satisfy `PingRequest: serde::Serialize`
[INFO] [stdout] ...
[INFO] [stdout] 85  |     pub struct PingResponse {
[INFO] [stdout]     |     -----------------------
[INFO] [stdout]     |     |
[INFO] [stdout]     |     doesn't satisfy `PingResponse: DeserializeOwned`
[INFO] [stdout]     |     doesn't satisfy `PingResponse: serde::Deserialize<'de>`
[INFO] [stdout]     |     doesn't satisfy `PingResponse: serde::Serialize`
[INFO] [stdout] ...
[INFO] [stdout] 130 |         let rest = RestFluent::<PingRequest, PingResponse>::get(format!("/api/something/{}", rand::random::<usize>()));
[INFO] [stdout]     |                                                             ^^^ function or associated item cannot be called on `RestFluent<PingRequest, PingResponse>` due to unsatisfied trait bounds
[INFO] [stdout]     |
[INFO] [stdout]     = note: the following trait bounds were not satisfied:
[INFO] [stdout]             `PingRequest: serde::Serialize`
[INFO] [stdout]             `PingRequest: DeserializeOwned`
[INFO] [stdout]             `PingRequest: serde::Deserialize<'de>`
[INFO] [stdout]             which is required by `PingRequest: DeserializeOwned`
[INFO] [stdout]             `PingResponse: serde::Serialize`
[INFO] [stdout]             `PingResponse: DeserializeOwned`
[INFO] [stdout]             `PingResponse: serde::Deserialize<'de>`
[INFO] [stdout]             which is required by `PingResponse: DeserializeOwned`
[INFO] [stdout] note: the traits `DeserializeOwned` and `serde::Serialize` must be implemented
[INFO] [stdout]    --> /opt/rustwide/cargo-home/registry/src/index.crates.io-6f17d22bba15001f/serde-1.0.194/src/de/mod.rs:607:1
[INFO] [stdout]     |
[INFO] [stdout] 607 | pub trait DeserializeOwned: for<'de> Deserialize<'de> {}
[INFO] [stdout]     | ^^^^^^^^^^^^^^^^^^^^^^^^^^^^^^^^^^^^^^^^^^^^^^^^^^^^^
[INFO] [stdout]     |
[INFO] [stdout]    ::: /opt/rustwide/cargo-home/registry/src/index.crates.io-6f17d22bba15001f/serde-1.0.194/src/ser/mod.rs:218:1
[INFO] [stdout]     |
[INFO] [stdout] 218 | pub trait Serialize {
[INFO] [stdout]     | ^^^^^^^^^^^^^^^^^^^
[INFO] [stdout] 
[INFO] [stdout] 
[INFO] [stdout] error[E0277]: the trait bound `PingRequest: serde::Serialize` is not satisfied
[INFO] [stdout]    --> src/lib.rs:130:20
[INFO] [stdout]     |
[INFO] [stdout] 130 |         let rest = RestFluent::<PingRequest, PingResponse>::get(format!("/api/something/{}", rand::random::<usize>()));
[INFO] [stdout]     |                    ^^^^^^^^^^^^^^^^^^^^^^^^^^^^^^^^^^^^^^^ the trait `serde::Serialize` is not implemented for `PingRequest`
[INFO] [stdout]     |
[INFO] [stdout]     = help: the following other types implement trait `serde::Serialize`:
[INFO] [stdout]               bool
[INFO] [stdout]               char
[INFO] [stdout]               isize
[INFO] [stdout]               i8
[INFO] [stdout]               i16
[INFO] [stdout]               i32
[INFO] [stdout]               i64
[INFO] [stdout]               i128
[INFO] [stdout]             and 133 others
[INFO] [stdout] note: required by a bound in `RestFluent`
[INFO] [stdout]    --> /opt/rustwide/cargo-home/registry/src/index.crates.io-6f17d22bba15001f/ajars_core-0.10.0/src/lib.rs:68:26
[INFO] [stdout]     |
[INFO] [stdout] 68  | pub struct RestFluent<I: Serialize + DeserializeOwned, O: Serialize + DeserializeOwned> {
[INFO] [stdout]     |                          ^^^^^^^^^ required by this bound in `RestFluent`
[INFO] [stdout] 
[INFO] [stdout] 
[INFO] [stdout] error[E0277]: the trait bound `PingResponse: serde::Serialize` is not satisfied
[INFO] [stdout]    --> src/lib.rs:130:20
[INFO] [stdout]     |
[INFO] [stdout] 130 |         let rest = RestFluent::<PingRequest, PingResponse>::get(format!("/api/something/{}", rand::random::<usize>()));
[INFO] [stdout]     |                    ^^^^^^^^^^^^^^^^^^^^^^^^^^^^^^^^^^^^^^^ the trait `serde::Serialize` is not implemented for `PingResponse`
[INFO] [stdout]     |
[INFO] [stdout]     = help: the following other types implement trait `serde::Serialize`:
[INFO] [stdout]               bool
[INFO] [stdout]               char
[INFO] [stdout]               isize
[INFO] [stdout]               i8
[INFO] [stdout]               i16
[INFO] [stdout]               i32
[INFO] [stdout]               i64
[INFO] [stdout]               i128
[INFO] [stdout]             and 133 others
[INFO] [stdout] note: required by a bound in `RestFluent`
[INFO] [stdout]    --> /opt/rustwide/cargo-home/registry/src/index.crates.io-6f17d22bba15001f/ajars_core-0.10.0/src/lib.rs:68:59
[INFO] [stdout]     |
[INFO] [stdout] 68  | pub struct RestFluent<I: Serialize + DeserializeOwned, O: Serialize + DeserializeOwned> {
[INFO] [stdout]     |                                                           ^^^^^^^^^ required by this bound in `RestFluent`
[INFO] [stdout] 
[INFO] [stdout] 
[INFO] [stdout] error[E0277]: the trait bound `for<'de> PingRequest: serde::Deserialize<'de>` is not satisfied
[INFO] [stdout]    --> src/lib.rs:130:20
[INFO] [stdout]     |
[INFO] [stdout] 130 |         let rest = RestFluent::<PingRequest, PingResponse>::get(format!("/api/something/{}", rand::random::<usize>()));
[INFO] [stdout]     |                    ^^^^^^^^^^^^^^^^^^^^^^^^^^^^^^^^^^^^^^^ the trait `for<'de> serde::Deserialize<'de>` is not implemented for `PingRequest`
[INFO] [stdout]     |
[INFO] [stdout]     = help: the following other types implement trait `serde::Deserialize<'de>`:
[INFO] [stdout]               bool
[INFO] [stdout]               char
[INFO] [stdout]               isize
[INFO] [stdout]               i8
[INFO] [stdout]               i16
[INFO] [stdout]               i32
[INFO] [stdout]               i64
[INFO] [stdout]               i128
[INFO] [stdout]             and 131 others
[INFO] [stdout]     = note: required for `PingRequest` to implement `DeserializeOwned`
[INFO] [stdout] note: required by a bound in `RestFluent`
[INFO] [stdout]    --> /opt/rustwide/cargo-home/registry/src/index.crates.io-6f17d22bba15001f/ajars_core-0.10.0/src/lib.rs:68:38
[INFO] [stdout]     |
[INFO] [stdout] 68  | pub struct RestFluent<I: Serialize + DeserializeOwned, O: Serialize + DeserializeOwned> {
[INFO] [stdout]     |                                      ^^^^^^^^^^^^^^^^ required by this bound in `RestFluent`
[INFO] [stdout] 
[INFO] [stdout] 
[INFO] [stdout] error[E0277]: the trait bound `for<'de> PingResponse: serde::Deserialize<'de>` is not satisfied
[INFO] [stdout]    --> src/lib.rs:130:20
[INFO] [stdout]     |
[INFO] [stdout] 130 |         let rest = RestFluent::<PingRequest, PingResponse>::get(format!("/api/something/{}", rand::random::<usize>()));
[INFO] [stdout]     |                    ^^^^^^^^^^^^^^^^^^^^^^^^^^^^^^^^^^^^^^^ the trait `for<'de> serde::Deserialize<'de>` is not implemented for `PingResponse`
[INFO] [stdout]     |
[INFO] [stdout]     = help: the following other types implement trait `serde::Deserialize<'de>`:
[INFO] [stdout]               bool
[INFO] [stdout]               char
[INFO] [stdout]               isize
[INFO] [stdout]               i8
[INFO] [stdout]               i16
[INFO] [stdout]               i32
[INFO] [stdout]               i64
[INFO] [stdout]               i128
[INFO] [stdout]             and 131 others
[INFO] [stdout]     = note: required for `PingResponse` to implement `DeserializeOwned`
[INFO] [stdout] note: required by a bound in `RestFluent`
[INFO] [stdout]    --> /opt/rustwide/cargo-home/registry/src/index.crates.io-6f17d22bba15001f/ajars_core-0.10.0/src/lib.rs:68:71
[INFO] [stdout]     |
[INFO] [stdout] 68  | pub struct RestFluent<I: Serialize + DeserializeOwned, O: Serialize + DeserializeOwned> {
[INFO] [stdout]     |                                                                       ^^^^^^^^^^^^^^^^ required by this bound in `RestFluent`
[INFO] [stdout] 
[INFO] [stdout] 
[INFO] [stdout] error[E0277]: the trait bound `for<'de> PingResponse: serde::Deserialize<'de>` is not satisfied
[INFO] [stdout]    --> src/lib.rs:145:34
[INFO] [stdout]     |
[INFO] [stdout] 145 |         let resp: PingResponse = test::read_body_json(resp).await;
[INFO] [stdout]     |                                  ^^^^^^^^^^^^^^^^^^^^ the trait `for<'de> serde::Deserialize<'de>` is not implemented for `PingResponse`
[INFO] [stdout]     |
[INFO] [stdout]     = help: the following other types implement trait `serde::Deserialize<'de>`:
[INFO] [stdout]               bool
[INFO] [stdout]               char
[INFO] [stdout]               isize
[INFO] [stdout]               i8
[INFO] [stdout]               i16
[INFO] [stdout]               i32
[INFO] [stdout]               i64
[INFO] [stdout]               i128
[INFO] [stdout]             and 131 others
[INFO] [stdout]     = note: required for `PingResponse` to implement `DeserializeOwned`
[INFO] [stdout] note: required by a bound in `read_body_json`
[INFO] [stdout]    --> /opt/rustwide/cargo-home/registry/src/index.crates.io-6f17d22bba15001f/actix-web-4.4.1/src/test/test_utils.rs:258:8
[INFO] [stdout]     |
[INFO] [stdout] 255 | pub async fn read_body_json<T, B>(res: ServiceResponse<B>) -> T
[INFO] [stdout]     |              -------------- required by a bound in this function
[INFO] [stdout] ...
[INFO] [stdout] 258 |     T: DeserializeOwned,
[INFO] [stdout]     |        ^^^^^^^^^^^^^^^^ required by this bound in `read_body_json`
[INFO] [stdout] 
[INFO] [stdout] 
[INFO] [stdout] error[E0599]: the function or associated item `post` exists for struct `RestFluent<PingRequest, PingResponse>`, but its trait bounds were not satisfied
[INFO] [stdout]    --> src/lib.rs:152:61
[INFO] [stdout]     |
[INFO] [stdout] 80  |     pub struct PingRequest {
[INFO] [stdout]     |     ----------------------
[INFO] [stdout]     |     |
[INFO] [stdout]     |     doesn't satisfy `PingRequest: DeserializeOwned`
[INFO] [stdout]     |     doesn't satisfy `PingRequest: serde::Deserialize<'de>`
[INFO] [stdout]     |     doesn't satisfy `PingRequest: serde::Serialize`
[INFO] [stdout] ...
[INFO] [stdout] 85  |     pub struct PingResponse {
[INFO] [stdout]     |     -----------------------
[INFO] [stdout]     |     |
[INFO] [stdout]     |     doesn't satisfy `PingResponse: DeserializeOwned`
[INFO] [stdout]     |     doesn't satisfy `PingResponse: serde::Deserialize<'de>`
[INFO] [stdout]     |     doesn't satisfy `PingResponse: serde::Serialize`
[INFO] [stdout] ...
[INFO] [stdout] 152 |         let rest = RestFluent::<PingRequest, PingResponse>::post(format!("/api/something/{}", rand::random::<usize>()));
[INFO] [stdout]     |                                                             ^^^^ function or associated item cannot be called on `RestFluent<PingRequest, PingResponse>` due to unsatisfied trait bounds
[INFO] [stdout]     |
[INFO] [stdout]     = note: the following trait bounds were not satisfied:
[INFO] [stdout]             `PingRequest: serde::Serialize`
[INFO] [stdout]             `PingRequest: DeserializeOwned`
[INFO] [stdout]             `PingRequest: serde::Deserialize<'de>`
[INFO] [stdout]             which is required by `PingRequest: DeserializeOwned`
[INFO] [stdout]             `PingResponse: serde::Serialize`
[INFO] [stdout]             `PingResponse: DeserializeOwned`
[INFO] [stdout]             `PingResponse: serde::Deserialize<'de>`
[INFO] [stdout]             which is required by `PingResponse: DeserializeOwned`
[INFO] [stdout] note: the traits `DeserializeOwned` and `serde::Serialize` must be implemented
[INFO] [stdout]    --> /opt/rustwide/cargo-home/registry/src/index.crates.io-6f17d22bba15001f/serde-1.0.194/src/de/mod.rs:607:1
[INFO] [stdout]     |
[INFO] [stdout] 607 | pub trait DeserializeOwned: for<'de> Deserialize<'de> {}
[INFO] [stdout]     | ^^^^^^^^^^^^^^^^^^^^^^^^^^^^^^^^^^^^^^^^^^^^^^^^^^^^^
[INFO] [stdout]     |
[INFO] [stdout]    ::: /opt/rustwide/cargo-home/registry/src/index.crates.io-6f17d22bba15001f/serde-1.0.194/src/ser/mod.rs:218:1
[INFO] [stdout]     |
[INFO] [stdout] 218 | pub trait Serialize {
[INFO] [stdout]     | ^^^^^^^^^^^^^^^^^^^
[INFO] [stdout] 
[INFO] [stdout] 
[INFO] [stdout] error[E0277]: the trait bound `PingRequest: serde::Serialize` is not satisfied
[INFO] [stdout]    --> src/lib.rs:152:20
[INFO] [stdout]     |
[INFO] [stdout] 152 |         let rest = RestFluent::<PingRequest, PingResponse>::post(format!("/api/something/{}", rand::random::<usize>()));
[INFO] [stdout]     |                    ^^^^^^^^^^^^^^^^^^^^^^^^^^^^^^^^^^^^^^^ the trait `serde::Serialize` is not implemented for `PingRequest`
[INFO] [stdout]     |
[INFO] [stdout]     = help: the following other types implement trait `serde::Serialize`:
[INFO] [stdout]               bool
[INFO] [stdout]               char
[INFO] [stdout]               isize
[INFO] [stdout]               i8
[INFO] [stdout]               i16
[INFO] [stdout]               i32
[INFO] [stdout]               i64
[INFO] [stdout]               i128
[INFO] [stdout]             and 133 others
[INFO] [stdout] note: required by a bound in `RestFluent`
[INFO] [stdout]    --> /opt/rustwide/cargo-home/registry/src/index.crates.io-6f17d22bba15001f/ajars_core-0.10.0/src/lib.rs:68:26
[INFO] [stdout]     |
[INFO] [stdout] 68  | pub struct RestFluent<I: Serialize + DeserializeOwned, O: Serialize + DeserializeOwned> {
[INFO] [stdout]     |                          ^^^^^^^^^ required by this bound in `RestFluent`
[INFO] [stdout] 
[INFO] [stdout] 
[INFO] [stdout] error[E0277]: the trait bound `PingResponse: serde::Serialize` is not satisfied
[INFO] [stdout]    --> src/lib.rs:152:20
[INFO] [stdout]     |
[INFO] [stdout] 152 |         let rest = RestFluent::<PingRequest, PingResponse>::post(format!("/api/something/{}", rand::random::<usize>()));
[INFO] [stdout]     |                    ^^^^^^^^^^^^^^^^^^^^^^^^^^^^^^^^^^^^^^^ the trait `serde::Serialize` is not implemented for `PingResponse`
[INFO] [stdout]     |
[INFO] [stdout]     = help: the following other types implement trait `serde::Serialize`:
[INFO] [stdout]               bool
[INFO] [stdout]               char
[INFO] [stdout]               isize
[INFO] [stdout]               i8
[INFO] [stdout]               i16
[INFO] [stdout]               i32
[INFO] [stdout]               i64
[INFO] [stdout]               i128
[INFO] [stdout]             and 133 others
[INFO] [stdout] note: required by a bound in `RestFluent`
[INFO] [stdout]    --> /opt/rustwide/cargo-home/registry/src/index.crates.io-6f17d22bba15001f/ajars_core-0.10.0/src/lib.rs:68:59
[INFO] [stdout]     |
[INFO] [stdout] 68  | pub struct RestFluent<I: Serialize + DeserializeOwned, O: Serialize + DeserializeOwned> {
[INFO] [stdout]     |                                                           ^^^^^^^^^ required by this bound in `RestFluent`
[INFO] [stdout] 
[INFO] [stdout] 
[INFO] [stdout] error[E0277]: the trait bound `for<'de> PingRequest: serde::Deserialize<'de>` is not satisfied
[INFO] [stdout]    --> src/lib.rs:152:20
[INFO] [stdout]     |
[INFO] [stdout] 152 |         let rest = RestFluent::<PingRequest, PingResponse>::post(format!("/api/something/{}", rand::random::<usize>()));
[INFO] [stdout]     |                    ^^^^^^^^^^^^^^^^^^^^^^^^^^^^^^^^^^^^^^^ the trait `for<'de> serde::Deserialize<'de>` is not implemented for `PingRequest`
[INFO] [stdout]     |
[INFO] [stdout]     = help: the following other types implement trait `serde::Deserialize<'de>`:
[INFO] [stdout]               bool
[INFO] [stdout]               char
[INFO] [stdout]               isize
[INFO] [stdout]               i8
[INFO] [stdout]               i16
[INFO] [stdout]               i32
[INFO] [stdout]               i64
[INFO] [stdout]               i128
[INFO] [stdout]             and 131 others
[INFO] [stdout]     = note: required for `PingRequest` to implement `DeserializeOwned`
[INFO] [stdout] note: required by a bound in `RestFluent`
[INFO] [stdout]    --> /opt/rustwide/cargo-home/registry/src/index.crates.io-6f17d22bba15001f/ajars_core-0.10.0/src/lib.rs:68:38
[INFO] [stdout]     |
[INFO] [stdout] 68  | pub struct RestFluent<I: Serialize + DeserializeOwned, O: Serialize + DeserializeOwned> {
[INFO] [stdout]     |                                      ^^^^^^^^^^^^^^^^ required by this bound in `RestFluent`
[INFO] [stdout] 
[INFO] [stdout] 
[INFO] [stdout] error[E0277]: the trait bound `for<'de> PingResponse: serde::Deserialize<'de>` is not satisfied
[INFO] [stdout]    --> src/lib.rs:152:20
[INFO] [stdout]     |
[INFO] [stdout] 152 |         let rest = RestFluent::<PingRequest, PingResponse>::post(format!("/api/something/{}", rand::random::<usize>()));
[INFO] [stdout]     |                    ^^^^^^^^^^^^^^^^^^^^^^^^^^^^^^^^^^^^^^^ the trait `for<'de> serde::Deserialize<'de>` is not implemented for `PingResponse`
[INFO] [stdout]     |
[INFO] [stdout]     = help: the following other types implement trait `serde::Deserialize<'de>`:
[INFO] [stdout]               bool
[INFO] [stdout]               char
[INFO] [stdout]               isize
[INFO] [stdout]               i8
[INFO] [stdout]               i16
[INFO] [stdout]               i32
[INFO] [stdout]               i64
[INFO] [stdout]               i128
[INFO] [stdout]             and 131 others
[INFO] [stdout]     = note: required for `PingResponse` to implement `DeserializeOwned`
[INFO] [stdout] note: required by a bound in `RestFluent`
[INFO] [stdout]    --> /opt/rustwide/cargo-home/registry/src/index.crates.io-6f17d22bba15001f/ajars_core-0.10.0/src/lib.rs:68:71
[INFO] [stdout]     |
[INFO] [stdout] 68  | pub struct RestFluent<I: Serialize + DeserializeOwned, O: Serialize + DeserializeOwned> {
[INFO] [stdout]     |                                                                       ^^^^^^^^^^^^^^^^ required by this bound in `RestFluent`
[INFO] [stdout] 
[INFO] [stdout] 
[INFO] [stdout] error[E0277]: the trait bound `PingRequest: serde::Serialize` is not satisfied
[INFO] [stdout]    --> src/lib.rs:158:72
[INFO] [stdout]     |
[INFO] [stdout] 158 |         let req = test::TestRequest::post().uri(rest.path()).set_json(&payload).to_request();
[INFO] [stdout]     |                                                              --------  ^^^^^^^ the trait `serde::Serialize` is not implemented for `PingRequest`
[INFO] [stdout]     |                                                              |
[INFO] [stdout]     |                                                              required by a bound introduced by this call
[INFO] [stdout]     |
[INFO] [stdout]     = help: the following other types implement trait `serde::Serialize`:
[INFO] [stdout]               bool
[INFO] [stdout]               char
[INFO] [stdout]               isize
[INFO] [stdout]               i8
[INFO] [stdout]               i16
[INFO] [stdout]               i32
[INFO] [stdout]               i64
[INFO] [stdout]               i128
[INFO] [stdout]             and 133 others
[INFO] [stdout]     = note: required for `&PingRequest` to implement `serde::Serialize`
[INFO] [stdout] note: required by a bound in `TestRequest::set_json`
[INFO] [stdout]    --> /opt/rustwide/cargo-home/registry/src/index.crates.io-6f17d22bba15001f/actix-web-4.4.1/src/test/test_request.rs:200:42
[INFO] [stdout]     |
[INFO] [stdout] 200 |     pub fn set_json(mut self, data: impl Serialize) -> Self {
[INFO] [stdout]     |                                          ^^^^^^^^^ required by this bound in `TestRequest::set_json`
[INFO] [stdout] 
[INFO] [stdout] 
[INFO] [stdout] error[E0277]: the trait bound `for<'de> PingResponse: serde::Deserialize<'de>` is not satisfied
[INFO] [stdout]    --> src/lib.rs:167:34
[INFO] [stdout]     |
[INFO] [stdout] 167 |         let resp: PingResponse = test::read_body_json(resp).await;
[INFO] [stdout]     |                                  ^^^^^^^^^^^^^^^^^^^^ the trait `for<'de> serde::Deserialize<'de>` is not implemented for `PingResponse`
[INFO] [stdout]     |
[INFO] [stdout]     = help: the following other types implement trait `serde::Deserialize<'de>`:
[INFO] [stdout]               bool
[INFO] [stdout]               char
[INFO] [stdout]               isize
[INFO] [stdout]               i8
[INFO] [stdout]               i16
[INFO] [stdout]               i32
[INFO] [stdout]               i64
[INFO] [stdout]               i128
[INFO] [stdout]             and 131 others
[INFO] [stdout]     = note: required for `PingResponse` to implement `DeserializeOwned`
[INFO] [stdout] note: required by a bound in `read_body_json`
[INFO] [stdout]    --> /opt/rustwide/cargo-home/registry/src/index.crates.io-6f17d22bba15001f/actix-web-4.4.1/src/test/test_utils.rs:258:8
[INFO] [stdout]     |
[INFO] [stdout] 255 | pub async fn read_body_json<T, B>(res: ServiceResponse<B>) -> T
[INFO] [stdout]     |              -------------- required by a bound in this function
[INFO] [stdout] ...
[INFO] [stdout] 258 |     T: DeserializeOwned,
[INFO] [stdout]     |        ^^^^^^^^^^^^^^^^ required by this bound in `read_body_json`
[INFO] [stdout] 
[INFO] [stdout] 
[INFO] [stdout] error[E0599]: the function or associated item `put` exists for struct `RestFluent<PingRequest, PingResponse>`, but its trait bounds were not satisfied
[INFO] [stdout]    --> src/lib.rs:174:61
[INFO] [stdout]     |
[INFO] [stdout] 80  |     pub struct PingRequest {
[INFO] [stdout]     |     ----------------------
[INFO] [stdout]     |     |
[INFO] [stdout]     |     doesn't satisfy `PingRequest: DeserializeOwned`
[INFO] [stdout]     |     doesn't satisfy `PingRequest: serde::Deserialize<'de>`
[INFO] [stdout]     |     doesn't satisfy `PingRequest: serde::Serialize`
[INFO] [stdout] ...
[INFO] [stdout] 85  |     pub struct PingResponse {
[INFO] [stdout]     |     -----------------------
[INFO] [stdout]     |     |
[INFO] [stdout]     |     doesn't satisfy `PingResponse: DeserializeOwned`
[INFO] [stdout]     |     doesn't satisfy `PingResponse: serde::Deserialize<'de>`
[INFO] [stdout]     |     doesn't satisfy `PingResponse: serde::Serialize`
[INFO] [stdout] ...
[INFO] [stdout] 174 |         let rest = RestFluent::<PingRequest, PingResponse>::put(format!("/api/something/{}", rand::random::<usize>()));
[INFO] [stdout]     |                                                             ^^^ function or associated item cannot be called on `RestFluent<PingRequest, PingResponse>` due to unsatisfied trait bounds
[INFO] [stdout]     |
[INFO] [stdout]     = note: the following trait bounds were not satisfied:
[INFO] [stdout]             `PingRequest: serde::Serialize`
[INFO] [stdout]             `PingRequest: DeserializeOwned`
[INFO] [stdout]             `PingRequest: serde::Deserialize<'de>`
[INFO] [stdout]             which is required by `PingRequest: DeserializeOwned`
[INFO] [stdout]             `PingResponse: serde::Serialize`
[INFO] [stdout]             `PingResponse: DeserializeOwned`
[INFO] [stdout]             `PingResponse: serde::Deserialize<'de>`
[INFO] [stdout]             which is required by `PingResponse: DeserializeOwned`
[INFO] [stdout] note: the traits `DeserializeOwned` and `serde::Serialize` must be implemented
[INFO] [stdout]    --> /opt/rustwide/cargo-home/registry/src/index.crates.io-6f17d22bba15001f/serde-1.0.194/src/de/mod.rs:607:1
[INFO] [stdout]     |
[INFO] [stdout] 607 | pub trait DeserializeOwned: for<'de> Deserialize<'de> {}
[INFO] [stdout]     | ^^^^^^^^^^^^^^^^^^^^^^^^^^^^^^^^^^^^^^^^^^^^^^^^^^^^^
[INFO] [stdout]     |
[INFO] [stdout]    ::: /opt/rustwide/cargo-home/registry/src/index.crates.io-6f17d22bba15001f/serde-1.0.194/src/ser/mod.rs:218:1
[INFO] [stdout]     |
[INFO] [stdout] 218 | pub trait Serialize {
[INFO] [stdout]     | ^^^^^^^^^^^^^^^^^^^
[INFO] [stdout] 
[INFO] [stdout] 
[INFO] [stdout] error[E0277]: the trait bound `PingRequest: serde::Serialize` is not satisfied
[INFO] [stdout]    --> src/lib.rs:174:20
[INFO] [stdout]     |
[INFO] [stdout] 174 |         let rest = RestFluent::<PingRequest, PingResponse>::put(format!("/api/something/{}", rand::random::<usize>()));
[INFO] [stdout]     |                    ^^^^^^^^^^^^^^^^^^^^^^^^^^^^^^^^^^^^^^^ the trait `serde::Serialize` is not implemented for `PingRequest`
[INFO] [stdout]     |
[INFO] [stdout]     = help: the following other types implement trait `serde::Serialize`:
[INFO] [stdout]               bool
[INFO] [stdout]               char
[INFO] [stdout]               isize
[INFO] [stdout]               i8
[INFO] [stdout]               i16
[INFO] [stdout]               i32
[INFO] [stdout]               i64
[INFO] [stdout]               i128
[INFO] [stdout]             and 133 others
[INFO] [stdout] note: required by a bound in `RestFluent`
[INFO] [stdout]    --> /opt/rustwide/cargo-home/registry/src/index.crates.io-6f17d22bba15001f/ajars_core-0.10.0/src/lib.rs:68:26
[INFO] [stdout]     |
[INFO] [stdout] 68  | pub struct RestFluent<I: Serialize + DeserializeOwned, O: Serialize + DeserializeOwned> {
[INFO] [stdout]     |                          ^^^^^^^^^ required by this bound in `RestFluent`
[INFO] [stdout] 
[INFO] [stdout] 
[INFO] [stdout] error[E0277]: the trait bound `PingResponse: serde::Serialize` is not satisfied
[INFO] [stdout]    --> src/lib.rs:174:20
[INFO] [stdout]     |
[INFO] [stdout] 174 |         let rest = RestFluent::<PingRequest, PingResponse>::put(format!("/api/something/{}", rand::random::<usize>()));
[INFO] [stdout]     |                    ^^^^^^^^^^^^^^^^^^^^^^^^^^^^^^^^^^^^^^^ the trait `serde::Serialize` is not implemented for `PingResponse`
[INFO] [stdout]     |
[INFO] [stdout]     = help: the following other types implement trait `serde::Serialize`:
[INFO] [stdout]               bool
[INFO] [stdout]               char
[INFO] [stdout]               isize
[INFO] [stdout]               i8
[INFO] [stdout]               i16
[INFO] [stdout]               i32
[INFO] [stdout]               i64
[INFO] [stdout]               i128
[INFO] [stdout]             and 133 others
[INFO] [stdout] note: required by a bound in `RestFluent`
[INFO] [stdout]    --> /opt/rustwide/cargo-home/registry/src/index.crates.io-6f17d22bba15001f/ajars_core-0.10.0/src/lib.rs:68:59
[INFO] [stdout]     |
[INFO] [stdout] 68  | pub struct RestFluent<I: Serialize + DeserializeOwned, O: Serialize + DeserializeOwned> {
[INFO] [stdout]     |                                                           ^^^^^^^^^ required by this bound in `RestFluent`
[INFO] [stdout] 
[INFO] [stdout] 
[INFO] [stdout] error[E0277]: the trait bound `for<'de> PingRequest: serde::Deserialize<'de>` is not satisfied
[INFO] [stdout]    --> src/lib.rs:174:20
[INFO] [stdout]     |
[INFO] [stdout] 174 |         let rest = RestFluent::<PingRequest, PingResponse>::put(format!("/api/something/{}", rand::random::<usize>()));
[INFO] [stdout]     |                    ^^^^^^^^^^^^^^^^^^^^^^^^^^^^^^^^^^^^^^^ the trait `for<'de> serde::Deserialize<'de>` is not implemented for `PingRequest`
[INFO] [stdout]     |
[INFO] [stdout]     = help: the following other types implement trait `serde::Deserialize<'de>`:
[INFO] [stdout]               bool
[INFO] [stdout]               char
[INFO] [stdout]               isize
[INFO] [stdout]               i8
[INFO] [stdout]               i16
[INFO] [stdout]               i32
[INFO] [stdout]               i64
[INFO] [stdout]               i128
[INFO] [stdout]             and 131 others
[INFO] [stdout]     = note: required for `PingRequest` to implement `DeserializeOwned`
[INFO] [stdout] note: required by a bound in `RestFluent`
[INFO] [stdout]    --> /opt/rustwide/cargo-home/registry/src/index.crates.io-6f17d22bba15001f/ajars_core-0.10.0/src/lib.rs:68:38
[INFO] [stdout]     |
[INFO] [stdout] 68  | pub struct RestFluent<I: Serialize + DeserializeOwned, O: Serialize + DeserializeOwned> {
[INFO] [stdout]     |                                      ^^^^^^^^^^^^^^^^ required by this bound in `RestFluent`
[INFO] [stdout] 
[INFO] [stdout] 
[INFO] [stdout] error[E0277]: the trait bound `for<'de> PingResponse: serde::Deserialize<'de>` is not satisfied
[INFO] [stdout]    --> src/lib.rs:174:20
[INFO] [stdout]     |
[INFO] [stdout] 174 |         let rest = RestFluent::<PingRequest, PingResponse>::put(format!("/api/something/{}", rand::random::<usize>()));
[INFO] [stdout]     |                    ^^^^^^^^^^^^^^^^^^^^^^^^^^^^^^^^^^^^^^^ the trait `for<'de> serde::Deserialize<'de>` is not implemented for `PingResponse`
[INFO] [stdout]     |
[INFO] [stdout]     = help: the following other types implement trait `serde::Deserialize<'de>`:
[INFO] [stdout]               bool
[INFO] [stdout]               char
[INFO] [stdout]               isize
[INFO] [stdout]               i8
[INFO] [stdout]               i16
[INFO] [stdout]               i32
[INFO] [stdout]               i64
[INFO] [stdout]               i128
[INFO] [stdout]             and 131 others
[INFO] [stdout]     = note: required for `PingResponse` to implement `DeserializeOwned`
[INFO] [stdout] note: required by a bound in `RestFluent`
[INFO] [stdout]    --> /opt/rustwide/cargo-home/registry/src/index.crates.io-6f17d22bba15001f/ajars_core-0.10.0/src/lib.rs:68:71
[INFO] [stdout]     |
[INFO] [stdout] 68  | pub struct RestFluent<I: Serialize + DeserializeOwned, O: Serialize + DeserializeOwned> {
[INFO] [stdout]     |                                                                       ^^^^^^^^^^^^^^^^ required by this bound in `RestFluent`
[INFO] [stdout] 
[INFO] [stdout] 
[INFO] [stdout] error[E0277]: the trait bound `PingRequest: serde::Serialize` is not satisfied
[INFO] [stdout]    --> src/lib.rs:180:71
[INFO] [stdout]     |
[INFO] [stdout] 180 |         let req = test::TestRequest::put().uri(rest.path()).set_json(&payload).to_request();
[INFO] [stdout]     |                                                             --------  ^^^^^^^ the trait `serde::Serialize` is not implemented for `PingRequest`
[INFO] [stdout]     |                                                             |
[INFO] [stdout]     |                                                             required by a bound introduced by this call
[INFO] [stdout]     |
[INFO] [stdout]     = help: the following other types implement trait `serde::Serialize`:
[INFO] [stdout]               bool
[INFO] [stdout]               char
[INFO] [stdout]               isize
[INFO] [stdout]               i8
[INFO] [stdout]               i16
[INFO] [stdout]               i32
[INFO] [stdout]               i64
[INFO] [stdout]               i128
[INFO] [stdout]             and 133 others
[INFO] [stdout]     = note: required for `&PingRequest` to implement `serde::Serialize`
[INFO] [stdout] note: required by a bound in `TestRequest::set_json`
[INFO] [stdout]    --> /opt/rustwide/cargo-home/registry/src/index.crates.io-6f17d22bba15001f/actix-web-4.4.1/src/test/test_request.rs:200:42
[INFO] [stdout]     |
[INFO] [stdout] 200 |     pub fn set_json(mut self, data: impl Serialize) -> Self {
[INFO] [stdout]     |                                          ^^^^^^^^^ required by this bound in `TestRequest::set_json`
[INFO] [stdout] 
[INFO] [stdout] 
[INFO] [stdout] error[E0277]: the trait bound `for<'de> PingResponse: serde::Deserialize<'de>` is not satisfied
[INFO] [stdout]    --> src/lib.rs:189:34
[INFO] [stdout]     |
[INFO] [stdout] 189 |         let resp: PingResponse = test::read_body_json(resp).await;
[INFO] [stdout]     |                                  ^^^^^^^^^^^^^^^^^^^^ the trait `for<'de> serde::Deserialize<'de>` is not implemented for `PingResponse`
[INFO] [stdout]     |
[INFO] [stdout]     = help: the following other types implement trait `serde::Deserialize<'de>`:
[INFO] [stdout]               bool
[INFO] [stdout]               char
[INFO] [stdout]               isize
[INFO] [stdout]               i8
[INFO] [stdout]               i16
[INFO] [stdout]               i32
[INFO] [stdout]               i64
[INFO] [stdout]               i128
[INFO] [stdout]             and 131 others
[INFO] [stdout]     = note: required for `PingResponse` to implement `DeserializeOwned`
[INFO] [stdout] note: required by a bound in `read_body_json`
[INFO] [stdout]    --> /opt/rustwide/cargo-home/registry/src/index.crates.io-6f17d22bba15001f/actix-web-4.4.1/src/test/test_utils.rs:258:8
[INFO] [stdout]     |
[INFO] [stdout] 255 | pub async fn read_body_json<T, B>(res: ServiceResponse<B>) -> T
[INFO] [stdout]     |              -------------- required by a bound in this function
[INFO] [stdout] ...
[INFO] [stdout] 258 |     T: DeserializeOwned,
[INFO] [stdout]     |        ^^^^^^^^^^^^^^^^ required by this bound in `read_body_json`
[INFO] [stdout] 
[INFO] [stdout] 
[INFO] [stdout] error: aborting due to 30 previous errors
[INFO] [stdout] 
[INFO] [stdout] 
[INFO] [stdout] Some errors have detailed explanations: E0277, E0599.
[INFO] [stdout] 
[INFO] [stdout] For more information about an error, try `rustc --explain E0277`.
[INFO] [stdout] 
[INFO] [stderr] error: could not compile `ajars_server_actix_web` (lib test) due to 31 previous errors
[INFO] running `Command { std: "docker" "inspect" "30124cb028292b1a87b353e041aa579773bdf8b0cb8131b077d1d0a9d226e444", kill_on_drop: false }`
[INFO] running `Command { std: "docker" "rm" "-f" "30124cb028292b1a87b353e041aa579773bdf8b0cb8131b077d1d0a9d226e444", kill_on_drop: false }`
[INFO] [stdout] 30124cb028292b1a87b353e041aa579773bdf8b0cb8131b077d1d0a9d226e444
[INFO] testing ajars_server_actix_web-0.10.0 against beta-2023-12-22 for beta-1.76-1
[INFO] extracting crate ajars_server_actix_web 0.10.0 into /workspace/builds/worker-5-tc2/source
[INFO] validating manifest of crates.io crate ajars_server_actix_web 0.10.0 on toolchain beta-2023-12-22
[INFO] running `Command { std: CARGO_HOME="/workspace/cargo-home" RUSTUP_HOME="/workspace/rustup-home" "/workspace/cargo-home/bin/cargo" "+beta-2023-12-22" "metadata" "--manifest-path" "Cargo.toml" "--no-deps", kill_on_drop: false }`
[INFO] started tweaking crates.io crate ajars_server_actix_web 0.10.0
[INFO] finished tweaking crates.io crate ajars_server_actix_web 0.10.0
[INFO] tweaked toml for crates.io crate ajars_server_actix_web 0.10.0 written to /workspace/builds/worker-5-tc2/source/Cargo.toml
[INFO] running `Command { std: CARGO_HOME="/workspace/cargo-home" RUSTUP_HOME="/workspace/rustup-home" "/workspace/cargo-home/bin/cargo" "+beta-2023-12-22" "generate-lockfile" "--manifest-path" "Cargo.toml", kill_on_drop: false }`
[INFO] [stderr]     Updating crates.io index
[INFO] running `Command { std: CARGO_HOME="/workspace/cargo-home" RUSTUP_HOME="/workspace/rustup-home" "/workspace/cargo-home/bin/cargo" "+beta-2023-12-22" "fetch" "--manifest-path" "Cargo.toml", kill_on_drop: false }`
[INFO] [stderr]     Blocking waiting for file lock on package cache
[INFO] running `Command { std: "docker" "create" "-v" "/var/lib/crater-agent-workspace/builds/worker-5-tc2/target:/opt/rustwide/target:rw,Z" "-v" "/var/lib/crater-agent-workspace/builds/worker-5-tc2/source:/opt/rustwide/workdir:ro,Z" "-v" "/var/lib/crater-agent-workspace/cargo-home:/opt/rustwide/cargo-home:ro,Z" "-v" "/var/lib/crater-agent-workspace/rustup-home:/opt/rustwide/rustup-home:ro,Z" "-e" "SOURCE_DIR=/opt/rustwide/workdir" "-e" "CARGO_TARGET_DIR=/opt/rustwide/target" "-e" "CARGO_HOME=/opt/rustwide/cargo-home" "-e" "RUSTUP_HOME=/opt/rustwide/rustup-home" "-w" "/opt/rustwide/workdir" "-m" "1610612736" "--user" "0:0" "--network" "none" "ghcr.io/rust-lang/crates-build-env/linux@sha256:2788e3201cd34a07e3172128adcd8b3090168a8e3bcc40d7c032b9dda1df7d1c" "/opt/rustwide/cargo-home/bin/cargo" "+beta-2023-12-22" "metadata" "--no-deps" "--format-version=1", kill_on_drop: false }`
[INFO] [stdout] 537ff5b2af1093ba0eddb7f1ec48222407eb80f986cd5d15f3eaaa0a9b56ea38
[INFO] running `Command { std: "docker" "start" "-a" "537ff5b2af1093ba0eddb7f1ec48222407eb80f986cd5d15f3eaaa0a9b56ea38", kill_on_drop: false }`
[INFO] running `Command { std: "docker" "inspect" "537ff5b2af1093ba0eddb7f1ec48222407eb80f986cd5d15f3eaaa0a9b56ea38", kill_on_drop: false }`
[INFO] running `Command { std: "docker" "rm" "-f" "537ff5b2af1093ba0eddb7f1ec48222407eb80f986cd5d15f3eaaa0a9b56ea38", kill_on_drop: false }`
[INFO] [stdout] 537ff5b2af1093ba0eddb7f1ec48222407eb80f986cd5d15f3eaaa0a9b56ea38
[INFO] running `Command { std: "docker" "create" "-v" "/var/lib/crater-agent-workspace/builds/worker-5-tc2/target:/opt/rustwide/target:rw,Z" "-v" "/var/lib/crater-agent-workspace/builds/worker-5-tc2/source:/opt/rustwide/workdir:ro,Z" "-v" "/var/lib/crater-agent-workspace/cargo-home:/opt/rustwide/cargo-home:ro,Z" "-v" "/var/lib/crater-agent-workspace/rustup-home:/opt/rustwide/rustup-home:ro,Z" "-e" "SOURCE_DIR=/opt/rustwide/workdir" "-e" "CARGO_TARGET_DIR=/opt/rustwide/target" "-e" "CARGO_INCREMENTAL=0" "-e" "RUST_BACKTRACE=full" "-e" "RUSTFLAGS=--cap-lints=warn" "-e" "RUSTDOCFLAGS=--cap-lints=warn" "-e" "CARGO_HOME=/opt/rustwide/cargo-home" "-e" "RUSTUP_HOME=/opt/rustwide/rustup-home" "-w" "/opt/rustwide/workdir" "-m" "1610612736" "--user" "0:0" "--network" "none" "ghcr.io/rust-lang/crates-build-env/linux@sha256:2788e3201cd34a07e3172128adcd8b3090168a8e3bcc40d7c032b9dda1df7d1c" "/opt/rustwide/cargo-home/bin/cargo" "+beta-2023-12-22" "build" "--frozen" "--message-format=json", kill_on_drop: false }`
[INFO] [stdout] fc2b3820b84027b515da6384877dba9db01e092f5c74baeaabbbd43be4aa5d0a
[INFO] running `Command { std: "docker" "start" "-a" "fc2b3820b84027b515da6384877dba9db01e092f5c74baeaabbbd43be4aa5d0a", kill_on_drop: false }`
[INFO] [stderr]    Compiling serde v1.0.194
[INFO] [stderr]    Compiling pkg-config v0.3.28
[INFO] [stderr]    Compiling regex-syntax v0.8.2
[INFO] [stderr]    Compiling parking_lot_core v0.9.9
[INFO] [stderr]    Compiling jobserver v0.1.27
[INFO] [stderr]    Compiling mio v0.8.10
[INFO] [stderr]    Compiling tracing v0.1.40
[INFO] [stderr]    Compiling bytestring v1.3.1
[INFO] [stderr]    Compiling alloc-no-stdlib v2.0.4
[INFO] [stderr]    Compiling syn v2.0.48
[INFO] [stderr]    Compiling zstd-safe v7.0.0
[INFO] [stderr]    Compiling syn v1.0.109
[INFO] [stderr]    Compiling local-waker v0.1.4
[INFO] [stderr]    Compiling ahash v0.8.7
[INFO] [stderr]    Compiling ppv-lite86 v0.2.17
[INFO] [stderr]    Compiling powerfmt v0.2.0
[INFO] [stderr]    Compiling alloc-stdlib v0.2.2
[INFO] [stderr]    Compiling tracing-core v0.1.32
[INFO] [stderr]    Compiling time-core v0.1.2
[INFO] [stderr]    Compiling parking_lot v0.12.1
[INFO] [stderr]    Compiling deranged v0.3.11
[INFO] [stderr]    Compiling time-macros v0.2.16
[INFO] [stderr]    Compiling cc v1.0.83
[INFO] [stderr]    Compiling brotli-decompressor v2.5.1
[INFO] [stderr]    Compiling actix-utils v3.0.1
[INFO] [stderr]    Compiling tokio v1.35.1
[INFO] [stderr]    Compiling actix-service v2.0.2
[INFO] [stderr]    Compiling rand_chacha v0.3.1
[INFO] [stderr]    Compiling digest v0.10.7
[INFO] [stderr]    Compiling cookie v0.16.2
[INFO] [stderr]    Compiling serde_json v1.0.111
[INFO] [stderr]    Compiling sha1 v0.10.6
[INFO] [stderr]    Compiling rand v0.8.5
[INFO] [stderr]    Compiling flate2 v1.0.28
[INFO] [stderr]    Compiling local-channel v0.1.5
[INFO] [stderr]    Compiling encoding_rs v0.8.33
[INFO] [stderr]    Compiling language-tags v0.3.2
[INFO] [stderr]    Compiling bitflags v2.4.1
[INFO] [stderr]    Compiling mime v0.3.17
[INFO] [stderr]    Compiling base64 v0.21.5
[INFO] [stderr]    Compiling brotli v3.4.0
[INFO] [stderr]    Compiling zstd-sys v2.0.9+zstd.1.5.5
[INFO] [stderr]    Compiling regex-automata v0.4.3
[INFO] [stderr]    Compiling time v0.3.31
[INFO] [stderr]    Compiling derive_more v0.99.17
[INFO] [stderr]    Compiling serde_urlencoded v0.7.1
[INFO] [stderr]    Compiling ajars_core v0.10.0
[INFO] [stderr]    Compiling tokio-util v0.7.10
[INFO] [stderr]    Compiling regex v1.10.2
[INFO] [stderr]    Compiling actix-rt v2.9.0
[INFO] [stderr]    Compiling actix-codec v0.5.1
[INFO] [stderr]    Compiling actix-router v0.5.2
[INFO] [stderr]    Compiling futures-macro v0.3.30
[INFO] [stderr]    Compiling actix-macros v0.2.4
[INFO] [stderr]    Compiling futures-util v0.3.30
[INFO] [stderr]    Compiling actix-web-codegen v4.2.2
[INFO] [stderr]    Compiling zstd v0.13.0
[INFO] [stderr]    Compiling h2 v0.3.22
[INFO] [stderr]    Compiling actix-server v2.3.0
[INFO] [stderr]    Compiling actix-http v3.5.1
[INFO] [stderr]    Compiling actix-web v4.4.1
[INFO] [stderr]    Compiling ajars_server_actix_web v0.10.0 (/opt/rustwide/workdir)
[INFO] [stderr]     Finished dev [unoptimized + debuginfo] target(s) in 21.70s
[INFO] running `Command { std: "docker" "inspect" "fc2b3820b84027b515da6384877dba9db01e092f5c74baeaabbbd43be4aa5d0a", kill_on_drop: false }`
[INFO] running `Command { std: "docker" "rm" "-f" "fc2b3820b84027b515da6384877dba9db01e092f5c74baeaabbbd43be4aa5d0a", kill_on_drop: false }`
[INFO] [stdout] fc2b3820b84027b515da6384877dba9db01e092f5c74baeaabbbd43be4aa5d0a
[INFO] running `Command { std: "docker" "create" "-v" "/var/lib/crater-agent-workspace/builds/worker-5-tc2/target:/opt/rustwide/target:rw,Z" "-v" "/var/lib/crater-agent-workspace/builds/worker-5-tc2/source:/opt/rustwide/workdir:ro,Z" "-v" "/var/lib/crater-agent-workspace/cargo-home:/opt/rustwide/cargo-home:ro,Z" "-v" "/var/lib/crater-agent-workspace/rustup-home:/opt/rustwide/rustup-home:ro,Z" "-e" "SOURCE_DIR=/opt/rustwide/workdir" "-e" "CARGO_TARGET_DIR=/opt/rustwide/target" "-e" "CARGO_INCREMENTAL=0" "-e" "RUST_BACKTRACE=full" "-e" "RUSTFLAGS=--cap-lints=warn" "-e" "RUSTDOCFLAGS=--cap-lints=warn" "-e" "CARGO_HOME=/opt/rustwide/cargo-home" "-e" "RUSTUP_HOME=/opt/rustwide/rustup-home" "-w" "/opt/rustwide/workdir" "-m" "1610612736" "--user" "0:0" "--network" "none" "ghcr.io/rust-lang/crates-build-env/linux@sha256:2788e3201cd34a07e3172128adcd8b3090168a8e3bcc40d7c032b9dda1df7d1c" "/opt/rustwide/cargo-home/bin/cargo" "+beta-2023-12-22" "test" "--frozen" "--no-run" "--message-format=json", kill_on_drop: false }`
[INFO] [stdout] 97509f53e0714c7eeca0fe57b25ee762977e7a374a23354eef8ac2cbbfc51116
[INFO] running `Command { std: "docker" "start" "-a" "97509f53e0714c7eeca0fe57b25ee762977e7a374a23354eef8ac2cbbfc51116", kill_on_drop: false }`
[INFO] [stderr]    Compiling actix-rt v2.9.0
[INFO] [stderr]    Compiling actix-http v3.5.1
[INFO] [stderr]    Compiling actix-server v2.3.0
[INFO] [stderr]    Compiling actix-web v4.4.1
[INFO] [stderr]    Compiling ajars_server_actix_web v0.10.0 (/opt/rustwide/workdir)
[INFO] [stdout] error: cannot find derive macro `Serialize` in this scope
[INFO] [stdout]   --> src/lib.rs:79:14
[INFO] [stdout]    |
[INFO] [stdout] 79 |     #[derive(Serialize, Deserialize, Debug)]
[INFO] [stdout]    |              ^^^^^^^^^
[INFO] [stdout]    |
[INFO] [stdout] note: `Serialize` is imported here, but it is only a trait, without a derive macro
[INFO] [stdout]   --> src/lib.rs:73:30
[INFO] [stdout]    |
[INFO] [stdout] 73 |     use serde::{Deserialize, Serialize};
[INFO] [stdout]    |                              ^^^^^^^^^
[INFO] [stdout] 
[INFO] [stdout] 
[INFO] [stdout] error: cannot find derive macro `Deserialize` in this scope
[INFO] [stdout]   --> src/lib.rs:79:25
[INFO] [stdout]    |
[INFO] [stdout] 79 |     #[derive(Serialize, Deserialize, Debug)]
[INFO] [stdout]    |                         ^^^^^^^^^^^
[INFO] [stdout]    |
[INFO] [stdout] note: `Deserialize` is imported here, but it is only a trait, without a derive macro
[INFO] [stdout]   --> src/lib.rs:73:17
[INFO] [stdout]    |
[INFO] [stdout] 73 |     use serde::{Deserialize, Serialize};
[INFO] [stdout]    |                 ^^^^^^^^^^^
[INFO] [stdout] 
[INFO] [stdout] 
[INFO] [stdout] error: cannot find derive macro `Serialize` in this scope
[INFO] [stdout]   --> src/lib.rs:84:14
[INFO] [stdout]    |
[INFO] [stdout] 84 |     #[derive(Serialize, Deserialize, Debug)]
[INFO] [stdout]    |              ^^^^^^^^^
[INFO] [stdout]    |
[INFO] [stdout] note: `Serialize` is imported here, but it is only a trait, without a derive macro
[INFO] [stdout]   --> src/lib.rs:73:30
[INFO] [stdout]    |
[INFO] [stdout] 73 |     use serde::{Deserialize, Serialize};
[INFO] [stdout]    |                              ^^^^^^^^^
[INFO] [stdout] 
[INFO] [stdout] 
[INFO] [stdout] error: cannot find derive macro `Deserialize` in this scope
[INFO] [stdout]   --> src/lib.rs:84:25
[INFO] [stdout]    |
[INFO] [stdout] 84 |     #[derive(Serialize, Deserialize, Debug)]
[INFO] [stdout]    |                         ^^^^^^^^^^^
[INFO] [stdout]    |
[INFO] [stdout] note: `Deserialize` is imported here, but it is only a trait, without a derive macro
[INFO] [stdout]   --> src/lib.rs:73:17
[INFO] [stdout]    |
[INFO] [stdout] 73 |     use serde::{Deserialize, Serialize};
[INFO] [stdout]    |                 ^^^^^^^^^^^
[INFO] [stdout] 
[INFO] [stdout] 
[INFO] [stdout] error[E0599]: the function or associated item `delete` exists for struct `RestFluent<PingRequest, PingResponse>`, but its trait bounds were not satisfied
[INFO] [stdout]    --> src/lib.rs:108:54
[INFO] [stdout]     |
[INFO] [stdout] 80  |     pub struct PingRequest {
[INFO] [stdout]     |     ----------------------
[INFO] [stdout]     |     |
[INFO] [stdout]     |     doesn't satisfy `PingRequest: DeserializeOwned`
[INFO] [stdout]     |     doesn't satisfy `PingRequest: serde::Deserialize<'de>`
[INFO] [stdout]     |     doesn't satisfy `PingRequest: serde::Serialize`
[INFO] [stdout] ...
[INFO] [stdout] 85  |     pub struct PingResponse {
[INFO] [stdout]     |     -----------------------
[INFO] [stdout]     |     |
[INFO] [stdout]     |     doesn't satisfy `PingResponse: DeserializeOwned`
[INFO] [stdout]     |     doesn't satisfy `PingResponse: serde::Deserialize<'de>`
[INFO] [stdout]     |     doesn't satisfy `PingResponse: serde::Serialize`
[INFO] [stdout] ...
[INFO] [stdout] 108 |             RestFluent::<PingRequest, PingResponse>::delete(format!("/api/something/{}", rand::random::<usize>()));
[INFO] [stdout]     |                                                      ^^^^^^ function or associated item cannot be called on `RestFluent<PingRequest, PingResponse>` due to unsatisfied trait bounds
[INFO] [stdout]     |
[INFO] [stdout]     = note: the following trait bounds were not satisfied:
[INFO] [stdout]             `PingRequest: serde::Serialize`
[INFO] [stdout]             `PingRequest: DeserializeOwned`
[INFO] [stdout]             `PingRequest: serde::Deserialize<'de>`
[INFO] [stdout]             which is required by `PingRequest: DeserializeOwned`
[INFO] [stdout]             `PingResponse: serde::Serialize`
[INFO] [stdout]             `PingResponse: DeserializeOwned`
[INFO] [stdout]             `PingResponse: serde::Deserialize<'de>`
[INFO] [stdout]             which is required by `PingResponse: DeserializeOwned`
[INFO] [stdout] note: the traits `DeserializeOwned` and `serde::Serialize` must be implemented
[INFO] [stdout]    --> /opt/rustwide/cargo-home/registry/src/index.crates.io-6f17d22bba15001f/serde-1.0.194/src/de/mod.rs:607:1
[INFO] [stdout]     |
[INFO] [stdout] 607 | pub trait DeserializeOwned: for<'de> Deserialize<'de> {}
[INFO] [stdout]     | ^^^^^^^^^^^^^^^^^^^^^^^^^^^^^^^^^^^^^^^^^^^^^^^^^^^^^
[INFO] [stdout]     |
[INFO] [stdout]    ::: /opt/rustwide/cargo-home/registry/src/index.crates.io-6f17d22bba15001f/serde-1.0.194/src/ser/mod.rs:218:1
[INFO] [stdout]     |
[INFO] [stdout] 218 | pub trait Serialize {
[INFO] [stdout]     | ^^^^^^^^^^^^^^^^^^^
[INFO] [stdout] 
[INFO] [stdout] 
[INFO] [stdout] error[E0277]: the trait bound `PingRequest: serde::Serialize` is not satisfied
[INFO] [stdout]    --> src/lib.rs:108:13
[INFO] [stdout]     |
[INFO] [stdout] 108 |             RestFluent::<PingRequest, PingResponse>::delete(format!("/api/something/{}", rand::random::<usize>()));
[INFO] [stdout]     |             ^^^^^^^^^^^^^^^^^^^^^^^^^^^^^^^^^^^^^^^ the trait `serde::Serialize` is not implemented for `PingRequest`
[INFO] [stdout]     |
[INFO] [stdout]     = help: the following other types implement trait `serde::Serialize`:
[INFO] [stdout]               bool
[INFO] [stdout]               char
[INFO] [stdout]               isize
[INFO] [stdout]               i8
[INFO] [stdout]               i16
[INFO] [stdout]               i32
[INFO] [stdout]               i64
[INFO] [stdout]               i128
[INFO] [stdout]             and 133 others
[INFO] [stdout] note: required by a bound in `RestFluent`
[INFO] [stdout]    --> /opt/rustwide/cargo-home/registry/src/index.crates.io-6f17d22bba15001f/ajars_core-0.10.0/src/lib.rs:68:26
[INFO] [stdout]     |
[INFO] [stdout] 68  | pub struct RestFluent<I: Serialize + DeserializeOwned, O: Serialize + DeserializeOwned> {
[INFO] [stdout]     |                          ^^^^^^^^^ required by this bound in `RestFluent`
[INFO] [stdout] 
[INFO] [stdout] 
[INFO] [stdout] error[E0277]: the trait bound `PingResponse: serde::Serialize` is not satisfied
[INFO] [stdout]    --> src/lib.rs:108:13
[INFO] [stdout]     |
[INFO] [stdout] 108 |             RestFluent::<PingRequest, PingResponse>::delete(format!("/api/something/{}", rand::random::<usize>()));
[INFO] [stdout]     |             ^^^^^^^^^^^^^^^^^^^^^^^^^^^^^^^^^^^^^^^ the trait `serde::Serialize` is not implemented for `PingResponse`
[INFO] [stdout]     |
[INFO] [stdout]     = help: the following other types implement trait `serde::Serialize`:
[INFO] [stdout]               bool
[INFO] [stdout]               char
[INFO] [stdout]               isize
[INFO] [stdout]               i8
[INFO] [stdout]               i16
[INFO] [stdout]               i32
[INFO] [stdout]               i64
[INFO] [stdout]               i128
[INFO] [stdout]             and 133 others
[INFO] [stdout] note: required by a bound in `RestFluent`
[INFO] [stdout]    --> /opt/rustwide/cargo-home/registry/src/index.crates.io-6f17d22bba15001f/ajars_core-0.10.0/src/lib.rs:68:59
[INFO] [stdout]     |
[INFO] [stdout] 68  | pub struct RestFluent<I: Serialize + DeserializeOwned, O: Serialize + DeserializeOwned> {
[INFO] [stdout]     |                                                           ^^^^^^^^^ required by this bound in `RestFluent`
[INFO] [stdout] 
[INFO] [stdout] 
[INFO] [stdout] error[E0277]: the trait bound `for<'de> PingRequest: serde::Deserialize<'de>` is not satisfied
[INFO] [stdout]    --> src/lib.rs:108:13
[INFO] [stdout]     |
[INFO] [stdout] 108 |             RestFluent::<PingRequest, PingResponse>::delete(format!("/api/something/{}", rand::random::<usize>()));
[INFO] [stdout]     |             ^^^^^^^^^^^^^^^^^^^^^^^^^^^^^^^^^^^^^^^ the trait `for<'de> serde::Deserialize<'de>` is not implemented for `PingRequest`
[INFO] [stdout]     |
[INFO] [stdout]     = help: the following other types implement trait `serde::Deserialize<'de>`:
[INFO] [stdout]               bool
[INFO] [stdout]               char
[INFO] [stdout]               isize
[INFO] [stdout]               i8
[INFO] [stdout]               i16
[INFO] [stdout]               i32
[INFO] [stdout]               i64
[INFO] [stdout]               i128
[INFO] [stdout]             and 131 others
[INFO] [stdout]     = note: required for `PingRequest` to implement `DeserializeOwned`
[INFO] [stdout] note: required by a bound in `RestFluent`
[INFO] [stdout]    --> /opt/rustwide/cargo-home/registry/src/index.crates.io-6f17d22bba15001f/ajars_core-0.10.0/src/lib.rs:68:38
[INFO] [stdout]     |
[INFO] [stdout] 68  | pub struct RestFluent<I: Serialize + DeserializeOwned, O: Serialize + DeserializeOwned> {
[INFO] [stdout]     |                                      ^^^^^^^^^^^^^^^^ required by this bound in `RestFluent`
[INFO] [stdout] 
[INFO] [stdout] 
[INFO] [stdout] error[E0277]: the trait bound `for<'de> PingResponse: serde::Deserialize<'de>` is not satisfied
[INFO] [stdout]    --> src/lib.rs:108:13
[INFO] [stdout]     |
[INFO] [stdout] 108 |             RestFluent::<PingRequest, PingResponse>::delete(format!("/api/something/{}", rand::random::<usize>()));
[INFO] [stdout]     |             ^^^^^^^^^^^^^^^^^^^^^^^^^^^^^^^^^^^^^^^ the trait `for<'de> serde::Deserialize<'de>` is not implemented for `PingResponse`
[INFO] [stdout]     |
[INFO] [stdout]     = help: the following other types implement trait `serde::Deserialize<'de>`:
[INFO] [stdout]               bool
[INFO] [stdout]               char
[INFO] [stdout]               isize
[INFO] [stdout]               i8
[INFO] [stdout]               i16
[INFO] [stdout]               i32
[INFO] [stdout]               i64
[INFO] [stdout]               i128
[INFO] [stdout]             and 131 others
[INFO] [stdout]     = note: required for `PingResponse` to implement `DeserializeOwned`
[INFO] [stdout] note: required by a bound in `RestFluent`
[INFO] [stdout]    --> /opt/rustwide/cargo-home/registry/src/index.crates.io-6f17d22bba15001f/ajars_core-0.10.0/src/lib.rs:68:71
[INFO] [stdout]     |
[INFO] [stdout] 68  | pub struct RestFluent<I: Serialize + DeserializeOwned, O: Serialize + DeserializeOwned> {
[INFO] [stdout]     |                                                                       ^^^^^^^^^^^^^^^^ required by this bound in `RestFluent`
[INFO] [stdout] 
[INFO] [stdout] 
[INFO] [stdout] error[E0277]: the trait bound `for<'de> PingResponse: serde::Deserialize<'de>` is not satisfied
[INFO] [stdout]    --> src/lib.rs:123:34
[INFO] [stdout]     |
[INFO] [stdout] 123 |         let resp: PingResponse = test::read_body_json(resp).await;
[INFO] [stdout]     |                                  ^^^^^^^^^^^^^^^^^^^^ the trait `for<'de> serde::Deserialize<'de>` is not implemented for `PingResponse`
[INFO] [stdout]     |
[INFO] [stdout]     = help: the following other types implement trait `serde::Deserialize<'de>`:
[INFO] [stdout]               bool
[INFO] [stdout]               char
[INFO] [stdout]               isize
[INFO] [stdout]               i8
[INFO] [stdout]               i16
[INFO] [stdout]               i32
[INFO] [stdout]               i64
[INFO] [stdout]               i128
[INFO] [stdout]             and 131 others
[INFO] [stdout]     = note: required for `PingResponse` to implement `DeserializeOwned`
[INFO] [stdout] note: required by a bound in `read_body_json`
[INFO] [stdout]    --> /opt/rustwide/cargo-home/registry/src/index.crates.io-6f17d22bba15001f/actix-web-4.4.1/src/test/test_utils.rs:258:8
[INFO] [stdout]     |
[INFO] [stdout] 255 | pub async fn read_body_json<T, B>(res: ServiceResponse<B>) -> T
[INFO] [stdout]     |              -------------- required by a bound in this function
[INFO] [stdout] ...
[INFO] [stdout] 258 |     T: DeserializeOwned,
[INFO] [stdout]     |        ^^^^^^^^^^^^^^^^ required by this bound in `read_body_json`
[INFO] [stdout] 
[INFO] [stdout] 
[INFO] [stdout] error[E0599]: the function or associated item `get` exists for struct `RestFluent<PingRequest, PingResponse>`, but its trait bounds were not satisfied
[INFO] [stdout]    --> src/lib.rs:130:61
[INFO] [stdout]     |
[INFO] [stdout] 80  |     pub struct PingRequest {
[INFO] [stdout]     |     ----------------------
[INFO] [stdout]     |     |
[INFO] [stdout]     |     doesn't satisfy `PingRequest: DeserializeOwned`
[INFO] [stdout]     |     doesn't satisfy `PingRequest: serde::Deserialize<'de>`
[INFO] [stdout]     |     doesn't satisfy `PingRequest: serde::Serialize`
[INFO] [stdout] ...
[INFO] [stdout] 85  |     pub struct PingResponse {
[INFO] [stdout]     |     -----------------------
[INFO] [stdout]     |     |
[INFO] [stdout]     |     doesn't satisfy `PingResponse: DeserializeOwned`
[INFO] [stdout]     |     doesn't satisfy `PingResponse: serde::Deserialize<'de>`
[INFO] [stdout]     |     doesn't satisfy `PingResponse: serde::Serialize`
[INFO] [stdout] ...
[INFO] [stdout] 130 |         let rest = RestFluent::<PingRequest, PingResponse>::get(format!("/api/something/{}", rand::random::<usize>()));
[INFO] [stdout]     |                                                             ^^^ function or associated item cannot be called on `RestFluent<PingRequest, PingResponse>` due to unsatisfied trait bounds
[INFO] [stdout]     |
[INFO] [stdout]     = note: the following trait bounds were not satisfied:
[INFO] [stdout]             `PingRequest: serde::Serialize`
[INFO] [stdout]             `PingRequest: DeserializeOwned`
[INFO] [stdout]             `PingRequest: serde::Deserialize<'de>`
[INFO] [stdout]             which is required by `PingRequest: DeserializeOwned`
[INFO] [stdout]             `PingResponse: serde::Serialize`
[INFO] [stdout]             `PingResponse: DeserializeOwned`
[INFO] [stdout]             `PingResponse: serde::Deserialize<'de>`
[INFO] [stdout]             which is required by `PingResponse: DeserializeOwned`
[INFO] [stdout] note: the traits `DeserializeOwned` and `serde::Serialize` must be implemented
[INFO] [stdout]    --> /opt/rustwide/cargo-home/registry/src/index.crates.io-6f17d22bba15001f/serde-1.0.194/src/de/mod.rs:607:1
[INFO] [stdout]     |
[INFO] [stdout] 607 | pub trait DeserializeOwned: for<'de> Deserialize<'de> {}
[INFO] [stdout]     | ^^^^^^^^^^^^^^^^^^^^^^^^^^^^^^^^^^^^^^^^^^^^^^^^^^^^^
[INFO] [stdout]     |
[INFO] [stdout]    ::: /opt/rustwide/cargo-home/registry/src/index.crates.io-6f17d22bba15001f/serde-1.0.194/src/ser/mod.rs:218:1
[INFO] [stdout]     |
[INFO] [stdout] 218 | pub trait Serialize {
[INFO] [stdout]     | ^^^^^^^^^^^^^^^^^^^
[INFO] [stdout] 
[INFO] [stdout] 
[INFO] [stdout] error[E0277]: the trait bound `PingRequest: serde::Serialize` is not satisfied
[INFO] [stdout]    --> src/lib.rs:130:20
[INFO] [stdout]     |
[INFO] [stdout] 130 |         let rest = RestFluent::<PingRequest, PingResponse>::get(format!("/api/something/{}", rand::random::<usize>()));
[INFO] [stdout]     |                    ^^^^^^^^^^^^^^^^^^^^^^^^^^^^^^^^^^^^^^^ the trait `serde::Serialize` is not implemented for `PingRequest`
[INFO] [stdout]     |
[INFO] [stdout]     = help: the following other types implement trait `serde::Serialize`:
[INFO] [stdout]               bool
[INFO] [stdout]               char
[INFO] [stdout]               isize
[INFO] [stdout]               i8
[INFO] [stdout]               i16
[INFO] [stdout]               i32
[INFO] [stdout]               i64
[INFO] [stdout]               i128
[INFO] [stdout]             and 133 others
[INFO] [stdout] note: required by a bound in `RestFluent`
[INFO] [stdout]    --> /opt/rustwide/cargo-home/registry/src/index.crates.io-6f17d22bba15001f/ajars_core-0.10.0/src/lib.rs:68:26
[INFO] [stdout]     |
[INFO] [stdout] 68  | pub struct RestFluent<I: Serialize + DeserializeOwned, O: Serialize + DeserializeOwned> {
[INFO] [stdout]     |                          ^^^^^^^^^ required by this bound in `RestFluent`
[INFO] [stdout] 
[INFO] [stdout] 
[INFO] [stdout] error[E0277]: the trait bound `PingResponse: serde::Serialize` is not satisfied
[INFO] [stdout]    --> src/lib.rs:130:20
[INFO] [stdout]     |
[INFO] [stdout] 130 |         let rest = RestFluent::<PingRequest, PingResponse>::get(format!("/api/something/{}", rand::random::<usize>()));
[INFO] [stdout]     |                    ^^^^^^^^^^^^^^^^^^^^^^^^^^^^^^^^^^^^^^^ the trait `serde::Serialize` is not implemented for `PingResponse`
[INFO] [stdout]     |
[INFO] [stdout]     = help: the following other types implement trait `serde::Serialize`:
[INFO] [stdout]               bool
[INFO] [stdout]               char
[INFO] [stdout]               isize
[INFO] [stdout]               i8
[INFO] [stdout]               i16
[INFO] [stdout]               i32
[INFO] [stdout]               i64
[INFO] [stdout]               i128
[INFO] [stdout]             and 133 others
[INFO] [stdout] note: required by a bound in `RestFluent`
[INFO] [stdout]    --> /opt/rustwide/cargo-home/registry/src/index.crates.io-6f17d22bba15001f/ajars_core-0.10.0/src/lib.rs:68:59
[INFO] [stdout]     |
[INFO] [stdout] 68  | pub struct RestFluent<I: Serialize + DeserializeOwned, O: Serialize + DeserializeOwned> {
[INFO] [stdout]     |                                                           ^^^^^^^^^ required by this bound in `RestFluent`
[INFO] [stdout] 
[INFO] [stdout] 
[INFO] [stdout] error[E0277]: the trait bound `for<'de> PingRequest: serde::Deserialize<'de>` is not satisfied
[INFO] [stdout]    --> src/lib.rs:130:20
[INFO] [stdout]     |
[INFO] [stdout] 130 |         let rest = RestFluent::<PingRequest, PingResponse>::get(format!("/api/something/{}", rand::random::<usize>()));
[INFO] [stdout]     |                    ^^^^^^^^^^^^^^^^^^^^^^^^^^^^^^^^^^^^^^^ the trait `for<'de> serde::Deserialize<'de>` is not implemented for `PingRequest`
[INFO] [stdout]     |
[INFO] [stdout]     = help: the following other types implement trait `serde::Deserialize<'de>`:
[INFO] [stdout]               bool
[INFO] [stdout]               char
[INFO] [stdout]               isize
[INFO] [stdout]               i8
[INFO] [stdout]               i16
[INFO] [stdout]               i32
[INFO] [stdout]               i64
[INFO] [stdout]               i128
[INFO] [stdout]             and 131 others
[INFO] [stdout]     = note: required for `PingRequest` to implement `DeserializeOwned`
[INFO] [stdout] note: required by a bound in `RestFluent`
[INFO] [stdout]    --> /opt/rustwide/cargo-home/registry/src/index.crates.io-6f17d22bba15001f/ajars_core-0.10.0/src/lib.rs:68:38
[INFO] [stdout]     |
[INFO] [stdout] 68  | pub struct RestFluent<I: Serialize + DeserializeOwned, O: Serialize + DeserializeOwned> {
[INFO] [stdout]     |                                      ^^^^^^^^^^^^^^^^ required by this bound in `RestFluent`
[INFO] [stdout] 
[INFO] [stdout] 
[INFO] [stdout] error[E0277]: the trait bound `for<'de> PingResponse: serde::Deserialize<'de>` is not satisfied
[INFO] [stdout]    --> src/lib.rs:130:20
[INFO] [stdout]     |
[INFO] [stdout] 130 |         let rest = RestFluent::<PingRequest, PingResponse>::get(format!("/api/something/{}", rand::random::<usize>()));
[INFO] [stdout]     |                    ^^^^^^^^^^^^^^^^^^^^^^^^^^^^^^^^^^^^^^^ the trait `for<'de> serde::Deserialize<'de>` is not implemented for `PingResponse`
[INFO] [stdout]     |
[INFO] [stdout]     = help: the following other types implement trait `serde::Deserialize<'de>`:
[INFO] [stdout]               bool
[INFO] [stdout]               char
[INFO] [stdout]               isize
[INFO] [stdout]               i8
[INFO] [stdout]               i16
[INFO] [stdout]               i32
[INFO] [stdout]               i64
[INFO] [stdout]               i128
[INFO] [stdout]             and 131 others
[INFO] [stdout]     = note: required for `PingResponse` to implement `DeserializeOwned`
[INFO] [stdout] note: required by a bound in `RestFluent`
[INFO] [stdout]    --> /opt/rustwide/cargo-home/registry/src/index.crates.io-6f17d22bba15001f/ajars_core-0.10.0/src/lib.rs:68:71
[INFO] [stdout]     |
[INFO] [stdout] 68  | pub struct RestFluent<I: Serialize + DeserializeOwned, O: Serialize + DeserializeOwned> {
[INFO] [stdout]     |                                                                       ^^^^^^^^^^^^^^^^ required by this bound in `RestFluent`
[INFO] [stdout] 
[INFO] [stdout] 
[INFO] [stdout] error[E0277]: the trait bound `for<'de> PingResponse: serde::Deserialize<'de>` is not satisfied
[INFO] [stdout]    --> src/lib.rs:145:34
[INFO] [stdout]     |
[INFO] [stdout] 145 |         let resp: PingResponse = test::read_body_json(resp).await;
[INFO] [stdout]     |                                  ^^^^^^^^^^^^^^^^^^^^ the trait `for<'de> serde::Deserialize<'de>` is not implemented for `PingResponse`
[INFO] [stdout]     |
[INFO] [stdout]     = help: the following other types implement trait `serde::Deserialize<'de>`:
[INFO] [stdout]               bool
[INFO] [stdout]               char
[INFO] [stdout]               isize
[INFO] [stdout]               i8
[INFO] [stdout]               i16
[INFO] [stdout]               i32
[INFO] [stdout]               i64
[INFO] [stdout]               i128
[INFO] [stdout]             and 131 others
[INFO] [stdout]     = note: required for `PingResponse` to implement `DeserializeOwned`
[INFO] [stdout] note: required by a bound in `read_body_json`
[INFO] [stdout]    --> /opt/rustwide/cargo-home/registry/src/index.crates.io-6f17d22bba15001f/actix-web-4.4.1/src/test/test_utils.rs:258:8
[INFO] [stdout]     |
[INFO] [stdout] 255 | pub async fn read_body_json<T, B>(res: ServiceResponse<B>) -> T
[INFO] [stdout]     |              -------------- required by a bound in this function
[INFO] [stdout] ...
[INFO] [stdout] 258 |     T: DeserializeOwned,
[INFO] [stdout]     |        ^^^^^^^^^^^^^^^^ required by this bound in `read_body_json`
[INFO] [stdout] 
[INFO] [stdout] 
[INFO] [stdout] error[E0599]: the function or associated item `post` exists for struct `RestFluent<PingRequest, PingResponse>`, but its trait bounds were not satisfied
[INFO] [stdout]    --> src/lib.rs:152:61
[INFO] [stdout]     |
[INFO] [stdout] 80  |     pub struct PingRequest {
[INFO] [stdout]     |     ----------------------
[INFO] [stdout]     |     |
[INFO] [stdout]     |     doesn't satisfy `PingRequest: DeserializeOwned`
[INFO] [stdout]     |     doesn't satisfy `PingRequest: serde::Deserialize<'de>`
[INFO] [stdout]     |     doesn't satisfy `PingRequest: serde::Serialize`
[INFO] [stdout] ...
[INFO] [stdout] 85  |     pub struct PingResponse {
[INFO] [stdout]     |     -----------------------
[INFO] [stdout]     |     |
[INFO] [stdout]     |     doesn't satisfy `PingResponse: DeserializeOwned`
[INFO] [stdout]     |     doesn't satisfy `PingResponse: serde::Deserialize<'de>`
[INFO] [stdout]     |     doesn't satisfy `PingResponse: serde::Serialize`
[INFO] [stdout] ...
[INFO] [stdout] 152 |         let rest = RestFluent::<PingRequest, PingResponse>::post(format!("/api/something/{}", rand::random::<usize>()));
[INFO] [stdout]     |                                                             ^^^^ function or associated item cannot be called on `RestFluent<PingRequest, PingResponse>` due to unsatisfied trait bounds
[INFO] [stdout]     |
[INFO] [stdout]     = note: the following trait bounds were not satisfied:
[INFO] [stdout]             `PingRequest: serde::Serialize`
[INFO] [stdout]             `PingRequest: DeserializeOwned`
[INFO] [stdout]             `PingRequest: serde::Deserialize<'de>`
[INFO] [stdout]             which is required by `PingRequest: DeserializeOwned`
[INFO] [stdout]             `PingResponse: serde::Serialize`
[INFO] [stdout]             `PingResponse: DeserializeOwned`
[INFO] [stdout]             `PingResponse: serde::Deserialize<'de>`
[INFO] [stdout]             which is required by `PingResponse: DeserializeOwned`
[INFO] [stdout] note: the traits `DeserializeOwned` and `serde::Serialize` must be implemented
[INFO] [stdout]    --> /opt/rustwide/cargo-home/registry/src/index.crates.io-6f17d22bba15001f/serde-1.0.194/src/de/mod.rs:607:1
[INFO] [stdout]     |
[INFO] [stdout] 607 | pub trait DeserializeOwned: for<'de> Deserialize<'de> {}
[INFO] [stdout]     | ^^^^^^^^^^^^^^^^^^^^^^^^^^^^^^^^^^^^^^^^^^^^^^^^^^^^^
[INFO] [stdout]     |
[INFO] [stdout]    ::: /opt/rustwide/cargo-home/registry/src/index.crates.io-6f17d22bba15001f/serde-1.0.194/src/ser/mod.rs:218:1
[INFO] [stdout]     |
[INFO] [stdout] 218 | pub trait Serialize {
[INFO] [stdout]     | ^^^^^^^^^^^^^^^^^^^
[INFO] [stdout] 
[INFO] [stdout] 
[INFO] [stdout] error[E0277]: the trait bound `PingRequest: serde::Serialize` is not satisfied
[INFO] [stdout]    --> src/lib.rs:152:20
[INFO] [stdout]     |
[INFO] [stdout] 152 |         let rest = RestFluent::<PingRequest, PingResponse>::post(format!("/api/something/{}", rand::random::<usize>()));
[INFO] [stdout]     |                    ^^^^^^^^^^^^^^^^^^^^^^^^^^^^^^^^^^^^^^^ the trait `serde::Serialize` is not implemented for `PingRequest`
[INFO] [stdout]     |
[INFO] [stdout]     = help: the following other types implement trait `serde::Serialize`:
[INFO] [stdout]               bool
[INFO] [stdout]               char
[INFO] [stdout]               isize
[INFO] [stdout]               i8
[INFO] [stdout]               i16
[INFO] [stdout]               i32
[INFO] [stdout]               i64
[INFO] [stdout]               i128
[INFO] [stdout]             and 133 others
[INFO] [stdout] note: required by a bound in `RestFluent`
[INFO] [stdout]    --> /opt/rustwide/cargo-home/registry/src/index.crates.io-6f17d22bba15001f/ajars_core-0.10.0/src/lib.rs:68:26
[INFO] [stdout]     |
[INFO] [stdout] 68  | pub struct RestFluent<I: Serialize + DeserializeOwned, O: Serialize + DeserializeOwned> {
[INFO] [stdout]     |                          ^^^^^^^^^ required by this bound in `RestFluent`
[INFO] [stdout] 
[INFO] [stdout] 
[INFO] [stdout] error[E0277]: the trait bound `PingResponse: serde::Serialize` is not satisfied
[INFO] [stdout]    --> src/lib.rs:152:20
[INFO] [stdout]     |
[INFO] [stdout] 152 |         let rest = RestFluent::<PingRequest, PingResponse>::post(format!("/api/something/{}", rand::random::<usize>()));
[INFO] [stdout]     |                    ^^^^^^^^^^^^^^^^^^^^^^^^^^^^^^^^^^^^^^^ the trait `serde::Serialize` is not implemented for `PingResponse`
[INFO] [stdout]     |
[INFO] [stdout]     = help: the following other types implement trait `serde::Serialize`:
[INFO] [stdout]               bool
[INFO] [stdout]               char
[INFO] [stdout]               isize
[INFO] [stdout]               i8
[INFO] [stdout]               i16
[INFO] [stdout]               i32
[INFO] [stdout]               i64
[INFO] [stdout]               i128
[INFO] [stdout]             and 133 others
[INFO] [stdout] note: required by a bound in `RestFluent`
[INFO] [stdout]    --> /opt/rustwide/cargo-home/registry/src/index.crates.io-6f17d22bba15001f/ajars_core-0.10.0/src/lib.rs:68:59
[INFO] [stdout]     |
[INFO] [stdout] 68  | pub struct RestFluent<I: Serialize + DeserializeOwned, O: Serialize + DeserializeOwned> {
[INFO] [stdout]     |                                                           ^^^^^^^^^ required by this bound in `RestFluent`
[INFO] [stdout] 
[INFO] [stdout] 
[INFO] [stdout] error[E0277]: the trait bound `for<'de> PingRequest: serde::Deserialize<'de>` is not satisfied
[INFO] [stdout]    --> src/lib.rs:152:20
[INFO] [stdout]     |
[INFO] [stdout] 152 |         let rest = RestFluent::<PingRequest, PingResponse>::post(format!("/api/something/{}", rand::random::<usize>()));
[INFO] [stdout]     |                    ^^^^^^^^^^^^^^^^^^^^^^^^^^^^^^^^^^^^^^^ the trait `for<'de> serde::Deserialize<'de>` is not implemented for `PingRequest`
[INFO] [stdout]     |
[INFO] [stdout]     = help: the following other types implement trait `serde::Deserialize<'de>`:
[INFO] [stdout]               bool
[INFO] [stdout]               char
[INFO] [stdout]               isize
[INFO] [stdout]               i8
[INFO] [stdout]               i16
[INFO] [stdout]               i32
[INFO] [stdout]               i64
[INFO] [stdout]               i128
[INFO] [stdout]             and 131 others
[INFO] [stdout]     = note: required for `PingRequest` to implement `DeserializeOwned`
[INFO] [stdout] note: required by a bound in `RestFluent`
[INFO] [stdout]    --> /opt/rustwide/cargo-home/registry/src/index.crates.io-6f17d22bba15001f/ajars_core-0.10.0/src/lib.rs:68:38
[INFO] [stdout]     |
[INFO] [stdout] 68  | pub struct RestFluent<I: Serialize + DeserializeOwned, O: Serialize + DeserializeOwned> {
[INFO] [stdout]     |                                      ^^^^^^^^^^^^^^^^ required by this bound in `RestFluent`
[INFO] [stdout] 
[INFO] [stdout] 
[INFO] [stdout] error[E0277]: the trait bound `for<'de> PingResponse: serde::Deserialize<'de>` is not satisfied
[INFO] [stdout]    --> src/lib.rs:152:20
[INFO] [stdout]     |
[INFO] [stdout] 152 |         let rest = RestFluent::<PingRequest, PingResponse>::post(format!("/api/something/{}", rand::random::<usize>()));
[INFO] [stdout]     |                    ^^^^^^^^^^^^^^^^^^^^^^^^^^^^^^^^^^^^^^^ the trait `for<'de> serde::Deserialize<'de>` is not implemented for `PingResponse`
[INFO] [stdout]     |
[INFO] [stdout]     = help: the following other types implement trait `serde::Deserialize<'de>`:
[INFO] [stdout]               bool
[INFO] [stdout]               char
[INFO] [stdout]               isize
[INFO] [stdout]               i8
[INFO] [stdout]               i16
[INFO] [stdout]               i32
[INFO] [stdout]               i64
[INFO] [stdout]               i128
[INFO] [stdout]             and 131 others
[INFO] [stdout]     = note: required for `PingResponse` to implement `DeserializeOwned`
[INFO] [stdout] note: required by a bound in `RestFluent`
[INFO] [stdout]    --> /opt/rustwide/cargo-home/registry/src/index.crates.io-6f17d22bba15001f/ajars_core-0.10.0/src/lib.rs:68:71
[INFO] [stdout]     |
[INFO] [stdout] 68  | pub struct RestFluent<I: Serialize + DeserializeOwned, O: Serialize + DeserializeOwned> {
[INFO] [stdout]     |                                                                       ^^^^^^^^^^^^^^^^ required by this bound in `RestFluent`
[INFO] [stdout] 
[INFO] [stdout] 
[INFO] [stdout] error[E0277]: the trait bound `PingRequest: serde::Serialize` is not satisfied
[INFO] [stdout]    --> src/lib.rs:158:72
[INFO] [stdout]     |
[INFO] [stdout] 158 |         let req = test::TestRequest::post().uri(rest.path()).set_json(&payload).to_request();
[INFO] [stdout]     |                                                              --------  ^^^^^^^ the trait `serde::Serialize` is not implemented for `PingRequest`
[INFO] [stdout]     |                                                              |
[INFO] [stdout]     |                                                              required by a bound introduced by this call
[INFO] [stdout]     |
[INFO] [stdout]     = help: the following other types implement trait `serde::Serialize`:
[INFO] [stdout]               bool
[INFO] [stdout]               char
[INFO] [stdout]               isize
[INFO] [stdout]               i8
[INFO] [stdout]               i16
[INFO] [stdout]               i32
[INFO] [stdout]               i64
[INFO] [stdout]               i128
[INFO] [stdout]             and 133 others
[INFO] [stdout]     = note: required for `&PingRequest` to implement `serde::Serialize`
[INFO] [stdout] note: required by a bound in `TestRequest::set_json`
[INFO] [stdout]    --> /opt/rustwide/cargo-home/registry/src/index.crates.io-6f17d22bba15001f/actix-web-4.4.1/src/test/test_request.rs:200:42
[INFO] [stdout]     |
[INFO] [stdout] 200 |     pub fn set_json(mut self, data: impl Serialize) -> Self {
[INFO] [stdout]     |                                          ^^^^^^^^^ required by this bound in `TestRequest::set_json`
[INFO] [stdout] 
[INFO] [stdout] 
[INFO] [stdout] error[E0277]: the trait bound `for<'de> PingResponse: serde::Deserialize<'de>` is not satisfied
[INFO] [stdout]    --> src/lib.rs:167:34
[INFO] [stdout]     |
[INFO] [stdout] 167 |         let resp: PingResponse = test::read_body_json(resp).await;
[INFO] [stdout]     |                                  ^^^^^^^^^^^^^^^^^^^^ the trait `for<'de> serde::Deserialize<'de>` is not implemented for `PingResponse`
[INFO] [stdout]     |
[INFO] [stdout]     = help: the following other types implement trait `serde::Deserialize<'de>`:
[INFO] [stdout]               bool
[INFO] [stdout]               char
[INFO] [stdout]               isize
[INFO] [stdout]               i8
[INFO] [stdout]               i16
[INFO] [stdout]               i32
[INFO] [stdout]               i64
[INFO] [stdout]               i128
[INFO] [stdout]             and 131 others
[INFO] [stdout]     = note: required for `PingResponse` to implement `DeserializeOwned`
[INFO] [stdout] note: required by a bound in `read_body_json`
[INFO] [stdout]    --> /opt/rustwide/cargo-home/registry/src/index.crates.io-6f17d22bba15001f/actix-web-4.4.1/src/test/test_utils.rs:258:8
[INFO] [stdout]     |
[INFO] [stdout] 255 | pub async fn read_body_json<T, B>(res: ServiceResponse<B>) -> T
[INFO] [stdout]     |              -------------- required by a bound in this function
[INFO] [stdout] ...
[INFO] [stdout] 258 |     T: DeserializeOwned,
[INFO] [stdout]     |        ^^^^^^^^^^^^^^^^ required by this bound in `read_body_json`
[INFO] [stdout] 
[INFO] [stdout] 
[INFO] [stdout] error[E0599]: the function or associated item `put` exists for struct `RestFluent<PingRequest, PingResponse>`, but its trait bounds were not satisfied
[INFO] [stdout]    --> src/lib.rs:174:61
[INFO] [stdout]     |
[INFO] [stdout] 80  |     pub struct PingRequest {
[INFO] [stdout]     |     ----------------------
[INFO] [stdout]     |     |
[INFO] [stdout]     |     doesn't satisfy `PingRequest: DeserializeOwned`
[INFO] [stdout]     |     doesn't satisfy `PingRequest: serde::Deserialize<'de>`
[INFO] [stdout]     |     doesn't satisfy `PingRequest: serde::Serialize`
[INFO] [stdout] ...
[INFO] [stdout] 85  |     pub struct PingResponse {
[INFO] [stdout]     |     -----------------------
[INFO] [stdout]     |     |
[INFO] [stdout]     |     doesn't satisfy `PingResponse: DeserializeOwned`
[INFO] [stdout]     |     doesn't satisfy `PingResponse: serde::Deserialize<'de>`
[INFO] [stdout]     |     doesn't satisfy `PingResponse: serde::Serialize`
[INFO] [stdout] ...
[INFO] [stdout] 174 |         let rest = RestFluent::<PingRequest, PingResponse>::put(format!("/api/something/{}", rand::random::<usize>()));
[INFO] [stdout]     |                                                             ^^^ function or associated item cannot be called on `RestFluent<PingRequest, PingResponse>` due to unsatisfied trait bounds
[INFO] [stdout]     |
[INFO] [stdout]     = note: the following trait bounds were not satisfied:
[INFO] [stdout]             `PingRequest: serde::Serialize`
[INFO] [stdout]             `PingRequest: DeserializeOwned`
[INFO] [stdout]             `PingRequest: serde::Deserialize<'de>`
[INFO] [stdout]             which is required by `PingRequest: DeserializeOwned`
[INFO] [stdout]             `PingResponse: serde::Serialize`
[INFO] [stdout]             `PingResponse: DeserializeOwned`
[INFO] [stdout]             `PingResponse: serde::Deserialize<'de>`
[INFO] [stdout]             which is required by `PingResponse: DeserializeOwned`
[INFO] [stdout] note: the traits `DeserializeOwned` and `serde::Serialize` must be implemented
[INFO] [stdout]    --> /opt/rustwide/cargo-home/registry/src/index.crates.io-6f17d22bba15001f/serde-1.0.194/src/de/mod.rs:607:1
[INFO] [stdout]     |
[INFO] [stdout] 607 | pub trait DeserializeOwned: for<'de> Deserialize<'de> {}
[INFO] [stdout]     | ^^^^^^^^^^^^^^^^^^^^^^^^^^^^^^^^^^^^^^^^^^^^^^^^^^^^^
[INFO] [stdout]     |
[INFO] [stdout]    ::: /opt/rustwide/cargo-home/registry/src/index.crates.io-6f17d22bba15001f/serde-1.0.194/src/ser/mod.rs:218:1
[INFO] [stdout]     |
[INFO] [stdout] 218 | pub trait Serialize {
[INFO] [stdout]     | ^^^^^^^^^^^^^^^^^^^
[INFO] [stdout] 
[INFO] [stdout] 
[INFO] [stdout] error[E0277]: the trait bound `PingRequest: serde::Serialize` is not satisfied
[INFO] [stdout]    --> src/lib.rs:174:20
[INFO] [stdout]     |
[INFO] [stdout] 174 |         let rest = RestFluent::<PingRequest, PingResponse>::put(format!("/api/something/{}", rand::random::<usize>()));
[INFO] [stdout]     |                    ^^^^^^^^^^^^^^^^^^^^^^^^^^^^^^^^^^^^^^^ the trait `serde::Serialize` is not implemented for `PingRequest`
[INFO] [stdout]     |
[INFO] [stdout]     = help: the following other types implement trait `serde::Serialize`:
[INFO] [stdout]               bool
[INFO] [stdout]               char
[INFO] [stdout]               isize
[INFO] [stdout]               i8
[INFO] [stdout]               i16
[INFO] [stdout]               i32
[INFO] [stdout]               i64
[INFO] [stdout]               i128
[INFO] [stdout]             and 133 others
[INFO] [stdout] note: required by a bound in `RestFluent`
[INFO] [stdout]    --> /opt/rustwide/cargo-home/registry/src/index.crates.io-6f17d22bba15001f/ajars_core-0.10.0/src/lib.rs:68:26
[INFO] [stdout]     |
[INFO] [stdout] 68  | pub struct RestFluent<I: Serialize + DeserializeOwned, O: Serialize + DeserializeOwned> {
[INFO] [stdout]     |                          ^^^^^^^^^ required by this bound in `RestFluent`
[INFO] [stdout] 
[INFO] [stdout] 
[INFO] [stdout] error[E0277]: the trait bound `PingResponse: serde::Serialize` is not satisfied
[INFO] [stdout]    --> src/lib.rs:174:20
[INFO] [stdout]     |
[INFO] [stdout] 174 |         let rest = RestFluent::<PingRequest, PingResponse>::put(format!("/api/something/{}", rand::random::<usize>()));
[INFO] [stdout]     |                    ^^^^^^^^^^^^^^^^^^^^^^^^^^^^^^^^^^^^^^^ the trait `serde::Serialize` is not implemented for `PingResponse`
[INFO] [stdout]     |
[INFO] [stdout]     = help: the following other types implement trait `serde::Serialize`:
[INFO] [stdout]               bool
[INFO] [stdout]               char
[INFO] [stdout]               isize
[INFO] [stdout]               i8
[INFO] [stdout]               i16
[INFO] [stdout]               i32
[INFO] [stdout]               i64
[INFO] [stdout]               i128
[INFO] [stdout]             and 133 others
[INFO] [stdout] note: required by a bound in `RestFluent`
[INFO] [stdout]    --> /opt/rustwide/cargo-home/registry/src/index.crates.io-6f17d22bba15001f/ajars_core-0.10.0/src/lib.rs:68:59
[INFO] [stdout]     |
[INFO] [stdout] 68  | pub struct RestFluent<I: Serialize + DeserializeOwned, O: Serialize + DeserializeOwned> {
[INFO] [stdout]     |                                                           ^^^^^^^^^ required by this bound in `RestFluent`
[INFO] [stdout] 
[INFO] [stdout] 
[INFO] [stdout] error[E0277]: the trait bound `for<'de> PingRequest: serde::Deserialize<'de>` is not satisfied
[INFO] [stdout]    --> src/lib.rs:174:20
[INFO] [stdout]     |
[INFO] [stdout] 174 |         let rest = RestFluent::<PingRequest, PingResponse>::put(format!("/api/something/{}", rand::random::<usize>()));
[INFO] [stdout]     |                    ^^^^^^^^^^^^^^^^^^^^^^^^^^^^^^^^^^^^^^^ the trait `for<'de> serde::Deserialize<'de>` is not implemented for `PingRequest`
[INFO] [stdout]     |
[INFO] [stdout]     = help: the following other types implement trait `serde::Deserialize<'de>`:
[INFO] [stdout]               bool
[INFO] [stdout]               char
[INFO] [stdout]               isize
[INFO] [stdout]               i8
[INFO] [stdout]               i16
[INFO] [stdout]               i32
[INFO] [stdout]               i64
[INFO] [stdout]               i128
[INFO] [stdout]             and 131 others
[INFO] [stdout]     = note: required for `PingRequest` to implement `DeserializeOwned`
[INFO] [stdout] note: required by a bound in `RestFluent`
[INFO] [stdout]    --> /opt/rustwide/cargo-home/registry/src/index.crates.io-6f17d22bba15001f/ajars_core-0.10.0/src/lib.rs:68:38
[INFO] [stdout]     |
[INFO] [stdout] 68  | pub struct RestFluent<I: Serialize + DeserializeOwned, O: Serialize + DeserializeOwned> {
[INFO] [stdout]     |                                      ^^^^^^^^^^^^^^^^ required by this bound in `RestFluent`
[INFO] [stdout] 
[INFO] [stdout] 
[INFO] [stdout] error[E0277]: the trait bound `for<'de> PingResponse: serde::Deserialize<'de>` is not satisfied
[INFO] [stdout]    --> src/lib.rs:174:20
[INFO] [stdout]     |
[INFO] [stdout] 174 |         let rest = RestFluent::<PingRequest, PingResponse>::put(format!("/api/something/{}", rand::random::<usize>()));
[INFO] [stdout]     |                    ^^^^^^^^^^^^^^^^^^^^^^^^^^^^^^^^^^^^^^^ the trait `for<'de> serde::Deserialize<'de>` is not implemented for `PingResponse`
[INFO] [stdout]     |
[INFO] [stdout]     = help: the following other types implement trait `serde::Deserialize<'de>`:
[INFO] [stdout]               bool
[INFO] [stdout]               char
[INFO] [stdout]               isize
[INFO] [stdout]               i8
[INFO] [stdout]               i16
[INFO] [stdout]               i32
[INFO] [stdout]               i64
[INFO] [stdout]               i128
[INFO] [stdout]             and 131 others
[INFO] [stdout]     = note: required for `PingResponse` to implement `DeserializeOwned`
[INFO] [stdout] note: required by a bound in `RestFluent`
[INFO] [stdout]    --> /opt/rustwide/cargo-home/registry/src/index.crates.io-6f17d22bba15001f/ajars_core-0.10.0/src/lib.rs:68:71
[INFO] [stdout]     |
[INFO] [stdout] 68  | pub struct RestFluent<I: Serialize + DeserializeOwned, O: Serialize + DeserializeOwned> {
[INFO] [stdout]     |                                                                       ^^^^^^^^^^^^^^^^ required by this bound in `RestFluent`
[INFO] [stdout] 
[INFO] [stdout] 
[INFO] [stdout] error[E0277]: the trait bound `PingRequest: serde::Serialize` is not satisfied
[INFO] [stdout]    --> src/lib.rs:180:71
[INFO] [stdout]     |
[INFO] [stdout] 180 |         let req = test::TestRequest::put().uri(rest.path()).set_json(&payload).to_request();
[INFO] [stdout]     |                                                             --------  ^^^^^^^ the trait `serde::Serialize` is not implemented for `PingRequest`
[INFO] [stdout]     |                                                             |
[INFO] [stdout]     |                                                             required by a bound introduced by this call
[INFO] [stdout]     |
[INFO] [stdout]     = help: the following other types implement trait `serde::Serialize`:
[INFO] [stdout]               bool
[INFO] [stdout]               char
[INFO] [stdout]               isize
[INFO] [stdout]               i8
[INFO] [stdout]               i16
[INFO] [stdout]               i32
[INFO] [stdout]               i64
[INFO] [stdout]               i128
[INFO] [stdout]             and 133 others
[INFO] [stdout]     = note: required for `&PingRequest` to implement `serde::Serialize`
[INFO] [stdout] note: required by a bound in `TestRequest::set_json`
[INFO] [stdout]    --> /opt/rustwide/cargo-home/registry/src/index.crates.io-6f17d22bba15001f/actix-web-4.4.1/src/test/test_request.rs:200:42
[INFO] [stdout]     |
[INFO] [stdout] 200 |     pub fn set_json(mut self, data: impl Serialize) -> Self {
[INFO] [stdout]     |                                          ^^^^^^^^^ required by this bound in `TestRequest::set_json`
[INFO] [stdout] 
[INFO] [stdout] 
[INFO] [stdout] error[E0277]: the trait bound `for<'de> PingResponse: serde::Deserialize<'de>` is not satisfied
[INFO] [stdout]    --> src/lib.rs:189:34
[INFO] [stdout]     |
[INFO] [stdout] 189 |         let resp: PingResponse = test::read_body_json(resp).await;
[INFO] [stdout]     |                                  ^^^^^^^^^^^^^^^^^^^^ the trait `for<'de> serde::Deserialize<'de>` is not implemented for `PingResponse`
[INFO] [stdout]     |
[INFO] [stdout]     = help: the following other types implement trait `serde::Deserialize<'de>`:
[INFO] [stdout]               bool
[INFO] [stdout]               char
[INFO] [stdout]               isize
[INFO] [stdout]               i8
[INFO] [stdout]               i16
[INFO] [stdout]               i32
[INFO] [stdout]               i64
[INFO] [stdout]               i128
[INFO] [stdout]             and 131 others
[INFO] [stdout]     = note: required for `PingResponse` to implement `DeserializeOwned`
[INFO] [stdout] note: required by a bound in `read_body_json`
[INFO] [stdout]    --> /opt/rustwide/cargo-home/registry/src/index.crates.io-6f17d22bba15001f/actix-web-4.4.1/src/test/test_utils.rs:258:8
[INFO] [stdout]     |
[INFO] [stdout] 255 | pub async fn read_body_json<T, B>(res: ServiceResponse<B>) -> T
[INFO] [stdout]     |              -------------- required by a bound in this function
[INFO] [stdout] ...
[INFO] [stdout] 258 |     T: DeserializeOwned,
[INFO] [stdout]     |        ^^^^^^^^^^^^^^^^ required by this bound in `read_body_json`
[INFO] [stdout] 
[INFO] [stdout] 
[INFO] [stdout] error: aborting due to 30 previous errors
[INFO] [stdout] 
[INFO] [stdout] 
[INFO] [stdout] Some errors have detailed explanations: E0277, E0599.
[INFO] [stdout] 
[INFO] [stdout] For more information about an error, try `rustc --explain E0277`.
[INFO] [stdout] 
[INFO] [stderr] error: could not compile `ajars_server_actix_web` (lib test) due to 31 previous errors
[INFO] running `Command { std: "docker" "inspect" "97509f53e0714c7eeca0fe57b25ee762977e7a374a23354eef8ac2cbbfc51116", kill_on_drop: false }`
[INFO] running `Command { std: "docker" "rm" "-f" "97509f53e0714c7eeca0fe57b25ee762977e7a374a23354eef8ac2cbbfc51116", kill_on_drop: false }`
[INFO] [stdout] 97509f53e0714c7eeca0fe57b25ee762977e7a374a23354eef8ac2cbbfc51116
