[INFO] fetching crate aigc_core 5.1.2...
[INFO] testing aigc_core-5.1.2 against 1.75.0 for beta-1.76-1
[INFO] extracting crate aigc_core 5.1.2 into /workspace/builds/worker-0-tc1/source
[INFO] validating manifest of crates.io crate aigc_core 5.1.2 on toolchain 1.75.0
[INFO] running `Command { std: CARGO_HOME="/workspace/cargo-home" RUSTUP_HOME="/workspace/rustup-home" "/workspace/cargo-home/bin/cargo" "+1.75.0" "metadata" "--manifest-path" "Cargo.toml" "--no-deps", kill_on_drop: false }`
[INFO] started tweaking crates.io crate aigc_core 5.1.2
[INFO] finished tweaking crates.io crate aigc_core 5.1.2
[INFO] tweaked toml for crates.io crate aigc_core 5.1.2 written to /workspace/builds/worker-0-tc1/source/Cargo.toml
[INFO] running `Command { std: CARGO_HOME="/workspace/cargo-home" RUSTUP_HOME="/workspace/rustup-home" "/workspace/cargo-home/bin/cargo" "+1.75.0" "generate-lockfile" "--manifest-path" "Cargo.toml", kill_on_drop: false }`
[INFO] [stderr]     Updating crates.io index
[INFO] running `Command { std: CARGO_HOME="/workspace/cargo-home" RUSTUP_HOME="/workspace/rustup-home" "/workspace/cargo-home/bin/cargo" "+1.75.0" "fetch" "--manifest-path" "Cargo.toml", kill_on_drop: false }`
[INFO] [stderr]  Downloading crates ...
[INFO] [stderr]   Downloaded enum_primitive v0.1.1
[INFO] [stderr]   Downloaded rand_os v0.1.3
[INFO] [stderr]   Downloaded failure v0.1.8
[INFO] [stderr]   Downloaded siphasher v0.3.11
[INFO] [stderr]   Downloaded num-bigint v0.2.6
[INFO] [stderr]   Downloaded num-traits v0.1.43
[INFO] [stderr]   Downloaded shlex v0.1.1
[INFO] [stderr]   Downloaded iana-time-zone v0.1.59
[INFO] [stderr]   Downloaded synstructure v0.12.6
[INFO] [stderr]   Downloaded parking_lot_core v0.7.3
[INFO] [stderr]   Downloaded rand v0.5.6
[INFO] [stderr]   Downloaded rand v0.6.5
[INFO] [stderr]   Downloaded base64ct v1.6.0
[INFO] [stderr]   Downloaded sha2 v0.9.9
[INFO] [stderr]   Downloaded rand_xorshift v0.1.1
[INFO] [stderr]   Downloaded zip v0.5.13
[INFO] [stderr]   Downloaded windows-core v0.52.0
[INFO] [stderr]   Downloaded pbkdf2 v0.8.0
[INFO] [stderr]   Downloaded hmac v0.11.0
[INFO] [stderr]   Downloaded rustc-serialize v0.3.25
[INFO] [stderr]   Downloaded humantime v1.3.0
[INFO] [stderr]   Downloaded unsafe-any v0.4.2
[INFO] [stderr]   Downloaded num v0.2.1
[INFO] [stderr]   Downloaded rand_chacha v0.1.1
[INFO] [stderr]   Downloaded autocfg v0.1.8
[INFO] [stderr]   Downloaded rand_pcg v0.1.2
[INFO] [stderr]   Downloaded yaml-rust v0.4.5
[INFO] [stderr]   Downloaded rdrand v0.4.0
[INFO] [stderr]   Downloaded crypto-mac v0.11.1
[INFO] [stderr]   Downloaded ordered-float v1.1.1
[INFO] [stderr]   Downloaded arrayvec v0.4.12
[INFO] [stderr]   Downloaded blake2-rfc v0.2.18
[INFO] [stderr]   Downloaded nom v5.1.3
[INFO] [stderr]   Downloaded cexpr v0.4.0
[INFO] [stderr]   Downloaded arc-swap v0.4.8
[INFO] [stderr]   Downloaded lazycell v1.3.0
[INFO] [stderr]   Downloaded peeking_take_while v0.1.2
[INFO] [stderr]   Downloaded which v3.1.1
[INFO] [stderr]   Downloaded serde-value v0.6.0
[INFO] [stderr]   Downloaded password-hash v0.2.3
[INFO] [stderr]   Downloaded ripemd160 v0.9.1
[INFO] [stderr]   Downloaded arrayvec v0.3.25
[INFO] [stderr]   Downloaded rand_hc v0.1.0
[INFO] [stderr]   Downloaded constant_time_eq v0.1.5
[INFO] [stderr]   Downloaded bindgen v0.56.0
[INFO] [stderr]   Downloaded serde_yaml v0.8.26
[INFO] [stderr]   Downloaded traitobject v0.1.0
[INFO] [stderr]   Downloaded thread-id v3.3.0
[INFO] [stderr]   Downloaded subtle v2.4.1
[INFO] [stderr]   Downloaded log-mdc v0.1.0
[INFO] [stderr]   Downloaded num-iter v0.1.43
[INFO] [stderr]   Downloaded glob v0.3.1
[INFO] [stderr]   Downloaded rand_core v0.4.2
[INFO] [stderr]   Downloaded nodrop v0.1.14
[INFO] [stderr]   Downloaded linked-hash-map v0.5.6
[INFO] [stderr]   Downloaded parking_lot v0.10.2
[INFO] [stderr]   Downloaded failure_derive v0.1.8
[INFO] [stderr]   Downloaded humantime v2.1.0
[INFO] [stderr]   Downloaded zeroize_derive v1.4.2
[INFO] [stderr]   Downloaded aigc_keychain v5.1.2
[INFO] [stderr]   Downloaded odds v0.2.26
[INFO] [stderr]   Downloaded clang-sys v1.7.0
[INFO] [stderr]   Downloaded rand_isaac v0.1.1
[INFO] [stderr]   Downloaded rand_core v0.3.1
[INFO] [stderr]   Downloaded typemap v0.3.3
[INFO] [stderr]   Downloaded rand_jitter v0.1.4
[INFO] [stderr]   Downloaded fuchsia-cprng v0.1.1
[INFO] [stderr]   Downloaded zeroize v1.7.0
[INFO] [stderr]   Downloaded log4rs v0.12.0
[INFO] [stderr]   Downloaded aigc_util v5.1.2
[INFO] [stderr]   Downloaded aigc_secp256k1zkp v0.7.12
[INFO] [stderr]   Downloaded croaring v0.4.6
[INFO] [stderr]   Downloaded croaring-sys v0.4.6
[INFO] running `Command { std: "docker" "create" "-v" "/var/lib/crater-agent-workspace/builds/worker-0-tc1/target:/opt/rustwide/target:rw,Z" "-v" "/var/lib/crater-agent-workspace/builds/worker-0-tc1/source:/opt/rustwide/workdir:ro,Z" "-v" "/var/lib/crater-agent-workspace/cargo-home:/opt/rustwide/cargo-home:ro,Z" "-v" "/var/lib/crater-agent-workspace/rustup-home:/opt/rustwide/rustup-home:ro,Z" "-e" "SOURCE_DIR=/opt/rustwide/workdir" "-e" "CARGO_TARGET_DIR=/opt/rustwide/target" "-e" "CARGO_HOME=/opt/rustwide/cargo-home" "-e" "RUSTUP_HOME=/opt/rustwide/rustup-home" "-w" "/opt/rustwide/workdir" "-m" "1610612736" "--user" "0:0" "--network" "none" "ghcr.io/rust-lang/crates-build-env/linux@sha256:2788e3201cd34a07e3172128adcd8b3090168a8e3bcc40d7c032b9dda1df7d1c" "/opt/rustwide/cargo-home/bin/cargo" "+1.75.0" "metadata" "--no-deps" "--format-version=1", kill_on_drop: false }`
[INFO] [stdout] c626ae88f806e7363889532e244a4f087cc65887b2067ee4d5a427d84a77bc5b
[INFO] running `Command { std: "docker" "start" "-a" "c626ae88f806e7363889532e244a4f087cc65887b2067ee4d5a427d84a77bc5b", kill_on_drop: false }`
[INFO] running `Command { std: "docker" "inspect" "c626ae88f806e7363889532e244a4f087cc65887b2067ee4d5a427d84a77bc5b", kill_on_drop: false }`
[INFO] running `Command { std: "docker" "rm" "-f" "c626ae88f806e7363889532e244a4f087cc65887b2067ee4d5a427d84a77bc5b", kill_on_drop: false }`
[INFO] [stdout] c626ae88f806e7363889532e244a4f087cc65887b2067ee4d5a427d84a77bc5b
[INFO] running `Command { std: "docker" "create" "-v" "/var/lib/crater-agent-workspace/builds/worker-0-tc1/target:/opt/rustwide/target:rw,Z" "-v" "/var/lib/crater-agent-workspace/builds/worker-0-tc1/source:/opt/rustwide/workdir:ro,Z" "-v" "/var/lib/crater-agent-workspace/cargo-home:/opt/rustwide/cargo-home:ro,Z" "-v" "/var/lib/crater-agent-workspace/rustup-home:/opt/rustwide/rustup-home:ro,Z" "-e" "SOURCE_DIR=/opt/rustwide/workdir" "-e" "CARGO_TARGET_DIR=/opt/rustwide/target" "-e" "CARGO_INCREMENTAL=0" "-e" "RUST_BACKTRACE=full" "-e" "RUSTFLAGS=--cap-lints=warn" "-e" "RUSTDOCFLAGS=--cap-lints=warn" "-e" "CARGO_HOME=/opt/rustwide/cargo-home" "-e" "RUSTUP_HOME=/opt/rustwide/rustup-home" "-w" "/opt/rustwide/workdir" "-m" "1610612736" "--user" "0:0" "--network" "none" "ghcr.io/rust-lang/crates-build-env/linux@sha256:2788e3201cd34a07e3172128adcd8b3090168a8e3bcc40d7c032b9dda1df7d1c" "/opt/rustwide/cargo-home/bin/cargo" "+1.75.0" "build" "--frozen" "--message-format=json", kill_on_drop: false }`
[INFO] [stdout] 8c08959029576851503db72ebc389112ef9c9ac7e8e4a66431e1d0ab268aba6f
[INFO] running `Command { std: "docker" "start" "-a" "8c08959029576851503db72ebc389112ef9c9ac7e8e4a66431e1d0ab268aba6f", kill_on_drop: false }`
[INFO] [stderr]    Compiling version_check v0.9.4
[INFO] [stderr]    Compiling cfg-if v1.0.0
[INFO] [stderr]    Compiling num-traits v0.2.17
[INFO] [stderr]    Compiling memchr v2.7.1
[INFO] [stderr]    Compiling rand_core v0.4.2
[INFO] [stderr]    Compiling autocfg v0.1.8
[INFO] [stderr]    Compiling typenum v1.17.0
[INFO] [stderr]    Compiling glob v0.3.1
[INFO] [stderr]    Compiling regex-syntax v0.8.2
[INFO] [stderr]    Compiling crc32fast v1.3.2
[INFO] [stderr]    Compiling unicode-width v0.1.11
[INFO] [stderr]    Compiling lazy_static v1.4.0
[INFO] [stderr]    Compiling adler v1.0.2
[INFO] [stderr]    Compiling indexmap v1.9.3
[INFO] [stderr]    Compiling cc v1.0.83
[INFO] [stderr]    Compiling syn v2.0.48
[INFO] [stderr]    Compiling atty v0.2.14
[INFO] [stderr]    Compiling libloading v0.8.1
[INFO] [stderr]    Compiling num-integer v0.1.45
[INFO] [stderr]    Compiling miniz_oxide v0.7.1
[INFO] [stderr]    Compiling textwrap v0.11.0
[INFO] [stderr]    Compiling bitflags v1.3.2
[INFO] [stderr]    Compiling rand_core v0.3.1
[INFO] [stderr]    Compiling ansi_term v0.12.1
[INFO] [stderr]    Compiling strsim v0.8.0
[INFO] [stderr]    Compiling linked-hash-map v0.5.6
[INFO] [stderr]    Compiling nodrop v0.1.14
[INFO] [stderr]    Compiling termcolor v1.4.0
[INFO] [stderr]    Compiling vec_map v0.8.2
[INFO] [stderr]    Compiling humantime v2.1.0
[INFO] [stderr]    Compiling generic-array v0.14.7
[INFO] [stderr]    Compiling nom v5.1.3
[INFO] [stderr]    Compiling bindgen v0.56.0
[INFO] [stderr]    Compiling clang-sys v1.7.0
[INFO] [stderr]    Compiling clap v2.34.0
[INFO] [stderr]    Compiling aho-corasick v1.1.2
[INFO] [stderr]    Compiling rand_pcg v0.1.2
[INFO] [stderr]    Compiling rand_chacha v0.1.1
[INFO] [stderr]    Compiling which v3.1.1
[INFO] [stderr]    Compiling peeking_take_while v0.1.2
[INFO] [stderr]    Compiling subtle v2.4.1
[INFO] [stderr]    Compiling lazycell v1.3.0
[INFO] [stderr]    Compiling smallvec v1.11.2
[INFO] [stderr]    Compiling gimli v0.28.1
[INFO] [stderr]    Compiling shlex v0.1.1
[INFO] [stderr]    Compiling traitobject v0.1.0
[INFO] [stderr]    Compiling rustc-hash v1.1.0
[INFO] [stderr]    Compiling scopeguard v1.2.0
[INFO] [stderr]    Compiling syn v1.0.109
[INFO] [stderr]    Compiling hashbrown v0.12.3
[INFO] [stderr]    Compiling lock_api v0.3.4
[INFO] [stderr]    Compiling parking_lot_core v0.7.3
[INFO] [stderr]    Compiling unsafe-any v0.4.2
[INFO] [stderr]    Compiling object v0.32.2
[INFO] [stderr]    Compiling yaml-rust v0.4.5
[INFO] [stderr]    Compiling rand v0.6.5
[INFO] [stderr]    Compiling num-bigint v0.2.6
[INFO] [stderr]    Compiling odds v0.2.26
[INFO] [stderr]    Compiling quick-error v1.2.3
[INFO] [stderr]    Compiling backtrace v0.3.69
[INFO] [stderr]    Compiling aigc_secp256k1zkp v0.7.12
[INFO] [stderr]    Compiling ordered-float v1.1.1
[INFO] [stderr]    Compiling rustc-demangle v0.1.23
[INFO] [stderr]    Compiling iana-time-zone v0.1.59
[INFO] [stderr]    Compiling opaque-debug v0.3.0
[INFO] [stderr]    Compiling arrayvec v0.4.12
[INFO] [stderr]    Compiling digest v0.9.0
[INFO] [stderr]    Compiling block-buffer v0.9.0
[INFO] [stderr]    Compiling crypto-mac v0.11.1
[INFO] [stderr]    Compiling arrayvec v0.3.25
[INFO] [stderr]    Compiling humantime v1.3.0
[INFO] [stderr]    Compiling regex-automata v0.4.3
[INFO] [stderr]    Compiling parking_lot v0.10.2
[INFO] [stderr]    Compiling typemap v0.3.3
[INFO] [stderr]    Compiling flate2 v1.0.28
[INFO] [stderr]    Compiling rand_hc v0.1.0
[INFO] [stderr]    Compiling cexpr v0.4.0
[INFO] [stderr]    Compiling rand_isaac v0.1.1
[INFO] [stderr]    Compiling rand_xorshift v0.1.1
[INFO] [stderr]    Compiling rand v0.5.6
[INFO] [stderr]    Compiling rand_jitter v0.1.4
[INFO] [stderr]    Compiling rand_os v0.1.3
[INFO] [stderr]    Compiling thread-id v3.3.0
[INFO] [stderr]    Compiling num-iter v0.1.43
[INFO] [stderr]    Compiling num-complex v0.2.4
[INFO] [stderr]    Compiling num-rational v0.2.4
[INFO] [stderr]    Compiling log-mdc v0.1.0
[INFO] [stderr]    Compiling failure_derive v0.1.8
[INFO] [stderr]    Compiling rand_core v0.6.4
[INFO] [stderr]    Compiling same-file v1.0.6
[INFO] [stderr]    Compiling base64ct v1.6.0
[INFO] [stderr]    Compiling fnv v1.0.7
[INFO] [stderr]    Compiling cpufeatures v0.2.12
[INFO] [stderr]    Compiling addr2line v0.21.0
[INFO] [stderr]    Compiling unicode-xid v0.2.4
[INFO] [stderr]    Compiling rustc-serialize v0.3.25
[INFO] [stderr]    Compiling arc-swap v0.4.8
[INFO] [stderr]    Compiling sha2 v0.9.9
[INFO] [stderr]    Compiling walkdir v2.4.0
[INFO] [stderr]    Compiling password-hash v0.2.3
[INFO] [stderr]    Compiling hmac v0.11.0
[INFO] [stderr]    Compiling base64 v0.12.3
[INFO] [stderr]    Compiling constant_time_eq v0.1.5
[INFO] [stderr]    Compiling pbkdf2 v0.8.0
[INFO] [stderr]    Compiling blake2-rfc v0.2.18
[INFO] [stderr]    Compiling ripemd160 v0.9.1
[INFO] [stderr]    Compiling num-traits v0.1.43
[INFO] [stderr]    Compiling lru-cache v0.1.2
[INFO] [stderr]    Compiling enum_primitive v0.1.1
[INFO] [stderr]    Compiling bytes v0.5.6
[INFO] [stderr]    Compiling siphasher v0.3.11
[INFO] [stderr]    Compiling synstructure v0.12.6
[INFO] [stderr]    Compiling regex v1.10.2
[INFO] [stderr]    Compiling num v0.2.1
[INFO] [stderr]    Compiling serde_derive v1.0.194
[INFO] [stderr]    Compiling zeroize_derive v1.4.2
[INFO] [stderr]    Compiling thiserror-impl v1.0.56
[INFO] [stderr]    Compiling failure v0.1.8
[INFO] [stderr]    Compiling zeroize v1.7.0
[INFO] [stderr]    Compiling thiserror v1.0.56
[INFO] [stderr]    Compiling zip v0.5.13
[INFO] [stderr]    Compiling serde v1.0.194
[INFO] [stderr]    Compiling log v0.4.20
[INFO] [stderr]    Compiling serde_json v1.0.111
[INFO] [stderr]    Compiling serde_yaml v0.8.26
[INFO] [stderr]    Compiling serde-value v0.6.0
[INFO] [stderr]    Compiling chrono v0.4.31
[INFO] [stderr]    Compiling env_logger v0.8.4
[INFO] [stderr]    Compiling log4rs v0.12.0
[INFO] [stderr]    Compiling aigc_util v5.1.2
[INFO] [stderr]    Compiling aigc_keychain v5.1.2
[INFO] [stderr]    Compiling croaring-sys v0.4.6
[INFO] [stderr]    Compiling croaring v0.4.6
[INFO] [stderr]    Compiling aigc_core v5.1.2 (/opt/rustwide/workdir)
[INFO] [stdout] warning: use of deprecated constant `chrono::naive::MAX_DATE`: Use NaiveDate::MAX instead
[INFO] [stdout]   --> src/core/block.rs:30:21
[INFO] [stdout]    |
[INFO] [stdout] 30 | use chrono::naive::{MAX_DATE, MIN_DATE};
[INFO] [stdout]    |                     ^^^^^^^^
[INFO] [stdout]    |
[INFO] [stdout]    = note: `#[warn(deprecated)]` on by default
[INFO] [stdout] 
[INFO] [stdout] 
[INFO] [stdout] warning: use of deprecated constant `chrono::naive::MIN_DATE`: Use NaiveDate::MIN instead
[INFO] [stdout]   --> src/core/block.rs:30:31
[INFO] [stdout]    |
[INFO] [stdout] 30 | use chrono::naive::{MAX_DATE, MIN_DATE};
[INFO] [stdout]    |                               ^^^^^^^^
[INFO] [stdout] 
[INFO] [stdout] 
[INFO] [stdout] warning: use of deprecated constant `chrono::naive::MAX_DATE`: Use NaiveDate::MAX instead
[INFO] [stdout]    --> src/core/block.rs:292:17
[INFO] [stdout]     |
[INFO] [stdout] 292 |     if timestamp > MAX_DATE.and_hms(0, 0, 0).timestamp()
[INFO] [stdout]     |                    ^^^^^^^^
[INFO] [stdout] 
[INFO] [stdout] 
[INFO] [stdout] warning: use of deprecated constant `chrono::naive::MIN_DATE`: Use NaiveDate::MIN instead
[INFO] [stdout]    --> src/core/block.rs:293:18
[INFO] [stdout]     |
[INFO] [stdout] 293 |         || timestamp < MIN_DATE.and_hms(0, 0, 0).timestamp()
[INFO] [stdout]     |                        ^^^^^^^^
[INFO] [stdout] 
[INFO] [stdout] 
[INFO] [stdout] warning: use of deprecated associated function `chrono::DateTime::<Tz>::from_utc`: Use TimeZone::from_utc_datetime() or DateTime::from_naive_utc_and_offset instead
[INFO] [stdout]    --> src/core/block.rs:235:32
[INFO] [stdout]     |
[INFO] [stdout] 235 |             timestamp: DateTime::<Utc>::from_utc(NaiveDateTime::from_timestamp(0, 0), Utc),
[INFO] [stdout]     |                                         ^^^^^^^^
[INFO] [stdout] 
[INFO] [stdout] 
[INFO] [stdout] warning: use of deprecated associated function `chrono::NaiveDateTime::from_timestamp`: use `from_timestamp_opt()` instead
[INFO] [stdout]    --> src/core/block.rs:235:56
[INFO] [stdout]     |
[INFO] [stdout] 235 |             timestamp: DateTime::<Utc>::from_utc(NaiveDateTime::from_timestamp(0, 0), Utc),
[INFO] [stdout]     |                                                                 ^^^^^^^^^^^^^^
[INFO] [stdout] 
[INFO] [stdout] 
[INFO] [stdout] warning: use of deprecated method `chrono::NaiveDate::and_hms`: use `and_hms_opt()` instead
[INFO] [stdout]    --> src/core/block.rs:292:26
[INFO] [stdout]     |
[INFO] [stdout] 292 |     if timestamp > MAX_DATE.and_hms(0, 0, 0).timestamp()
[INFO] [stdout]     |                             ^^^^^^^
[INFO] [stdout] 
[INFO] [stdout] 
[INFO] [stdout] warning: use of deprecated method `chrono::NaiveDate::and_hms`: use `and_hms_opt()` instead
[INFO] [stdout]    --> src/core/block.rs:293:27
[INFO] [stdout]     |
[INFO] [stdout] 293 |         || timestamp < MIN_DATE.and_hms(0, 0, 0).timestamp()
[INFO] [stdout]     |                                 ^^^^^^^
[INFO] [stdout] 
[INFO] [stdout] 
[INFO] [stdout] warning: use of deprecated associated function `chrono::DateTime::<Tz>::from_utc`: Use TimeZone::from_utc_datetime() or DateTime::from_naive_utc_and_offset instead
[INFO] [stdout]    --> src/core/block.rs:301:31
[INFO] [stdout]     |
[INFO] [stdout] 301 |         timestamp: DateTime::<Utc>::from_utc(NaiveDateTime::from_timestamp(timestamp, 0), Utc),
[INFO] [stdout]     |                                     ^^^^^^^^
[INFO] [stdout] 
[INFO] [stdout] 
[INFO] [stdout] warning: use of deprecated associated function `chrono::NaiveDateTime::from_timestamp`: use `from_timestamp_opt()` instead
[INFO] [stdout]    --> src/core/block.rs:301:55
[INFO] [stdout]     |
[INFO] [stdout] 301 |         timestamp: DateTime::<Utc>::from_utc(NaiveDateTime::from_timestamp(timestamp, 0), Utc),
[INFO] [stdout]     |                                                             ^^^^^^^^^^^^^^
[INFO] [stdout] 
[INFO] [stdout] 
[INFO] [stdout] warning: use of deprecated associated function `chrono::DateTime::<Tz>::from_utc`: Use TimeZone::from_utc_datetime() or DateTime::from_naive_utc_and_offset instead
[INFO] [stdout]    --> src/core/block.rs:649:36
[INFO] [stdout]     |
[INFO] [stdout] 649 |         let timestamp = DateTime::<Utc>::from_utc(NaiveDateTime::from_timestamp(now, 0), Utc);
[INFO] [stdout]     |                                          ^^^^^^^^
[INFO] [stdout] 
[INFO] [stdout] 
[INFO] [stdout] warning: use of deprecated associated function `chrono::NaiveDateTime::from_timestamp`: use `from_timestamp_opt()` instead
[INFO] [stdout]    --> src/core/block.rs:649:60
[INFO] [stdout]     |
[INFO] [stdout] 649 |         let timestamp = DateTime::<Utc>::from_utc(NaiveDateTime::from_timestamp(now, 0), Utc);
[INFO] [stdout]     |                                                                  ^^^^^^^^^^^^^^
[INFO] [stdout] 
[INFO] [stdout] 
[INFO] [stdout] warning: use of deprecated method `chrono::TimeZone::ymd`: use `with_ymd_and_hms()` instead
[INFO] [stdout]   --> src/genesis.rs:37:18
[INFO] [stdout]    |
[INFO] [stdout] 37 |         timestamp: Utc.ymd(1997, 8, 4).and_hms(0, 0, 0),
[INFO] [stdout]    |                        ^^^
[INFO] [stdout] 
[INFO] [stdout] 
[INFO] [stdout] warning: use of deprecated method `chrono::Date::<Tz>::and_hms`: Use and_hms_opt() instead
[INFO] [stdout]   --> src/genesis.rs:37:34
[INFO] [stdout]    |
[INFO] [stdout] 37 |         timestamp: Utc.ymd(1997, 8, 4).and_hms(0, 0, 0),
[INFO] [stdout]    |                                        ^^^^^^^
[INFO] [stdout] 
[INFO] [stdout] 
[INFO] [stdout] warning: use of deprecated method `chrono::TimeZone::ymd`: use `with_ymd_and_hms()` instead
[INFO] [stdout]   --> src/genesis.rs:51:18
[INFO] [stdout]    |
[INFO] [stdout] 51 |         timestamp: Utc.ymd(2018, 12, 28).and_hms(20, 48, 4),
[INFO] [stdout]    |                        ^^^
[INFO] [stdout] 
[INFO] [stdout] 
[INFO] [stdout] warning: use of deprecated method `chrono::Date::<Tz>::and_hms`: Use and_hms_opt() instead
[INFO] [stdout]   --> src/genesis.rs:51:36
[INFO] [stdout]    |
[INFO] [stdout] 51 |         timestamp: Utc.ymd(2018, 12, 28).and_hms(20, 48, 4),
[INFO] [stdout]    |                                          ^^^^^^^
[INFO] [stdout] 
[INFO] [stdout] 
[INFO] [stdout] warning: use of deprecated method `chrono::TimeZone::ymd`: use `with_ymd_and_hms()` instead
[INFO] [stdout]    --> src/genesis.rs:164:18
[INFO] [stdout]     |
[INFO] [stdout] 164 |         timestamp: Utc.ymd(2023, 8, 6).and_hms(6, 2, 19),
[INFO] [stdout]     |                        ^^^
[INFO] [stdout] 
[INFO] [stdout] 
[INFO] [stdout] warning: use of deprecated method `chrono::Date::<Tz>::and_hms`: Use and_hms_opt() instead
[INFO] [stdout]    --> src/genesis.rs:164:34
[INFO] [stdout]     |
[INFO] [stdout] 164 |         timestamp: Utc.ymd(2023, 8, 6).and_hms(6, 2, 19),
[INFO] [stdout]     |                                        ^^^^^^^
[INFO] [stdout] 
[INFO] [stdout] 
[INFO] [stdout] warning: use of deprecated associated function `chrono::DateTime::<Tz>::from_utc`: Use TimeZone::from_utc_datetime() or DateTime::from_naive_utc_and_offset instead
[INFO] [stdout]    --> src/pow.rs:118:36
[INFO] [stdout]     |
[INFO] [stdout] 118 |             bh.timestamp = DateTime::<Utc>::from_utc(NaiveDateTime::from_timestamp(0, 0), Utc);
[INFO] [stdout]     |                                             ^^^^^^^^
[INFO] [stdout] 
[INFO] [stdout] 
[INFO] [stdout] warning: use of deprecated associated function `chrono::NaiveDateTime::from_timestamp`: use `from_timestamp_opt()` instead
[INFO] [stdout]    --> src/pow.rs:118:60
[INFO] [stdout]     |
[INFO] [stdout] 118 |             bh.timestamp = DateTime::<Utc>::from_utc(NaiveDateTime::from_timestamp(0, 0), Utc);
[INFO] [stdout]     |                                                                     ^^^^^^^^^^^^^^
[INFO] [stdout] 
[INFO] [stdout] 
[INFO] [stdout] warning: 20 warnings emitted
[INFO] [stdout] 
[INFO] [stdout] 
[INFO] [stderr]     Finished dev [unoptimized + debuginfo] target(s) in 22.59s
[INFO] [stderr] warning: the following packages contain code that will be rejected by a future version of Rust: aigc_secp256k1zkp v0.7.12, traitobject v0.1.0
[INFO] [stderr] note: to see what the problems were, use the option `--future-incompat-report`, or run `cargo report future-incompatibilities --id 1`
[INFO] running `Command { std: "docker" "inspect" "8c08959029576851503db72ebc389112ef9c9ac7e8e4a66431e1d0ab268aba6f", kill_on_drop: false }`
[INFO] running `Command { std: "docker" "rm" "-f" "8c08959029576851503db72ebc389112ef9c9ac7e8e4a66431e1d0ab268aba6f", kill_on_drop: false }`
[INFO] [stdout] 8c08959029576851503db72ebc389112ef9c9ac7e8e4a66431e1d0ab268aba6f
[INFO] running `Command { std: "docker" "create" "-v" "/var/lib/crater-agent-workspace/builds/worker-0-tc1/target:/opt/rustwide/target:rw,Z" "-v" "/var/lib/crater-agent-workspace/builds/worker-0-tc1/source:/opt/rustwide/workdir:ro,Z" "-v" "/var/lib/crater-agent-workspace/cargo-home:/opt/rustwide/cargo-home:ro,Z" "-v" "/var/lib/crater-agent-workspace/rustup-home:/opt/rustwide/rustup-home:ro,Z" "-e" "SOURCE_DIR=/opt/rustwide/workdir" "-e" "CARGO_TARGET_DIR=/opt/rustwide/target" "-e" "CARGO_INCREMENTAL=0" "-e" "RUST_BACKTRACE=full" "-e" "RUSTFLAGS=--cap-lints=warn" "-e" "RUSTDOCFLAGS=--cap-lints=warn" "-e" "CARGO_HOME=/opt/rustwide/cargo-home" "-e" "RUSTUP_HOME=/opt/rustwide/rustup-home" "-w" "/opt/rustwide/workdir" "-m" "1610612736" "--user" "0:0" "--network" "none" "ghcr.io/rust-lang/crates-build-env/linux@sha256:2788e3201cd34a07e3172128adcd8b3090168a8e3bcc40d7c032b9dda1df7d1c" "/opt/rustwide/cargo-home/bin/cargo" "+1.75.0" "test" "--frozen" "--no-run" "--message-format=json", kill_on_drop: false }`
[INFO] [stdout] 32fc07b34302f72f23012bc2d07d4577e07970ce37220cbc5839d5800cdcfd08
[INFO] running `Command { std: "docker" "start" "-a" "32fc07b34302f72f23012bc2d07d4577e07970ce37220cbc5839d5800cdcfd08", kill_on_drop: false }`
[INFO] [stdout] warning: use of deprecated constant `chrono::naive::MAX_DATE`: Use NaiveDate::MAX instead
[INFO] [stdout]   --> src/core/block.rs:30:21
[INFO] [stdout]    |
[INFO] [stdout] 30 | use chrono::naive::{MAX_DATE, MIN_DATE};
[INFO] [stdout]    |                     ^^^^^^^^
[INFO] [stdout]    |
[INFO] [stdout]    = note: `#[warn(deprecated)]` on by default
[INFO] [stdout] 
[INFO] [stdout] 
[INFO] [stdout] warning: use of deprecated constant `chrono::naive::MIN_DATE`: Use NaiveDate::MIN instead
[INFO] [stdout]   --> src/core/block.rs:30:31
[INFO] [stdout]    |
[INFO] [stdout] 30 | use chrono::naive::{MAX_DATE, MIN_DATE};
[INFO] [stdout]    |                               ^^^^^^^^
[INFO] [stdout] 
[INFO] [stdout] 
[INFO] [stdout] warning: use of deprecated constant `chrono::naive::MAX_DATE`: Use NaiveDate::MAX instead
[INFO] [stdout]    --> src/core/block.rs:292:17
[INFO] [stdout]     |
[INFO] [stdout] 292 |     if timestamp > MAX_DATE.and_hms(0, 0, 0).timestamp()
[INFO] [stdout]     |                    ^^^^^^^^
[INFO] [stdout] 
[INFO] [stdout] 
[INFO] [stdout] warning: use of deprecated constant `chrono::naive::MIN_DATE`: Use NaiveDate::MIN instead
[INFO] [stdout]    --> src/core/block.rs:293:18
[INFO] [stdout]     |
[INFO] [stdout] 293 |         || timestamp < MIN_DATE.and_hms(0, 0, 0).timestamp()
[INFO] [stdout]     |                        ^^^^^^^^
[INFO] [stdout] 
[INFO] [stdout] 
[INFO] [stdout] warning: use of deprecated associated function `chrono::DateTime::<Tz>::from_utc`: Use TimeZone::from_utc_datetime() or DateTime::from_naive_utc_and_offset instead
[INFO] [stdout]    --> src/core/block.rs:235:32
[INFO] [stdout]     |
[INFO] [stdout] 235 |             timestamp: DateTime::<Utc>::from_utc(NaiveDateTime::from_timestamp(0, 0), Utc),
[INFO] [stdout]     |                                         ^^^^^^^^
[INFO] [stdout] 
[INFO] [stdout] 
[INFO] [stdout] warning: use of deprecated associated function `chrono::NaiveDateTime::from_timestamp`: use `from_timestamp_opt()` instead
[INFO] [stdout]    --> src/core/block.rs:235:56
[INFO] [stdout]     |
[INFO] [stdout] 235 |             timestamp: DateTime::<Utc>::from_utc(NaiveDateTime::from_timestamp(0, 0), Utc),
[INFO] [stdout]     |                                                                 ^^^^^^^^^^^^^^
[INFO] [stdout] 
[INFO] [stdout] 
[INFO] [stdout] warning: use of deprecated method `chrono::NaiveDate::and_hms`: use `and_hms_opt()` instead
[INFO] [stdout]    --> src/core/block.rs:292:26
[INFO] [stdout]     |
[INFO] [stdout] 292 |     if timestamp > MAX_DATE.and_hms(0, 0, 0).timestamp()
[INFO] [stdout]     |                             ^^^^^^^
[INFO] [stdout] 
[INFO] [stdout] 
[INFO] [stdout] warning: use of deprecated method `chrono::NaiveDate::and_hms`: use `and_hms_opt()` instead
[INFO] [stdout]    --> src/core/block.rs:293:27
[INFO] [stdout]     |
[INFO] [stdout] 293 |         || timestamp < MIN_DATE.and_hms(0, 0, 0).timestamp()
[INFO] [stdout]     |                                 ^^^^^^^
[INFO] [stdout] 
[INFO] [stdout] 
[INFO] [stdout] warning: use of deprecated associated function `chrono::DateTime::<Tz>::from_utc`: Use TimeZone::from_utc_datetime() or DateTime::from_naive_utc_and_offset instead
[INFO] [stdout]    --> src/core/block.rs:301:31
[INFO] [stdout]     |
[INFO] [stdout] 301 |         timestamp: DateTime::<Utc>::from_utc(NaiveDateTime::from_timestamp(timestamp, 0), Utc),
[INFO] [stdout]     |                                     ^^^^^^^^
[INFO] [stdout] 
[INFO] [stdout] 
[INFO] [stdout] warning: use of deprecated associated function `chrono::NaiveDateTime::from_timestamp`: use `from_timestamp_opt()` instead
[INFO] [stdout]    --> src/core/block.rs:301:55
[INFO] [stdout]     |
[INFO] [stdout] 301 |         timestamp: DateTime::<Utc>::from_utc(NaiveDateTime::from_timestamp(timestamp, 0), Utc),
[INFO] [stdout]     |                                                             ^^^^^^^^^^^^^^
[INFO] [stdout] 
[INFO] [stdout] 
[INFO] [stdout] warning: use of deprecated associated function `chrono::DateTime::<Tz>::from_utc`: Use TimeZone::from_utc_datetime() or DateTime::from_naive_utc_and_offset instead
[INFO] [stdout]    --> src/core/block.rs:649:36
[INFO] [stdout]     |
[INFO] [stdout] 649 |         let timestamp = DateTime::<Utc>::from_utc(NaiveDateTime::from_timestamp(now, 0), Utc);
[INFO] [stdout]     |                                          ^^^^^^^^
[INFO] [stdout] 
[INFO] [stdout] 
[INFO] [stderr]    Compiling aigc_core v5.1.2 (/opt/rustwide/workdir)
[INFO] [stdout] warning: use of deprecated associated function `chrono::NaiveDateTime::from_timestamp`: use `from_timestamp_opt()` instead
[INFO] [stdout]    --> src/core/block.rs:649:60
[INFO] [stdout]     |
[INFO] [stdout] 649 |         let timestamp = DateTime::<Utc>::from_utc(NaiveDateTime::from_timestamp(now, 0), Utc);
[INFO] [stdout]     |                                                                  ^^^^^^^^^^^^^^
[INFO] [stdout] 
[INFO] [stdout] 
[INFO] [stdout] warning: use of deprecated method `chrono::TimeZone::ymd`: use `with_ymd_and_hms()` instead
[INFO] [stdout]   --> src/genesis.rs:37:18
[INFO] [stdout]    |
[INFO] [stdout] 37 |         timestamp: Utc.ymd(1997, 8, 4).and_hms(0, 0, 0),
[INFO] [stdout]    |                        ^^^
[INFO] [stdout] 
[INFO] [stdout] 
[INFO] [stdout] warning: use of deprecated method `chrono::Date::<Tz>::and_hms`: Use and_hms_opt() instead
[INFO] [stdout]   --> src/genesis.rs:37:34
[INFO] [stdout]    |
[INFO] [stdout] 37 |         timestamp: Utc.ymd(1997, 8, 4).and_hms(0, 0, 0),
[INFO] [stdout]    |                                        ^^^^^^^
[INFO] [stdout] 
[INFO] [stdout] 
[INFO] [stdout] warning: use of deprecated method `chrono::TimeZone::ymd`: use `with_ymd_and_hms()` instead
[INFO] [stdout]   --> src/genesis.rs:51:18
[INFO] [stdout]    |
[INFO] [stdout] 51 |         timestamp: Utc.ymd(2018, 12, 28).and_hms(20, 48, 4),
[INFO] [stdout]    |                        ^^^
[INFO] [stdout] 
[INFO] [stdout] 
[INFO] [stdout] warning: use of deprecated method `chrono::Date::<Tz>::and_hms`: Use and_hms_opt() instead
[INFO] [stdout]   --> src/genesis.rs:51:36
[INFO] [stdout]    |
[INFO] [stdout] 51 |         timestamp: Utc.ymd(2018, 12, 28).and_hms(20, 48, 4),
[INFO] [stdout]    |                                          ^^^^^^^
[INFO] [stdout] 
[INFO] [stdout] 
[INFO] [stdout] warning: use of deprecated method `chrono::TimeZone::ymd`: use `with_ymd_and_hms()` instead
[INFO] [stdout]    --> src/genesis.rs:164:18
[INFO] [stdout]     |
[INFO] [stdout] 164 |         timestamp: Utc.ymd(2023, 8, 6).and_hms(6, 2, 19),
[INFO] [stdout]     |                        ^^^
[INFO] [stdout] 
[INFO] [stdout] 
[INFO] [stdout] warning: use of deprecated method `chrono::Date::<Tz>::and_hms`: Use and_hms_opt() instead
[INFO] [stdout]    --> src/genesis.rs:164:34
[INFO] [stdout]     |
[INFO] [stdout] 164 |         timestamp: Utc.ymd(2023, 8, 6).and_hms(6, 2, 19),
[INFO] [stdout]     |                                        ^^^^^^^
[INFO] [stdout] 
[INFO] [stdout] 
[INFO] [stdout] warning: use of deprecated associated function `chrono::DateTime::<Tz>::from_utc`: Use TimeZone::from_utc_datetime() or DateTime::from_naive_utc_and_offset instead
[INFO] [stdout]    --> src/pow.rs:118:36
[INFO] [stdout]     |
[INFO] [stdout] 118 |             bh.timestamp = DateTime::<Utc>::from_utc(NaiveDateTime::from_timestamp(0, 0), Utc);
[INFO] [stdout]     |                                             ^^^^^^^^
[INFO] [stdout] 
[INFO] [stdout] 
[INFO] [stdout] warning: use of deprecated associated function `chrono::NaiveDateTime::from_timestamp`: use `from_timestamp_opt()` instead
[INFO] [stdout]    --> src/pow.rs:118:60
[INFO] [stdout]     |
[INFO] [stdout] 118 |             bh.timestamp = DateTime::<Utc>::from_utc(NaiveDateTime::from_timestamp(0, 0), Utc);
[INFO] [stdout]     |                                                                     ^^^^^^^^^^^^^^
[INFO] [stdout] 
[INFO] [stdout] 
[INFO] [stdout] warning: 20 warnings emitted
[INFO] [stdout] 
[INFO] [stdout] 
[INFO] [stdout] warning: use of deprecated method `chrono::DateTime::<Tz>::timestamp_nanos`: use `timestamp_nanos_opt()` instead
[INFO] [stdout]   --> tests/pmmr.rs:46:26
[INFO] [stdout]    |
[INFO] [stdout] 46 |         let start = Utc::now().timestamp_nanos();
[INFO] [stdout]    |                                ^^^^^^^^^^^^^^^
[INFO] [stdout]    |
[INFO] [stdout]    = note: `#[warn(deprecated)]` on by default
[INFO] [stdout] 
[INFO] [stdout] 
[INFO] [stdout] warning: use of deprecated method `chrono::DateTime::<Tz>::timestamp_nanos`: use `timestamp_nanos_opt()` instead
[INFO] [stdout]   --> tests/pmmr.rs:50:24
[INFO] [stdout]    |
[INFO] [stdout] 50 |         let fin = Utc::now().timestamp_nanos();
[INFO] [stdout]    |                              ^^^^^^^^^^^^^^^
[INFO] [stdout] 
[INFO] [stdout] 
[INFO] [stdout] warning: use of deprecated constant `chrono::naive::MAX_DATE`: Use NaiveDate::MAX instead
[INFO] [stdout]   --> src/core/block.rs:30:21
[INFO] [stdout]    |
[INFO] [stdout] 30 | use chrono::naive::{MAX_DATE, MIN_DATE};
[INFO] [stdout]    |                     ^^^^^^^^
[INFO] [stdout]    |
[INFO] [stdout]    = note: `#[warn(deprecated)]` on by default
[INFO] [stdout] 
[INFO] [stdout] 
[INFO] [stdout] warning: use of deprecated constant `chrono::naive::MIN_DATE`: Use NaiveDate::MIN instead
[INFO] [stdout]   --> src/core/block.rs:30:31
[INFO] [stdout]    |
[INFO] [stdout] 30 | use chrono::naive::{MAX_DATE, MIN_DATE};
[INFO] [stdout]    |                               ^^^^^^^^
[INFO] [stdout] 
[INFO] [stdout] 
[INFO] [stdout] warning: use of deprecated constant `chrono::naive::MAX_DATE`: Use NaiveDate::MAX instead
[INFO] [stdout]    --> src/core/block.rs:292:17
[INFO] [stdout]     |
[INFO] [stdout] 292 |     if timestamp > MAX_DATE.and_hms(0, 0, 0).timestamp()
[INFO] [stdout]     |                    ^^^^^^^^
[INFO] [stdout] 
[INFO] [stdout] 
[INFO] [stdout] warning: use of deprecated constant `chrono::naive::MIN_DATE`: Use NaiveDate::MIN instead
[INFO] [stdout]    --> src/core/block.rs:293:18
[INFO] [stdout]     |
[INFO] [stdout] 293 |         || timestamp < MIN_DATE.and_hms(0, 0, 0).timestamp()
[INFO] [stdout]     |                        ^^^^^^^^
[INFO] [stdout] 
[INFO] [stdout] 
[INFO] [stdout] warning: use of deprecated associated function `chrono::DateTime::<Tz>::from_utc`: Use TimeZone::from_utc_datetime() or DateTime::from_naive_utc_and_offset instead
[INFO] [stdout]    --> src/core/block.rs:235:32
[INFO] [stdout]     |
[INFO] [stdout] 235 |             timestamp: DateTime::<Utc>::from_utc(NaiveDateTime::from_timestamp(0, 0), Utc),
[INFO] [stdout]     |                                         ^^^^^^^^
[INFO] [stdout] 
[INFO] [stdout] 
[INFO] [stdout] warning: use of deprecated associated function `chrono::NaiveDateTime::from_timestamp`: use `from_timestamp_opt()` instead
[INFO] [stdout]    --> src/core/block.rs:235:56
[INFO] [stdout]     |
[INFO] [stdout] 235 |             timestamp: DateTime::<Utc>::from_utc(NaiveDateTime::from_timestamp(0, 0), Utc),
[INFO] [stdout]     |                                                                 ^^^^^^^^^^^^^^
[INFO] [stdout] 
[INFO] [stdout] 
[INFO] [stdout] warning: use of deprecated method `chrono::NaiveDate::and_hms`: use `and_hms_opt()` instead
[INFO] [stdout]    --> src/core/block.rs:292:26
[INFO] [stdout]     |
[INFO] [stdout] 292 |     if timestamp > MAX_DATE.and_hms(0, 0, 0).timestamp()
[INFO] [stdout]     |                             ^^^^^^^
[INFO] [stdout] 
[INFO] [stdout] 
[INFO] [stdout] warning: use of deprecated method `chrono::NaiveDate::and_hms`: use `and_hms_opt()` instead
[INFO] [stdout]    --> src/core/block.rs:293:27
[INFO] [stdout]     |
[INFO] [stdout] 293 |         || timestamp < MIN_DATE.and_hms(0, 0, 0).timestamp()
[INFO] [stdout]     |                                 ^^^^^^^
[INFO] [stdout] 
[INFO] [stdout] 
[INFO] [stdout] warning: use of deprecated associated function `chrono::DateTime::<Tz>::from_utc`: Use TimeZone::from_utc_datetime() or DateTime::from_naive_utc_and_offset instead
[INFO] [stdout]    --> src/core/block.rs:301:31
[INFO] [stdout]     |
[INFO] [stdout] 301 |         timestamp: DateTime::<Utc>::from_utc(NaiveDateTime::from_timestamp(timestamp, 0), Utc),
[INFO] [stdout]     |                                     ^^^^^^^^
[INFO] [stdout] 
[INFO] [stdout] 
[INFO] [stdout] warning: use of deprecated associated function `chrono::NaiveDateTime::from_timestamp`: use `from_timestamp_opt()` instead
[INFO] [stdout]    --> src/core/block.rs:301:55
[INFO] [stdout]     |
[INFO] [stdout] 301 |         timestamp: DateTime::<Utc>::from_utc(NaiveDateTime::from_timestamp(timestamp, 0), Utc),
[INFO] [stdout]     |                                                             ^^^^^^^^^^^^^^
[INFO] [stdout] 
[INFO] [stdout] 
[INFO] [stdout] warning: use of deprecated associated function `chrono::DateTime::<Tz>::from_utc`: Use TimeZone::from_utc_datetime() or DateTime::from_naive_utc_and_offset instead
[INFO] [stdout]    --> src/core/block.rs:649:36
[INFO] [stdout]     |
[INFO] [stdout] 649 |         let timestamp = DateTime::<Utc>::from_utc(NaiveDateTime::from_timestamp(now, 0), Utc);
[INFO] [stdout]     |                                          ^^^^^^^^
[INFO] [stdout] 
[INFO] [stdout] 
[INFO] [stdout] warning: use of deprecated associated function `chrono::NaiveDateTime::from_timestamp`: use `from_timestamp_opt()` instead
[INFO] [stdout]    --> src/core/block.rs:649:60
[INFO] [stdout]     |
[INFO] [stdout] 649 |         let timestamp = DateTime::<Utc>::from_utc(NaiveDateTime::from_timestamp(now, 0), Utc);
[INFO] [stdout]     |                                                                  ^^^^^^^^^^^^^^
[INFO] [stdout] 
[INFO] [stdout] 
[INFO] [stderr] error: could not compile `aigc_core` (lib test); 12 warnings emitted
[INFO] [stderr] 
[INFO] [stderr] Caused by:
[INFO] [stderr]   process didn't exit successfully: `/opt/rustwide/rustup-home/toolchains/1.75.0-x86_64-unknown-linux-gnu/bin/rustc --crate-name aigc_core --edition=2018 src/lib.rs --error-format=json --json=diagnostic-rendered-ansi,artifacts,future-incompat --emit=dep-info,link -C embed-bitcode=no -C debuginfo=2 --test -C metadata=a2c700f7d6491755 -C extra-filename=-a2c700f7d6491755 --out-dir /opt/rustwide/target/debug/deps -L dependency=/opt/rustwide/target/debug/deps --extern keychain=/opt/rustwide/target/debug/deps/libaigc_keychain-ad23c53d8a257834.rlib --extern util=/opt/rustwide/target/debug/deps/libaigc_util-7cc35f9fa4eb8df6.rlib --extern blake2=/opt/rustwide/target/debug/deps/libblake2_rfc-4bcc847207c4a4e2.rlib --extern byteorder=/opt/rustwide/target/debug/deps/libbyteorder-e9468b374a0c0c11.rlib --extern bytes=/opt/rustwide/target/debug/deps/libbytes-b61f00db724d2015.rlib --extern chrono=/opt/rustwide/target/debug/deps/libchrono-9421249a3af36f8c.rlib --extern croaring=/opt/rustwide/target/debug/deps/libcroaring-264e7aac8340e472.rlib --extern enum_primitive=/opt/rustwide/target/debug/deps/libenum_primitive-46267fe2d54fef1c.rlib --extern failure=/opt/rustwide/target/debug/deps/libfailure-925e78ef692a2162.rlib --extern failure_derive=/opt/rustwide/target/debug/deps/libfailure_derive-faebce575dc7ac5c.so --extern lazy_static=/opt/rustwide/target/debug/deps/liblazy_static-591486ebcb9a7ead.rlib --extern log=/opt/rustwide/target/debug/deps/liblog-c89db42a936c17ce.rlib --extern lru_cache=/opt/rustwide/target/debug/deps/liblru_cache-7a1f7eab2857e191.rlib --extern num=/opt/rustwide/target/debug/deps/libnum-696408afe6c899ba.rlib --extern num_bigint=/opt/rustwide/target/debug/deps/libnum_bigint-c9fe8c2a2dc432fb.rlib --extern rand=/opt/rustwide/target/debug/deps/librand-ff5a32d242c71e97.rlib --extern serde=/opt/rustwide/target/debug/deps/libserde-ed681572cf8d9de2.rlib --extern serde_derive=/opt/rustwide/target/debug/deps/libserde_derive-5c3db8258478bcb4.so --extern serde_json=/opt/rustwide/target/debug/deps/libserde_json-7532376ac54f1cf3.rlib --extern siphasher=/opt/rustwide/target/debug/deps/libsiphasher-bee8b9f666c09ef8.rlib --extern zeroize=/opt/rustwide/target/debug/deps/libzeroize-d56227c7b56604bf.rlib --cap-lints=warn -L native=/opt/rustwide/target/debug/build/aigc_secp256k1zkp-f00ddac4035514a1/out -L native=/opt/rustwide/target/debug/build/croaring-sys-97761b1deccfe0fd/out` (signal: 9, SIGKILL: kill)
[INFO] [stderr] warning: build failed, waiting for other jobs to finish...
[INFO] [stdout] error: linking with `cc` failed: exit status: 1
[INFO] [stdout]   |
[INFO] [stdout]   = note: LC_ALL="C" PATH="/opt/rustwide/rustup-home/toolchains/1.75.0-x86_64-unknown-linux-gnu/lib/rustlib/x86_64-unknown-linux-gnu/bin:/opt/rustwide/cargo-home/bin:/usr/local/sbin:/usr/local/bin:/usr/sbin:/usr/bin:/sbin:/bin" VSLANG="1033" "cc" "-m64" "/tmp/rustceE6V1Q/symbols.o" "/opt/rustwide/target/debug/deps/consensus_mainnet-075ff6e5fa473ed4.consensus_mainnet.4d6e2d63f62e9637-cgu.0.rcgu.o" "/opt/rustwide/target/debug/deps/consensus_mainnet-075ff6e5fa473ed4.consensus_mainnet.4d6e2d63f62e9637-cgu.1.rcgu.o" "/opt/rustwide/target/debug/deps/consensus_mainnet-075ff6e5fa473ed4.consensus_mainnet.4d6e2d63f62e9637-cgu.2.rcgu.o" "/opt/rustwide/target/debug/deps/consensus_mainnet-075ff6e5fa473ed4.consensus_mainnet.4d6e2d63f62e9637-cgu.3.rcgu.o" "/opt/rustwide/target/debug/deps/consensus_mainnet-075ff6e5fa473ed4.consensus_mainnet.4d6e2d63f62e9637-cgu.4.rcgu.o" "/opt/rustwide/target/debug/deps/consensus_mainnet-075ff6e5fa473ed4.5cp1jseka5nbmjcu.rcgu.o" "-Wl,--as-needed" "-L" "/opt/rustwide/target/debug/deps" "-L" "/opt/rustwide/target/debug/build/aigc_secp256k1zkp-f00ddac4035514a1/out" "-L" "/opt/rustwide/target/debug/build/croaring-sys-97761b1deccfe0fd/out" "-L" "/opt/rustwide/rustup-home/toolchains/1.75.0-x86_64-unknown-linux-gnu/lib/rustlib/x86_64-unknown-linux-gnu/lib" "-Wl,-Bstatic" "/opt/rustwide/rustup-home/toolchains/1.75.0-x86_64-unknown-linux-gnu/lib/rustlib/x86_64-unknown-linux-gnu/lib/libtest-3df1bed8075ce1de.rlib" "/opt/rustwide/rustup-home/toolchains/1.75.0-x86_64-unknown-linux-gnu/lib/rustlib/x86_64-unknown-linux-gnu/lib/libgetopts-2076fd86b325cb5d.rlib" "/opt/rustwide/rustup-home/toolchains/1.75.0-x86_64-unknown-linux-gnu/lib/rustlib/x86_64-unknown-linux-gnu/lib/libunicode_width-caa7152ee70c190f.rlib" "/opt/rustwide/rustup-home/toolchains/1.75.0-x86_64-unknown-linux-gnu/lib/rustlib/x86_64-unknown-linux-gnu/lib/librustc_std_workspace_std-04e6425e07f02a3c.rlib" "/opt/rustwide/target/debug/deps/libaigc_core-9361bbfceb68925b.rlib" "/opt/rustwide/target/debug/deps/libbytes-b61f00db724d2015.rlib" "/opt/rustwide/target/debug/deps/libnum-696408afe6c899ba.rlib" "/opt/rustwide/target/debug/deps/libnum_rational-e514349bd9351471.rlib" "/opt/rustwide/target/debug/deps/libnum_iter-6d97dd4607b66566.rlib" "/opt/rustwide/target/debug/deps/libnum_complex-d151e3c662da4370.rlib" "/opt/rustwide/target/debug/deps/libnum_bigint-c9fe8c2a2dc432fb.rlib" "/opt/rustwide/target/debug/deps/libnum_integer-318653197edab41c.rlib" "/opt/rustwide/target/debug/deps/libcroaring-264e7aac8340e472.rlib" "/opt/rustwide/target/debug/deps/libcroaring_sys-ce6cb8921f6b1382.rlib" "/opt/rustwide/target/debug/deps/libsiphasher-bee8b9f666c09ef8.rlib" "/opt/rustwide/target/debug/deps/libfailure-925e78ef692a2162.rlib" "/opt/rustwide/target/debug/deps/libaigc_keychain-ad23c53d8a257834.rlib" "/opt/rustwide/target/debug/deps/libpbkdf2-22d76490292b39c2.rlib" "/opt/rustwide/target/debug/deps/libpassword_hash-8766220e0b685b8a.rlib" "/opt/rustwide/target/debug/deps/libbase64ct-f4155d610a60c04a.rlib" "/opt/rustwide/target/debug/deps/librand_core-1ef27d73e5bdb518.rlib" "/opt/rustwide/target/debug/deps/libripemd160-9bc617f88625b2b2.rlib" "/opt/rustwide/target/debug/deps/libhmac-3d64d4abb04f5129.rlib" "/opt/rustwide/target/debug/deps/libcrypto_mac-73eda9313504b213.rlib" "/opt/rustwide/target/debug/deps/libsubtle-4dc33cdd307ea15e.rlib" "/opt/rustwide/target/debug/deps/libsha2-09b9117ddac3dfa2.rlib" "/opt/rustwide/target/debug/deps/libcpufeatures-b8d9ed5bb45874e9.rlib" "/opt/rustwide/target/debug/deps/libopaque_debug-15273823c1ba1453.rlib" "/opt/rustwide/target/debug/deps/libblock_buffer-3aa5c4357e722148.rlib" "/opt/rustwide/target/debug/deps/libdigest-7c125090b44a7ede.rlib" "/opt/rustwide/target/debug/deps/libgeneric_array-fd18fcfac63fef05.rlib" "/opt/rustwide/target/debug/deps/libtypenum-da95465dc70d2c95.rlib" "/opt/rustwide/target/debug/deps/libblake2_rfc-4bcc847207c4a4e2.rlib" "/opt/rustwide/target/debug/deps/libconstant_time_eq-47127742af566368.rlib" "/opt/rustwide/target/debug/deps/libarrayvec-b877ae7b81f68616.rlib" "/opt/rustwide/target/debug/deps/libaigc_util-7cc35f9fa4eb8df6.rlib" "/opt/rustwide/target/debug/deps/libbase64-bb9c40ac0e3c2087.rlib" "/opt/rustwide/target/debug/deps/libzip-b9926862d957f6bd.rlib" "/opt/rustwide/target/debug/deps/libthiserror-16e3d23f1ae0d627.rlib" "/opt/rustwide/target/debug/deps/libbyteorder-e9468b374a0c0c11.rlib" "/opt/rustwide/target/debug/deps/libwalkdir-855d0afe3de90c17.rlib" "/opt/rustwide/target/debug/deps/libsame_file-06a4c01142053b65.rlib" "/opt/rustwide/target/debug/deps/librand-ff5a32d242c71e97.rlib" "/opt/rustwide/target/debug/deps/librand_xorshift-b773f0648a8cf8bd.rlib" "/opt/rustwide/target/debug/deps/librand_pcg-39107a4cc57ccea5.rlib" "/opt/rustwide/target/debug/deps/librand_hc-ab1090502cccf2b3.rlib" "/opt/rustwide/target/debug/deps/librand_chacha-bcb9099222d0ff10.rlib" "/opt/rustwide/target/debug/deps/librand_isaac-ae32d3c1056b8083.rlib" "/opt/rustwide/target/debug/deps/librand_os-a7a79c82c16ed5ec.rlib" "/opt/rustwide/target/debug/deps/librand_jitter-e0716e2be2341726.rlib" "/opt/rustwide/target/debug/deps/liblog4rs-93bdc5b1af8a8dc4.rlib" "/opt/rustwide/target/debug/deps/libserde_yaml-bfad53b593a3114c.rlib" "/opt/rustwide/target/debug/deps/libindexmap-93f72862478380d0.rlib" "/opt/rustwide/target/debug/deps/libhashbrown-567986452cb9bc94.rlib" "/opt/rustwide/target/debug/deps/libyaml_rust-dadeb9b0a1ae3c6e.rlib" "/opt/rustwide/target/debug/deps/liblinked_hash_map-55396135ba6b4b1c.rlib" "/opt/rustwide/target/debug/deps/libhumantime-ce043b5585f26040.rlib" "/opt/rustwide/target/debug/deps/libquick_error-e0931f21b2f0d487.rlib" "/opt/rustwide/target/debug/deps/liblog_mdc-9933bacc6fab9598.rlib" "/opt/rustwide/target/debug/deps/libthread_id-d2162a903b32f9c6.rlib" "/opt/rustwide/target/debug/deps/libtypemap-386ca6b57403474a.rlib" "/opt/rustwide/target/debug/deps/libunsafe_any-17a88f84bf4fb852.rlib" "/opt/rustwide/target/debug/deps/libtraitobject-41fd5123b8f4ed1a.rlib" "/opt/rustwide/target/debug/deps/libflate2-1347a47922d98cc4.rlib" "/opt/rustwide/target/debug/deps/libcrc32fast-664446237529ebff.rlib" "/opt/rustwide/target/debug/deps/libserde_value-d77a88a638e66d97.rlib" "/opt/rustwide/target/debug/deps/libordered_float-b2b654dbe62e616e.rlib" "/opt/rustwide/target/debug/deps/libfnv-18bf5144d055e772.rlib" "/opt/rustwide/target/debug/deps/libarc_swap-a918357a18420df2.rlib" "/opt/rustwide/target/debug/deps/libbacktrace-9c3d7372124ea09e.rlib" "/opt/rustwide/target/debug/deps/libminiz_oxide-f272f5814aa49507.rlib" "/opt/rustwide/target/debug/deps/libadler-c8f2240c56a0abca.rlib" "/opt/rustwide/target/debug/deps/libobject-da3f7a8aaaa9564a.rlib" "/opt/rustwide/target/debug/deps/libmemchr-7da5465362ee94c1.rlib" "/opt/rustwide/target/debug/deps/libaddr2line-2d4126a5dc567f39.rlib" "/opt/rustwide/target/debug/deps/libgimli-7f4f1abc0cbbfdc4.rlib" "/opt/rustwide/target/debug/deps/libcfg_if-61dc7a6799e72b18.rlib" "/opt/rustwide/target/debug/deps/librustc_demangle-7ef8571a19a75907.rlib" "/opt/rustwide/target/debug/deps/libsecp256k1zkp-bae6445294c1a2c5.rlib" "/opt/rustwide/target/debug/deps/libzeroize-d56227c7b56604bf.rlib" "/opt/rustwide/target/debug/deps/librand-fcd4d733b32cd4c2.rlib" "/opt/rustwide/target/debug/deps/librand_core-09a7edfc524c3401.rlib" "/opt/rustwide/target/debug/deps/librand_core-5f8dc8f8f4491b97.rlib" "/opt/rustwide/target/debug/deps/libserde_json-7532376ac54f1cf3.rlib" "/opt/rustwide/target/debug/deps/libryu-5f304b1b6393964f.rlib" "/opt/rustwide/target/debug/deps/libitoa-5f181af53b99b92c.rlib" "/opt/rustwide/target/debug/deps/librustc_serialize-738cfa055e92ab76.rlib" "/opt/rustwide/target/debug/deps/libarrayvec-7eb4ef8560d16cc5.rlib" "/opt/rustwide/target/debug/deps/libnodrop-21226c530dbf7371.rlib" "/opt/rustwide/target/debug/deps/libodds-1d3ba3f764201969.rlib" "/opt/rustwide/target/debug/deps/libparking_lot-c112c95000e0f99f.rlib" "/opt/rustwide/target/debug/deps/libparking_lot_core-b1599557e2a5476d.rlib" "/opt/rustwide/target/debug/deps/liblibc-f01c1240f7c859d0.rlib" "/opt/rustwide/target/debug/deps/libsmallvec-19f6a51af3f3c214.rlib" "/opt/rustwide/target/debug/deps/libcfg_if-925b73a2e437f0c3.rlib" "/opt/rustwide/target/debug/deps/liblock_api-66bae9b5c6af1fce.rlib" "/opt/rustwide/target/debug/deps/libscopeguard-012e5ed929fc2fe6.rlib" "/opt/rustwide/target/debug/deps/libchrono-9421249a3af36f8c.rlib" "/opt/rustwide/target/debug/deps/libiana_time_zone-528d9768cce5eb89.rlib" "/opt/rustwide/target/debug/deps/liblog-c89db42a936c17ce.rlib" "/opt/rustwide/target/debug/deps/libserde-ed681572cf8d9de2.rlib" "/opt/rustwide/target/debug/deps/liblazy_static-591486ebcb9a7ead.rlib" "/opt/rustwide/target/debug/deps/libenum_primitive-46267fe2d54fef1c.rlib" "/opt/rustwide/target/debug/deps/libnum_traits-b2f5918e9c1f5f00.rlib" "/opt/rustwide/target/debug/deps/libnum_traits-dcf66cbda2c5463d.rlib" "/opt/rustwide/rustup-home/toolchains/1.75.0-x86_64-unknown-linux-gnu/lib/rustlib/x86_64-unknown-linux-gnu/lib/libstd-90f6ddbf82de36ec.rlib" "/opt/rustwide/rustup-home/toolchains/1.75.0-x86_64-unknown-linux-gnu/lib/rustlib/x86_64-unknown-linux-gnu/lib/libpanic_unwind-480c41e9d4e1f677.rlib" "/opt/rustwide/rustup-home/toolchains/1.75.0-x86_64-unknown-linux-gnu/lib/rustlib/x86_64-unknown-linux-gnu/lib/libobject-db744c0ca03eed1d.rlib" "/opt/rustwide/rustup-home/toolchains/1.75.0-x86_64-unknown-linux-gnu/lib/rustlib/x86_64-unknown-linux-gnu/lib/libmemchr-8ba652dc7d4b285a.rlib" "/opt/rustwide/rustup-home/toolchains/1.75.0-x86_64-unknown-linux-gnu/lib/rustlib/x86_64-unknown-linux-gnu/lib/libaddr2line-d5f4520a9ebc0d58.rlib" "/opt/rustwide/rustup-home/toolchains/1.75.0-x86_64-unknown-linux-gnu/lib/rustlib/x86_64-unknown-linux-gnu/lib/libgimli-4ad84de58f0cb463.rlib" "/opt/rustwide/rustup-home/toolchains/1.75.0-x86_64-unknown-linux-gnu/lib/rustlib/x86_64-unknown-linux-gnu/lib/librustc_demangle-0d10aae2e0f38735.rlib" "/opt/rustwide/rustup-home/toolchains/1.75.0-x86_64-unknown-linux-gnu/lib/rustlib/x86_64-unknown-linux-gnu/lib/libstd_detect-0c17cff739e6745b.rlib" "/opt/rustwide/rustup-home/toolchains/1.75.0-x86_64-unknown-linux-gnu/lib/rustlib/x86_64-unknown-linux-gnu/lib/libhashbrown-b29e17139dde1aa8.rlib" "/opt/rustwide/rustup-home/toolchains/1.75.0-x86_64-unknown-linux-gnu/lib/rustlib/x86_64-unknown-linux-gnu/lib/librustc_std_workspace_alloc-1f975299829cc7bd.rlib" "/opt/rustwide/rustup-home/toolchains/1.75.0-x86_64-unknown-linux-gnu/lib/rustlib/x86_64-unknown-linux-gnu/lib/libminiz_oxide-86bae3bc3079f89b.rlib" "/opt/rustwide/rustup-home/toolchains/1.75.0-x86_64-unknown-linux-gnu/lib/rustlib/x86_64-unknown-linux-gnu/lib/libadler-321b82c30dffdf5f.rlib" "/opt/rustwide/rustup-home/toolchains/1.75.0-x86_64-unknown-linux-gnu/lib/rustlib/x86_64-unknown-linux-gnu/lib/libunwind-3dd8a6810a0bdfef.rlib" "/opt/rustwide/rustup-home/toolchains/1.75.0-x86_64-unknown-linux-gnu/lib/rustlib/x86_64-unknown-linux-gnu/lib/libcfg_if-eb39a61c0c879984.rlib" "/opt/rustwide/rustup-home/toolchains/1.75.0-x86_64-unknown-linux-gnu/lib/rustlib/x86_64-unknown-linux-gnu/lib/liblibc-aa769569f91c3548.rlib" "/opt/rustwide/rustup-home/toolchains/1.75.0-x86_64-unknown-linux-gnu/lib/rustlib/x86_64-unknown-linux-gnu/lib/liballoc-510a192a50a983ed.rlib" "/opt/rustwide/rustup-home/toolchains/1.75.0-x86_64-unknown-linux-gnu/lib/rustlib/x86_64-unknown-linux-gnu/lib/librustc_std_workspace_core-0577018320f99037.rlib" "/opt/rustwide/rustup-home/toolchains/1.75.0-x86_64-unknown-linux-gnu/lib/rustlib/x86_64-unknown-linux-gnu/lib/libcore-193cf992125ccd4c.rlib" "/opt/rustwide/rustup-home/toolchains/1.75.0-x86_64-unknown-linux-gnu/lib/rustlib/x86_64-unknown-linux-gnu/lib/libcompiler_builtins-8e138eaf26ebb4a8.rlib" "-Wl,-Bdynamic" "-lgcc_s" "-lutil" "-lrt" "-lpthread" "-lm" "-ldl" "-lc" "-Wl,--eh-frame-hdr" "-Wl,-z,noexecstack" "-L" "/opt/rustwide/rustup-home/toolchains/1.75.0-x86_64-unknown-linux-gnu/lib/rustlib/x86_64-unknown-linux-gnu/lib" "-o" "/opt/rustwide/target/debug/deps/consensus_mainnet-075ff6e5fa473ed4" "-Wl,--gc-sections" "-pie" "-Wl,-z,relro,-z,now" "-nodefaultlibs"
[INFO] [stdout]   = note: collect2: fatal error: ld terminated with signal 9 [Killed]
[INFO] [stdout]           compilation terminated.
[INFO] [stdout]           
[INFO] [stdout] 
[INFO] [stdout] 
[INFO] [stdout] error: aborting due to previous error
[INFO] [stdout] 
[INFO] [stdout] 
[INFO] [stderr] error: could not compile `aigc_core` (test "consensus_mainnet") due to 2 previous errors
[INFO] [stdout] error: linking with `cc` failed: exit status: 1
[INFO] [stdout]   |
[INFO] [stdout]   = note: LC_ALL="C" PATH="/opt/rustwide/rustup-home/toolchains/1.75.0-x86_64-unknown-linux-gnu/lib/rustlib/x86_64-unknown-linux-gnu/bin:/opt/rustwide/cargo-home/bin:/usr/local/sbin:/usr/local/bin:/usr/sbin:/usr/bin:/sbin:/bin" VSLANG="1033" "cc" "-m64" "/tmp/rustcMcmNQc/symbols.o" "/opt/rustwide/target/debug/deps/segment-be0272980a8337f5.segment.690be6962d53af55-cgu.0.rcgu.o" "/opt/rustwide/target/debug/deps/segment-be0272980a8337f5.segment.690be6962d53af55-cgu.1.rcgu.o" "/opt/rustwide/target/debug/deps/segment-be0272980a8337f5.segment.690be6962d53af55-cgu.2.rcgu.o" "/opt/rustwide/target/debug/deps/segment-be0272980a8337f5.1a160v3otz5g9ke0.rcgu.o" "-Wl,--as-needed" "-L" "/opt/rustwide/target/debug/deps" "-L" "/opt/rustwide/target/debug/build/aigc_secp256k1zkp-f00ddac4035514a1/out" "-L" "/opt/rustwide/target/debug/build/croaring-sys-97761b1deccfe0fd/out" "-L" "/opt/rustwide/rustup-home/toolchains/1.75.0-x86_64-unknown-linux-gnu/lib/rustlib/x86_64-unknown-linux-gnu/lib" "-Wl,-Bstatic" "/opt/rustwide/rustup-home/toolchains/1.75.0-x86_64-unknown-linux-gnu/lib/rustlib/x86_64-unknown-linux-gnu/lib/libtest-3df1bed8075ce1de.rlib" "/opt/rustwide/rustup-home/toolchains/1.75.0-x86_64-unknown-linux-gnu/lib/rustlib/x86_64-unknown-linux-gnu/lib/libgetopts-2076fd86b325cb5d.rlib" "/opt/rustwide/rustup-home/toolchains/1.75.0-x86_64-unknown-linux-gnu/lib/rustlib/x86_64-unknown-linux-gnu/lib/libunicode_width-caa7152ee70c190f.rlib" "/opt/rustwide/rustup-home/toolchains/1.75.0-x86_64-unknown-linux-gnu/lib/rustlib/x86_64-unknown-linux-gnu/lib/librustc_std_workspace_std-04e6425e07f02a3c.rlib" "/opt/rustwide/target/debug/deps/libaigc_core-9361bbfceb68925b.rlib" "/opt/rustwide/target/debug/deps/libbytes-b61f00db724d2015.rlib" "/opt/rustwide/target/debug/deps/libnum-696408afe6c899ba.rlib" "/opt/rustwide/target/debug/deps/libnum_rational-e514349bd9351471.rlib" "/opt/rustwide/target/debug/deps/libnum_iter-6d97dd4607b66566.rlib" "/opt/rustwide/target/debug/deps/libnum_complex-d151e3c662da4370.rlib" "/opt/rustwide/target/debug/deps/libnum_bigint-c9fe8c2a2dc432fb.rlib" "/opt/rustwide/target/debug/deps/libnum_integer-318653197edab41c.rlib" "/opt/rustwide/target/debug/deps/libcroaring-264e7aac8340e472.rlib" "/opt/rustwide/target/debug/deps/libcroaring_sys-ce6cb8921f6b1382.rlib" "/opt/rustwide/target/debug/deps/libsiphasher-bee8b9f666c09ef8.rlib" "/opt/rustwide/target/debug/deps/libfailure-925e78ef692a2162.rlib" "/opt/rustwide/target/debug/deps/libaigc_keychain-ad23c53d8a257834.rlib" "/opt/rustwide/target/debug/deps/libpbkdf2-22d76490292b39c2.rlib" "/opt/rustwide/target/debug/deps/libpassword_hash-8766220e0b685b8a.rlib" "/opt/rustwide/target/debug/deps/libbase64ct-f4155d610a60c04a.rlib" "/opt/rustwide/target/debug/deps/librand_core-1ef27d73e5bdb518.rlib" "/opt/rustwide/target/debug/deps/libripemd160-9bc617f88625b2b2.rlib" "/opt/rustwide/target/debug/deps/libhmac-3d64d4abb04f5129.rlib" "/opt/rustwide/target/debug/deps/libcrypto_mac-73eda9313504b213.rlib" "/opt/rustwide/target/debug/deps/libsubtle-4dc33cdd307ea15e.rlib" "/opt/rustwide/target/debug/deps/libsha2-09b9117ddac3dfa2.rlib" "/opt/rustwide/target/debug/deps/libcpufeatures-b8d9ed5bb45874e9.rlib" "/opt/rustwide/target/debug/deps/libopaque_debug-15273823c1ba1453.rlib" "/opt/rustwide/target/debug/deps/libblock_buffer-3aa5c4357e722148.rlib" "/opt/rustwide/target/debug/deps/libdigest-7c125090b44a7ede.rlib" "/opt/rustwide/target/debug/deps/libgeneric_array-fd18fcfac63fef05.rlib" "/opt/rustwide/target/debug/deps/libtypenum-da95465dc70d2c95.rlib" "/opt/rustwide/target/debug/deps/libblake2_rfc-4bcc847207c4a4e2.rlib" "/opt/rustwide/target/debug/deps/libconstant_time_eq-47127742af566368.rlib" "/opt/rustwide/target/debug/deps/libarrayvec-b877ae7b81f68616.rlib" "/opt/rustwide/target/debug/deps/libaigc_util-7cc35f9fa4eb8df6.rlib" "/opt/rustwide/target/debug/deps/libbase64-bb9c40ac0e3c2087.rlib" "/opt/rustwide/target/debug/deps/libzip-b9926862d957f6bd.rlib" "/opt/rustwide/target/debug/deps/libthiserror-16e3d23f1ae0d627.rlib" "/opt/rustwide/target/debug/deps/libbyteorder-e9468b374a0c0c11.rlib" "/opt/rustwide/target/debug/deps/libwalkdir-855d0afe3de90c17.rlib" "/opt/rustwide/target/debug/deps/libsame_file-06a4c01142053b65.rlib" "/opt/rustwide/target/debug/deps/librand-ff5a32d242c71e97.rlib" "/opt/rustwide/target/debug/deps/librand_xorshift-b773f0648a8cf8bd.rlib" "/opt/rustwide/target/debug/deps/librand_pcg-39107a4cc57ccea5.rlib" "/opt/rustwide/target/debug/deps/librand_hc-ab1090502cccf2b3.rlib" "/opt/rustwide/target/debug/deps/librand_chacha-bcb9099222d0ff10.rlib" "/opt/rustwide/target/debug/deps/librand_isaac-ae32d3c1056b8083.rlib" "/opt/rustwide/target/debug/deps/librand_os-a7a79c82c16ed5ec.rlib" "/opt/rustwide/target/debug/deps/librand_jitter-e0716e2be2341726.rlib" "/opt/rustwide/target/debug/deps/liblog4rs-93bdc5b1af8a8dc4.rlib" "/opt/rustwide/target/debug/deps/libserde_yaml-bfad53b593a3114c.rlib" "/opt/rustwide/target/debug/deps/libindexmap-93f72862478380d0.rlib" "/opt/rustwide/target/debug/deps/libhashbrown-567986452cb9bc94.rlib" "/opt/rustwide/target/debug/deps/libyaml_rust-dadeb9b0a1ae3c6e.rlib" "/opt/rustwide/target/debug/deps/liblinked_hash_map-55396135ba6b4b1c.rlib" "/opt/rustwide/target/debug/deps/libhumantime-ce043b5585f26040.rlib" "/opt/rustwide/target/debug/deps/libquick_error-e0931f21b2f0d487.rlib" "/opt/rustwide/target/debug/deps/liblog_mdc-9933bacc6fab9598.rlib" "/opt/rustwide/target/debug/deps/libthread_id-d2162a903b32f9c6.rlib" "/opt/rustwide/target/debug/deps/libtypemap-386ca6b57403474a.rlib" "/opt/rustwide/target/debug/deps/libunsafe_any-17a88f84bf4fb852.rlib" "/opt/rustwide/target/debug/deps/libtraitobject-41fd5123b8f4ed1a.rlib" "/opt/rustwide/target/debug/deps/libflate2-1347a47922d98cc4.rlib" "/opt/rustwide/target/debug/deps/libcrc32fast-664446237529ebff.rlib" "/opt/rustwide/target/debug/deps/libserde_value-d77a88a638e66d97.rlib" "/opt/rustwide/target/debug/deps/libordered_float-b2b654dbe62e616e.rlib" "/opt/rustwide/target/debug/deps/libfnv-18bf5144d055e772.rlib" "/opt/rustwide/target/debug/deps/libarc_swap-a918357a18420df2.rlib" "/opt/rustwide/target/debug/deps/libbacktrace-9c3d7372124ea09e.rlib" "/opt/rustwide/target/debug/deps/libminiz_oxide-f272f5814aa49507.rlib" "/opt/rustwide/target/debug/deps/libadler-c8f2240c56a0abca.rlib" "/opt/rustwide/target/debug/deps/libobject-da3f7a8aaaa9564a.rlib" "/opt/rustwide/target/debug/deps/libmemchr-7da5465362ee94c1.rlib" "/opt/rustwide/target/debug/deps/libaddr2line-2d4126a5dc567f39.rlib" "/opt/rustwide/target/debug/deps/libgimli-7f4f1abc0cbbfdc4.rlib" "/opt/rustwide/target/debug/deps/libcfg_if-61dc7a6799e72b18.rlib" "/opt/rustwide/target/debug/deps/librustc_demangle-7ef8571a19a75907.rlib" "/opt/rustwide/target/debug/deps/libsecp256k1zkp-bae6445294c1a2c5.rlib" "/opt/rustwide/target/debug/deps/libzeroize-d56227c7b56604bf.rlib" "/opt/rustwide/target/debug/deps/librand-fcd4d733b32cd4c2.rlib" "/opt/rustwide/target/debug/deps/librand_core-09a7edfc524c3401.rlib" "/opt/rustwide/target/debug/deps/librand_core-5f8dc8f8f4491b97.rlib" "/opt/rustwide/target/debug/deps/libserde_json-7532376ac54f1cf3.rlib" "/opt/rustwide/target/debug/deps/libryu-5f304b1b6393964f.rlib" "/opt/rustwide/target/debug/deps/libitoa-5f181af53b99b92c.rlib" "/opt/rustwide/target/debug/deps/librustc_serialize-738cfa055e92ab76.rlib" "/opt/rustwide/target/debug/deps/libarrayvec-7eb4ef8560d16cc5.rlib" "/opt/rustwide/target/debug/deps/libnodrop-21226c530dbf7371.rlib" "/opt/rustwide/target/debug/deps/libodds-1d3ba3f764201969.rlib" "/opt/rustwide/target/debug/deps/libparking_lot-c112c95000e0f99f.rlib" "/opt/rustwide/target/debug/deps/libparking_lot_core-b1599557e2a5476d.rlib" "/opt/rustwide/target/debug/deps/liblibc-f01c1240f7c859d0.rlib" "/opt/rustwide/target/debug/deps/libsmallvec-19f6a51af3f3c214.rlib" "/opt/rustwide/target/debug/deps/libcfg_if-925b73a2e437f0c3.rlib" "/opt/rustwide/target/debug/deps/liblock_api-66bae9b5c6af1fce.rlib" "/opt/rustwide/target/debug/deps/libscopeguard-012e5ed929fc2fe6.rlib" "/opt/rustwide/target/debug/deps/libchrono-9421249a3af36f8c.rlib" "/opt/rustwide/target/debug/deps/libiana_time_zone-528d9768cce5eb89.rlib" "/opt/rustwide/target/debug/deps/liblog-c89db42a936c17ce.rlib" "/opt/rustwide/target/debug/deps/libserde-ed681572cf8d9de2.rlib" "/opt/rustwide/target/debug/deps/liblazy_static-591486ebcb9a7ead.rlib" "/opt/rustwide/target/debug/deps/libenum_primitive-46267fe2d54fef1c.rlib" "/opt/rustwide/target/debug/deps/libnum_traits-b2f5918e9c1f5f00.rlib" "/opt/rustwide/target/debug/deps/libnum_traits-dcf66cbda2c5463d.rlib" "/opt/rustwide/rustup-home/toolchains/1.75.0-x86_64-unknown-linux-gnu/lib/rustlib/x86_64-unknown-linux-gnu/lib/libstd-90f6ddbf82de36ec.rlib" "/opt/rustwide/rustup-home/toolchains/1.75.0-x86_64-unknown-linux-gnu/lib/rustlib/x86_64-unknown-linux-gnu/lib/libpanic_unwind-480c41e9d4e1f677.rlib" "/opt/rustwide/rustup-home/toolchains/1.75.0-x86_64-unknown-linux-gnu/lib/rustlib/x86_64-unknown-linux-gnu/lib/libobject-db744c0ca03eed1d.rlib" "/opt/rustwide/rustup-home/toolchains/1.75.0-x86_64-unknown-linux-gnu/lib/rustlib/x86_64-unknown-linux-gnu/lib/libmemchr-8ba652dc7d4b285a.rlib" "/opt/rustwide/rustup-home/toolchains/1.75.0-x86_64-unknown-linux-gnu/lib/rustlib/x86_64-unknown-linux-gnu/lib/libaddr2line-d5f4520a9ebc0d58.rlib" "/opt/rustwide/rustup-home/toolchains/1.75.0-x86_64-unknown-linux-gnu/lib/rustlib/x86_64-unknown-linux-gnu/lib/libgimli-4ad84de58f0cb463.rlib" "/opt/rustwide/rustup-home/toolchains/1.75.0-x86_64-unknown-linux-gnu/lib/rustlib/x86_64-unknown-linux-gnu/lib/librustc_demangle-0d10aae2e0f38735.rlib" "/opt/rustwide/rustup-home/toolchains/1.75.0-x86_64-unknown-linux-gnu/lib/rustlib/x86_64-unknown-linux-gnu/lib/libstd_detect-0c17cff739e6745b.rlib" "/opt/rustwide/rustup-home/toolchains/1.75.0-x86_64-unknown-linux-gnu/lib/rustlib/x86_64-unknown-linux-gnu/lib/libhashbrown-b29e17139dde1aa8.rlib" "/opt/rustwide/rustup-home/toolchains/1.75.0-x86_64-unknown-linux-gnu/lib/rustlib/x86_64-unknown-linux-gnu/lib/librustc_std_workspace_alloc-1f975299829cc7bd.rlib" "/opt/rustwide/rustup-home/toolchains/1.75.0-x86_64-unknown-linux-gnu/lib/rustlib/x86_64-unknown-linux-gnu/lib/libminiz_oxide-86bae3bc3079f89b.rlib" "/opt/rustwide/rustup-home/toolchains/1.75.0-x86_64-unknown-linux-gnu/lib/rustlib/x86_64-unknown-linux-gnu/lib/libadler-321b82c30dffdf5f.rlib" "/opt/rustwide/rustup-home/toolchains/1.75.0-x86_64-unknown-linux-gnu/lib/rustlib/x86_64-unknown-linux-gnu/lib/libunwind-3dd8a6810a0bdfef.rlib" "/opt/rustwide/rustup-home/toolchains/1.75.0-x86_64-unknown-linux-gnu/lib/rustlib/x86_64-unknown-linux-gnu/lib/libcfg_if-eb39a61c0c879984.rlib" "/opt/rustwide/rustup-home/toolchains/1.75.0-x86_64-unknown-linux-gnu/lib/rustlib/x86_64-unknown-linux-gnu/lib/liblibc-aa769569f91c3548.rlib" "/opt/rustwide/rustup-home/toolchains/1.75.0-x86_64-unknown-linux-gnu/lib/rustlib/x86_64-unknown-linux-gnu/lib/liballoc-510a192a50a983ed.rlib" "/opt/rustwide/rustup-home/toolchains/1.75.0-x86_64-unknown-linux-gnu/lib/rustlib/x86_64-unknown-linux-gnu/lib/librustc_std_workspace_core-0577018320f99037.rlib" "/opt/rustwide/rustup-home/toolchains/1.75.0-x86_64-unknown-linux-gnu/lib/rustlib/x86_64-unknown-linux-gnu/lib/libcore-193cf992125ccd4c.rlib" "/opt/rustwide/rustup-home/toolchains/1.75.0-x86_64-unknown-linux-gnu/lib/rustlib/x86_64-unknown-linux-gnu/lib/libcompiler_builtins-8e138eaf26ebb4a8.rlib" "-Wl,-Bdynamic" "-lgcc_s" "-lutil" "-lrt" "-lpthread" "-lm" "-ldl" "-lc" "-Wl,--eh-frame-hdr" "-Wl,-z,noexecstack" "-L" "/opt/rustwide/rustup-home/toolchains/1.75.0-x86_64-unknown-linux-gnu/lib/rustlib/x86_64-unknown-linux-gnu/lib" "-o" "/opt/rustwide/target/debug/deps/segment-be0272980a8337f5" "-Wl,--gc-sections" "-pie" "-Wl,-z,relro,-z,now" "-nodefaultlibs"
[INFO] [stdout]   = note: collect2: fatal error: ld terminated with signal 9 [Killed]
[INFO] [stdout]           compilation terminated.
[INFO] [stdout]           
[INFO] [stdout] 
[INFO] [stdout] 
[INFO] [stdout] error: aborting due to previous error
[INFO] [stdout] 
[INFO] [stdout] 
[INFO] [stderr] error: could not compile `aigc_core` (test "segment") due to 2 previous errors
[INFO] [stdout] error: linking with `cc` failed: exit status: 1
[INFO] [stdout]   |
[INFO] [stdout]   = note: LC_ALL="C" PATH="/opt/rustwide/rustup-home/toolchains/1.75.0-x86_64-unknown-linux-gnu/lib/rustlib/x86_64-unknown-linux-gnu/bin:/opt/rustwide/cargo-home/bin:/usr/local/sbin:/usr/local/bin:/usr/sbin:/usr/bin:/sbin:/bin" VSLANG="1033" "cc" "-m64" "/tmp/rustceZ0NIr/symbols.o" "/opt/rustwide/target/debug/deps/merkle_proof-0826b6e7b89ca883.merkle_proof.15ef3ec9fc592c0c-cgu.0.rcgu.o" "/opt/rustwide/target/debug/deps/merkle_proof-0826b6e7b89ca883.merkle_proof.15ef3ec9fc592c0c-cgu.1.rcgu.o" "/opt/rustwide/target/debug/deps/merkle_proof-0826b6e7b89ca883.merkle_proof.15ef3ec9fc592c0c-cgu.2.rcgu.o" "/opt/rustwide/target/debug/deps/merkle_proof-0826b6e7b89ca883.merkle_proof.15ef3ec9fc592c0c-cgu.3.rcgu.o" "/opt/rustwide/target/debug/deps/merkle_proof-0826b6e7b89ca883.4pycivv3xx64d8ml.rcgu.o" "-Wl,--as-needed" "-L" "/opt/rustwide/target/debug/deps" "-L" "/opt/rustwide/target/debug/build/aigc_secp256k1zkp-f00ddac4035514a1/out" "-L" "/opt/rustwide/target/debug/build/croaring-sys-97761b1deccfe0fd/out" "-L" "/opt/rustwide/rustup-home/toolchains/1.75.0-x86_64-unknown-linux-gnu/lib/rustlib/x86_64-unknown-linux-gnu/lib" "-Wl,-Bstatic" "/opt/rustwide/rustup-home/toolchains/1.75.0-x86_64-unknown-linux-gnu/lib/rustlib/x86_64-unknown-linux-gnu/lib/libtest-3df1bed8075ce1de.rlib" "/opt/rustwide/rustup-home/toolchains/1.75.0-x86_64-unknown-linux-gnu/lib/rustlib/x86_64-unknown-linux-gnu/lib/libgetopts-2076fd86b325cb5d.rlib" "/opt/rustwide/rustup-home/toolchains/1.75.0-x86_64-unknown-linux-gnu/lib/rustlib/x86_64-unknown-linux-gnu/lib/libunicode_width-caa7152ee70c190f.rlib" "/opt/rustwide/rustup-home/toolchains/1.75.0-x86_64-unknown-linux-gnu/lib/rustlib/x86_64-unknown-linux-gnu/lib/librustc_std_workspace_std-04e6425e07f02a3c.rlib" "/opt/rustwide/target/debug/deps/libaigc_core-9361bbfceb68925b.rlib" "/opt/rustwide/target/debug/deps/libbytes-b61f00db724d2015.rlib" "/opt/rustwide/target/debug/deps/libnum-696408afe6c899ba.rlib" "/opt/rustwide/target/debug/deps/libnum_rational-e514349bd9351471.rlib" "/opt/rustwide/target/debug/deps/libnum_iter-6d97dd4607b66566.rlib" "/opt/rustwide/target/debug/deps/libnum_complex-d151e3c662da4370.rlib" "/opt/rustwide/target/debug/deps/libnum_bigint-c9fe8c2a2dc432fb.rlib" "/opt/rustwide/target/debug/deps/libnum_integer-318653197edab41c.rlib" "/opt/rustwide/target/debug/deps/libcroaring-264e7aac8340e472.rlib" "/opt/rustwide/target/debug/deps/libcroaring_sys-ce6cb8921f6b1382.rlib" "/opt/rustwide/target/debug/deps/libsiphasher-bee8b9f666c09ef8.rlib" "/opt/rustwide/target/debug/deps/libfailure-925e78ef692a2162.rlib" "/opt/rustwide/target/debug/deps/libaigc_keychain-ad23c53d8a257834.rlib" "/opt/rustwide/target/debug/deps/libpbkdf2-22d76490292b39c2.rlib" "/opt/rustwide/target/debug/deps/libpassword_hash-8766220e0b685b8a.rlib" "/opt/rustwide/target/debug/deps/libbase64ct-f4155d610a60c04a.rlib" "/opt/rustwide/target/debug/deps/librand_core-1ef27d73e5bdb518.rlib" "/opt/rustwide/target/debug/deps/libripemd160-9bc617f88625b2b2.rlib" "/opt/rustwide/target/debug/deps/libhmac-3d64d4abb04f5129.rlib" "/opt/rustwide/target/debug/deps/libcrypto_mac-73eda9313504b213.rlib" "/opt/rustwide/target/debug/deps/libsubtle-4dc33cdd307ea15e.rlib" "/opt/rustwide/target/debug/deps/libsha2-09b9117ddac3dfa2.rlib" "/opt/rustwide/target/debug/deps/libcpufeatures-b8d9ed5bb45874e9.rlib" "/opt/rustwide/target/debug/deps/libopaque_debug-15273823c1ba1453.rlib" "/opt/rustwide/target/debug/deps/libblock_buffer-3aa5c4357e722148.rlib" "/opt/rustwide/target/debug/deps/libdigest-7c125090b44a7ede.rlib" "/opt/rustwide/target/debug/deps/libgeneric_array-fd18fcfac63fef05.rlib" "/opt/rustwide/target/debug/deps/libtypenum-da95465dc70d2c95.rlib" "/opt/rustwide/target/debug/deps/libblake2_rfc-4bcc847207c4a4e2.rlib" "/opt/rustwide/target/debug/deps/libconstant_time_eq-47127742af566368.rlib" "/opt/rustwide/target/debug/deps/libarrayvec-b877ae7b81f68616.rlib" "/opt/rustwide/target/debug/deps/libaigc_util-7cc35f9fa4eb8df6.rlib" "/opt/rustwide/target/debug/deps/libbase64-bb9c40ac0e3c2087.rlib" "/opt/rustwide/target/debug/deps/libzip-b9926862d957f6bd.rlib" "/opt/rustwide/target/debug/deps/libthiserror-16e3d23f1ae0d627.rlib" "/opt/rustwide/target/debug/deps/libbyteorder-e9468b374a0c0c11.rlib" "/opt/rustwide/target/debug/deps/libwalkdir-855d0afe3de90c17.rlib" "/opt/rustwide/target/debug/deps/libsame_file-06a4c01142053b65.rlib" "/opt/rustwide/target/debug/deps/librand-ff5a32d242c71e97.rlib" "/opt/rustwide/target/debug/deps/librand_xorshift-b773f0648a8cf8bd.rlib" "/opt/rustwide/target/debug/deps/librand_pcg-39107a4cc57ccea5.rlib" "/opt/rustwide/target/debug/deps/librand_hc-ab1090502cccf2b3.rlib" "/opt/rustwide/target/debug/deps/librand_chacha-bcb9099222d0ff10.rlib" "/opt/rustwide/target/debug/deps/librand_isaac-ae32d3c1056b8083.rlib" "/opt/rustwide/target/debug/deps/librand_os-a7a79c82c16ed5ec.rlib" "/opt/rustwide/target/debug/deps/librand_jitter-e0716e2be2341726.rlib" "/opt/rustwide/target/debug/deps/liblog4rs-93bdc5b1af8a8dc4.rlib" "/opt/rustwide/target/debug/deps/libserde_yaml-bfad53b593a3114c.rlib" "/opt/rustwide/target/debug/deps/libindexmap-93f72862478380d0.rlib" "/opt/rustwide/target/debug/deps/libhashbrown-567986452cb9bc94.rlib" "/opt/rustwide/target/debug/deps/libyaml_rust-dadeb9b0a1ae3c6e.rlib" "/opt/rustwide/target/debug/deps/liblinked_hash_map-55396135ba6b4b1c.rlib" "/opt/rustwide/target/debug/deps/libhumantime-ce043b5585f26040.rlib" "/opt/rustwide/target/debug/deps/libquick_error-e0931f21b2f0d487.rlib" "/opt/rustwide/target/debug/deps/liblog_mdc-9933bacc6fab9598.rlib" "/opt/rustwide/target/debug/deps/libthread_id-d2162a903b32f9c6.rlib" "/opt/rustwide/target/debug/deps/libtypemap-386ca6b57403474a.rlib" "/opt/rustwide/target/debug/deps/libunsafe_any-17a88f84bf4fb852.rlib" "/opt/rustwide/target/debug/deps/libtraitobject-41fd5123b8f4ed1a.rlib" "/opt/rustwide/target/debug/deps/libflate2-1347a47922d98cc4.rlib" "/opt/rustwide/target/debug/deps/libcrc32fast-664446237529ebff.rlib" "/opt/rustwide/target/debug/deps/libserde_value-d77a88a638e66d97.rlib" "/opt/rustwide/target/debug/deps/libordered_float-b2b654dbe62e616e.rlib" "/opt/rustwide/target/debug/deps/libfnv-18bf5144d055e772.rlib" "/opt/rustwide/target/debug/deps/libarc_swap-a918357a18420df2.rlib" "/opt/rustwide/target/debug/deps/libbacktrace-9c3d7372124ea09e.rlib" "/opt/rustwide/target/debug/deps/libminiz_oxide-f272f5814aa49507.rlib" "/opt/rustwide/target/debug/deps/libadler-c8f2240c56a0abca.rlib" "/opt/rustwide/target/debug/deps/libobject-da3f7a8aaaa9564a.rlib" "/opt/rustwide/target/debug/deps/libmemchr-7da5465362ee94c1.rlib" "/opt/rustwide/target/debug/deps/libaddr2line-2d4126a5dc567f39.rlib" "/opt/rustwide/target/debug/deps/libgimli-7f4f1abc0cbbfdc4.rlib" "/opt/rustwide/target/debug/deps/libcfg_if-61dc7a6799e72b18.rlib" "/opt/rustwide/target/debug/deps/librustc_demangle-7ef8571a19a75907.rlib" "/opt/rustwide/target/debug/deps/libsecp256k1zkp-bae6445294c1a2c5.rlib" "/opt/rustwide/target/debug/deps/libzeroize-d56227c7b56604bf.rlib" "/opt/rustwide/target/debug/deps/librand-fcd4d733b32cd4c2.rlib" "/opt/rustwide/target/debug/deps/librand_core-09a7edfc524c3401.rlib" "/opt/rustwide/target/debug/deps/librand_core-5f8dc8f8f4491b97.rlib" "/opt/rustwide/target/debug/deps/libserde_json-7532376ac54f1cf3.rlib" "/opt/rustwide/target/debug/deps/libryu-5f304b1b6393964f.rlib" "/opt/rustwide/target/debug/deps/libitoa-5f181af53b99b92c.rlib" "/opt/rustwide/target/debug/deps/librustc_serialize-738cfa055e92ab76.rlib" "/opt/rustwide/target/debug/deps/libarrayvec-7eb4ef8560d16cc5.rlib" "/opt/rustwide/target/debug/deps/libnodrop-21226c530dbf7371.rlib" "/opt/rustwide/target/debug/deps/libodds-1d3ba3f764201969.rlib" "/opt/rustwide/target/debug/deps/libparking_lot-c112c95000e0f99f.rlib" "/opt/rustwide/target/debug/deps/libparking_lot_core-b1599557e2a5476d.rlib" "/opt/rustwide/target/debug/deps/liblibc-f01c1240f7c859d0.rlib" "/opt/rustwide/target/debug/deps/libsmallvec-19f6a51af3f3c214.rlib" "/opt/rustwide/target/debug/deps/libcfg_if-925b73a2e437f0c3.rlib" "/opt/rustwide/target/debug/deps/liblock_api-66bae9b5c6af1fce.rlib" "/opt/rustwide/target/debug/deps/libscopeguard-012e5ed929fc2fe6.rlib" "/opt/rustwide/target/debug/deps/libchrono-9421249a3af36f8c.rlib" "/opt/rustwide/target/debug/deps/libiana_time_zone-528d9768cce5eb89.rlib" "/opt/rustwide/target/debug/deps/liblog-c89db42a936c17ce.rlib" "/opt/rustwide/target/debug/deps/libserde-ed681572cf8d9de2.rlib" "/opt/rustwide/target/debug/deps/liblazy_static-591486ebcb9a7ead.rlib" "/opt/rustwide/target/debug/deps/libenum_primitive-46267fe2d54fef1c.rlib" "/opt/rustwide/target/debug/deps/libnum_traits-b2f5918e9c1f5f00.rlib" "/opt/rustwide/target/debug/deps/libnum_traits-dcf66cbda2c5463d.rlib" "/opt/rustwide/rustup-home/toolchains/1.75.0-x86_64-unknown-linux-gnu/lib/rustlib/x86_64-unknown-linux-gnu/lib/libstd-90f6ddbf82de36ec.rlib" "/opt/rustwide/rustup-home/toolchains/1.75.0-x86_64-unknown-linux-gnu/lib/rustlib/x86_64-unknown-linux-gnu/lib/libpanic_unwind-480c41e9d4e1f677.rlib" "/opt/rustwide/rustup-home/toolchains/1.75.0-x86_64-unknown-linux-gnu/lib/rustlib/x86_64-unknown-linux-gnu/lib/libobject-db744c0ca03eed1d.rlib" "/opt/rustwide/rustup-home/toolchains/1.75.0-x86_64-unknown-linux-gnu/lib/rustlib/x86_64-unknown-linux-gnu/lib/libmemchr-8ba652dc7d4b285a.rlib" "/opt/rustwide/rustup-home/toolchains/1.75.0-x86_64-unknown-linux-gnu/lib/rustlib/x86_64-unknown-linux-gnu/lib/libaddr2line-d5f4520a9ebc0d58.rlib" "/opt/rustwide/rustup-home/toolchains/1.75.0-x86_64-unknown-linux-gnu/lib/rustlib/x86_64-unknown-linux-gnu/lib/libgimli-4ad84de58f0cb463.rlib" "/opt/rustwide/rustup-home/toolchains/1.75.0-x86_64-unknown-linux-gnu/lib/rustlib/x86_64-unknown-linux-gnu/lib/librustc_demangle-0d10aae2e0f38735.rlib" "/opt/rustwide/rustup-home/toolchains/1.75.0-x86_64-unknown-linux-gnu/lib/rustlib/x86_64-unknown-linux-gnu/lib/libstd_detect-0c17cff739e6745b.rlib" "/opt/rustwide/rustup-home/toolchains/1.75.0-x86_64-unknown-linux-gnu/lib/rustlib/x86_64-unknown-linux-gnu/lib/libhashbrown-b29e17139dde1aa8.rlib" "/opt/rustwide/rustup-home/toolchains/1.75.0-x86_64-unknown-linux-gnu/lib/rustlib/x86_64-unknown-linux-gnu/lib/librustc_std_workspace_alloc-1f975299829cc7bd.rlib" "/opt/rustwide/rustup-home/toolchains/1.75.0-x86_64-unknown-linux-gnu/lib/rustlib/x86_64-unknown-linux-gnu/lib/libminiz_oxide-86bae3bc3079f89b.rlib" "/opt/rustwide/rustup-home/toolchains/1.75.0-x86_64-unknown-linux-gnu/lib/rustlib/x86_64-unknown-linux-gnu/lib/libadler-321b82c30dffdf5f.rlib" "/opt/rustwide/rustup-home/toolchains/1.75.0-x86_64-unknown-linux-gnu/lib/rustlib/x86_64-unknown-linux-gnu/lib/libunwind-3dd8a6810a0bdfef.rlib" "/opt/rustwide/rustup-home/toolchains/1.75.0-x86_64-unknown-linux-gnu/lib/rustlib/x86_64-unknown-linux-gnu/lib/libcfg_if-eb39a61c0c879984.rlib" "/opt/rustwide/rustup-home/toolchains/1.75.0-x86_64-unknown-linux-gnu/lib/rustlib/x86_64-unknown-linux-gnu/lib/liblibc-aa769569f91c3548.rlib" "/opt/rustwide/rustup-home/toolchains/1.75.0-x86_64-unknown-linux-gnu/lib/rustlib/x86_64-unknown-linux-gnu/lib/liballoc-510a192a50a983ed.rlib" "/opt/rustwide/rustup-home/toolchains/1.75.0-x86_64-unknown-linux-gnu/lib/rustlib/x86_64-unknown-linux-gnu/lib/librustc_std_workspace_core-0577018320f99037.rlib" "/opt/rustwide/rustup-home/toolchains/1.75.0-x86_64-unknown-linux-gnu/lib/rustlib/x86_64-unknown-linux-gnu/lib/libcore-193cf992125ccd4c.rlib" "/opt/rustwide/rustup-home/toolchains/1.75.0-x86_64-unknown-linux-gnu/lib/rustlib/x86_64-unknown-linux-gnu/lib/libcompiler_builtins-8e138eaf26ebb4a8.rlib" "-Wl,-Bdynamic" "-lgcc_s" "-lutil" "-lrt" "-lpthread" "-lm" "-ldl" "-lc" "-Wl,--eh-frame-hdr" "-Wl,-z,noexecstack" "-L" "/opt/rustwide/rustup-home/toolchains/1.75.0-x86_64-unknown-linux-gnu/lib/rustlib/x86_64-unknown-linux-gnu/lib" "-o" "/opt/rustwide/target/debug/deps/merkle_proof-0826b6e7b89ca883" "-Wl,--gc-sections" "-pie" "-Wl,-z,relro,-z,now" "-nodefaultlibs"
[INFO] [stdout]   = note: collect2: fatal error: ld terminated with signal 9 [Killed]
[INFO] [stdout]           compilation terminated.
[INFO] [stdout]           
[INFO] [stdout] 
[INFO] [stdout] 
[INFO] [stdout] error: aborting due to previous error
[INFO] [stdout] 
[INFO] [stdout] 
[INFO] [stderr] error: could not compile `aigc_core` (test "merkle_proof") due to 2 previous errors
[INFO] [stdout] error: linking with `cc` failed: exit status: 1
[INFO] [stdout]   |
[INFO] [stdout]   = note: LC_ALL="C" PATH="/opt/rustwide/rustup-home/toolchains/1.75.0-x86_64-unknown-linux-gnu/lib/rustlib/x86_64-unknown-linux-gnu/bin:/opt/rustwide/cargo-home/bin:/usr/local/sbin:/usr/local/bin:/usr/sbin:/usr/bin:/sbin:/bin" VSLANG="1033" "cc" "-m64" "/tmp/rustcSCtRDS/symbols.o" "/opt/rustwide/target/debug/deps/block-0b29c7c97568235e.block.370cbfe1ba17b20c-cgu.0.rcgu.o" "/opt/rustwide/target/debug/deps/block-0b29c7c97568235e.block.370cbfe1ba17b20c-cgu.1.rcgu.o" "/opt/rustwide/target/debug/deps/block-0b29c7c97568235e.block.370cbfe1ba17b20c-cgu.2.rcgu.o" "/opt/rustwide/target/debug/deps/block-0b29c7c97568235e.block.370cbfe1ba17b20c-cgu.3.rcgu.o" "/opt/rustwide/target/debug/deps/block-0b29c7c97568235e.block.370cbfe1ba17b20c-cgu.4.rcgu.o" "/opt/rustwide/target/debug/deps/block-0b29c7c97568235e.block.370cbfe1ba17b20c-cgu.5.rcgu.o" "/opt/rustwide/target/debug/deps/block-0b29c7c97568235e.4mr78e02r0hf3p62.rcgu.o" "-Wl,--as-needed" "-L" "/opt/rustwide/target/debug/deps" "-L" "/opt/rustwide/target/debug/build/aigc_secp256k1zkp-f00ddac4035514a1/out" "-L" "/opt/rustwide/target/debug/build/croaring-sys-97761b1deccfe0fd/out" "-L" "/opt/rustwide/rustup-home/toolchains/1.75.0-x86_64-unknown-linux-gnu/lib/rustlib/x86_64-unknown-linux-gnu/lib" "-Wl,-Bstatic" "/opt/rustwide/rustup-home/toolchains/1.75.0-x86_64-unknown-linux-gnu/lib/rustlib/x86_64-unknown-linux-gnu/lib/libtest-3df1bed8075ce1de.rlib" "/opt/rustwide/rustup-home/toolchains/1.75.0-x86_64-unknown-linux-gnu/lib/rustlib/x86_64-unknown-linux-gnu/lib/libgetopts-2076fd86b325cb5d.rlib" "/opt/rustwide/rustup-home/toolchains/1.75.0-x86_64-unknown-linux-gnu/lib/rustlib/x86_64-unknown-linux-gnu/lib/libunicode_width-caa7152ee70c190f.rlib" "/opt/rustwide/rustup-home/toolchains/1.75.0-x86_64-unknown-linux-gnu/lib/rustlib/x86_64-unknown-linux-gnu/lib/librustc_std_workspace_std-04e6425e07f02a3c.rlib" "/opt/rustwide/target/debug/deps/libaigc_core-9361bbfceb68925b.rlib" "/opt/rustwide/target/debug/deps/libbytes-b61f00db724d2015.rlib" "/opt/rustwide/target/debug/deps/libnum-696408afe6c899ba.rlib" "/opt/rustwide/target/debug/deps/libnum_rational-e514349bd9351471.rlib" "/opt/rustwide/target/debug/deps/libnum_iter-6d97dd4607b66566.rlib" "/opt/rustwide/target/debug/deps/libnum_complex-d151e3c662da4370.rlib" "/opt/rustwide/target/debug/deps/libnum_bigint-c9fe8c2a2dc432fb.rlib" "/opt/rustwide/target/debug/deps/libnum_integer-318653197edab41c.rlib" "/opt/rustwide/target/debug/deps/libcroaring-264e7aac8340e472.rlib" "/opt/rustwide/target/debug/deps/libcroaring_sys-ce6cb8921f6b1382.rlib" "/opt/rustwide/target/debug/deps/libsiphasher-bee8b9f666c09ef8.rlib" "/opt/rustwide/target/debug/deps/libfailure-925e78ef692a2162.rlib" "/opt/rustwide/target/debug/deps/libaigc_keychain-ad23c53d8a257834.rlib" "/opt/rustwide/target/debug/deps/libpbkdf2-22d76490292b39c2.rlib" "/opt/rustwide/target/debug/deps/libpassword_hash-8766220e0b685b8a.rlib" "/opt/rustwide/target/debug/deps/libbase64ct-f4155d610a60c04a.rlib" "/opt/rustwide/target/debug/deps/librand_core-1ef27d73e5bdb518.rlib" "/opt/rustwide/target/debug/deps/libripemd160-9bc617f88625b2b2.rlib" "/opt/rustwide/target/debug/deps/libhmac-3d64d4abb04f5129.rlib" "/opt/rustwide/target/debug/deps/libcrypto_mac-73eda9313504b213.rlib" "/opt/rustwide/target/debug/deps/libsubtle-4dc33cdd307ea15e.rlib" "/opt/rustwide/target/debug/deps/libsha2-09b9117ddac3dfa2.rlib" "/opt/rustwide/target/debug/deps/libcpufeatures-b8d9ed5bb45874e9.rlib" "/opt/rustwide/target/debug/deps/libopaque_debug-15273823c1ba1453.rlib" "/opt/rustwide/target/debug/deps/libblock_buffer-3aa5c4357e722148.rlib" "/opt/rustwide/target/debug/deps/libdigest-7c125090b44a7ede.rlib" "/opt/rustwide/target/debug/deps/libgeneric_array-fd18fcfac63fef05.rlib" "/opt/rustwide/target/debug/deps/libtypenum-da95465dc70d2c95.rlib" "/opt/rustwide/target/debug/deps/libblake2_rfc-4bcc847207c4a4e2.rlib" "/opt/rustwide/target/debug/deps/libconstant_time_eq-47127742af566368.rlib" "/opt/rustwide/target/debug/deps/libarrayvec-b877ae7b81f68616.rlib" "/opt/rustwide/target/debug/deps/libaigc_util-7cc35f9fa4eb8df6.rlib" "/opt/rustwide/target/debug/deps/libbase64-bb9c40ac0e3c2087.rlib" "/opt/rustwide/target/debug/deps/libzip-b9926862d957f6bd.rlib" "/opt/rustwide/target/debug/deps/libthiserror-16e3d23f1ae0d627.rlib" "/opt/rustwide/target/debug/deps/libbyteorder-e9468b374a0c0c11.rlib" "/opt/rustwide/target/debug/deps/libwalkdir-855d0afe3de90c17.rlib" "/opt/rustwide/target/debug/deps/libsame_file-06a4c01142053b65.rlib" "/opt/rustwide/target/debug/deps/librand-ff5a32d242c71e97.rlib" "/opt/rustwide/target/debug/deps/librand_xorshift-b773f0648a8cf8bd.rlib" "/opt/rustwide/target/debug/deps/librand_pcg-39107a4cc57ccea5.rlib" "/opt/rustwide/target/debug/deps/librand_hc-ab1090502cccf2b3.rlib" "/opt/rustwide/target/debug/deps/librand_chacha-bcb9099222d0ff10.rlib" "/opt/rustwide/target/debug/deps/librand_isaac-ae32d3c1056b8083.rlib" "/opt/rustwide/target/debug/deps/librand_os-a7a79c82c16ed5ec.rlib" "/opt/rustwide/target/debug/deps/librand_jitter-e0716e2be2341726.rlib" "/opt/rustwide/target/debug/deps/liblog4rs-93bdc5b1af8a8dc4.rlib" "/opt/rustwide/target/debug/deps/libserde_yaml-bfad53b593a3114c.rlib" "/opt/rustwide/target/debug/deps/libindexmap-93f72862478380d0.rlib" "/opt/rustwide/target/debug/deps/libhashbrown-567986452cb9bc94.rlib" "/opt/rustwide/target/debug/deps/libyaml_rust-dadeb9b0a1ae3c6e.rlib" "/opt/rustwide/target/debug/deps/liblinked_hash_map-55396135ba6b4b1c.rlib" "/opt/rustwide/target/debug/deps/libhumantime-ce043b5585f26040.rlib" "/opt/rustwide/target/debug/deps/libquick_error-e0931f21b2f0d487.rlib" "/opt/rustwide/target/debug/deps/liblog_mdc-9933bacc6fab9598.rlib" "/opt/rustwide/target/debug/deps/libthread_id-d2162a903b32f9c6.rlib" "/opt/rustwide/target/debug/deps/libtypemap-386ca6b57403474a.rlib" "/opt/rustwide/target/debug/deps/libunsafe_any-17a88f84bf4fb852.rlib" "/opt/rustwide/target/debug/deps/libtraitobject-41fd5123b8f4ed1a.rlib" "/opt/rustwide/target/debug/deps/libflate2-1347a47922d98cc4.rlib" "/opt/rustwide/target/debug/deps/libcrc32fast-664446237529ebff.rlib" "/opt/rustwide/target/debug/deps/libserde_value-d77a88a638e66d97.rlib" "/opt/rustwide/target/debug/deps/libordered_float-b2b654dbe62e616e.rlib" "/opt/rustwide/target/debug/deps/libfnv-18bf5144d055e772.rlib" "/opt/rustwide/target/debug/deps/libarc_swap-a918357a18420df2.rlib" "/opt/rustwide/target/debug/deps/libbacktrace-9c3d7372124ea09e.rlib" "/opt/rustwide/target/debug/deps/libminiz_oxide-f272f5814aa49507.rlib" "/opt/rustwide/target/debug/deps/libadler-c8f2240c56a0abca.rlib" "/opt/rustwide/target/debug/deps/libobject-da3f7a8aaaa9564a.rlib" "/opt/rustwide/target/debug/deps/libmemchr-7da5465362ee94c1.rlib" "/opt/rustwide/target/debug/deps/libaddr2line-2d4126a5dc567f39.rlib" "/opt/rustwide/target/debug/deps/libgimli-7f4f1abc0cbbfdc4.rlib" "/opt/rustwide/target/debug/deps/libcfg_if-61dc7a6799e72b18.rlib" "/opt/rustwide/target/debug/deps/librustc_demangle-7ef8571a19a75907.rlib" "/opt/rustwide/target/debug/deps/libsecp256k1zkp-bae6445294c1a2c5.rlib" "/opt/rustwide/target/debug/deps/libzeroize-d56227c7b56604bf.rlib" "/opt/rustwide/target/debug/deps/librand-fcd4d733b32cd4c2.rlib" "/opt/rustwide/target/debug/deps/librand_core-09a7edfc524c3401.rlib" "/opt/rustwide/target/debug/deps/librand_core-5f8dc8f8f4491b97.rlib" "/opt/rustwide/target/debug/deps/libserde_json-7532376ac54f1cf3.rlib" "/opt/rustwide/target/debug/deps/libryu-5f304b1b6393964f.rlib" "/opt/rustwide/target/debug/deps/libitoa-5f181af53b99b92c.rlib" "/opt/rustwide/target/debug/deps/librustc_serialize-738cfa055e92ab76.rlib" "/opt/rustwide/target/debug/deps/libarrayvec-7eb4ef8560d16cc5.rlib" "/opt/rustwide/target/debug/deps/libnodrop-21226c530dbf7371.rlib" "/opt/rustwide/target/debug/deps/libodds-1d3ba3f764201969.rlib" "/opt/rustwide/target/debug/deps/libparking_lot-c112c95000e0f99f.rlib" "/opt/rustwide/target/debug/deps/libparking_lot_core-b1599557e2a5476d.rlib" "/opt/rustwide/target/debug/deps/liblibc-f01c1240f7c859d0.rlib" "/opt/rustwide/target/debug/deps/libsmallvec-19f6a51af3f3c214.rlib" "/opt/rustwide/target/debug/deps/libcfg_if-925b73a2e437f0c3.rlib" "/opt/rustwide/target/debug/deps/liblock_api-66bae9b5c6af1fce.rlib" "/opt/rustwide/target/debug/deps/libscopeguard-012e5ed929fc2fe6.rlib" "/opt/rustwide/target/debug/deps/libchrono-9421249a3af36f8c.rlib" "/opt/rustwide/target/debug/deps/libiana_time_zone-528d9768cce5eb89.rlib" "/opt/rustwide/target/debug/deps/liblog-c89db42a936c17ce.rlib" "/opt/rustwide/target/debug/deps/libserde-ed681572cf8d9de2.rlib" "/opt/rustwide/target/debug/deps/liblazy_static-591486ebcb9a7ead.rlib" "/opt/rustwide/target/debug/deps/libenum_primitive-46267fe2d54fef1c.rlib" "/opt/rustwide/target/debug/deps/libnum_traits-b2f5918e9c1f5f00.rlib" "/opt/rustwide/target/debug/deps/libnum_traits-dcf66cbda2c5463d.rlib" "/opt/rustwide/rustup-home/toolchains/1.75.0-x86_64-unknown-linux-gnu/lib/rustlib/x86_64-unknown-linux-gnu/lib/libstd-90f6ddbf82de36ec.rlib" "/opt/rustwide/rustup-home/toolchains/1.75.0-x86_64-unknown-linux-gnu/lib/rustlib/x86_64-unknown-linux-gnu/lib/libpanic_unwind-480c41e9d4e1f677.rlib" "/opt/rustwide/rustup-home/toolchains/1.75.0-x86_64-unknown-linux-gnu/lib/rustlib/x86_64-unknown-linux-gnu/lib/libobject-db744c0ca03eed1d.rlib" "/opt/rustwide/rustup-home/toolchains/1.75.0-x86_64-unknown-linux-gnu/lib/rustlib/x86_64-unknown-linux-gnu/lib/libmemchr-8ba652dc7d4b285a.rlib" "/opt/rustwide/rustup-home/toolchains/1.75.0-x86_64-unknown-linux-gnu/lib/rustlib/x86_64-unknown-linux-gnu/lib/libaddr2line-d5f4520a9ebc0d58.rlib" "/opt/rustwide/rustup-home/toolchains/1.75.0-x86_64-unknown-linux-gnu/lib/rustlib/x86_64-unknown-linux-gnu/lib/libgimli-4ad84de58f0cb463.rlib" "/opt/rustwide/rustup-home/toolchains/1.75.0-x86_64-unknown-linux-gnu/lib/rustlib/x86_64-unknown-linux-gnu/lib/librustc_demangle-0d10aae2e0f38735.rlib" "/opt/rustwide/rustup-home/toolchains/1.75.0-x86_64-unknown-linux-gnu/lib/rustlib/x86_64-unknown-linux-gnu/lib/libstd_detect-0c17cff739e6745b.rlib" "/opt/rustwide/rustup-home/toolchains/1.75.0-x86_64-unknown-linux-gnu/lib/rustlib/x86_64-unknown-linux-gnu/lib/libhashbrown-b29e17139dde1aa8.rlib" "/opt/rustwide/rustup-home/toolchains/1.75.0-x86_64-unknown-linux-gnu/lib/rustlib/x86_64-unknown-linux-gnu/lib/librustc_std_workspace_alloc-1f975299829cc7bd.rlib" "/opt/rustwide/rustup-home/toolchains/1.75.0-x86_64-unknown-linux-gnu/lib/rustlib/x86_64-unknown-linux-gnu/lib/libminiz_oxide-86bae3bc3079f89b.rlib" "/opt/rustwide/rustup-home/toolchains/1.75.0-x86_64-unknown-linux-gnu/lib/rustlib/x86_64-unknown-linux-gnu/lib/libadler-321b82c30dffdf5f.rlib" "/opt/rustwide/rustup-home/toolchains/1.75.0-x86_64-unknown-linux-gnu/lib/rustlib/x86_64-unknown-linux-gnu/lib/libunwind-3dd8a6810a0bdfef.rlib" "/opt/rustwide/rustup-home/toolchains/1.75.0-x86_64-unknown-linux-gnu/lib/rustlib/x86_64-unknown-linux-gnu/lib/libcfg_if-eb39a61c0c879984.rlib" "/opt/rustwide/rustup-home/toolchains/1.75.0-x86_64-unknown-linux-gnu/lib/rustlib/x86_64-unknown-linux-gnu/lib/liblibc-aa769569f91c3548.rlib" "/opt/rustwide/rustup-home/toolchains/1.75.0-x86_64-unknown-linux-gnu/lib/rustlib/x86_64-unknown-linux-gnu/lib/liballoc-510a192a50a983ed.rlib" "/opt/rustwide/rustup-home/toolchains/1.75.0-x86_64-unknown-linux-gnu/lib/rustlib/x86_64-unknown-linux-gnu/lib/librustc_std_workspace_core-0577018320f99037.rlib" "/opt/rustwide/rustup-home/toolchains/1.75.0-x86_64-unknown-linux-gnu/lib/rustlib/x86_64-unknown-linux-gnu/lib/libcore-193cf992125ccd4c.rlib" "/opt/rustwide/rustup-home/toolchains/1.75.0-x86_64-unknown-linux-gnu/lib/rustlib/x86_64-unknown-linux-gnu/lib/libcompiler_builtins-8e138eaf26ebb4a8.rlib" "-Wl,-Bdynamic" "-lgcc_s" "-lutil" "-lrt" "-lpthread" "-lm" "-ldl" "-lc" "-Wl,--eh-frame-hdr" "-Wl,-z,noexecstack" "-L" "/opt/rustwide/rustup-home/toolchains/1.75.0-x86_64-unknown-linux-gnu/lib/rustlib/x86_64-unknown-linux-gnu/lib" "-o" "/opt/rustwide/target/debug/deps/block-0b29c7c97568235e" "-Wl,--gc-sections" "-pie" "-Wl,-z,relro,-z,now" "-nodefaultlibs"
[INFO] [stdout]   = note: collect2: fatal error: ld terminated with signal 9 [Killed]
[INFO] [stdout]           compilation terminated.
[INFO] [stdout]           
[INFO] [stdout] 
[INFO] [stdout] 
[INFO] [stdout] error: aborting due to previous error
[INFO] [stdout] 
[INFO] [stdout] 
[INFO] [stderr] error: could not compile `aigc_core` (test "block") due to 2 previous errors
[INFO] [stdout] warning: 2 warnings emitted
[INFO] [stdout] 
[INFO] [stdout] 
[INFO] running `Command { std: "docker" "inspect" "32fc07b34302f72f23012bc2d07d4577e07970ce37220cbc5839d5800cdcfd08", kill_on_drop: false }`
[INFO] running `Command { std: "docker" "rm" "-f" "32fc07b34302f72f23012bc2d07d4577e07970ce37220cbc5839d5800cdcfd08", kill_on_drop: false }`
[INFO] [stdout] 32fc07b34302f72f23012bc2d07d4577e07970ce37220cbc5839d5800cdcfd08
