[INFO] fetching crate adi-adxl355-async 0.2.0...
[INFO] testing adi-adxl355-async-0.2.0 against 1.75.0 for beta-1.76-1
[INFO] extracting crate adi-adxl355-async 0.2.0 into /workspace/builds/worker-0-tc1/source
[INFO] validating manifest of crates.io crate adi-adxl355-async 0.2.0 on toolchain 1.75.0
[INFO] running `Command { std: CARGO_HOME="/workspace/cargo-home" RUSTUP_HOME="/workspace/rustup-home" "/workspace/cargo-home/bin/cargo" "+1.75.0" "metadata" "--manifest-path" "Cargo.toml" "--no-deps", kill_on_drop: false }`
[INFO] started tweaking crates.io crate adi-adxl355-async 0.2.0
[INFO] finished tweaking crates.io crate adi-adxl355-async 0.2.0
[INFO] tweaked toml for crates.io crate adi-adxl355-async 0.2.0 written to /workspace/builds/worker-0-tc1/source/Cargo.toml
[INFO] running `Command { std: CARGO_HOME="/workspace/cargo-home" RUSTUP_HOME="/workspace/rustup-home" "/workspace/cargo-home/bin/cargo" "+1.75.0" "generate-lockfile" "--manifest-path" "Cargo.toml", kill_on_drop: false }`
[INFO] [stderr]     Updating crates.io index
[INFO] running `Command { std: CARGO_HOME="/workspace/cargo-home" RUSTUP_HOME="/workspace/rustup-home" "/workspace/cargo-home/bin/cargo" "+1.75.0" "fetch" "--manifest-path" "Cargo.toml", kill_on_drop: false }`
[INFO] [stderr]  Downloading crates ...
[INFO] [stderr]   Downloaded embedded-hal v1.0.0-rc.3
[INFO] [stderr]   Downloaded embedded-hal-async v1.0.0-rc.3
[INFO] [stderr]   Downloaded adi-adxl355 v0.2.0
[INFO] [stderr]   Downloaded defmt-parser v0.3.3
[INFO] [stderr]   Downloaded defmt v0.3.5
[INFO] [stderr]   Downloaded defmt-macros v0.3.6
[INFO] [stderr]   Downloaded micromath v2.1.0
[INFO] running `Command { std: "docker" "create" "-v" "/var/lib/crater-agent-workspace/builds/worker-0-tc1/target:/opt/rustwide/target:rw,Z" "-v" "/var/lib/crater-agent-workspace/builds/worker-0-tc1/source:/opt/rustwide/workdir:ro,Z" "-v" "/var/lib/crater-agent-workspace/cargo-home:/opt/rustwide/cargo-home:ro,Z" "-v" "/var/lib/crater-agent-workspace/rustup-home:/opt/rustwide/rustup-home:ro,Z" "-e" "SOURCE_DIR=/opt/rustwide/workdir" "-e" "CARGO_TARGET_DIR=/opt/rustwide/target" "-e" "CARGO_HOME=/opt/rustwide/cargo-home" "-e" "RUSTUP_HOME=/opt/rustwide/rustup-home" "-w" "/opt/rustwide/workdir" "-m" "1610612736" "--user" "0:0" "--network" "none" "ghcr.io/rust-lang/crates-build-env/linux@sha256:2788e3201cd34a07e3172128adcd8b3090168a8e3bcc40d7c032b9dda1df7d1c" "/opt/rustwide/cargo-home/bin/cargo" "+1.75.0" "metadata" "--no-deps" "--format-version=1", kill_on_drop: false }`
[INFO] [stdout] 9ac67028fa24c4855bccb1bc9c693d16cb2b0791f2b57ab219611afcd3efa097
[INFO] running `Command { std: "docker" "start" "-a" "9ac67028fa24c4855bccb1bc9c693d16cb2b0791f2b57ab219611afcd3efa097", kill_on_drop: false }`
[INFO] running `Command { std: "docker" "inspect" "9ac67028fa24c4855bccb1bc9c693d16cb2b0791f2b57ab219611afcd3efa097", kill_on_drop: false }`
[INFO] running `Command { std: "docker" "rm" "-f" "9ac67028fa24c4855bccb1bc9c693d16cb2b0791f2b57ab219611afcd3efa097", kill_on_drop: false }`
[INFO] [stdout] 9ac67028fa24c4855bccb1bc9c693d16cb2b0791f2b57ab219611afcd3efa097
[INFO] running `Command { std: "docker" "create" "-v" "/var/lib/crater-agent-workspace/builds/worker-0-tc1/target:/opt/rustwide/target:rw,Z" "-v" "/var/lib/crater-agent-workspace/builds/worker-0-tc1/source:/opt/rustwide/workdir:ro,Z" "-v" "/var/lib/crater-agent-workspace/cargo-home:/opt/rustwide/cargo-home:ro,Z" "-v" "/var/lib/crater-agent-workspace/rustup-home:/opt/rustwide/rustup-home:ro,Z" "-e" "SOURCE_DIR=/opt/rustwide/workdir" "-e" "CARGO_TARGET_DIR=/opt/rustwide/target" "-e" "CARGO_INCREMENTAL=0" "-e" "RUST_BACKTRACE=full" "-e" "RUSTFLAGS=--cap-lints=warn" "-e" "RUSTDOCFLAGS=--cap-lints=warn" "-e" "CARGO_HOME=/opt/rustwide/cargo-home" "-e" "RUSTUP_HOME=/opt/rustwide/rustup-home" "-w" "/opt/rustwide/workdir" "-m" "1610612736" "--user" "0:0" "--network" "none" "ghcr.io/rust-lang/crates-build-env/linux@sha256:2788e3201cd34a07e3172128adcd8b3090168a8e3bcc40d7c032b9dda1df7d1c" "/opt/rustwide/cargo-home/bin/cargo" "+1.75.0" "build" "--frozen" "--message-format=json", kill_on_drop: false }`
[INFO] [stdout] 503230d049b5003bafe076dbadb41f38a9cd350b4d45f6d7372c87a887ff9809
[INFO] running `Command { std: "docker" "start" "-a" "503230d049b5003bafe076dbadb41f38a9cd350b4d45f6d7372c87a887ff9809", kill_on_drop: false }`
[INFO] [stderr]    Compiling embedded-hal v1.0.0-rc.3
[INFO] [stderr]    Compiling embedded-hal-async v1.0.0-rc.3
[INFO] [stderr]    Compiling micromath v2.1.0
[INFO] [stderr]    Compiling adi-adxl355 v0.2.0
[INFO] [stderr]    Compiling adi-adxl355-async v0.2.0 (/opt/rustwide/workdir)
[INFO] [stdout] error[E0554]: `#![feature]` may not be used on the stable release channel
[INFO] [stdout]   --> src/lib.rs:16:1
[INFO] [stdout]    |
[INFO] [stdout] 16 | #![feature(type_alias_impl_trait)]
[INFO] [stdout]    | ^^^^^^^^^^^^^^^^^^^^^^^^^^^^^^^^^^
[INFO] [stdout] 
[INFO] [stdout] 
[INFO] [stdout] error[E0554]: `#![feature]` may not be used on the stable release channel
[INFO] [stdout]   --> src/lib.rs:18:1
[INFO] [stdout]    |
[INFO] [stdout] 18 | #![feature(async_fn_in_trait)]
[INFO] [stdout]    | ^^^^^^^^^^^^^^^^^^^^^^^^^^^^^^ help: remove the attribute
[INFO] [stdout]    |
[INFO] [stdout]    = help: the feature `async_fn_in_trait` has been stable since `1.75.0` and no longer requires an attribute to enable
[INFO] [stdout] 
[INFO] [stdout] 
[INFO] [stdout] warning: the feature `async_fn_in_trait` has been stable since 1.75.0 and no longer requires an attribute to enable
[INFO] [stdout]   --> src/lib.rs:18:12
[INFO] [stdout]    |
[INFO] [stdout] 18 | #![feature(async_fn_in_trait)]
[INFO] [stdout]    |            ^^^^^^^^^^^^^^^^^
[INFO] [stdout]    |
[INFO] [stdout]    = note: `#[warn(stable_features)]` on by default
[INFO] [stdout] 
[INFO] [stdout] 
[INFO] [stdout] error: aborting due to 2 previous errors; 1 warning emitted
[INFO] [stdout] 
[INFO] [stdout] 
[INFO] [stdout] For more information about this error, try `rustc --explain E0554`.
[INFO] [stdout] 
[INFO] [stderr] error: could not compile `adi-adxl355-async` (lib) due to 3 previous errors; 1 warning emitted
[INFO] running `Command { std: "docker" "inspect" "503230d049b5003bafe076dbadb41f38a9cd350b4d45f6d7372c87a887ff9809", kill_on_drop: false }`
[INFO] running `Command { std: "docker" "rm" "-f" "503230d049b5003bafe076dbadb41f38a9cd350b4d45f6d7372c87a887ff9809", kill_on_drop: false }`
[INFO] [stdout] 503230d049b5003bafe076dbadb41f38a9cd350b4d45f6d7372c87a887ff9809
[INFO] testing adi-adxl355-async-0.2.0 against beta-2023-12-22 for beta-1.76-1
[INFO] extracting crate adi-adxl355-async 0.2.0 into /workspace/builds/worker-0-tc2/source
[INFO] validating manifest of crates.io crate adi-adxl355-async 0.2.0 on toolchain beta-2023-12-22
[INFO] running `Command { std: CARGO_HOME="/workspace/cargo-home" RUSTUP_HOME="/workspace/rustup-home" "/workspace/cargo-home/bin/cargo" "+beta-2023-12-22" "metadata" "--manifest-path" "Cargo.toml" "--no-deps", kill_on_drop: false }`
[INFO] started tweaking crates.io crate adi-adxl355-async 0.2.0
[INFO] finished tweaking crates.io crate adi-adxl355-async 0.2.0
[INFO] tweaked toml for crates.io crate adi-adxl355-async 0.2.0 written to /workspace/builds/worker-0-tc2/source/Cargo.toml
[INFO] running `Command { std: CARGO_HOME="/workspace/cargo-home" RUSTUP_HOME="/workspace/rustup-home" "/workspace/cargo-home/bin/cargo" "+beta-2023-12-22" "generate-lockfile" "--manifest-path" "Cargo.toml", kill_on_drop: false }`
[INFO] [stderr]     Blocking waiting for file lock on package cache
[INFO] [stderr]     Updating crates.io index
[INFO] running `Command { std: CARGO_HOME="/workspace/cargo-home" RUSTUP_HOME="/workspace/rustup-home" "/workspace/cargo-home/bin/cargo" "+beta-2023-12-22" "fetch" "--manifest-path" "Cargo.toml", kill_on_drop: false }`
[INFO] running `Command { std: "docker" "create" "-v" "/var/lib/crater-agent-workspace/builds/worker-0-tc2/target:/opt/rustwide/target:rw,Z" "-v" "/var/lib/crater-agent-workspace/builds/worker-0-tc2/source:/opt/rustwide/workdir:ro,Z" "-v" "/var/lib/crater-agent-workspace/cargo-home:/opt/rustwide/cargo-home:ro,Z" "-v" "/var/lib/crater-agent-workspace/rustup-home:/opt/rustwide/rustup-home:ro,Z" "-e" "SOURCE_DIR=/opt/rustwide/workdir" "-e" "CARGO_TARGET_DIR=/opt/rustwide/target" "-e" "CARGO_HOME=/opt/rustwide/cargo-home" "-e" "RUSTUP_HOME=/opt/rustwide/rustup-home" "-w" "/opt/rustwide/workdir" "-m" "1610612736" "--user" "0:0" "--network" "none" "ghcr.io/rust-lang/crates-build-env/linux@sha256:2788e3201cd34a07e3172128adcd8b3090168a8e3bcc40d7c032b9dda1df7d1c" "/opt/rustwide/cargo-home/bin/cargo" "+beta-2023-12-22" "metadata" "--no-deps" "--format-version=1", kill_on_drop: false }`
[INFO] [stdout] 7da3d641b3382b72aa32b5b4e52686a141253325999021141d4fbdfa85d9e170
[INFO] running `Command { std: "docker" "start" "-a" "7da3d641b3382b72aa32b5b4e52686a141253325999021141d4fbdfa85d9e170", kill_on_drop: false }`
[INFO] running `Command { std: "docker" "inspect" "7da3d641b3382b72aa32b5b4e52686a141253325999021141d4fbdfa85d9e170", kill_on_drop: false }`
[INFO] running `Command { std: "docker" "rm" "-f" "7da3d641b3382b72aa32b5b4e52686a141253325999021141d4fbdfa85d9e170", kill_on_drop: false }`
[INFO] [stdout] 7da3d641b3382b72aa32b5b4e52686a141253325999021141d4fbdfa85d9e170
[INFO] running `Command { std: "docker" "create" "-v" "/var/lib/crater-agent-workspace/builds/worker-0-tc2/target:/opt/rustwide/target:rw,Z" "-v" "/var/lib/crater-agent-workspace/builds/worker-0-tc2/source:/opt/rustwide/workdir:ro,Z" "-v" "/var/lib/crater-agent-workspace/cargo-home:/opt/rustwide/cargo-home:ro,Z" "-v" "/var/lib/crater-agent-workspace/rustup-home:/opt/rustwide/rustup-home:ro,Z" "-e" "SOURCE_DIR=/opt/rustwide/workdir" "-e" "CARGO_TARGET_DIR=/opt/rustwide/target" "-e" "CARGO_INCREMENTAL=0" "-e" "RUST_BACKTRACE=full" "-e" "RUSTFLAGS=--cap-lints=warn" "-e" "RUSTDOCFLAGS=--cap-lints=warn" "-e" "CARGO_HOME=/opt/rustwide/cargo-home" "-e" "RUSTUP_HOME=/opt/rustwide/rustup-home" "-w" "/opt/rustwide/workdir" "-m" "1610612736" "--user" "0:0" "--network" "none" "ghcr.io/rust-lang/crates-build-env/linux@sha256:2788e3201cd34a07e3172128adcd8b3090168a8e3bcc40d7c032b9dda1df7d1c" "/opt/rustwide/cargo-home/bin/cargo" "+beta-2023-12-22" "build" "--frozen" "--message-format=json", kill_on_drop: false }`
[INFO] [stdout] db3bbe6ef149a3eb0e6aef43eac4aa4571c08206eaad68f4f2d4c39cf40fab62
[INFO] running `Command { std: "docker" "start" "-a" "db3bbe6ef149a3eb0e6aef43eac4aa4571c08206eaad68f4f2d4c39cf40fab62", kill_on_drop: false }`
[INFO] [stderr]    Compiling embedded-hal-async v1.0.0-rc.3
[INFO] [stderr]    Compiling embedded-hal v1.0.0-rc.3
[INFO] [stderr]    Compiling micromath v2.1.0
[INFO] [stderr]    Compiling adi-adxl355 v0.2.0
[INFO] [stderr]    Compiling adi-adxl355-async v0.2.0 (/opt/rustwide/workdir)
[INFO] [stdout] error[E0554]: `#![feature]` may not be used on the beta release channel
[INFO] [stdout]   --> src/lib.rs:16:1
[INFO] [stdout]    |
[INFO] [stdout] 16 | #![feature(type_alias_impl_trait)]
[INFO] [stdout]    | ^^^^^^^^^^^^^^^^^^^^^^^^^^^^^^^^^^
[INFO] [stdout] 
[INFO] [stdout] 
[INFO] [stdout] error[E0554]: `#![feature]` may not be used on the beta release channel
[INFO] [stdout]   --> src/lib.rs:18:1
[INFO] [stdout]    |
[INFO] [stdout] 18 | #![feature(async_fn_in_trait)]
[INFO] [stdout]    | ^^^^^^^^^^^^^^^^^^^^^^^^^^^^^^ help: remove the attribute
[INFO] [stdout]    |
[INFO] [stdout]    = help: the feature `async_fn_in_trait` has been stable since `1.75.0` and no longer requires an attribute to enable
[INFO] [stdout] 
[INFO] [stdout] 
[INFO] [stdout] warning: the feature `async_fn_in_trait` has been stable since 1.75.0 and no longer requires an attribute to enable
[INFO] [stdout]   --> src/lib.rs:18:12
[INFO] [stdout]    |
[INFO] [stdout] 18 | #![feature(async_fn_in_trait)]
[INFO] [stdout]    |            ^^^^^^^^^^^^^^^^^
[INFO] [stdout]    |
[INFO] [stdout]    = note: `#[warn(stable_features)]` on by default
[INFO] [stdout] 
[INFO] [stdout] 
[INFO] [stdout] error: aborting due to 2 previous errors; 1 warning emitted
[INFO] [stdout] 
[INFO] [stdout] 
[INFO] [stdout] For more information about this error, try `rustc --explain E0554`.
[INFO] [stdout] 
[INFO] [stderr] error: could not compile `adi-adxl355-async` (lib) due to 3 previous errors; 1 warning emitted
[INFO] running `Command { std: "docker" "inspect" "db3bbe6ef149a3eb0e6aef43eac4aa4571c08206eaad68f4f2d4c39cf40fab62", kill_on_drop: false }`
[INFO] running `Command { std: "docker" "rm" "-f" "db3bbe6ef149a3eb0e6aef43eac4aa4571c08206eaad68f4f2d4c39cf40fab62", kill_on_drop: false }`
[INFO] [stdout] db3bbe6ef149a3eb0e6aef43eac4aa4571c08206eaad68f4f2d4c39cf40fab62
