[INFO] fetching crate actix-ws-ng 0.3.0...
[INFO] testing actix-ws-ng-0.3.0 against 1.75.0 for beta-1.76-1
[INFO] extracting crate actix-ws-ng 0.3.0 into /workspace/builds/worker-5-tc1/source
[INFO] validating manifest of crates.io crate actix-ws-ng 0.3.0 on toolchain 1.75.0
[INFO] running `Command { std: CARGO_HOME="/workspace/cargo-home" RUSTUP_HOME="/workspace/rustup-home" "/workspace/cargo-home/bin/cargo" "+1.75.0" "metadata" "--manifest-path" "Cargo.toml" "--no-deps", kill_on_drop: false }`
[INFO] started tweaking crates.io crate actix-ws-ng 0.3.0
[INFO] finished tweaking crates.io crate actix-ws-ng 0.3.0
[INFO] tweaked toml for crates.io crate actix-ws-ng 0.3.0 written to /workspace/builds/worker-5-tc1/source/Cargo.toml
[INFO] crate crates.io crate actix-ws-ng 0.3.0 already has a lockfile, it will not be regenerated
[INFO] running `Command { std: CARGO_HOME="/workspace/cargo-home" RUSTUP_HOME="/workspace/rustup-home" "/workspace/cargo-home/bin/cargo" "+1.75.0" "fetch" "--manifest-path" "Cargo.toml", kill_on_drop: false }`
[INFO] [stderr]  Downloading crates ...
[INFO] [stderr]   Downloaded actix-router v0.5.1
[INFO] [stderr]   Downloaded local-waker v0.1.3
[INFO] [stderr]   Downloaded bytestring v1.3.0
[INFO] [stderr]   Downloaded local-channel v0.1.4
[INFO] [stderr]   Downloaded actix-http v3.4.0
[INFO] [stderr]   Downloaded actix-web v4.4.0
[INFO] running `Command { std: "docker" "create" "-v" "/var/lib/crater-agent-workspace/builds/worker-5-tc1/target:/opt/rustwide/target:rw,Z" "-v" "/var/lib/crater-agent-workspace/builds/worker-5-tc1/source:/opt/rustwide/workdir:ro,Z" "-v" "/var/lib/crater-agent-workspace/cargo-home:/opt/rustwide/cargo-home:ro,Z" "-v" "/var/lib/crater-agent-workspace/rustup-home:/opt/rustwide/rustup-home:ro,Z" "-e" "SOURCE_DIR=/opt/rustwide/workdir" "-e" "CARGO_TARGET_DIR=/opt/rustwide/target" "-e" "CARGO_HOME=/opt/rustwide/cargo-home" "-e" "RUSTUP_HOME=/opt/rustwide/rustup-home" "-w" "/opt/rustwide/workdir" "-m" "1610612736" "--user" "0:0" "--network" "none" "ghcr.io/rust-lang/crates-build-env/linux@sha256:2788e3201cd34a07e3172128adcd8b3090168a8e3bcc40d7c032b9dda1df7d1c" "/opt/rustwide/cargo-home/bin/cargo" "+1.75.0" "metadata" "--no-deps" "--format-version=1", kill_on_drop: false }`
[INFO] [stdout] 8f677832e80b18970df25ec50bf6172deefc4fd5397bdc9692e1cdac2daa2e54
[INFO] running `Command { std: "docker" "start" "-a" "8f677832e80b18970df25ec50bf6172deefc4fd5397bdc9692e1cdac2daa2e54", kill_on_drop: false }`
[INFO] running `Command { std: "docker" "inspect" "8f677832e80b18970df25ec50bf6172deefc4fd5397bdc9692e1cdac2daa2e54", kill_on_drop: false }`
[INFO] running `Command { std: "docker" "rm" "-f" "8f677832e80b18970df25ec50bf6172deefc4fd5397bdc9692e1cdac2daa2e54", kill_on_drop: false }`
[INFO] [stdout] 8f677832e80b18970df25ec50bf6172deefc4fd5397bdc9692e1cdac2daa2e54
[INFO] running `Command { std: "docker" "create" "-v" "/var/lib/crater-agent-workspace/builds/worker-5-tc1/target:/opt/rustwide/target:rw,Z" "-v" "/var/lib/crater-agent-workspace/builds/worker-5-tc1/source:/opt/rustwide/workdir:ro,Z" "-v" "/var/lib/crater-agent-workspace/cargo-home:/opt/rustwide/cargo-home:ro,Z" "-v" "/var/lib/crater-agent-workspace/rustup-home:/opt/rustwide/rustup-home:ro,Z" "-e" "SOURCE_DIR=/opt/rustwide/workdir" "-e" "CARGO_TARGET_DIR=/opt/rustwide/target" "-e" "CARGO_INCREMENTAL=0" "-e" "RUST_BACKTRACE=full" "-e" "RUSTFLAGS=--cap-lints=warn" "-e" "RUSTDOCFLAGS=--cap-lints=warn" "-e" "CARGO_HOME=/opt/rustwide/cargo-home" "-e" "RUSTUP_HOME=/opt/rustwide/rustup-home" "-w" "/opt/rustwide/workdir" "-m" "1610612736" "--user" "0:0" "--network" "none" "ghcr.io/rust-lang/crates-build-env/linux@sha256:2788e3201cd34a07e3172128adcd8b3090168a8e3bcc40d7c032b9dda1df7d1c" "/opt/rustwide/cargo-home/bin/cargo" "+1.75.0" "build" "--frozen" "--message-format=json", kill_on_drop: false }`
[INFO] [stdout] b8cf878294fe087da7e1400629a2ec91ffb1490f63817a21e42c80ebf93a91f0
[INFO] running `Command { std: "docker" "start" "-a" "b8cf878294fe087da7e1400629a2ec91ffb1490f63817a21e42c80ebf93a91f0", kill_on_drop: false }`
[INFO] [stderr]    Compiling libc v0.2.149
[INFO] [stderr]    Compiling futures-core v0.3.28
[INFO] [stderr]    Compiling smallvec v1.11.1
[INFO] [stderr]    Compiling once_cell v1.18.0
[INFO] [stderr]    Compiling itoa v1.0.9
[INFO] [stderr]    Compiling memchr v2.6.4
[INFO] [stderr]    Compiling proc-macro2 v1.0.69
[INFO] [stderr]    Compiling serde v1.0.189
[INFO] [stderr]    Compiling percent-encoding v2.3.0
[INFO] [stderr]    Compiling local-waker v0.1.3
[INFO] [stderr]    Compiling futures-task v0.3.28
[INFO] [stderr]    Compiling futures-sink v0.3.28
[INFO] [stderr]    Compiling ahash v0.8.3
[INFO] [stderr]    Compiling futures-util v0.3.28
[INFO] [stderr]    Compiling bytestring v1.3.0
[INFO] [stderr]    Compiling cpufeatures v0.2.9
[INFO] [stderr]    Compiling actix-utils v3.0.1
[INFO] [stderr]    Compiling ryu v1.0.15
[INFO] [stderr]    Compiling http v0.2.9
[INFO] [stderr]    Compiling tracing-core v0.1.32
[INFO] [stderr]    Compiling form_urlencoded v1.2.0
[INFO] [stderr]    Compiling unicode-bidi v0.3.13
[INFO] [stderr]    Compiling serde_json v1.0.107
[INFO] [stderr]    Compiling deranged v0.3.9
[INFO] [stderr]    Compiling sha1 v0.10.6
[INFO] [stderr]    Compiling bitflags v2.4.1
[INFO] [stderr]    Compiling base64 v0.21.4
[INFO] [stderr]    Compiling actix-service v2.0.2
[INFO] [stderr]    Compiling local-channel v0.1.4
[INFO] [stderr]    Compiling idna v0.4.0
[INFO] [stderr]    Compiling tracing v0.1.40
[INFO] [stderr]    Compiling aho-corasick v1.1.2
[INFO] [stderr]    Compiling quote v1.0.33
[INFO] [stderr]    Compiling parking_lot_core v0.9.9
[INFO] [stderr]    Compiling signal-hook-registry v1.4.1
[INFO] [stderr]    Compiling mio v0.8.8
[INFO] [stderr]    Compiling socket2 v0.5.4
[INFO] [stderr]    Compiling getrandom v0.2.10
[INFO] [stderr]    Compiling time v0.3.30
[INFO] [stderr]    Compiling url v2.4.1
[INFO] [stderr]    Compiling syn v1.0.109
[INFO] [stderr]    Compiling parking_lot v0.12.1
[INFO] [stderr]    Compiling rand_core v0.6.4
[INFO] [stderr]    Compiling rand_chacha v0.3.1
[INFO] [stderr]    Compiling tokio v1.33.0
[INFO] [stderr]    Compiling rand v0.8.5
[INFO] [stderr]    Compiling regex-automata v0.4.3
[INFO] [stderr]    Compiling serde_urlencoded v0.7.1
[INFO] [stderr]    Compiling derive_more v0.99.17
[INFO] [stderr]    Compiling regex v1.10.2
[INFO] [stderr]    Compiling actix-rt v2.9.0
[INFO] [stderr]    Compiling tokio-util v0.7.9
[INFO] [stderr]    Compiling actix-router v0.5.1
[INFO] [stderr]    Compiling actix-server v2.3.0
[INFO] [stderr]    Compiling actix-codec v0.5.1
[INFO] [stderr]    Compiling actix-http v3.4.0
[INFO] [stderr]    Compiling actix-web v4.4.0
[INFO] [stderr]    Compiling actix-ws-ng v0.3.0 (/opt/rustwide/workdir)
[INFO] [stderr]     Finished dev [unoptimized + debuginfo] target(s) in 16.93s
[INFO] running `Command { std: "docker" "inspect" "b8cf878294fe087da7e1400629a2ec91ffb1490f63817a21e42c80ebf93a91f0", kill_on_drop: false }`
[INFO] running `Command { std: "docker" "rm" "-f" "b8cf878294fe087da7e1400629a2ec91ffb1490f63817a21e42c80ebf93a91f0", kill_on_drop: false }`
[INFO] [stdout] b8cf878294fe087da7e1400629a2ec91ffb1490f63817a21e42c80ebf93a91f0
[INFO] running `Command { std: "docker" "create" "-v" "/var/lib/crater-agent-workspace/builds/worker-5-tc1/target:/opt/rustwide/target:rw,Z" "-v" "/var/lib/crater-agent-workspace/builds/worker-5-tc1/source:/opt/rustwide/workdir:ro,Z" "-v" "/var/lib/crater-agent-workspace/cargo-home:/opt/rustwide/cargo-home:ro,Z" "-v" "/var/lib/crater-agent-workspace/rustup-home:/opt/rustwide/rustup-home:ro,Z" "-e" "SOURCE_DIR=/opt/rustwide/workdir" "-e" "CARGO_TARGET_DIR=/opt/rustwide/target" "-e" "CARGO_INCREMENTAL=0" "-e" "RUST_BACKTRACE=full" "-e" "RUSTFLAGS=--cap-lints=warn" "-e" "RUSTDOCFLAGS=--cap-lints=warn" "-e" "CARGO_HOME=/opt/rustwide/cargo-home" "-e" "RUSTUP_HOME=/opt/rustwide/rustup-home" "-w" "/opt/rustwide/workdir" "-m" "1610612736" "--user" "0:0" "--network" "none" "ghcr.io/rust-lang/crates-build-env/linux@sha256:2788e3201cd34a07e3172128adcd8b3090168a8e3bcc40d7c032b9dda1df7d1c" "/opt/rustwide/cargo-home/bin/cargo" "+1.75.0" "test" "--frozen" "--no-run" "--message-format=json", kill_on_drop: false }`
[INFO] [stdout] 8505cfb9ba1fbb61255e5dc9e228271778014fc517fd32d9f6a4af4db10a38fa
[INFO] running `Command { std: "docker" "start" "-a" "8505cfb9ba1fbb61255e5dc9e228271778014fc517fd32d9f6a4af4db10a38fa", kill_on_drop: false }`
[INFO] [stderr]    Compiling actix-ws-ng v0.3.0 (/opt/rustwide/workdir)
[INFO] [stdout] error[E0433]: failed to resolve: use of undeclared crate or module `futures`
[INFO] [stdout]  --> examples/chat.rs:8:5
[INFO] [stdout]   |
[INFO] [stdout] 8 | use futures::stream::{FuturesUnordered, StreamExt};
[INFO] [stdout]   |     ^^^^^^^ use of undeclared crate or module `futures`
[INFO] [stdout] 
[INFO] [stdout] 
[INFO] [stdout] error[E0432]: unresolved import `log`
[INFO] [stdout]  --> examples/chat.rs:9:5
[INFO] [stdout]   |
[INFO] [stdout] 9 | use log::info;
[INFO] [stdout]   |     ^^^ use of undeclared crate or module `log`
[INFO] [stdout] 
[INFO] [stdout] 
[INFO] [stdout] error[E0433]: failed to resolve: use of undeclared crate or module `actix_rt`
[INFO] [stdout]    --> examples/chat.rs:190:3
[INFO] [stdout]     |
[INFO] [stdout] 190 | #[actix_rt::main]
[INFO] [stdout]     |   ^^^^^^^^ use of undeclared crate or module `actix_rt`
[INFO] [stdout] 
[INFO] [stdout] 
[INFO] [stdout] error: cannot determine resolution for the macro `info`
[INFO] [stdout]   --> examples/chat.rs:42:50
[INFO] [stdout]    |
[INFO] [stdout] 42 |                 res.map(|_| session).map_err(|_| info!("Dropping session"))
[INFO] [stdout]    |                                                  ^^^^
[INFO] [stdout]    |
[INFO] [stdout]    = note: import resolution is stuck, try simplifying macro imports
[INFO] [stdout] 
[INFO] [stdout] 
[INFO] [stdout] error: cannot determine resolution for the macro `info`
[INFO] [stdout]   --> examples/chat.rs:62:5
[INFO] [stdout]    |
[INFO] [stdout] 62 |     info!("Inserted session");
[INFO] [stdout]    |     ^^^^
[INFO] [stdout]    |
[INFO] [stdout]    = note: import resolution is stuck, try simplifying macro imports
[INFO] [stdout] 
[INFO] [stdout] 
[INFO] [stdout] error: cannot determine resolution for the macro `info`
[INFO] [stdout]   --> examples/chat.rs:92:21
[INFO] [stdout]    |
[INFO] [stdout] 92 |                     info!("Relaying text, {}", s);
[INFO] [stdout]    |                     ^^^^
[INFO] [stdout]    |
[INFO] [stdout]    = note: import resolution is stuck, try simplifying macro imports
[INFO] [stdout] 
[INFO] [stdout] 
[INFO] [stdout] error: cannot determine resolution for the macro `info`
[INFO] [stdout]   --> examples/chat.rs:98:21
[INFO] [stdout]    |
[INFO] [stdout] 98 |                     info!("Got close, bailing");
[INFO] [stdout]    |                     ^^^^
[INFO] [stdout]    |
[INFO] [stdout]    = note: import resolution is stuck, try simplifying macro imports
[INFO] [stdout] 
[INFO] [stdout] 
[INFO] [stdout] error: cannot determine resolution for the macro `info`
[INFO] [stdout]    --> examples/chat.rs:103:21
[INFO] [stdout]     |
[INFO] [stdout] 103 |                     info!("Got continuation, bailing");
[INFO] [stdout]     |                     ^^^^
[INFO] [stdout]     |
[INFO] [stdout]     = note: import resolution is stuck, try simplifying macro imports
[INFO] [stdout] 
[INFO] [stdout] 
[INFO] [stdout] error: cannot determine resolution for the macro `info`
[INFO] [stdout]    --> examples/chat.rs:114:5
[INFO] [stdout]     |
[INFO] [stdout] 114 |     info!("Spawned");
[INFO] [stdout]     |     ^^^^
[INFO] [stdout]     |
[INFO] [stdout]     = note: import resolution is stuck, try simplifying macro imports
[INFO] [stdout] 
[INFO] [stdout] 
[INFO] [stdout] error[E0433]: failed to resolve: use of undeclared crate or module `actix_rt`
[INFO] [stdout]   --> examples/chat.rs:69:28
[INFO] [stdout]    |
[INFO] [stdout] 69 |         let mut interval = actix_rt::time::interval(Duration::from_secs(5));
[INFO] [stdout]    |                            ^^^^^^^^ use of undeclared crate or module `actix_rt`
[INFO] [stdout]    |
[INFO] [stdout] help: consider importing one of these items
[INFO] [stdout]    |
[INFO] [stdout] 1  + use actix_web::rt::time;
[INFO] [stdout]    |
[INFO] [stdout] 1  + use tokio::time;
[INFO] [stdout]    |
[INFO] [stdout] help: if you import `time`, refer to it directly
[INFO] [stdout]    |
[INFO] [stdout] 69 -         let mut interval = actix_rt::time::interval(Duration::from_secs(5));
[INFO] [stdout] 69 +         let mut interval = time::interval(Duration::from_secs(5));
[INFO] [stdout]    |
[INFO] [stdout] 
[INFO] [stdout] 
[INFO] [stdout] error[E0433]: failed to resolve: use of undeclared crate or module `actix_rt`
[INFO] [stdout]   --> examples/chat.rs:68:5
[INFO] [stdout]    |
[INFO] [stdout] 68 |     actix_rt::spawn(async move {
[INFO] [stdout]    |     ^^^^^^^^ use of undeclared crate or module `actix_rt`
[INFO] [stdout] 
[INFO] [stdout] 
[INFO] [stdout] error[E0433]: failed to resolve: use of undeclared crate or module `actix_rt`
[INFO] [stdout]   --> examples/chat.rs:83:5
[INFO] [stdout]    |
[INFO] [stdout] 83 |     actix_rt::spawn(async move {
[INFO] [stdout]    |     ^^^^^^^^ use of undeclared crate or module `actix_rt`
[INFO] [stdout] 
[INFO] [stdout] 
[INFO] [stdout] error[E0599]: no method named `next` found for struct `MessageStream` in the current scope
[INFO] [stdout]    --> examples/chat.rs:84:42
[INFO] [stdout]     |
[INFO] [stdout] 84  |         while let Some(Ok(msg)) = stream.next().await {
[INFO] [stdout]     |                                          ^^^^ method not found in `MessageStream`
[INFO] [stdout]     |
[INFO] [stdout]    ::: /opt/rustwide/cargo-home/registry/src/index.crates.io-6f17d22bba15001f/futures-util-0.3.28/src/stream/stream/mod.rs:273:8
[INFO] [stdout]     |
[INFO] [stdout] 273 |     fn next(&mut self) -> Next<'_, Self>
[INFO] [stdout]     |        ---- the method is available for `MessageStream` here
[INFO] [stdout]     |
[INFO] [stdout]     = help: items from traits can only be used if the trait is in scope
[INFO] [stdout] help: the following trait is implemented but not in scope; perhaps add a `use` for it:
[INFO] [stdout]     |
[INFO] [stdout] 1   + use futures_util::stream::stream::StreamExt;
[INFO] [stdout]     |
[INFO] [stdout] 
[INFO] [stdout] 
[INFO] [stdout] error[E0433]: failed to resolve: use of undeclared crate or module `pretty_env_logger`
[INFO] [stdout]    --> examples/chat.rs:193:5
[INFO] [stdout]     |
[INFO] [stdout] 193 |     pretty_env_logger::init();
[INFO] [stdout]     |     ^^^^^^^^^^^^^^^^^ use of undeclared crate or module `pretty_env_logger`
[INFO] [stdout] 
[INFO] [stdout] 
[INFO] [stdout] error[E0752]: `main` function is not allowed to be `async`
[INFO] [stdout]    --> examples/chat.rs:191:1
[INFO] [stdout]     |
[INFO] [stdout] 191 | async fn main() -> Result<(), anyhow::Error> {
[INFO] [stdout]     | ^^^^^^^^^^^^^^^^^^^^^^^^^^^^^^^^^^^^^^^^^^^^ `main` function is not allowed to be `async`
[INFO] [stdout] 
[INFO] [stdout] 
[INFO] [stdout] error[E0433]: failed to resolve: use of undeclared crate or module `anyhow`
[INFO] [stdout]    --> examples/chat.rs:191:31
[INFO] [stdout]     |
[INFO] [stdout] 191 | async fn main() -> Result<(), anyhow::Error> {
[INFO] [stdout]     |                               ^^^^^^ use of undeclared crate or module `anyhow`
[INFO] [stdout] 
[INFO] [stdout] 
[INFO] [stdout] error: aborting due to 16 previous errors
[INFO] [stdout] 
[INFO] [stdout] 
[INFO] [stdout] Some errors have detailed explanations: E0432, E0433, E0599, E0752.
[INFO] [stdout] 
[INFO] [stdout] For more information about an error, try `rustc --explain E0432`.
[INFO] [stdout] 
[INFO] [stderr] error: could not compile `actix-ws-ng` (example "chat") due to 17 previous errors
[INFO] [stderr] warning: build failed, waiting for other jobs to finish...
[INFO] running `Command { std: "docker" "inspect" "8505cfb9ba1fbb61255e5dc9e228271778014fc517fd32d9f6a4af4db10a38fa", kill_on_drop: false }`
[INFO] running `Command { std: "docker" "rm" "-f" "8505cfb9ba1fbb61255e5dc9e228271778014fc517fd32d9f6a4af4db10a38fa", kill_on_drop: false }`
[INFO] [stdout] 8505cfb9ba1fbb61255e5dc9e228271778014fc517fd32d9f6a4af4db10a38fa
