[INFO] fetching crate actix-web-actors 4.2.0...
[INFO] testing actix-web-actors-4.2.0 against 1.75.0 for beta-1.76-1
[INFO] extracting crate actix-web-actors 4.2.0 into /workspace/builds/worker-3-tc1/source
[INFO] validating manifest of crates.io crate actix-web-actors 4.2.0 on toolchain 1.75.0
[INFO] running `Command { std: CARGO_HOME="/workspace/cargo-home" RUSTUP_HOME="/workspace/rustup-home" "/workspace/cargo-home/bin/cargo" "+1.75.0" "metadata" "--manifest-path" "Cargo.toml" "--no-deps", kill_on_drop: false }`
[INFO] started tweaking crates.io crate actix-web-actors 4.2.0
[INFO] finished tweaking crates.io crate actix-web-actors 4.2.0
[INFO] tweaked toml for crates.io crate actix-web-actors 4.2.0 written to /workspace/builds/worker-3-tc1/source/Cargo.toml
[INFO] running `Command { std: CARGO_HOME="/workspace/cargo-home" RUSTUP_HOME="/workspace/rustup-home" "/workspace/cargo-home/bin/cargo" "+1.75.0" "generate-lockfile" "--manifest-path" "Cargo.toml", kill_on_drop: false }`
[INFO] [stderr]     Updating crates.io index
[INFO] running `Command { std: CARGO_HOME="/workspace/cargo-home" RUSTUP_HOME="/workspace/rustup-home" "/workspace/cargo-home/bin/cargo" "+1.75.0" "fetch" "--manifest-path" "Cargo.toml", kill_on_drop: false }`
[INFO] [stderr]  Downloading crates ...
[INFO] [stderr]   Downloaded actix v0.13.1
[INFO] running `Command { std: "docker" "create" "-v" "/var/lib/crater-agent-workspace/builds/worker-3-tc1/target:/opt/rustwide/target:rw,Z" "-v" "/var/lib/crater-agent-workspace/builds/worker-3-tc1/source:/opt/rustwide/workdir:ro,Z" "-v" "/var/lib/crater-agent-workspace/cargo-home:/opt/rustwide/cargo-home:ro,Z" "-v" "/var/lib/crater-agent-workspace/rustup-home:/opt/rustwide/rustup-home:ro,Z" "-e" "SOURCE_DIR=/opt/rustwide/workdir" "-e" "CARGO_TARGET_DIR=/opt/rustwide/target" "-e" "CARGO_HOME=/opt/rustwide/cargo-home" "-e" "RUSTUP_HOME=/opt/rustwide/rustup-home" "-w" "/opt/rustwide/workdir" "-m" "1610612736" "--user" "0:0" "--network" "none" "ghcr.io/rust-lang/crates-build-env/linux@sha256:2788e3201cd34a07e3172128adcd8b3090168a8e3bcc40d7c032b9dda1df7d1c" "/opt/rustwide/cargo-home/bin/cargo" "+1.75.0" "metadata" "--no-deps" "--format-version=1", kill_on_drop: false }`
[INFO] [stdout] 7a82d87ac1885d0fbd3554e425df291c443c0cadfffbe5a68f125beeba7c4410
[INFO] running `Command { std: "docker" "start" "-a" "7a82d87ac1885d0fbd3554e425df291c443c0cadfffbe5a68f125beeba7c4410", kill_on_drop: false }`
[INFO] running `Command { std: "docker" "inspect" "7a82d87ac1885d0fbd3554e425df291c443c0cadfffbe5a68f125beeba7c4410", kill_on_drop: false }`
[INFO] running `Command { std: "docker" "rm" "-f" "7a82d87ac1885d0fbd3554e425df291c443c0cadfffbe5a68f125beeba7c4410", kill_on_drop: false }`
[INFO] [stdout] 7a82d87ac1885d0fbd3554e425df291c443c0cadfffbe5a68f125beeba7c4410
[INFO] running `Command { std: "docker" "create" "-v" "/var/lib/crater-agent-workspace/builds/worker-3-tc1/target:/opt/rustwide/target:rw,Z" "-v" "/var/lib/crater-agent-workspace/builds/worker-3-tc1/source:/opt/rustwide/workdir:ro,Z" "-v" "/var/lib/crater-agent-workspace/cargo-home:/opt/rustwide/cargo-home:ro,Z" "-v" "/var/lib/crater-agent-workspace/rustup-home:/opt/rustwide/rustup-home:ro,Z" "-e" "SOURCE_DIR=/opt/rustwide/workdir" "-e" "CARGO_TARGET_DIR=/opt/rustwide/target" "-e" "CARGO_INCREMENTAL=0" "-e" "RUST_BACKTRACE=full" "-e" "RUSTFLAGS=--cap-lints=warn" "-e" "RUSTDOCFLAGS=--cap-lints=warn" "-e" "CARGO_HOME=/opt/rustwide/cargo-home" "-e" "RUSTUP_HOME=/opt/rustwide/rustup-home" "-w" "/opt/rustwide/workdir" "-m" "1610612736" "--user" "0:0" "--network" "none" "ghcr.io/rust-lang/crates-build-env/linux@sha256:2788e3201cd34a07e3172128adcd8b3090168a8e3bcc40d7c032b9dda1df7d1c" "/opt/rustwide/cargo-home/bin/cargo" "+1.75.0" "build" "--frozen" "--message-format=json", kill_on_drop: false }`
[INFO] [stdout] b1a8a74330e8c6b484cba0e7d9332fae70e6be7475ae4747343058b29ba760e9
[INFO] running `Command { std: "docker" "start" "-a" "b1a8a74330e8c6b484cba0e7d9332fae70e6be7475ae4747343058b29ba760e9", kill_on_drop: false }`
[INFO] [stderr]    Compiling libc v0.2.151
[INFO] [stderr]    Compiling cfg-if v1.0.0
[INFO] [stderr]    Compiling pin-project-lite v0.2.13
[INFO] [stderr]    Compiling version_check v0.9.4
[INFO] [stderr]    Compiling autocfg v1.1.0
[INFO] [stderr]    Compiling log v0.4.20
[INFO] [stderr]    Compiling bytes v1.5.0
[INFO] [stderr]    Compiling parking_lot_core v0.9.9
[INFO] [stderr]    Compiling scopeguard v1.2.0
[INFO] [stderr]    Compiling futures-core v0.3.30
[INFO] [stderr]    Compiling smallvec v1.11.2
[INFO] [stderr]    Compiling once_cell v1.19.0
[INFO] [stderr]    Compiling typenum v1.17.0
[INFO] [stderr]    Compiling proc-macro2 v1.0.75
[INFO] [stderr]    Compiling memchr v2.7.1
[INFO] [stderr]    Compiling itoa v1.0.10
[INFO] [stderr]    Compiling unicode-ident v1.0.12
[INFO] [stderr]    Compiling serde v1.0.194
[INFO] [stderr]    Compiling paste v1.0.14
[INFO] [stderr]    Compiling futures-sink v0.3.30
[INFO] [stderr]    Compiling tinyvec_macros v0.1.1
[INFO] [stderr]    Compiling tracing-core v0.1.32
[INFO] [stderr]    Compiling local-waker v0.1.4
[INFO] [stderr]    Compiling syn v1.0.109
[INFO] [stderr]    Compiling percent-encoding v2.3.1
[INFO] [stderr]    Compiling tinyvec v1.6.0
[INFO] [stderr]    Compiling pin-utils v0.1.0
[INFO] [stderr]    Compiling regex-syntax v0.8.2
[INFO] [stderr]    Compiling fnv v1.0.7
[INFO] [stderr]    Compiling futures-task v0.3.30
[INFO] [stderr]    Compiling lock_api v0.4.11
[INFO] [stderr]    Compiling generic-array v0.14.7
[INFO] [stderr]    Compiling ahash v0.8.7
[INFO] [stderr]    Compiling ppv-lite86 v0.2.17
[INFO] [stderr]    Compiling crossbeam-utils v0.8.18
[INFO] [stderr]    Compiling tracing v0.1.40
[INFO] [stderr]    Compiling httparse v1.8.0
[INFO] [stderr]    Compiling aho-corasick v1.1.2
[INFO] [stderr]    Compiling bytestring v1.3.1
[INFO] [stderr]    Compiling http v0.2.11
[INFO] [stderr]    Compiling futures-util v0.3.30
[INFO] [stderr]    Compiling quote v1.0.35
[INFO] [stderr]    Compiling form_urlencoded v1.2.1
[INFO] [stderr]    Compiling actix-utils v3.0.1
[INFO] [stderr]    Compiling powerfmt v0.2.0
[INFO] [stderr]    Compiling bitflags v2.4.1
[INFO] [stderr]    Compiling socket2 v0.5.5
[INFO] [stderr]    Compiling mio v0.8.10
[INFO] [stderr]    Compiling signal-hook-registry v1.4.1
[INFO] [stderr]    Compiling getrandom v0.2.11
[INFO] [stderr]    Compiling parking_lot v0.12.1
[INFO] [stderr]    Compiling unicode-normalization v0.1.22
[INFO] [stderr]    Compiling actix-service v2.0.2
[INFO] [stderr]    Compiling rand_core v0.6.4
[INFO] [stderr]    Compiling ryu v1.0.16
[INFO] [stderr]    Compiling bitflags v1.3.2
[INFO] [stderr]    Compiling rand_chacha v0.3.1
[INFO] [stderr]    Compiling serde_json v1.0.111
[INFO] [stderr]    Compiling unicode-bidi v0.3.14
[INFO] [stderr]    Compiling convert_case v0.4.0
[INFO] [stderr]    Compiling zerocopy v0.7.32
[INFO] [stderr]    Compiling tokio v1.35.1
[INFO] [stderr]    Compiling cpufeatures v0.2.12
[INFO] [stderr]    Compiling rand v0.8.5
[INFO] [stderr]    Compiling deranged v0.3.11
[INFO] [stderr]    Compiling idna v0.5.0
[INFO] [stderr]    Compiling local-channel v0.1.5
[INFO] [stderr]    Compiling encoding_rs v0.8.33
[INFO] [stderr]    Compiling time-core v0.1.2
[INFO] [stderr]    Compiling language-tags v0.3.2
[INFO] [stderr]    Compiling mime v0.3.17
[INFO] [stderr]    Compiling block-buffer v0.10.4
[INFO] [stderr]    Compiling crypto-common v0.1.6
[INFO] [stderr]    Compiling digest v0.10.7
[INFO] [stderr]    Compiling regex-automata v0.4.3
[INFO] [stderr]    Compiling base64 v0.21.5
[INFO] [stderr]    Compiling httpdate v1.0.3
[INFO] [stderr]    Compiling crossbeam-channel v0.5.10
[INFO] [stderr]    Compiling sha1 v0.10.6
[INFO] [stderr]    Compiling time v0.3.31
[INFO] [stderr]    Compiling url v2.5.0
[INFO] [stderr]    Compiling serde_urlencoded v0.7.1
[INFO] [stderr]    Compiling derive_more v0.99.17
[INFO] [stderr]    Compiling regex v1.10.2
[INFO] [stderr]    Compiling actix-router v0.5.2
[INFO] [stderr]    Compiling tokio-util v0.7.10
[INFO] [stderr]    Compiling actix-rt v2.9.0
[INFO] [stderr]    Compiling actix-server v2.3.0
[INFO] [stderr]    Compiling actix-codec v0.5.1
[INFO] [stderr]    Compiling actix v0.13.1
[INFO] [stderr]    Compiling actix-http v3.5.1
[INFO] [stderr]    Compiling actix-web v4.4.1
[INFO] [stderr]    Compiling actix-web-actors v4.2.0 (/opt/rustwide/workdir)
[INFO] [stderr]     Finished dev [unoptimized + debuginfo] target(s) in 22.34s
[INFO] running `Command { std: "docker" "inspect" "b1a8a74330e8c6b484cba0e7d9332fae70e6be7475ae4747343058b29ba760e9", kill_on_drop: false }`
[INFO] running `Command { std: "docker" "rm" "-f" "b1a8a74330e8c6b484cba0e7d9332fae70e6be7475ae4747343058b29ba760e9", kill_on_drop: false }`
[INFO] [stdout] b1a8a74330e8c6b484cba0e7d9332fae70e6be7475ae4747343058b29ba760e9
[INFO] running `Command { std: "docker" "create" "-v" "/var/lib/crater-agent-workspace/builds/worker-3-tc1/target:/opt/rustwide/target:rw,Z" "-v" "/var/lib/crater-agent-workspace/builds/worker-3-tc1/source:/opt/rustwide/workdir:ro,Z" "-v" "/var/lib/crater-agent-workspace/cargo-home:/opt/rustwide/cargo-home:ro,Z" "-v" "/var/lib/crater-agent-workspace/rustup-home:/opt/rustwide/rustup-home:ro,Z" "-e" "SOURCE_DIR=/opt/rustwide/workdir" "-e" "CARGO_TARGET_DIR=/opt/rustwide/target" "-e" "CARGO_INCREMENTAL=0" "-e" "RUST_BACKTRACE=full" "-e" "RUSTFLAGS=--cap-lints=warn" "-e" "RUSTDOCFLAGS=--cap-lints=warn" "-e" "CARGO_HOME=/opt/rustwide/cargo-home" "-e" "RUSTUP_HOME=/opt/rustwide/rustup-home" "-w" "/opt/rustwide/workdir" "-m" "1610612736" "--user" "0:0" "--network" "none" "ghcr.io/rust-lang/crates-build-env/linux@sha256:2788e3201cd34a07e3172128adcd8b3090168a8e3bcc40d7c032b9dda1df7d1c" "/opt/rustwide/cargo-home/bin/cargo" "+1.75.0" "test" "--frozen" "--no-run" "--message-format=json", kill_on_drop: false }`
[INFO] [stdout] 3cfa79c1e45c811eeea24ac631978f7b18fc4c7f4d83dd9df09c11f210941dad
[INFO] running `Command { std: "docker" "start" "-a" "3cfa79c1e45c811eeea24ac631978f7b18fc4c7f4d83dd9df09c11f210941dad", kill_on_drop: false }`
[INFO] [stderr]    Compiling actix-web-actors v4.2.0 (/opt/rustwide/workdir)
[INFO] [stdout] error[E0433]: failed to resolve: use of undeclared crate or module `actix_rt`
[INFO] [stdout]    --> src/context.rs:281:7
[INFO] [stdout]     |
[INFO] [stdout] 281 |     #[actix_rt::test]
[INFO] [stdout]     |       ^^^^^^^^ use of undeclared crate or module `actix_rt`
[INFO] [stdout] 
[INFO] [stdout] 
[INFO] [stdout] error[E0432]: unresolved import `futures_util`
[INFO] [stdout]  --> tests/test_ws.rs:6:5
[INFO] [stdout]   |
[INFO] [stdout] 6 | use futures_util::{SinkExt as _, StreamExt as _};
[INFO] [stdout]   |     ^^^^^^^^^^^^ use of undeclared crate or module `futures_util`
[INFO] [stdout]   |
[INFO] [stdout] help: there is a crate or module with a similar name
[INFO] [stdout]   |
[INFO] [stdout] 6 | use futures_core::{SinkExt as _, StreamExt as _};
[INFO] [stdout]   |     ~~~~~~~~~~~~
[INFO] [stdout] 
[INFO] [stdout] 
[INFO] [stdout] error[E0433]: failed to resolve: use of undeclared crate or module `actix_rt`
[INFO] [stdout]   --> tests/test_ws.rs:57:3
[INFO] [stdout]    |
[INFO] [stdout] 57 | #[actix_rt::test]
[INFO] [stdout]    |   ^^^^^^^^ use of undeclared crate or module `actix_rt`
[INFO] [stdout] 
[INFO] [stdout] 
[INFO] [stdout] error[E0433]: failed to resolve: use of undeclared crate or module `actix_rt`
[INFO] [stdout]   --> tests/test_ws.rs:70:3
[INFO] [stdout]    |
[INFO] [stdout] 70 | #[actix_rt::test]
[INFO] [stdout]    |   ^^^^^^^^ use of undeclared crate or module `actix_rt`
[INFO] [stdout] 
[INFO] [stdout] 
[INFO] [stdout] error[E0433]: failed to resolve: use of undeclared crate or module `actix_rt`
[INFO] [stdout]   --> tests/test_ws.rs:85:3
[INFO] [stdout]    |
[INFO] [stdout] 85 | #[actix_rt::test]
[INFO] [stdout]    |   ^^^^^^^^ use of undeclared crate or module `actix_rt`
[INFO] [stdout] 
[INFO] [stdout] 
[INFO] [stdout] error[E0433]: failed to resolve: use of undeclared crate or module `actix_rt`
[INFO] [stdout]    --> tests/test_ws.rs:114:3
[INFO] [stdout]     |
[INFO] [stdout] 114 | #[actix_rt::test]
[INFO] [stdout]     |   ^^^^^^^^ use of undeclared crate or module `actix_rt`
[INFO] [stdout] 
[INFO] [stdout] 
[INFO] [stdout] error[E0433]: failed to resolve: use of undeclared crate or module `actix_rt`
[INFO] [stdout]    --> tests/test_ws.rs:129:3
[INFO] [stdout]     |
[INFO] [stdout] 129 | #[actix_rt::test]
[INFO] [stdout]     |   ^^^^^^^^ use of undeclared crate or module `actix_rt`
[INFO] [stdout] 
[INFO] [stdout] 
[INFO] [stdout] error[E0433]: failed to resolve: use of undeclared crate or module `actix_rt`
[INFO] [stdout]    --> tests/test_ws.rs:144:3
[INFO] [stdout]     |
[INFO] [stdout] 144 | #[actix_rt::test]
[INFO] [stdout]     |   ^^^^^^^^ use of undeclared crate or module `actix_rt`
[INFO] [stdout] 
[INFO] [stdout] 
[INFO] [stdout] error[E0433]: failed to resolve: use of undeclared crate or module `actix_rt`
[INFO] [stdout]    --> tests/test_ws.rs:160:3
[INFO] [stdout]     |
[INFO] [stdout] 160 | #[actix_rt::test]
[INFO] [stdout]     |   ^^^^^^^^ use of undeclared crate or module `actix_rt`
[INFO] [stdout] 
[INFO] [stdout] 
[INFO] [stdout] error[E0433]: failed to resolve: use of undeclared crate or module `actix_rt`
[INFO] [stdout]    --> tests/test_ws.rs:177:3
[INFO] [stdout]     |
[INFO] [stdout] 177 | #[actix_rt::test]
[INFO] [stdout]     |   ^^^^^^^^ use of undeclared crate or module `actix_rt`
[INFO] [stdout] 
[INFO] [stdout] 
[INFO] [stdout] error: aborting due to previous error
[INFO] [stdout] 
[INFO] [stdout] 
[INFO] [stdout] For more information about this error, try `rustc --explain E0433`.
[INFO] [stdout] 
[INFO] [stderr] error: could not compile `actix-web-actors` (lib test) due to 2 previous errors
[INFO] [stderr] warning: build failed, waiting for other jobs to finish...
[INFO] [stdout] error[E0433]: failed to resolve: use of undeclared crate or module `actix_test`
[INFO] [stdout]   --> tests/test_ws.rs:59:15
[INFO] [stdout]    |
[INFO] [stdout] 59 |     let srv = actix_test::start(|| {
[INFO] [stdout]    |               ^^^^^^^^^^ use of undeclared crate or module `actix_test`
[INFO] [stdout]    |
[INFO] [stdout] help: there is a crate or module with a similar name
[INFO] [stdout]    |
[INFO] [stdout] 59 |     let srv = actix_web::start(|| {
[INFO] [stdout]    |               ~~~~~~~~~
[INFO] [stdout] 
[INFO] [stdout] 
[INFO] [stdout] error[E0433]: failed to resolve: use of undeclared crate or module `actix_test`
[INFO] [stdout]   --> tests/test_ws.rs:72:15
[INFO] [stdout]    |
[INFO] [stdout] 72 |     let srv = actix_test::start(|| {
[INFO] [stdout]    |               ^^^^^^^^^^ use of undeclared crate or module `actix_test`
[INFO] [stdout]    |
[INFO] [stdout] help: there is a crate or module with a similar name
[INFO] [stdout]    |
[INFO] [stdout] 72 |     let srv = actix_web::start(|| {
[INFO] [stdout]    |               ~~~~~~~~~
[INFO] [stdout] 
[INFO] [stdout] 
[INFO] [stdout] error[E0433]: failed to resolve: use of undeclared crate or module `actix_test`
[INFO] [stdout]   --> tests/test_ws.rs:89:19
[INFO] [stdout]    |
[INFO] [stdout] 89 |     let mut srv = actix_test::start(|| {
[INFO] [stdout]    |                   ^^^^^^^^^^ use of undeclared crate or module `actix_test`
[INFO] [stdout]    |
[INFO] [stdout] help: there is a crate or module with a similar name
[INFO] [stdout]    |
[INFO] [stdout] 89 |     let mut srv = actix_web::start(|| {
[INFO] [stdout]    |                   ~~~~~~~~~
[INFO] [stdout] 
[INFO] [stdout] 
[INFO] [stdout] error[E0433]: failed to resolve: use of undeclared crate or module `actix_test`
[INFO] [stdout]    --> tests/test_ws.rs:116:15
[INFO] [stdout]     |
[INFO] [stdout] 116 |     let srv = actix_test::start(|| {
[INFO] [stdout]     |               ^^^^^^^^^^ use of undeclared crate or module `actix_test`
[INFO] [stdout]     |
[INFO] [stdout] help: there is a crate or module with a similar name
[INFO] [stdout]     |
[INFO] [stdout] 116 |     let srv = actix_web::start(|| {
[INFO] [stdout]     |               ~~~~~~~~~
[INFO] [stdout] 
[INFO] [stdout] 
[INFO] [stdout] error[E0433]: failed to resolve: use of undeclared crate or module `actix_test`
[INFO] [stdout]    --> tests/test_ws.rs:131:15
[INFO] [stdout]     |
[INFO] [stdout] 131 |     let srv = actix_test::start(|| {
[INFO] [stdout]     |               ^^^^^^^^^^ use of undeclared crate or module `actix_test`
[INFO] [stdout]     |
[INFO] [stdout] help: there is a crate or module with a similar name
[INFO] [stdout]     |
[INFO] [stdout] 131 |     let srv = actix_web::start(|| {
[INFO] [stdout]     |               ~~~~~~~~~
[INFO] [stdout] 
[INFO] [stdout] 
[INFO] [stdout] error[E0433]: failed to resolve: use of undeclared crate or module `actix_test`
[INFO] [stdout]    --> tests/test_ws.rs:146:15
[INFO] [stdout]     |
[INFO] [stdout] 146 |     let srv = actix_test::start(|| {
[INFO] [stdout]     |               ^^^^^^^^^^ use of undeclared crate or module `actix_test`
[INFO] [stdout]     |
[INFO] [stdout] help: there is a crate or module with a similar name
[INFO] [stdout]     |
[INFO] [stdout] 146 |     let srv = actix_web::start(|| {
[INFO] [stdout]     |               ~~~~~~~~~
[INFO] [stdout] 
[INFO] [stdout] 
[INFO] [stdout] error[E0433]: failed to resolve: use of undeclared crate or module `actix_test`
[INFO] [stdout]    --> tests/test_ws.rs:162:15
[INFO] [stdout]     |
[INFO] [stdout] 162 |     let srv = actix_test::start(|| {
[INFO] [stdout]     |               ^^^^^^^^^^ use of undeclared crate or module `actix_test`
[INFO] [stdout]     |
[INFO] [stdout] help: there is a crate or module with a similar name
[INFO] [stdout]     |
[INFO] [stdout] 162 |     let srv = actix_web::start(|| {
[INFO] [stdout]     |               ~~~~~~~~~
[INFO] [stdout] 
[INFO] [stdout] 
[INFO] [stdout] error[E0433]: failed to resolve: use of undeclared crate or module `actix_test`
[INFO] [stdout]    --> tests/test_ws.rs:179:15
[INFO] [stdout]     |
[INFO] [stdout] 179 |     let srv = actix_test::start(|| {
[INFO] [stdout]     |               ^^^^^^^^^^ use of undeclared crate or module `actix_test`
[INFO] [stdout]     |
[INFO] [stdout] help: there is a crate or module with a similar name
[INFO] [stdout]     |
[INFO] [stdout] 179 |     let srv = actix_web::start(|| {
[INFO] [stdout]     |               ~~~~~~~~~
[INFO] [stdout] 
[INFO] [stdout] 
[INFO] [stdout] error[E0433]: failed to resolve: use of undeclared crate or module `actix_test`
[INFO] [stdout]   --> tests/test_ws.rs:29:36
[INFO] [stdout]    |
[INFO] [stdout] 29 | async fn common_test_code(mut srv: actix_test::TestServer, frame_size: usize) {
[INFO] [stdout]    |                                    ^^^^^^^^^^ use of undeclared crate or module `actix_test`
[INFO] [stdout]    |
[INFO] [stdout] help: there is a crate or module with a similar name
[INFO] [stdout]    |
[INFO] [stdout] 29 | async fn common_test_code(mut srv: actix_web::TestServer, frame_size: usize) {
[INFO] [stdout]    |                                    ~~~~~~~~~
[INFO] [stdout] 
[INFO] [stdout] 
[INFO] [stdout] error: aborting due to 18 previous errors
[INFO] [stdout] 
[INFO] [stdout] 
[INFO] [stdout] Some errors have detailed explanations: E0432, E0433.
[INFO] [stdout] 
[INFO] [stdout] For more information about an error, try `rustc --explain E0432`.
[INFO] [stdout] 
[INFO] [stderr] error: could not compile `actix-web-actors` (test "test_ws") due to 19 previous errors
[INFO] running `Command { std: "docker" "inspect" "3cfa79c1e45c811eeea24ac631978f7b18fc4c7f4d83dd9df09c11f210941dad", kill_on_drop: false }`
[INFO] running `Command { std: "docker" "rm" "-f" "3cfa79c1e45c811eeea24ac631978f7b18fc4c7f4d83dd9df09c11f210941dad", kill_on_drop: false }`
[INFO] [stdout] 3cfa79c1e45c811eeea24ac631978f7b18fc4c7f4d83dd9df09c11f210941dad
[INFO] testing actix-web-actors-4.2.0 against beta-2023-12-22 for beta-1.76-1
[INFO] extracting crate actix-web-actors 4.2.0 into /workspace/builds/worker-3-tc2/source
[INFO] validating manifest of crates.io crate actix-web-actors 4.2.0 on toolchain beta-2023-12-22
[INFO] running `Command { std: CARGO_HOME="/workspace/cargo-home" RUSTUP_HOME="/workspace/rustup-home" "/workspace/cargo-home/bin/cargo" "+beta-2023-12-22" "metadata" "--manifest-path" "Cargo.toml" "--no-deps", kill_on_drop: false }`
[INFO] started tweaking crates.io crate actix-web-actors 4.2.0
[INFO] finished tweaking crates.io crate actix-web-actors 4.2.0
[INFO] tweaked toml for crates.io crate actix-web-actors 4.2.0 written to /workspace/builds/worker-3-tc2/source/Cargo.toml
[INFO] running `Command { std: CARGO_HOME="/workspace/cargo-home" RUSTUP_HOME="/workspace/rustup-home" "/workspace/cargo-home/bin/cargo" "+beta-2023-12-22" "generate-lockfile" "--manifest-path" "Cargo.toml", kill_on_drop: false }`
[INFO] [stderr]     Updating crates.io index
[INFO] running `Command { std: CARGO_HOME="/workspace/cargo-home" RUSTUP_HOME="/workspace/rustup-home" "/workspace/cargo-home/bin/cargo" "+beta-2023-12-22" "fetch" "--manifest-path" "Cargo.toml", kill_on_drop: false }`
[INFO] running `Command { std: "docker" "create" "-v" "/var/lib/crater-agent-workspace/builds/worker-3-tc2/target:/opt/rustwide/target:rw,Z" "-v" "/var/lib/crater-agent-workspace/builds/worker-3-tc2/source:/opt/rustwide/workdir:ro,Z" "-v" "/var/lib/crater-agent-workspace/cargo-home:/opt/rustwide/cargo-home:ro,Z" "-v" "/var/lib/crater-agent-workspace/rustup-home:/opt/rustwide/rustup-home:ro,Z" "-e" "SOURCE_DIR=/opt/rustwide/workdir" "-e" "CARGO_TARGET_DIR=/opt/rustwide/target" "-e" "CARGO_HOME=/opt/rustwide/cargo-home" "-e" "RUSTUP_HOME=/opt/rustwide/rustup-home" "-w" "/opt/rustwide/workdir" "-m" "1610612736" "--user" "0:0" "--network" "none" "ghcr.io/rust-lang/crates-build-env/linux@sha256:2788e3201cd34a07e3172128adcd8b3090168a8e3bcc40d7c032b9dda1df7d1c" "/opt/rustwide/cargo-home/bin/cargo" "+beta-2023-12-22" "metadata" "--no-deps" "--format-version=1", kill_on_drop: false }`
[INFO] [stdout] 86f4d3fc548cf9cc58b0c25f639c422eedfdf59cf59ed77407ac3115ed1b25b4
[INFO] running `Command { std: "docker" "start" "-a" "86f4d3fc548cf9cc58b0c25f639c422eedfdf59cf59ed77407ac3115ed1b25b4", kill_on_drop: false }`
[INFO] running `Command { std: "docker" "inspect" "86f4d3fc548cf9cc58b0c25f639c422eedfdf59cf59ed77407ac3115ed1b25b4", kill_on_drop: false }`
[INFO] running `Command { std: "docker" "rm" "-f" "86f4d3fc548cf9cc58b0c25f639c422eedfdf59cf59ed77407ac3115ed1b25b4", kill_on_drop: false }`
[INFO] [stdout] 86f4d3fc548cf9cc58b0c25f639c422eedfdf59cf59ed77407ac3115ed1b25b4
[INFO] running `Command { std: "docker" "create" "-v" "/var/lib/crater-agent-workspace/builds/worker-3-tc2/target:/opt/rustwide/target:rw,Z" "-v" "/var/lib/crater-agent-workspace/builds/worker-3-tc2/source:/opt/rustwide/workdir:ro,Z" "-v" "/var/lib/crater-agent-workspace/cargo-home:/opt/rustwide/cargo-home:ro,Z" "-v" "/var/lib/crater-agent-workspace/rustup-home:/opt/rustwide/rustup-home:ro,Z" "-e" "SOURCE_DIR=/opt/rustwide/workdir" "-e" "CARGO_TARGET_DIR=/opt/rustwide/target" "-e" "CARGO_INCREMENTAL=0" "-e" "RUST_BACKTRACE=full" "-e" "RUSTFLAGS=--cap-lints=warn" "-e" "RUSTDOCFLAGS=--cap-lints=warn" "-e" "CARGO_HOME=/opt/rustwide/cargo-home" "-e" "RUSTUP_HOME=/opt/rustwide/rustup-home" "-w" "/opt/rustwide/workdir" "-m" "1610612736" "--user" "0:0" "--network" "none" "ghcr.io/rust-lang/crates-build-env/linux@sha256:2788e3201cd34a07e3172128adcd8b3090168a8e3bcc40d7c032b9dda1df7d1c" "/opt/rustwide/cargo-home/bin/cargo" "+beta-2023-12-22" "build" "--frozen" "--message-format=json", kill_on_drop: false }`
[INFO] [stdout] 11f82e5a9d28ea13184b14e3d5fb2d9a7835905bb57cc28147d1c756557c0353
[INFO] running `Command { std: "docker" "start" "-a" "11f82e5a9d28ea13184b14e3d5fb2d9a7835905bb57cc28147d1c756557c0353", kill_on_drop: false }`
[INFO] [stderr]    Compiling libc v0.2.151
[INFO] [stderr]    Compiling cfg-if v1.0.0
[INFO] [stderr]    Compiling pin-project-lite v0.2.13
[INFO] [stderr]    Compiling autocfg v1.1.0
[INFO] [stderr]    Compiling version_check v0.9.4
[INFO] [stderr]    Compiling log v0.4.20
[INFO] [stderr]    Compiling parking_lot_core v0.9.9
[INFO] [stderr]    Compiling bytes v1.5.0
[INFO] [stderr]    Compiling futures-core v0.3.30
[INFO] [stderr]    Compiling scopeguard v1.2.0
[INFO] [stderr]    Compiling once_cell v1.19.0
[INFO] [stderr]    Compiling smallvec v1.11.2
[INFO] [stderr]    Compiling typenum v1.17.0
[INFO] [stderr]    Compiling itoa v1.0.10
[INFO] [stderr]    Compiling memchr v2.7.1
[INFO] [stderr]    Compiling proc-macro2 v1.0.75
[INFO] [stderr]    Compiling futures-sink v0.3.30
[INFO] [stderr]    Compiling paste v1.0.14
[INFO] [stderr]    Compiling unicode-ident v1.0.12
[INFO] [stderr]    Compiling serde v1.0.194
[INFO] [stderr]    Compiling local-waker v0.1.4
[INFO] [stderr]    Compiling tinyvec_macros v0.1.1
[INFO] [stderr]    Compiling percent-encoding v2.3.1
[INFO] [stderr]    Compiling syn v1.0.109
[INFO] [stderr]    Compiling tracing-core v0.1.32
[INFO] [stderr]    Compiling tinyvec v1.6.0
[INFO] [stderr]    Compiling regex-syntax v0.8.2
[INFO] [stderr]    Compiling httparse v1.8.0
[INFO] [stderr]    Compiling generic-array v0.14.7
[INFO] [stderr]    Compiling ahash v0.8.7
[INFO] [stderr]    Compiling fnv v1.0.7
[INFO] [stderr]    Compiling crossbeam-utils v0.8.18
[INFO] [stderr]    Compiling lock_api v0.4.11
[INFO] [stderr]    Compiling aho-corasick v1.1.2
[INFO] [stderr]    Compiling ppv-lite86 v0.2.17
[INFO] [stderr]    Compiling futures-task v0.3.30
[INFO] [stderr]    Compiling pin-utils v0.1.0
[INFO] [stderr]    Compiling futures-util v0.3.30
[INFO] [stderr]    Compiling http v0.2.11
[INFO] [stderr]    Compiling bytestring v1.3.1
[INFO] [stderr]    Compiling tracing v0.1.40
[INFO] [stderr]    Compiling quote v1.0.35
[INFO] [stderr]    Compiling form_urlencoded v1.2.1
[INFO] [stderr]    Compiling actix-utils v3.0.1
[INFO] [stderr]    Compiling zerocopy v0.7.32
[INFO] [stderr]    Compiling signal-hook-registry v1.4.1
[INFO] [stderr]    Compiling mio v0.8.10
[INFO] [stderr]    Compiling socket2 v0.5.5
[INFO] [stderr]    Compiling getrandom v0.2.11
[INFO] [stderr]    Compiling actix-service v2.0.2
[INFO] [stderr]    Compiling unicode-normalization v0.1.22
[INFO] [stderr]    Compiling rand_core v0.6.4
[INFO] [stderr]    Compiling parking_lot v0.12.1
[INFO] [stderr]    Compiling rand_chacha v0.3.1
[INFO] [stderr]    Compiling convert_case v0.4.0
[INFO] [stderr]    Compiling powerfmt v0.2.0
[INFO] [stderr]    Compiling bitflags v1.3.2
[INFO] [stderr]    Compiling tokio v1.35.1
[INFO] [stderr]    Compiling serde_json v1.0.111
[INFO] [stderr]    Compiling unicode-bidi v0.3.14
[INFO] [stderr]    Compiling cpufeatures v0.2.12
[INFO] [stderr]    Compiling block-buffer v0.10.4
[INFO] [stderr]    Compiling crypto-common v0.1.6
[INFO] [stderr]    Compiling ryu v1.0.16
[INFO] [stderr]    Compiling bitflags v2.4.1
[INFO] [stderr]    Compiling digest v0.10.7
[INFO] [stderr]    Compiling rand v0.8.5
[INFO] [stderr]    Compiling deranged v0.3.11
[INFO] [stderr]    Compiling regex-automata v0.4.3
[INFO] [stderr]    Compiling sha1 v0.10.6
[INFO] [stderr]    Compiling idna v0.5.0
[INFO] [stderr]    Compiling local-channel v0.1.5
[INFO] [stderr]    Compiling encoding_rs v0.8.33
[INFO] [stderr]    Compiling time-core v0.1.2
[INFO] [stderr]    Compiling mime v0.3.17
[INFO] [stderr]    Compiling base64 v0.21.5
[INFO] [stderr]    Compiling language-tags v0.3.2
[INFO] [stderr]    Compiling httpdate v1.0.3
[INFO] [stderr]    Compiling crossbeam-channel v0.5.10
[INFO] [stderr]    Compiling time v0.3.31
[INFO] [stderr]    Compiling url v2.5.0
[INFO] [stderr]    Compiling serde_urlencoded v0.7.1
[INFO] [stderr]    Compiling derive_more v0.99.17
[INFO] [stderr]    Compiling regex v1.10.2
[INFO] [stderr]    Compiling actix-router v0.5.2
[INFO] [stderr]    Compiling tokio-util v0.7.10
[INFO] [stderr]    Compiling actix-rt v2.9.0
[INFO] [stderr]    Compiling actix-server v2.3.0
[INFO] [stderr]    Compiling actix-codec v0.5.1
[INFO] [stderr]    Compiling actix v0.13.1
[INFO] [stderr]    Compiling actix-http v3.5.1
[INFO] [stderr]    Compiling actix-web v4.4.1
[INFO] [stderr]    Compiling actix-web-actors v4.2.0 (/opt/rustwide/workdir)
[INFO] [stderr]     Finished dev [unoptimized + debuginfo] target(s) in 18.82s
[INFO] running `Command { std: "docker" "inspect" "11f82e5a9d28ea13184b14e3d5fb2d9a7835905bb57cc28147d1c756557c0353", kill_on_drop: false }`
[INFO] running `Command { std: "docker" "rm" "-f" "11f82e5a9d28ea13184b14e3d5fb2d9a7835905bb57cc28147d1c756557c0353", kill_on_drop: false }`
[INFO] [stdout] 11f82e5a9d28ea13184b14e3d5fb2d9a7835905bb57cc28147d1c756557c0353
[INFO] running `Command { std: "docker" "create" "-v" "/var/lib/crater-agent-workspace/builds/worker-3-tc2/target:/opt/rustwide/target:rw,Z" "-v" "/var/lib/crater-agent-workspace/builds/worker-3-tc2/source:/opt/rustwide/workdir:ro,Z" "-v" "/var/lib/crater-agent-workspace/cargo-home:/opt/rustwide/cargo-home:ro,Z" "-v" "/var/lib/crater-agent-workspace/rustup-home:/opt/rustwide/rustup-home:ro,Z" "-e" "SOURCE_DIR=/opt/rustwide/workdir" "-e" "CARGO_TARGET_DIR=/opt/rustwide/target" "-e" "CARGO_INCREMENTAL=0" "-e" "RUST_BACKTRACE=full" "-e" "RUSTFLAGS=--cap-lints=warn" "-e" "RUSTDOCFLAGS=--cap-lints=warn" "-e" "CARGO_HOME=/opt/rustwide/cargo-home" "-e" "RUSTUP_HOME=/opt/rustwide/rustup-home" "-w" "/opt/rustwide/workdir" "-m" "1610612736" "--user" "0:0" "--network" "none" "ghcr.io/rust-lang/crates-build-env/linux@sha256:2788e3201cd34a07e3172128adcd8b3090168a8e3bcc40d7c032b9dda1df7d1c" "/opt/rustwide/cargo-home/bin/cargo" "+beta-2023-12-22" "test" "--frozen" "--no-run" "--message-format=json", kill_on_drop: false }`
[INFO] [stdout] 712848a4921be94e068135a0b59e9a16a9bbbdd4d9ef6d428ac7be4a0d95f4a8
[INFO] running `Command { std: "docker" "start" "-a" "712848a4921be94e068135a0b59e9a16a9bbbdd4d9ef6d428ac7be4a0d95f4a8", kill_on_drop: false }`
[INFO] [stderr]    Compiling actix-web-actors v4.2.0 (/opt/rustwide/workdir)
[INFO] [stdout] error[E0432]: unresolved import `futures_util`
[INFO] [stdout]  --> tests/test_ws.rs:6:5
[INFO] [stdout]   |
[INFO] [stdout] 6 | use futures_util::{SinkExt as _, StreamExt as _};
[INFO] [stdout]   |     ^^^^^^^^^^^^ use of undeclared crate or module `futures_util`
[INFO] [stdout]   |
[INFO] [stdout] help: there is a crate or module with a similar name
[INFO] [stdout]   |
[INFO] [stdout] 6 | use futures_core::{SinkExt as _, StreamExt as _};
[INFO] [stdout]   |     ~~~~~~~~~~~~
[INFO] [stdout] 
[INFO] [stdout] 
[INFO] [stdout] error[E0433]: failed to resolve: use of undeclared crate or module `actix_rt`
[INFO] [stdout]   --> tests/test_ws.rs:57:3
[INFO] [stdout]    |
[INFO] [stdout] 57 | #[actix_rt::test]
[INFO] [stdout]    |   ^^^^^^^^ use of undeclared crate or module `actix_rt`
[INFO] [stdout] 
[INFO] [stdout] 
[INFO] [stdout] error[E0433]: failed to resolve: use of undeclared crate or module `actix_rt`
[INFO] [stdout]   --> tests/test_ws.rs:70:3
[INFO] [stdout]    |
[INFO] [stdout] 70 | #[actix_rt::test]
[INFO] [stdout]    |   ^^^^^^^^ use of undeclared crate or module `actix_rt`
[INFO] [stdout] 
[INFO] [stdout] 
[INFO] [stdout] error[E0433]: failed to resolve: use of undeclared crate or module `actix_rt`
[INFO] [stdout]   --> tests/test_ws.rs:85:3
[INFO] [stdout]    |
[INFO] [stdout] 85 | #[actix_rt::test]
[INFO] [stdout]    |   ^^^^^^^^ use of undeclared crate or module `actix_rt`
[INFO] [stdout] 
[INFO] [stdout] 
[INFO] [stdout] error[E0433]: failed to resolve: use of undeclared crate or module `actix_rt`
[INFO] [stdout]    --> tests/test_ws.rs:114:3
[INFO] [stdout]     |
[INFO] [stdout] 114 | #[actix_rt::test]
[INFO] [stdout]     |   ^^^^^^^^ use of undeclared crate or module `actix_rt`
[INFO] [stdout] 
[INFO] [stdout] 
[INFO] [stdout] error[E0433]: failed to resolve: use of undeclared crate or module `actix_rt`
[INFO] [stdout]    --> tests/test_ws.rs:129:3
[INFO] [stdout]     |
[INFO] [stdout] 129 | #[actix_rt::test]
[INFO] [stdout]     |   ^^^^^^^^ use of undeclared crate or module `actix_rt`
[INFO] [stdout] 
[INFO] [stdout] 
[INFO] [stdout] error[E0433]: failed to resolve: use of undeclared crate or module `actix_rt`
[INFO] [stdout]    --> tests/test_ws.rs:144:3
[INFO] [stdout]     |
[INFO] [stdout] 144 | #[actix_rt::test]
[INFO] [stdout]     |   ^^^^^^^^ use of undeclared crate or module `actix_rt`
[INFO] [stdout] 
[INFO] [stdout] 
[INFO] [stdout] error[E0433]: failed to resolve: use of undeclared crate or module `actix_rt`
[INFO] [stdout]    --> tests/test_ws.rs:160:3
[INFO] [stdout]     |
[INFO] [stdout] 160 | #[actix_rt::test]
[INFO] [stdout]     |   ^^^^^^^^ use of undeclared crate or module `actix_rt`
[INFO] [stdout] 
[INFO] [stdout] 
[INFO] [stdout] error[E0433]: failed to resolve: use of undeclared crate or module `actix_rt`
[INFO] [stdout]    --> tests/test_ws.rs:177:3
[INFO] [stdout]     |
[INFO] [stdout] 177 | #[actix_rt::test]
[INFO] [stdout]     |   ^^^^^^^^ use of undeclared crate or module `actix_rt`
[INFO] [stdout] 
[INFO] [stdout] 
[INFO] [stdout] error[E0433]: failed to resolve: use of undeclared crate or module `actix_rt`
[INFO] [stdout]    --> src/context.rs:281:7
[INFO] [stdout]     |
[INFO] [stdout] 281 |     #[actix_rt::test]
[INFO] [stdout]     |       ^^^^^^^^ use of undeclared crate or module `actix_rt`
[INFO] [stdout] 
[INFO] [stdout] 
[INFO] [stdout] error[E0433]: failed to resolve: use of undeclared crate or module `actix_test`
[INFO] [stdout]   --> tests/test_ws.rs:59:15
[INFO] [stdout]    |
[INFO] [stdout] 59 |     let srv = actix_test::start(|| {
[INFO] [stdout]    |               ^^^^^^^^^^ use of undeclared crate or module `actix_test`
[INFO] [stdout]    |
[INFO] [stdout] help: there is a crate or module with a similar name
[INFO] [stdout]    |
[INFO] [stdout] 59 |     let srv = actix_web::start(|| {
[INFO] [stdout]    |               ~~~~~~~~~
[INFO] [stdout] 
[INFO] [stdout] 
[INFO] [stdout] error[E0433]: failed to resolve: use of undeclared crate or module `actix_test`
[INFO] [stdout]   --> tests/test_ws.rs:72:15
[INFO] [stdout]    |
[INFO] [stdout] 72 |     let srv = actix_test::start(|| {
[INFO] [stdout]    |               ^^^^^^^^^^ use of undeclared crate or module `actix_test`
[INFO] [stdout]    |
[INFO] [stdout] help: there is a crate or module with a similar name
[INFO] [stdout]    |
[INFO] [stdout] 72 |     let srv = actix_web::start(|| {
[INFO] [stdout]    |               ~~~~~~~~~
[INFO] [stdout] 
[INFO] [stdout] 
[INFO] [stdout] error[E0433]: failed to resolve: use of undeclared crate or module `actix_test`
[INFO] [stdout]   --> tests/test_ws.rs:89:19
[INFO] [stdout]    |
[INFO] [stdout] 89 |     let mut srv = actix_test::start(|| {
[INFO] [stdout]    |                   ^^^^^^^^^^ use of undeclared crate or module `actix_test`
[INFO] [stdout]    |
[INFO] [stdout] help: there is a crate or module with a similar name
[INFO] [stdout]    |
[INFO] [stdout] 89 |     let mut srv = actix_web::start(|| {
[INFO] [stdout]    |                   ~~~~~~~~~
[INFO] [stdout] 
[INFO] [stdout] 
[INFO] [stdout] error[E0433]: failed to resolve: use of undeclared crate or module `actix_test`
[INFO] [stdout]    --> tests/test_ws.rs:116:15
[INFO] [stdout]     |
[INFO] [stdout] 116 |     let srv = actix_test::start(|| {
[INFO] [stdout]     |               ^^^^^^^^^^ use of undeclared crate or module `actix_test`
[INFO] [stdout]     |
[INFO] [stdout] help: there is a crate or module with a similar name
[INFO] [stdout]     |
[INFO] [stdout] 116 |     let srv = actix_web::start(|| {
[INFO] [stdout]     |               ~~~~~~~~~
[INFO] [stdout] 
[INFO] [stdout] 
[INFO] [stdout] error[E0433]: failed to resolve: use of undeclared crate or module `actix_test`
[INFO] [stdout]    --> tests/test_ws.rs:131:15
[INFO] [stdout]     |
[INFO] [stdout] 131 |     let srv = actix_test::start(|| {
[INFO] [stdout]     |               ^^^^^^^^^^ use of undeclared crate or module `actix_test`
[INFO] [stdout]     |
[INFO] [stdout] help: there is a crate or module with a similar name
[INFO] [stdout]     |
[INFO] [stdout] 131 |     let srv = actix_web::start(|| {
[INFO] [stdout]     |               ~~~~~~~~~
[INFO] [stdout] 
[INFO] [stdout] 
[INFO] [stdout] error[E0433]: failed to resolve: use of undeclared crate or module `actix_test`
[INFO] [stdout]    --> tests/test_ws.rs:146:15
[INFO] [stdout]     |
[INFO] [stdout] 146 |     let srv = actix_test::start(|| {
[INFO] [stdout]     |               ^^^^^^^^^^ use of undeclared crate or module `actix_test`
[INFO] [stdout]     |
[INFO] [stdout] help: there is a crate or module with a similar name
[INFO] [stdout]     |
[INFO] [stdout] 146 |     let srv = actix_web::start(|| {
[INFO] [stdout]     |               ~~~~~~~~~
[INFO] [stdout] 
[INFO] [stdout] 
[INFO] [stdout] error[E0433]: failed to resolve: use of undeclared crate or module `actix_test`
[INFO] [stdout]    --> tests/test_ws.rs:162:15
[INFO] [stdout]     |
[INFO] [stdout] 162 |     let srv = actix_test::start(|| {
[INFO] [stdout]     |               ^^^^^^^^^^ use of undeclared crate or module `actix_test`
[INFO] [stdout]     |
[INFO] [stdout] help: there is a crate or module with a similar name
[INFO] [stdout]     |
[INFO] [stdout] 162 |     let srv = actix_web::start(|| {
[INFO] [stdout]     |               ~~~~~~~~~
[INFO] [stdout] 
[INFO] [stdout] 
[INFO] [stdout] error[E0433]: failed to resolve: use of undeclared crate or module `actix_test`
[INFO] [stdout]    --> tests/test_ws.rs:179:15
[INFO] [stdout]     |
[INFO] [stdout] 179 |     let srv = actix_test::start(|| {
[INFO] [stdout]     |               ^^^^^^^^^^ use of undeclared crate or module `actix_test`
[INFO] [stdout]     |
[INFO] [stdout] help: there is a crate or module with a similar name
[INFO] [stdout]     |
[INFO] [stdout] 179 |     let srv = actix_web::start(|| {
[INFO] [stdout]     |               ~~~~~~~~~
[INFO] [stdout] 
[INFO] [stdout] 
[INFO] [stdout] error[E0433]: failed to resolve: use of undeclared crate or module `actix_test`
[INFO] [stdout]   --> tests/test_ws.rs:29:36
[INFO] [stdout]    |
[INFO] [stdout] 29 | async fn common_test_code(mut srv: actix_test::TestServer, frame_size: usize) {
[INFO] [stdout]    |                                    ^^^^^^^^^^ use of undeclared crate or module `actix_test`
[INFO] [stdout]    |
[INFO] [stdout] help: there is a crate or module with a similar name
[INFO] [stdout]    |
[INFO] [stdout] 29 | async fn common_test_code(mut srv: actix_web::TestServer, frame_size: usize) {
[INFO] [stdout]    |                                    ~~~~~~~~~
[INFO] [stdout] 
[INFO] [stdout] 
[INFO] [stdout] error: aborting due to 18 previous errors
[INFO] [stdout] 
[INFO] [stdout] 
[INFO] [stdout] Some errors have detailed explanations: E0432, E0433.
[INFO] [stdout] 
[INFO] [stdout] For more information about an error, try `rustc --explain E0432`.
[INFO] [stdout] 
[INFO] [stderr] error: could not compile `actix-web-actors` (test "test_ws") due to 19 previous errors
[INFO] [stderr] warning: build failed, waiting for other jobs to finish...
[INFO] [stdout] error: aborting due to 1 previous error
[INFO] [stdout] 
[INFO] [stdout] 
[INFO] [stdout] For more information about this error, try `rustc --explain E0433`.
[INFO] [stdout] 
[INFO] [stderr] error: could not compile `actix-web-actors` (lib test) due to 2 previous errors
[INFO] running `Command { std: "docker" "inspect" "712848a4921be94e068135a0b59e9a16a9bbbdd4d9ef6d428ac7be4a0d95f4a8", kill_on_drop: false }`
[INFO] running `Command { std: "docker" "rm" "-f" "712848a4921be94e068135a0b59e9a16a9bbbdd4d9ef6d428ac7be4a0d95f4a8", kill_on_drop: false }`
[INFO] [stdout] 712848a4921be94e068135a0b59e9a16a9bbbdd4d9ef6d428ac7be4a0d95f4a8
