[INFO] fetching crate actix-storage-redis 0.3.0...
[INFO] testing actix-storage-redis-0.3.0 against 1.75.0 for beta-1.76-1
[INFO] extracting crate actix-storage-redis 0.3.0 into /workspace/builds/worker-5-tc1/source
[INFO] validating manifest of crates.io crate actix-storage-redis 0.3.0 on toolchain 1.75.0
[INFO] running `Command { std: CARGO_HOME="/workspace/cargo-home" RUSTUP_HOME="/workspace/rustup-home" "/workspace/cargo-home/bin/cargo" "+1.75.0" "metadata" "--manifest-path" "Cargo.toml" "--no-deps", kill_on_drop: false }`
[INFO] started tweaking crates.io crate actix-storage-redis 0.3.0
[INFO] finished tweaking crates.io crate actix-storage-redis 0.3.0
[INFO] tweaked toml for crates.io crate actix-storage-redis 0.3.0 written to /workspace/builds/worker-5-tc1/source/Cargo.toml
[INFO] running `Command { std: CARGO_HOME="/workspace/cargo-home" RUSTUP_HOME="/workspace/rustup-home" "/workspace/cargo-home/bin/cargo" "+1.75.0" "generate-lockfile" "--manifest-path" "Cargo.toml", kill_on_drop: false }`
[INFO] [stderr]     Updating crates.io index
[INFO] running `Command { std: CARGO_HOME="/workspace/cargo-home" RUSTUP_HOME="/workspace/rustup-home" "/workspace/cargo-home/bin/cargo" "+1.75.0" "fetch" "--manifest-path" "Cargo.toml", kill_on_drop: false }`
[INFO] [stderr]  Downloading crates ...
[INFO] [stderr]   Downloaded serde_cbor v0.11.2
[INFO] [stderr]   Downloaded half v1.8.2
[INFO] [stderr]   Downloaded bincode v1.3.3
[INFO] [stderr]   Downloaded alloc-stdlib v0.2.2
[INFO] [stderr]   Downloaded actix-macros v0.2.4
[INFO] [stderr]   Downloaded actix-storage v0.3.0
[INFO] [stderr]   Downloaded alloc-no-stdlib v2.0.4
[INFO] [stderr]   Downloaded cookie v0.16.2
[INFO] [stderr]   Downloaded arc-swap v1.6.0
[INFO] [stderr]   Downloaded brotli-decompressor v2.5.1
[INFO] [stderr]   Downloaded zstd-sys v2.0.9+zstd.1.5.5
[INFO] [stderr]   Downloaded brotli v3.4.0
[INFO] [stderr]   Downloaded combine v4.6.6
[INFO] [stderr]   Downloaded redis v0.22.3
[INFO] [stderr]   Downloaded actix v0.13.1
[INFO] [stderr]   Downloaded quick-xml v0.26.0
[INFO] [stderr]   Downloaded ron v0.8.1
[INFO] [stderr]   Downloaded zstd v0.13.0
[INFO] [stderr]   Downloaded actix-web-codegen v4.2.2
[INFO] [stderr]   Downloaded jobserver v0.1.27
[INFO] [stderr]   Downloaded yaml-rust v0.4.5
[INFO] [stderr]   Downloaded zstd-safe v7.0.0
[INFO] [stderr]   Downloaded actix_derive v0.6.1
[INFO] [stderr]   Downloaded serde_yaml v0.8.26
[INFO] [stderr]   Downloaded tokio-native-tls v0.3.1
[INFO] running `Command { std: "docker" "create" "-v" "/var/lib/crater-agent-workspace/builds/worker-5-tc1/target:/opt/rustwide/target:rw,Z" "-v" "/var/lib/crater-agent-workspace/builds/worker-5-tc1/source:/opt/rustwide/workdir:ro,Z" "-v" "/var/lib/crater-agent-workspace/cargo-home:/opt/rustwide/cargo-home:ro,Z" "-v" "/var/lib/crater-agent-workspace/rustup-home:/opt/rustwide/rustup-home:ro,Z" "-e" "SOURCE_DIR=/opt/rustwide/workdir" "-e" "CARGO_TARGET_DIR=/opt/rustwide/target" "-e" "CARGO_HOME=/opt/rustwide/cargo-home" "-e" "RUSTUP_HOME=/opt/rustwide/rustup-home" "-w" "/opt/rustwide/workdir" "-m" "1610612736" "--user" "0:0" "--network" "none" "ghcr.io/rust-lang/crates-build-env/linux@sha256:2788e3201cd34a07e3172128adcd8b3090168a8e3bcc40d7c032b9dda1df7d1c" "/opt/rustwide/cargo-home/bin/cargo" "+1.75.0" "metadata" "--no-deps" "--format-version=1", kill_on_drop: false }`
[INFO] [stdout] f2b5cea3d6e31a37655af253b19253cbcfca3a291c3837dda3be3d0c99309ce6
[INFO] running `Command { std: "docker" "start" "-a" "f2b5cea3d6e31a37655af253b19253cbcfca3a291c3837dda3be3d0c99309ce6", kill_on_drop: false }`
[INFO] running `Command { std: "docker" "inspect" "f2b5cea3d6e31a37655af253b19253cbcfca3a291c3837dda3be3d0c99309ce6", kill_on_drop: false }`
[INFO] running `Command { std: "docker" "rm" "-f" "f2b5cea3d6e31a37655af253b19253cbcfca3a291c3837dda3be3d0c99309ce6", kill_on_drop: false }`
[INFO] [stdout] f2b5cea3d6e31a37655af253b19253cbcfca3a291c3837dda3be3d0c99309ce6
[INFO] running `Command { std: "docker" "create" "-v" "/var/lib/crater-agent-workspace/builds/worker-5-tc1/target:/opt/rustwide/target:rw,Z" "-v" "/var/lib/crater-agent-workspace/builds/worker-5-tc1/source:/opt/rustwide/workdir:ro,Z" "-v" "/var/lib/crater-agent-workspace/cargo-home:/opt/rustwide/cargo-home:ro,Z" "-v" "/var/lib/crater-agent-workspace/rustup-home:/opt/rustwide/rustup-home:ro,Z" "-e" "SOURCE_DIR=/opt/rustwide/workdir" "-e" "CARGO_TARGET_DIR=/opt/rustwide/target" "-e" "CARGO_INCREMENTAL=0" "-e" "RUST_BACKTRACE=full" "-e" "RUSTFLAGS=--cap-lints=warn" "-e" "RUSTDOCFLAGS=--cap-lints=warn" "-e" "CARGO_HOME=/opt/rustwide/cargo-home" "-e" "RUSTUP_HOME=/opt/rustwide/rustup-home" "-w" "/opt/rustwide/workdir" "-m" "1610612736" "--user" "0:0" "--network" "none" "ghcr.io/rust-lang/crates-build-env/linux@sha256:2788e3201cd34a07e3172128adcd8b3090168a8e3bcc40d7c032b9dda1df7d1c" "/opt/rustwide/cargo-home/bin/cargo" "+1.75.0" "build" "--frozen" "--message-format=json", kill_on_drop: false }`
[INFO] [stdout] 43fe7ae1e0c2bced7d591a32cdc0690b853101b32a0d4b74a26c96a1c842e992
[INFO] running `Command { std: "docker" "start" "-a" "43fe7ae1e0c2bced7d591a32cdc0690b853101b32a0d4b74a26c96a1c842e992", kill_on_drop: false }`
[INFO] [stderr]    Compiling libc v0.2.151
[INFO] [stderr]    Compiling serde v1.0.194
[INFO] [stderr]    Compiling log v0.4.20
[INFO] [stderr]    Compiling tracing-core v0.1.32
[INFO] [stderr]    Compiling futures-channel v0.3.30
[INFO] [stderr]    Compiling pkg-config v0.3.28
[INFO] [stderr]    Compiling paste v1.0.14
[INFO] [stderr]    Compiling aho-corasick v1.1.2
[INFO] [stderr]    Compiling regex-syntax v0.8.2
[INFO] [stderr]    Compiling syn v2.0.48
[INFO] [stderr]    Compiling local-waker v0.1.4
[INFO] [stderr]    Compiling crc32fast v1.3.2
[INFO] [stderr]    Compiling alloc-no-stdlib v2.0.4
[INFO] [stderr]    Compiling zstd-safe v7.0.0
[INFO] [stderr]    Compiling bytestring v1.3.1
[INFO] [stderr]    Compiling ahash v0.8.7
[INFO] [stderr]    Compiling alloc-stdlib v0.2.2
[INFO] [stderr]    Compiling crossbeam-utils v0.8.18
[INFO] [stderr]    Compiling adler v1.0.2
[INFO] [stderr]    Compiling deranged v0.3.11
[INFO] [stderr]    Compiling brotli-decompressor v2.5.1
[INFO] [stderr]    Compiling tracing v0.1.40
[INFO] [stderr]    Compiling miniz_oxide v0.7.1
[INFO] [stderr]    Compiling time-macros v0.2.16
[INFO] [stderr]    Compiling actix-utils v3.0.1
[INFO] [stderr]    Compiling digest v0.10.7
[INFO] [stderr]    Compiling cookie v0.16.2
[INFO] [stderr]    Compiling indexmap v1.9.3
[INFO] [stderr]    Compiling zerocopy v0.7.32
[INFO] [stderr]    Compiling serde_json v1.0.111
[INFO] [stderr]    Compiling convert_case v0.4.0
[INFO] [stderr]    Compiling sha1 v0.10.6
[INFO] [stderr]    Compiling local-channel v0.1.5
[INFO] [stderr]    Compiling linked-hash-map v0.5.6
[INFO] [stderr]    Compiling actix-service v2.0.2
[INFO] [stderr]    Compiling hashbrown v0.12.3
[INFO] [stderr]    Compiling brotli v3.4.0
[INFO] [stderr]    Compiling flate2 v1.0.28
[INFO] [stderr]    Compiling language-tags v0.3.2
[INFO] [stderr]    Compiling yaml-rust v0.4.5
[INFO] [stderr]    Compiling parking_lot_core v0.9.9
[INFO] [stderr]    Compiling mio v0.8.10
[INFO] [stderr]    Compiling socket2 v0.5.5
[INFO] [stderr]    Compiling parking_lot v0.12.1
[INFO] [stderr]    Compiling signal-hook-registry v1.4.1
[INFO] [stderr]    Compiling jobserver v0.1.27
[INFO] [stderr]    Compiling getrandom v0.2.11
[INFO] [stderr]    Compiling regex-automata v0.4.3
[INFO] [stderr]    Compiling tokio v1.35.1
[INFO] [stderr]    Compiling cc v1.0.83
[INFO] [stderr]    Compiling rand_core v0.6.4
[INFO] [stderr]    Compiling derive_more v0.99.17
[INFO] [stderr]    Compiling rand_chacha v0.3.1
[INFO] [stderr]    Compiling crossbeam-channel v0.5.10
[INFO] [stderr]    Compiling half v1.8.2
[INFO] [stderr]    Compiling arc-swap v1.6.0
[INFO] [stderr]    Compiling rand v0.8.5
[INFO] [stderr]    Compiling time v0.3.31
[INFO] [stderr]    Compiling zstd-sys v2.0.9+zstd.1.5.5
[INFO] [stderr]    Compiling bitflags v2.4.1
[INFO] [stderr]    Compiling serde_urlencoded v0.7.1
[INFO] [stderr]    Compiling quick-xml v0.26.0
[INFO] [stderr]    Compiling regex v1.10.2
[INFO] [stdout] error[E0433]: failed to resolve: could not find `Deserialize` in `serde`
[INFO] [stdout]    --> /opt/rustwide/cargo-home/registry/src/index.crates.io-6f17d22bba15001f/quick-xml-0.26.0/src/name.rs:19:45
[INFO] [stdout]     |
[INFO] [stdout] 19  | #[cfg_attr(feature = "serde", derive(serde::Deserialize, serde::Serialize))]
[INFO] [stdout]     |                                             ^^^^^^^^^^^ could not find `Deserialize` in `serde`
[INFO] [stdout]     |
[INFO] [stdout] note: found an item that was configured out
[INFO] [stdout]    --> /opt/rustwide/cargo-home/registry/src/index.crates.io-6f17d22bba15001f/serde-1.0.194/src/lib.rs:329:24
[INFO] [stdout]     |
[INFO] [stdout] 329 | pub use serde_derive::{Deserialize, Serialize};
[INFO] [stdout]     |                        ^^^^^^^^^^^
[INFO] [stdout]     = note: the item is gated behind the `serde_derive` feature
[INFO] [stdout] 
[INFO] [stdout] 
[INFO] [stdout] error[E0433]: failed to resolve: could not find `Serialize` in `serde`
[INFO] [stdout]    --> /opt/rustwide/cargo-home/registry/src/index.crates.io-6f17d22bba15001f/quick-xml-0.26.0/src/name.rs:19:65
[INFO] [stdout]     |
[INFO] [stdout] 19  | #[cfg_attr(feature = "serde", derive(serde::Deserialize, serde::Serialize))]
[INFO] [stdout]     |                                                                 ^^^^^^^^^ could not find `Serialize` in `serde`
[INFO] [stdout]     |
[INFO] [stdout] note: found an item that was configured out
[INFO] [stdout]    --> /opt/rustwide/cargo-home/registry/src/index.crates.io-6f17d22bba15001f/serde-1.0.194/src/lib.rs:329:37
[INFO] [stdout]     |
[INFO] [stdout] 329 | pub use serde_derive::{Deserialize, Serialize};
[INFO] [stdout]     |                                     ^^^^^^^^^
[INFO] [stdout]     = note: the item is gated behind the `serde_derive` feature
[INFO] [stdout] 
[INFO] [stdout] 
[INFO] [stdout] error[E0433]: failed to resolve: could not find `Deserialize` in `serde`
[INFO] [stdout]    --> /opt/rustwide/cargo-home/registry/src/index.crates.io-6f17d22bba15001f/quick-xml-0.26.0/src/name.rs:136:45
[INFO] [stdout]     |
[INFO] [stdout] 136 | #[cfg_attr(feature = "serde", derive(serde::Deserialize, serde::Serialize))]
[INFO] [stdout]     |                                             ^^^^^^^^^^^ could not find `Deserialize` in `serde`
[INFO] [stdout]     |
[INFO] [stdout] note: found an item that was configured out
[INFO] [stdout]    --> /opt/rustwide/cargo-home/registry/src/index.crates.io-6f17d22bba15001f/serde-1.0.194/src/lib.rs:329:24
[INFO] [stdout]     |
[INFO] [stdout] 329 | pub use serde_derive::{Deserialize, Serialize};
[INFO] [stdout]     |                        ^^^^^^^^^^^
[INFO] [stdout]     = note: the item is gated behind the `serde_derive` feature
[INFO] [stdout] 
[INFO] [stdout] 
[INFO] [stdout] error[E0433]: failed to resolve: could not find `Serialize` in `serde`
[INFO] [stdout]    --> /opt/rustwide/cargo-home/registry/src/index.crates.io-6f17d22bba15001f/quick-xml-0.26.0/src/name.rs:136:65
[INFO] [stdout]     |
[INFO] [stdout] 136 | #[cfg_attr(feature = "serde", derive(serde::Deserialize, serde::Serialize))]
[INFO] [stdout]     |                                                                 ^^^^^^^^^ could not find `Serialize` in `serde`
[INFO] [stdout]     |
[INFO] [stdout] note: found an item that was configured out
[INFO] [stdout]    --> /opt/rustwide/cargo-home/registry/src/index.crates.io-6f17d22bba15001f/serde-1.0.194/src/lib.rs:329:37
[INFO] [stdout]     |
[INFO] [stdout] 329 | pub use serde_derive::{Deserialize, Serialize};
[INFO] [stdout]     |                                     ^^^^^^^^^
[INFO] [stdout]     = note: the item is gated behind the `serde_derive` feature
[INFO] [stdout] 
[INFO] [stdout] 
[INFO] [stdout] error[E0433]: failed to resolve: could not find `Deserialize` in `serde`
[INFO] [stdout]    --> /opt/rustwide/cargo-home/registry/src/index.crates.io-6f17d22bba15001f/quick-xml-0.26.0/src/name.rs:186:45
[INFO] [stdout]     |
[INFO] [stdout] 186 | #[cfg_attr(feature = "serde", derive(serde::Deserialize, serde::Serialize))]
[INFO] [stdout]     |                                             ^^^^^^^^^^^ could not find `Deserialize` in `serde`
[INFO] [stdout]     |
[INFO] [stdout] note: found an item that was configured out
[INFO] [stdout]    --> /opt/rustwide/cargo-home/registry/src/index.crates.io-6f17d22bba15001f/serde-1.0.194/src/lib.rs:329:24
[INFO] [stdout]     |
[INFO] [stdout] 329 | pub use serde_derive::{Deserialize, Serialize};
[INFO] [stdout]     |                        ^^^^^^^^^^^
[INFO] [stdout]     = note: the item is gated behind the `serde_derive` feature
[INFO] [stdout] 
[INFO] [stdout] 
[INFO] [stdout] error[E0433]: failed to resolve: could not find `Serialize` in `serde`
[INFO] [stdout]    --> /opt/rustwide/cargo-home/registry/src/index.crates.io-6f17d22bba15001f/quick-xml-0.26.0/src/name.rs:186:65
[INFO] [stdout]     |
[INFO] [stdout] 186 | #[cfg_attr(feature = "serde", derive(serde::Deserialize, serde::Serialize))]
[INFO] [stdout]     |                                                                 ^^^^^^^^^ could not find `Serialize` in `serde`
[INFO] [stdout]     |
[INFO] [stdout] note: found an item that was configured out
[INFO] [stdout]    --> /opt/rustwide/cargo-home/registry/src/index.crates.io-6f17d22bba15001f/serde-1.0.194/src/lib.rs:329:37
[INFO] [stdout]     |
[INFO] [stdout] 329 | pub use serde_derive::{Deserialize, Serialize};
[INFO] [stdout]     |                                     ^^^^^^^^^
[INFO] [stdout]     = note: the item is gated behind the `serde_derive` feature
[INFO] [stdout] 
[INFO] [stdout] 
[INFO] [stdout] error[E0433]: failed to resolve: could not find `Deserialize` in `serde`
[INFO] [stdout]    --> /opt/rustwide/cargo-home/registry/src/index.crates.io-6f17d22bba15001f/quick-xml-0.26.0/src/name.rs:228:45
[INFO] [stdout]     |
[INFO] [stdout] 228 | #[cfg_attr(feature = "serde", derive(serde::Deserialize, serde::Serialize))]
[INFO] [stdout]     |                                             ^^^^^^^^^^^ could not find `Deserialize` in `serde`
[INFO] [stdout]     |
[INFO] [stdout] note: found an item that was configured out
[INFO] [stdout]    --> /opt/rustwide/cargo-home/registry/src/index.crates.io-6f17d22bba15001f/serde-1.0.194/src/lib.rs:329:24
[INFO] [stdout]     |
[INFO] [stdout] 329 | pub use serde_derive::{Deserialize, Serialize};
[INFO] [stdout]     |                        ^^^^^^^^^^^
[INFO] [stdout]     = note: the item is gated behind the `serde_derive` feature
[INFO] [stdout] 
[INFO] [stdout] 
[INFO] [stdout] error[E0433]: failed to resolve: could not find `Serialize` in `serde`
[INFO] [stdout]    --> /opt/rustwide/cargo-home/registry/src/index.crates.io-6f17d22bba15001f/quick-xml-0.26.0/src/name.rs:228:65
[INFO] [stdout]     |
[INFO] [stdout] 228 | #[cfg_attr(feature = "serde", derive(serde::Deserialize, serde::Serialize))]
[INFO] [stdout]     |                                                                 ^^^^^^^^^ could not find `Serialize` in `serde`
[INFO] [stdout]     |
[INFO] [stdout] note: found an item that was configured out
[INFO] [stdout]    --> /opt/rustwide/cargo-home/registry/src/index.crates.io-6f17d22bba15001f/serde-1.0.194/src/lib.rs:329:37
[INFO] [stdout]     |
[INFO] [stdout] 329 | pub use serde_derive::{Deserialize, Serialize};
[INFO] [stdout]     |                                     ^^^^^^^^^
[INFO] [stdout]     = note: the item is gated behind the `serde_derive` feature
[INFO] [stdout] 
[INFO] [stdout] 
[INFO] [stderr]    Compiling serde_yaml v0.8.26
[INFO] [stderr]    Compiling bincode v1.3.3
[INFO] [stderr]    Compiling serde_cbor v0.11.2
[INFO] [stderr]    Compiling actix-router v0.5.2
[INFO] [stdout] error: aborting due to 8 previous errors
[INFO] [stdout] 
[INFO] [stdout] 
[INFO] [stdout] For more information about this error, try `rustc --explain E0433`.
[INFO] [stdout] 
[INFO] [stderr] error: could not compile `quick-xml` (lib) due to 9 previous errors
[INFO] [stderr] warning: build failed, waiting for other jobs to finish...
[INFO] running `Command { std: "docker" "inspect" "43fe7ae1e0c2bced7d591a32cdc0690b853101b32a0d4b74a26c96a1c842e992", kill_on_drop: false }`
[INFO] running `Command { std: "docker" "rm" "-f" "43fe7ae1e0c2bced7d591a32cdc0690b853101b32a0d4b74a26c96a1c842e992", kill_on_drop: false }`
[INFO] [stdout] 43fe7ae1e0c2bced7d591a32cdc0690b853101b32a0d4b74a26c96a1c842e992
