[INFO] fetching crate actix-signal 0.2.0...
[INFO] testing actix-signal-0.2.0 against 1.75.0 for beta-1.76-1
[INFO] extracting crate actix-signal 0.2.0 into /workspace/builds/worker-5-tc1/source
[INFO] validating manifest of crates.io crate actix-signal 0.2.0 on toolchain 1.75.0
[INFO] running `Command { std: CARGO_HOME="/workspace/cargo-home" RUSTUP_HOME="/workspace/rustup-home" "/workspace/cargo-home/bin/cargo" "+1.75.0" "metadata" "--manifest-path" "Cargo.toml" "--no-deps", kill_on_drop: false }`
[INFO] started tweaking crates.io crate actix-signal 0.2.0
[INFO] finished tweaking crates.io crate actix-signal 0.2.0
[INFO] tweaked toml for crates.io crate actix-signal 0.2.0 written to /workspace/builds/worker-5-tc1/source/Cargo.toml
[INFO] running `Command { std: CARGO_HOME="/workspace/cargo-home" RUSTUP_HOME="/workspace/rustup-home" "/workspace/cargo-home/bin/cargo" "+1.75.0" "generate-lockfile" "--manifest-path" "Cargo.toml", kill_on_drop: false }`
[INFO] [stderr]     Updating crates.io index
[INFO] running `Command { std: CARGO_HOME="/workspace/cargo-home" RUSTUP_HOME="/workspace/rustup-home" "/workspace/cargo-home/bin/cargo" "+1.75.0" "fetch" "--manifest-path" "Cargo.toml", kill_on_drop: false }`
[INFO] [stderr]  Downloading crates ...
[INFO] [stderr]   Downloaded actix-signal-derive v0.1.0
[INFO] [stderr]   Downloaded actix_derive v0.6.1
[INFO] [stderr]   Downloaded actix v0.13.1
[INFO] running `Command { std: "docker" "create" "-v" "/var/lib/crater-agent-workspace/builds/worker-5-tc1/target:/opt/rustwide/target:rw,Z" "-v" "/var/lib/crater-agent-workspace/builds/worker-5-tc1/source:/opt/rustwide/workdir:ro,Z" "-v" "/var/lib/crater-agent-workspace/cargo-home:/opt/rustwide/cargo-home:ro,Z" "-v" "/var/lib/crater-agent-workspace/rustup-home:/opt/rustwide/rustup-home:ro,Z" "-e" "SOURCE_DIR=/opt/rustwide/workdir" "-e" "CARGO_TARGET_DIR=/opt/rustwide/target" "-e" "CARGO_HOME=/opt/rustwide/cargo-home" "-e" "RUSTUP_HOME=/opt/rustwide/rustup-home" "-w" "/opt/rustwide/workdir" "-m" "1610612736" "--user" "0:0" "--network" "none" "ghcr.io/rust-lang/crates-build-env/linux@sha256:2788e3201cd34a07e3172128adcd8b3090168a8e3bcc40d7c032b9dda1df7d1c" "/opt/rustwide/cargo-home/bin/cargo" "+1.75.0" "metadata" "--no-deps" "--format-version=1", kill_on_drop: false }`
[INFO] [stdout] 9480747dcd5b89756135151923f07d4570ea6c06f16bbbd0032bc2f978d958cf
[INFO] running `Command { std: "docker" "start" "-a" "9480747dcd5b89756135151923f07d4570ea6c06f16bbbd0032bc2f978d958cf", kill_on_drop: false }`
[INFO] running `Command { std: "docker" "inspect" "9480747dcd5b89756135151923f07d4570ea6c06f16bbbd0032bc2f978d958cf", kill_on_drop: false }`
[INFO] running `Command { std: "docker" "rm" "-f" "9480747dcd5b89756135151923f07d4570ea6c06f16bbbd0032bc2f978d958cf", kill_on_drop: false }`
[INFO] [stdout] 9480747dcd5b89756135151923f07d4570ea6c06f16bbbd0032bc2f978d958cf
[INFO] running `Command { std: "docker" "create" "-v" "/var/lib/crater-agent-workspace/builds/worker-5-tc1/target:/opt/rustwide/target:rw,Z" "-v" "/var/lib/crater-agent-workspace/builds/worker-5-tc1/source:/opt/rustwide/workdir:ro,Z" "-v" "/var/lib/crater-agent-workspace/cargo-home:/opt/rustwide/cargo-home:ro,Z" "-v" "/var/lib/crater-agent-workspace/rustup-home:/opt/rustwide/rustup-home:ro,Z" "-e" "SOURCE_DIR=/opt/rustwide/workdir" "-e" "CARGO_TARGET_DIR=/opt/rustwide/target" "-e" "CARGO_INCREMENTAL=0" "-e" "RUST_BACKTRACE=full" "-e" "RUSTFLAGS=--cap-lints=warn" "-e" "RUSTDOCFLAGS=--cap-lints=warn" "-e" "CARGO_HOME=/opt/rustwide/cargo-home" "-e" "RUSTUP_HOME=/opt/rustwide/rustup-home" "-w" "/opt/rustwide/workdir" "-m" "1610612736" "--user" "0:0" "--network" "none" "ghcr.io/rust-lang/crates-build-env/linux@sha256:2788e3201cd34a07e3172128adcd8b3090168a8e3bcc40d7c032b9dda1df7d1c" "/opt/rustwide/cargo-home/bin/cargo" "+1.75.0" "build" "--frozen" "--message-format=json", kill_on_drop: false }`
[INFO] [stdout] 322f26bd0967d855ea5947e98440ce9bb4226f2a8e56c5d52690b21cb4f466a0
[INFO] running `Command { std: "docker" "start" "-a" "322f26bd0967d855ea5947e98440ce9bb4226f2a8e56c5d52690b21cb4f466a0", kill_on_drop: false }`
[INFO] [stderr]    Compiling signal-hook-registry v1.4.1
[INFO] [stderr]    Compiling crossbeam-utils v0.8.18
[INFO] [stderr]    Compiling futures-core v0.3.30
[INFO] [stderr]    Compiling futures-sink v0.3.30
[INFO] [stderr]    Compiling tracing v0.1.40
[INFO] [stderr]    Compiling syn v2.0.48
[INFO] [stderr]    Compiling futures-task v0.3.30
[INFO] [stderr]    Compiling log v0.4.20
[INFO] [stderr]    Compiling bitflags v2.4.1
[INFO] [stderr]    Compiling futures-util v0.3.30
[INFO] [stderr]    Compiling tokio v1.35.1
[INFO] [stderr]    Compiling crossbeam-channel v0.5.10
[INFO] [stderr]    Compiling actix-macros v0.2.4
[INFO] [stderr]    Compiling actix_derive v0.6.1
[INFO] [stderr]    Compiling actix-rt v2.9.0
[INFO] [stderr]    Compiling tokio-util v0.7.10
[INFO] [stderr]    Compiling actix v0.13.1
[INFO] [stderr]    Compiling actix-signal v0.2.0 (/opt/rustwide/workdir)
[INFO] [stdout] error: Expect an attribute `rtype`
[INFO] [stdout]   --> src/signals.rs:13:30
[INFO] [stdout]    |
[INFO] [stdout] 13 | #[derive(Debug, Copy, Clone, Message)]
[INFO] [stdout]    |                              ^^^^^^^
[INFO] [stdout]    |
[INFO] [stdout]    = note: this error originates in the derive macro `Message` (in Nightly builds, run with -Z macro-backtrace for more info)
[INFO] [stdout] 
[INFO] [stdout] 
[INFO] [stdout] error: Expect an attribute `rtype`
[INFO] [stdout]   --> src/signals.rs:21:30
[INFO] [stdout]    |
[INFO] [stdout] 21 | #[derive(Debug, Copy, Clone, Message)]
[INFO] [stdout]    |                              ^^^^^^^
[INFO] [stdout]    |
[INFO] [stdout]    = note: this error originates in the derive macro `Message` (in Nightly builds, run with -Z macro-backtrace for more info)
[INFO] [stdout] 
[INFO] [stdout] 
[INFO] [stdout] error[E0277]: the trait bound `signals::StopSignal: Message` is not satisfied
[INFO] [stdout]   --> src/lib.rs:97:26
[INFO] [stdout]    |
[INFO] [stdout] 97 | pub trait SignalHandler: Handler<StopSignal> + Handler<TerminateSignal> + private::Sealed {}
[INFO] [stdout]    |                          ^^^^^^^^^^^^^^^^^^^ the trait `Message` is not implemented for `signals::StopSignal`
[INFO] [stdout]    |
[INFO] [stdout]    = help: the following other types implement trait `Message`:
[INFO] [stdout]              Box<M>
[INFO] [stdout]              Arc<M>
[INFO] [stdout] note: required by a bound in `Handler`
[INFO] [stdout]   --> /opt/rustwide/cargo-home/registry/src/index.crates.io-6f17d22bba15001f/actix-0.13.1/src/handler.rs:21:8
[INFO] [stdout]    |
[INFO] [stdout] 18 | pub trait Handler<M>
[INFO] [stdout]    |           ------- required by a bound in this trait
[INFO] [stdout] ...
[INFO] [stdout] 21 |     M: Message,
[INFO] [stdout]    |        ^^^^^^^ required by this bound in `Handler`
[INFO] [stdout] 
[INFO] [stdout] 
[INFO] [stdout] error[E0277]: the trait bound `signals::TerminateSignal: Message` is not satisfied
[INFO] [stdout]   --> src/lib.rs:97:48
[INFO] [stdout]    |
[INFO] [stdout] 97 | pub trait SignalHandler: Handler<StopSignal> + Handler<TerminateSignal> + private::Sealed {}
[INFO] [stdout]    |                                                ^^^^^^^^^^^^^^^^^^^^^^^^ the trait `Message` is not implemented for `signals::TerminateSignal`
[INFO] [stdout]    |
[INFO] [stdout]    = help: the following other types implement trait `Message`:
[INFO] [stdout]              Box<M>
[INFO] [stdout]              Arc<M>
[INFO] [stdout] note: required by a bound in `Handler`
[INFO] [stdout]   --> /opt/rustwide/cargo-home/registry/src/index.crates.io-6f17d22bba15001f/actix-0.13.1/src/handler.rs:21:8
[INFO] [stdout]    |
[INFO] [stdout] 18 | pub trait Handler<M>
[INFO] [stdout]    |           ------- required by a bound in this trait
[INFO] [stdout] ...
[INFO] [stdout] 21 |     M: Message,
[INFO] [stdout]    |        ^^^^^^^ required by this bound in `Handler`
[INFO] [stdout] 
[INFO] [stdout] 
[INFO] [stdout] error[E0277]: the trait bound `signals::StopSignal: Message` is not satisfied
[INFO] [stdout]   --> src/lib.rs:99:38
[INFO] [stdout]    |
[INFO] [stdout] 99 | impl<T> SignalHandler for T where T: Handler<StopSignal> + Handler<TerminateSignal> {}
[INFO] [stdout]    |                                      ^^^^^^^^^^^^^^^^^^^ the trait `Message` is not implemented for `signals::StopSignal`
[INFO] [stdout]    |
[INFO] [stdout]    = help: the following other types implement trait `Message`:
[INFO] [stdout]              Box<M>
[INFO] [stdout]              Arc<M>
[INFO] [stdout] note: required by a bound in `Handler`
[INFO] [stdout]   --> /opt/rustwide/cargo-home/registry/src/index.crates.io-6f17d22bba15001f/actix-0.13.1/src/handler.rs:21:8
[INFO] [stdout]    |
[INFO] [stdout] 18 | pub trait Handler<M>
[INFO] [stdout]    |           ------- required by a bound in this trait
[INFO] [stdout] ...
[INFO] [stdout] 21 |     M: Message,
[INFO] [stdout]    |        ^^^^^^^ required by this bound in `Handler`
[INFO] [stdout] 
[INFO] [stdout] 
[INFO] [stdout] error[E0277]: the trait bound `signals::TerminateSignal: Message` is not satisfied
[INFO] [stdout]   --> src/lib.rs:99:60
[INFO] [stdout]    |
[INFO] [stdout] 99 | impl<T> SignalHandler for T where T: Handler<StopSignal> + Handler<TerminateSignal> {}
[INFO] [stdout]    |                                                            ^^^^^^^^^^^^^^^^^^^^^^^^ the trait `Message` is not implemented for `signals::TerminateSignal`
[INFO] [stdout]    |
[INFO] [stdout]    = help: the following other types implement trait `Message`:
[INFO] [stdout]              Box<M>
[INFO] [stdout]              Arc<M>
[INFO] [stdout] note: required by a bound in `Handler`
[INFO] [stdout]   --> /opt/rustwide/cargo-home/registry/src/index.crates.io-6f17d22bba15001f/actix-0.13.1/src/handler.rs:21:8
[INFO] [stdout]    |
[INFO] [stdout] 18 | pub trait Handler<M>
[INFO] [stdout]    |           ------- required by a bound in this trait
[INFO] [stdout] ...
[INFO] [stdout] 21 |     M: Message,
[INFO] [stdout]    |        ^^^^^^^ required by this bound in `Handler`
[INFO] [stdout] 
[INFO] [stdout] 
[INFO] [stdout] error[E0277]: the trait bound `signals::StopSignal: Message` is not satisfied
[INFO] [stdout]    --> src/lib.rs:107:5
[INFO] [stdout]     |
[INFO] [stdout] 107 |     ToEnvelope<A, StopSignal> + ToEnvelope<A, TerminateSignal> + private::Sealed
[INFO] [stdout]     |     ^^^^^^^^^^^^^^^^^^^^^^^^^ the trait `Message` is not implemented for `signals::StopSignal`
[INFO] [stdout]     |
[INFO] [stdout]     = help: the following other types implement trait `Message`:
[INFO] [stdout]               Box<M>
[INFO] [stdout]               Arc<M>
[INFO] [stdout] note: required by a bound in `ToEnvelope`
[INFO] [stdout]    --> /opt/rustwide/cargo-home/registry/src/index.crates.io-6f17d22bba15001f/actix-0.13.1/src/address/envelope.rs:10:28
[INFO] [stdout]     |
[INFO] [stdout] 10  | pub trait ToEnvelope<A, M: Message>
[INFO] [stdout]     |                            ^^^^^^^ required by this bound in `ToEnvelope`
[INFO] [stdout] 
[INFO] [stdout] 
[INFO] [stdout] error[E0277]: the trait bound `signals::TerminateSignal: Message` is not satisfied
[INFO] [stdout]    --> src/lib.rs:107:33
[INFO] [stdout]     |
[INFO] [stdout] 107 |     ToEnvelope<A, StopSignal> + ToEnvelope<A, TerminateSignal> + private::Sealed
[INFO] [stdout]     |                                 ^^^^^^^^^^^^^^^^^^^^^^^^^^^^^^ the trait `Message` is not implemented for `signals::TerminateSignal`
[INFO] [stdout]     |
[INFO] [stdout]     = help: the following other types implement trait `Message`:
[INFO] [stdout]               Box<M>
[INFO] [stdout]               Arc<M>
[INFO] [stdout] note: required by a bound in `ToEnvelope`
[INFO] [stdout]    --> /opt/rustwide/cargo-home/registry/src/index.crates.io-6f17d22bba15001f/actix-0.13.1/src/address/envelope.rs:10:28
[INFO] [stdout]     |
[INFO] [stdout] 10  | pub trait ToEnvelope<A, M: Message>
[INFO] [stdout]     |                            ^^^^^^^ required by this bound in `ToEnvelope`
[INFO] [stdout] 
[INFO] [stdout] 
[INFO] [stdout] error[E0277]: the trait bound `signals::StopSignal: Message` is not satisfied
[INFO] [stdout]    --> src/lib.rs:117:8
[INFO] [stdout]     |
[INFO] [stdout] 117 |     T: ToEnvelope<A, StopSignal> + ToEnvelope<A, TerminateSignal>,
[INFO] [stdout]     |        ^^^^^^^^^^^^^^^^^^^^^^^^^ the trait `Message` is not implemented for `signals::StopSignal`
[INFO] [stdout]     |
[INFO] [stdout]     = help: the following other types implement trait `Message`:
[INFO] [stdout]               Box<M>
[INFO] [stdout]               Arc<M>
[INFO] [stdout] note: required by a bound in `ToEnvelope`
[INFO] [stdout]    --> /opt/rustwide/cargo-home/registry/src/index.crates.io-6f17d22bba15001f/actix-0.13.1/src/address/envelope.rs:10:28
[INFO] [stdout]     |
[INFO] [stdout] 10  | pub trait ToEnvelope<A, M: Message>
[INFO] [stdout]     |                            ^^^^^^^ required by this bound in `ToEnvelope`
[INFO] [stdout] 
[INFO] [stdout] 
[INFO] [stdout] error[E0277]: the trait bound `signals::TerminateSignal: Message` is not satisfied
[INFO] [stdout]    --> src/lib.rs:117:36
[INFO] [stdout]     |
[INFO] [stdout] 117 |     T: ToEnvelope<A, StopSignal> + ToEnvelope<A, TerminateSignal>,
[INFO] [stdout]     |                                    ^^^^^^^^^^^^^^^^^^^^^^^^^^^^^^ the trait `Message` is not implemented for `signals::TerminateSignal`
[INFO] [stdout]     |
[INFO] [stdout]     = help: the following other types implement trait `Message`:
[INFO] [stdout]               Box<M>
[INFO] [stdout]               Arc<M>
[INFO] [stdout] note: required by a bound in `ToEnvelope`
[INFO] [stdout]    --> /opt/rustwide/cargo-home/registry/src/index.crates.io-6f17d22bba15001f/actix-0.13.1/src/address/envelope.rs:10:28
[INFO] [stdout]     |
[INFO] [stdout] 10  | pub trait ToEnvelope<A, M: Message>
[INFO] [stdout]     |                            ^^^^^^^ required by this bound in `ToEnvelope`
[INFO] [stdout] 
[INFO] [stdout] 
[INFO] [stdout] error: aborting due to 10 previous errors
[INFO] [stdout] 
[INFO] [stdout] 
[INFO] [stdout] For more information about this error, try `rustc --explain E0277`.
[INFO] [stdout] 
[INFO] [stderr] error: could not compile `actix-signal` (lib) due to 11 previous errors
[INFO] [stderr] warning: build failed, waiting for other jobs to finish...
[INFO] running `Command { std: "docker" "inspect" "322f26bd0967d855ea5947e98440ce9bb4226f2a8e56c5d52690b21cb4f466a0", kill_on_drop: false }`
[INFO] running `Command { std: "docker" "rm" "-f" "322f26bd0967d855ea5947e98440ce9bb4226f2a8e56c5d52690b21cb4f466a0", kill_on_drop: false }`
[INFO] [stdout] 322f26bd0967d855ea5947e98440ce9bb4226f2a8e56c5d52690b21cb4f466a0
