[INFO] fetching crate actix-router 0.5.1...
[INFO] testing actix-router-0.5.1 against 1.75.0 for beta-1.76-1
[INFO] extracting crate actix-router 0.5.1 into /workspace/builds/worker-3-tc1/source
[INFO] validating manifest of crates.io crate actix-router 0.5.1 on toolchain 1.75.0
[INFO] running `Command { std: CARGO_HOME="/workspace/cargo-home" RUSTUP_HOME="/workspace/rustup-home" "/workspace/cargo-home/bin/cargo" "+1.75.0" "metadata" "--manifest-path" "Cargo.toml" "--no-deps", kill_on_drop: false }`
[INFO] started tweaking crates.io crate actix-router 0.5.1
[INFO] finished tweaking crates.io crate actix-router 0.5.1
[INFO] tweaked toml for crates.io crate actix-router 0.5.1 written to /workspace/builds/worker-3-tc1/source/Cargo.toml
[INFO] running `Command { std: CARGO_HOME="/workspace/cargo-home" RUSTUP_HOME="/workspace/rustup-home" "/workspace/cargo-home/bin/cargo" "+1.75.0" "generate-lockfile" "--manifest-path" "Cargo.toml", kill_on_drop: false }`
[INFO] [stderr]     Updating crates.io index
[INFO] running `Command { std: CARGO_HOME="/workspace/cargo-home" RUSTUP_HOME="/workspace/rustup-home" "/workspace/cargo-home/bin/cargo" "+1.75.0" "fetch" "--manifest-path" "Cargo.toml", kill_on_drop: false }`
[INFO] running `Command { std: "docker" "create" "-v" "/var/lib/crater-agent-workspace/builds/worker-3-tc1/target:/opt/rustwide/target:rw,Z" "-v" "/var/lib/crater-agent-workspace/builds/worker-3-tc1/source:/opt/rustwide/workdir:ro,Z" "-v" "/var/lib/crater-agent-workspace/cargo-home:/opt/rustwide/cargo-home:ro,Z" "-v" "/var/lib/crater-agent-workspace/rustup-home:/opt/rustwide/rustup-home:ro,Z" "-e" "SOURCE_DIR=/opt/rustwide/workdir" "-e" "CARGO_TARGET_DIR=/opt/rustwide/target" "-e" "CARGO_HOME=/opt/rustwide/cargo-home" "-e" "RUSTUP_HOME=/opt/rustwide/rustup-home" "-w" "/opt/rustwide/workdir" "-m" "1610612736" "--user" "0:0" "--network" "none" "ghcr.io/rust-lang/crates-build-env/linux@sha256:2788e3201cd34a07e3172128adcd8b3090168a8e3bcc40d7c032b9dda1df7d1c" "/opt/rustwide/cargo-home/bin/cargo" "+1.75.0" "metadata" "--no-deps" "--format-version=1", kill_on_drop: false }`
[INFO] [stdout] 49732e786256525d4f6edb48e8ecf2e1cadacdc4787b3c09551963ad49041fb2
[INFO] running `Command { std: "docker" "start" "-a" "49732e786256525d4f6edb48e8ecf2e1cadacdc4787b3c09551963ad49041fb2", kill_on_drop: false }`
[INFO] running `Command { std: "docker" "inspect" "49732e786256525d4f6edb48e8ecf2e1cadacdc4787b3c09551963ad49041fb2", kill_on_drop: false }`
[INFO] running `Command { std: "docker" "rm" "-f" "49732e786256525d4f6edb48e8ecf2e1cadacdc4787b3c09551963ad49041fb2", kill_on_drop: false }`
[INFO] [stdout] 49732e786256525d4f6edb48e8ecf2e1cadacdc4787b3c09551963ad49041fb2
[INFO] running `Command { std: "docker" "create" "-v" "/var/lib/crater-agent-workspace/builds/worker-3-tc1/target:/opt/rustwide/target:rw,Z" "-v" "/var/lib/crater-agent-workspace/builds/worker-3-tc1/source:/opt/rustwide/workdir:ro,Z" "-v" "/var/lib/crater-agent-workspace/cargo-home:/opt/rustwide/cargo-home:ro,Z" "-v" "/var/lib/crater-agent-workspace/rustup-home:/opt/rustwide/rustup-home:ro,Z" "-e" "SOURCE_DIR=/opt/rustwide/workdir" "-e" "CARGO_TARGET_DIR=/opt/rustwide/target" "-e" "CARGO_INCREMENTAL=0" "-e" "RUST_BACKTRACE=full" "-e" "RUSTFLAGS=--cap-lints=warn" "-e" "RUSTDOCFLAGS=--cap-lints=warn" "-e" "CARGO_HOME=/opt/rustwide/cargo-home" "-e" "RUSTUP_HOME=/opt/rustwide/rustup-home" "-w" "/opt/rustwide/workdir" "-m" "1610612736" "--user" "0:0" "--network" "none" "ghcr.io/rust-lang/crates-build-env/linux@sha256:2788e3201cd34a07e3172128adcd8b3090168a8e3bcc40d7c032b9dda1df7d1c" "/opt/rustwide/cargo-home/bin/cargo" "+1.75.0" "build" "--frozen" "--message-format=json", kill_on_drop: false }`
[INFO] [stdout] 8023f23147b39bbc2bbef485054e8c075b925a03fd0daf32945e9de278f9162f
[INFO] running `Command { std: "docker" "start" "-a" "8023f23147b39bbc2bbef485054e8c075b925a03fd0daf32945e9de278f9162f", kill_on_drop: false }`
[INFO] [stderr]    Compiling memchr v2.7.1
[INFO] [stderr]    Compiling regex-syntax v0.8.2
[INFO] [stderr]    Compiling serde v1.0.194
[INFO] [stderr]    Compiling bytes v1.5.0
[INFO] [stderr]    Compiling fnv v1.0.7
[INFO] [stderr]    Compiling itoa v1.0.10
[INFO] [stderr]    Compiling log v0.4.20
[INFO] [stderr]    Compiling pin-project-lite v0.2.13
[INFO] [stderr]    Compiling tracing-core v0.1.32
[INFO] [stderr]    Compiling bytestring v1.3.1
[INFO] [stderr]    Compiling http v0.2.11
[INFO] [stderr]    Compiling tracing v0.1.40
[INFO] [stderr]    Compiling aho-corasick v1.1.2
[INFO] [stderr]    Compiling regex-automata v0.4.3
[INFO] [stderr]    Compiling regex v1.10.2
[INFO] [stderr]    Compiling actix-router v0.5.1 (/opt/rustwide/workdir)
[INFO] [stderr]     Finished dev [unoptimized + debuginfo] target(s) in 13.90s
[INFO] running `Command { std: "docker" "inspect" "8023f23147b39bbc2bbef485054e8c075b925a03fd0daf32945e9de278f9162f", kill_on_drop: false }`
[INFO] running `Command { std: "docker" "rm" "-f" "8023f23147b39bbc2bbef485054e8c075b925a03fd0daf32945e9de278f9162f", kill_on_drop: false }`
[INFO] [stdout] 8023f23147b39bbc2bbef485054e8c075b925a03fd0daf32945e9de278f9162f
[INFO] running `Command { std: "docker" "create" "-v" "/var/lib/crater-agent-workspace/builds/worker-3-tc1/target:/opt/rustwide/target:rw,Z" "-v" "/var/lib/crater-agent-workspace/builds/worker-3-tc1/source:/opt/rustwide/workdir:ro,Z" "-v" "/var/lib/crater-agent-workspace/cargo-home:/opt/rustwide/cargo-home:ro,Z" "-v" "/var/lib/crater-agent-workspace/rustup-home:/opt/rustwide/rustup-home:ro,Z" "-e" "SOURCE_DIR=/opt/rustwide/workdir" "-e" "CARGO_TARGET_DIR=/opt/rustwide/target" "-e" "CARGO_INCREMENTAL=0" "-e" "RUST_BACKTRACE=full" "-e" "RUSTFLAGS=--cap-lints=warn" "-e" "RUSTDOCFLAGS=--cap-lints=warn" "-e" "CARGO_HOME=/opt/rustwide/cargo-home" "-e" "RUSTUP_HOME=/opt/rustwide/rustup-home" "-w" "/opt/rustwide/workdir" "-m" "1610612736" "--user" "0:0" "--network" "none" "ghcr.io/rust-lang/crates-build-env/linux@sha256:2788e3201cd34a07e3172128adcd8b3090168a8e3bcc40d7c032b9dda1df7d1c" "/opt/rustwide/cargo-home/bin/cargo" "+1.75.0" "test" "--frozen" "--no-run" "--message-format=json", kill_on_drop: false }`
[INFO] [stdout] e57126624d3978a8317d3fa360e72ca6d19c320d3edca59b23b46f1a8eaa5781
[INFO] running `Command { std: "docker" "start" "-a" "e57126624d3978a8317d3fa360e72ca6d19c320d3edca59b23b46f1a8eaa5781", kill_on_drop: false }`
[INFO] [stderr]    Compiling actix-router v0.5.1 (/opt/rustwide/workdir)
[INFO] [stdout] error: cannot find derive macro `Deserialize` in this scope
[INFO] [stdout]    --> src/de.rs:510:14
[INFO] [stdout]     |
[INFO] [stdout] 510 |     #[derive(Deserialize)]
[INFO] [stdout]     |              ^^^^^^^^^^^
[INFO] [stdout]     |
[INFO] [stdout] note: `Deserialize` is imported here, but it is only a trait, without a derive macro
[INFO] [stdout]    --> src/de.rs:503:21
[INFO] [stdout]     |
[INFO] [stdout] 503 |     use serde::{de, Deserialize};
[INFO] [stdout]     |                     ^^^^^^^^^^^
[INFO] [stdout] 
[INFO] [stdout] 
[INFO] [stdout] error: cannot find derive macro `Deserialize` in this scope
[INFO] [stdout]    --> src/de.rs:516:14
[INFO] [stdout]     |
[INFO] [stdout] 516 |     #[derive(Deserialize)]
[INFO] [stdout]     |              ^^^^^^^^^^^
[INFO] [stdout]     |
[INFO] [stdout] note: `Deserialize` is imported here, but it is only a trait, without a derive macro
[INFO] [stdout]    --> src/de.rs:503:21
[INFO] [stdout]     |
[INFO] [stdout] 503 |     use serde::{de, Deserialize};
[INFO] [stdout]     |                     ^^^^^^^^^^^
[INFO] [stdout] 
[INFO] [stdout] 
[INFO] [stdout] error: cannot find derive macro `Deserialize` in this scope
[INFO] [stdout]    --> src/de.rs:521:21
[INFO] [stdout]     |
[INFO] [stdout] 521 |     #[derive(Debug, Deserialize)]
[INFO] [stdout]     |                     ^^^^^^^^^^^
[INFO] [stdout]     |
[INFO] [stdout] note: `Deserialize` is imported here, but it is only a trait, without a derive macro
[INFO] [stdout]    --> src/de.rs:503:21
[INFO] [stdout]     |
[INFO] [stdout] 503 |     use serde::{de, Deserialize};
[INFO] [stdout]     |                     ^^^^^^^^^^^
[INFO] [stdout] 
[INFO] [stdout] 
[INFO] [stdout] error: cannot find derive macro `Deserialize` in this scope
[INFO] [stdout]    --> src/de.rs:524:21
[INFO] [stdout]     |
[INFO] [stdout] 524 |     #[derive(Debug, Deserialize)]
[INFO] [stdout]     |                     ^^^^^^^^^^^
[INFO] [stdout]     |
[INFO] [stdout] note: `Deserialize` is imported here, but it is only a trait, without a derive macro
[INFO] [stdout]    --> src/de.rs:503:21
[INFO] [stdout]     |
[INFO] [stdout] 503 |     use serde::{de, Deserialize};
[INFO] [stdout]     |                     ^^^^^^^^^^^
[INFO] [stdout] 
[INFO] [stdout] 
[INFO] [stdout] error: cannot find derive macro `Deserialize` in this scope
[INFO] [stdout]    --> src/de.rs:530:21
[INFO] [stdout]     |
[INFO] [stdout] 530 |     #[derive(Debug, Deserialize, PartialEq)]
[INFO] [stdout]     |                     ^^^^^^^^^^^
[INFO] [stdout]     |
[INFO] [stdout] note: `Deserialize` is imported here, but it is only a trait, without a derive macro
[INFO] [stdout]    --> src/de.rs:503:21
[INFO] [stdout]     |
[INFO] [stdout] 503 |     use serde::{de, Deserialize};
[INFO] [stdout]     |                     ^^^^^^^^^^^
[INFO] [stdout] 
[INFO] [stdout] 
[INFO] [stdout] error: cannot find attribute `serde` in this scope
[INFO] [stdout]    --> src/de.rs:531:7
[INFO] [stdout]     |
[INFO] [stdout] 531 |     #[serde(rename_all = "lowercase")]
[INFO] [stdout]     |       ^^^^^
[INFO] [stdout]     |
[INFO] [stdout]     = note: `serde` is in scope, but it is a crate, not an attribute
[INFO] [stdout] 
[INFO] [stdout] 
[INFO] [stdout] error: cannot find derive macro `Deserialize` in this scope
[INFO] [stdout]    --> src/de.rs:537:21
[INFO] [stdout]     |
[INFO] [stdout] 537 |     #[derive(Debug, Deserialize)]
[INFO] [stdout]     |                     ^^^^^^^^^^^
[INFO] [stdout]     |
[INFO] [stdout] note: `Deserialize` is imported here, but it is only a trait, without a derive macro
[INFO] [stdout]    --> src/de.rs:503:21
[INFO] [stdout]     |
[INFO] [stdout] 503 |     use serde::{de, Deserialize};
[INFO] [stdout]     |                     ^^^^^^^^^^^
[INFO] [stdout] 
[INFO] [stdout] 
[INFO] [stdout] error: cannot find derive macro `Deserialize` in this scope
[INFO] [stdout]    --> src/de.rs:700:18
[INFO] [stdout]     |
[INFO] [stdout] 700 |         #[derive(Deserialize)]
[INFO] [stdout]     |                  ^^^^^^^^^^^
[INFO] [stdout]     |
[INFO] [stdout] note: `Deserialize` is imported here, but it is only a trait, without a derive macro
[INFO] [stdout]    --> src/de.rs:503:21
[INFO] [stdout]     |
[INFO] [stdout] 503 |     use serde::{de, Deserialize};
[INFO] [stdout]     |                     ^^^^^^^^^^^
[INFO] [stdout] 
[INFO] [stdout] 
[INFO] [stdout] error: cannot find derive macro `Deserialize` in this scope
[INFO] [stdout]    --> src/de.rs:718:25
[INFO] [stdout]     |
[INFO] [stdout] 718 |         #[derive(Debug, Deserialize)]
[INFO] [stdout]     |                         ^^^^^^^^^^^
[INFO] [stdout]     |
[INFO] [stdout] note: `Deserialize` is imported here, but it is only a trait, without a derive macro
[INFO] [stdout]    --> src/de.rs:503:21
[INFO] [stdout]     |
[INFO] [stdout] 503 |     use serde::{de, Deserialize};
[INFO] [stdout]     |                     ^^^^^^^^^^^
[INFO] [stdout] 
[INFO] [stdout] 
[INFO] [stdout] error[E0277]: the trait bound `MyStruct: Deserialize<'_>` is not satisfied
[INFO] [stdout]    --> src/de.rs:551:27
[INFO] [stdout]     |
[INFO] [stdout] 551 |         let s: MyStruct = de::Deserialize::deserialize(PathDeserializer::new(&path)).unwrap();
[INFO] [stdout]     |                           ^^^^^^^^^^^^^^^^^^^^^^^^^^^^ the trait `Deserialize<'_>` is not implemented for `MyStruct`
[INFO] [stdout]     |
[INFO] [stdout]     = help: the following other types implement trait `Deserialize<'de>`:
[INFO] [stdout]               bool
[INFO] [stdout]               char
[INFO] [stdout]               isize
[INFO] [stdout]               i8
[INFO] [stdout]               i16
[INFO] [stdout]               i32
[INFO] [stdout]               i64
[INFO] [stdout]               i128
[INFO] [stdout]             and 127 others
[INFO] [stdout] 
[INFO] [stdout] 
[INFO] [stdout] error[E0277]: the trait bound `Test1: Deserialize<'_>` is not satisfied
[INFO] [stdout]    --> src/de.rs:567:24
[INFO] [stdout]     |
[INFO] [stdout] 567 |         let s: Test1 = de::Deserialize::deserialize(PathDeserializer::new(&path)).unwrap();
[INFO] [stdout]     |                        ^^^^^^^^^^^^^^^^^^^^^^^^^^^^ the trait `Deserialize<'_>` is not implemented for `Test1`
[INFO] [stdout]     |
[INFO] [stdout]     = help: the following other types implement trait `Deserialize<'de>`:
[INFO] [stdout]               bool
[INFO] [stdout]               char
[INFO] [stdout]               isize
[INFO] [stdout]               i8
[INFO] [stdout]               i16
[INFO] [stdout]               i32
[INFO] [stdout]               i64
[INFO] [stdout]               i128
[INFO] [stdout]             and 127 others
[INFO] [stdout] 
[INFO] [stdout] 
[INFO] [stdout] error[E0277]: the trait bound `Test2: Deserialize<'_>` is not satisfied
[INFO] [stdout]    --> src/de.rs:571:24
[INFO] [stdout]     |
[INFO] [stdout] 571 |         let s: Test2 = de::Deserialize::deserialize(PathDeserializer::new(&path)).unwrap();
[INFO] [stdout]     |                        ^^^^^^^^^^^^^^^^^^^^^^^^^^^^ the trait `Deserialize<'_>` is not implemented for `Test2`
[INFO] [stdout]     |
[INFO] [stdout]     = help: the following other types implement trait `Deserialize<'de>`:
[INFO] [stdout]               bool
[INFO] [stdout]               char
[INFO] [stdout]               isize
[INFO] [stdout]               i8
[INFO] [stdout]               i16
[INFO] [stdout]               i32
[INFO] [stdout]               i64
[INFO] [stdout]               i128
[INFO] [stdout]             and 127 others
[INFO] [stdout] 
[INFO] [stdout] 
[INFO] [stdout] error[E0277]: the trait bound `TestEnum: Deserialize<'_>` is not satisfied
[INFO] [stdout]    --> src/de.rs:606:27
[INFO] [stdout]     |
[INFO] [stdout] 606 |         let i: TestEnum = de::Deserialize::deserialize(PathDeserializer::new(&path)).unwrap();
[INFO] [stdout]     |                           ^^^^^^^^^^^^^^^^^^^^^^^^^^^^ the trait `Deserialize<'_>` is not implemented for `TestEnum`
[INFO] [stdout]     |
[INFO] [stdout]     = help: the following other types implement trait `Deserialize<'de>`:
[INFO] [stdout]               bool
[INFO] [stdout]               char
[INFO] [stdout]               isize
[INFO] [stdout]               i8
[INFO] [stdout]               i16
[INFO] [stdout]               i32
[INFO] [stdout]               i64
[INFO] [stdout]               i128
[INFO] [stdout]             and 127 others
[INFO] [stdout] 
[INFO] [stdout] 
[INFO] [stdout] error[E0277]: the trait bound `TestEnum: Deserialize<'_>` is not satisfied
[INFO] [stdout]    --> src/de.rs:616:13
[INFO] [stdout]     |
[INFO] [stdout] 616 |             de::Deserialize::deserialize(PathDeserializer::new(&path)).unwrap();
[INFO] [stdout]     |             ^^^^^^^^^^^^^^^^^^^^^^^^^^^^ the trait `Deserialize<'_>` is not implemented for `TestEnum`
[INFO] [stdout]     |
[INFO] [stdout]     = help: the following other types implement trait `Deserialize<'de>`:
[INFO] [stdout]               bool
[INFO] [stdout]               char
[INFO] [stdout]               isize
[INFO] [stdout]               i8
[INFO] [stdout]               i16
[INFO] [stdout]               i32
[INFO] [stdout]               i64
[INFO] [stdout]               i128
[INFO] [stdout]             and 127 others
[INFO] [stdout]     = note: required for `(TestEnum, TestEnum)` to implement `Deserialize<'_>`
[INFO] [stdout] 
[INFO] [stdout] 
[INFO] [stdout] error[E0277]: the trait bound `Test3: Deserialize<'_>` is not satisfied
[INFO] [stdout]    --> src/de.rs:628:24
[INFO] [stdout]     |
[INFO] [stdout] 628 |         let i: Test3 = de::Deserialize::deserialize(PathDeserializer::new(&path)).unwrap();
[INFO] [stdout]     |                        ^^^^^^^^^^^^^^^^^^^^^^^^^^^^ the trait `Deserialize<'_>` is not implemented for `Test3`
[INFO] [stdout]     |
[INFO] [stdout]     = help: the following other types implement trait `Deserialize<'de>`:
[INFO] [stdout]               bool
[INFO] [stdout]               char
[INFO] [stdout]               isize
[INFO] [stdout]               i8
[INFO] [stdout]               i16
[INFO] [stdout]               i32
[INFO] [stdout]               i64
[INFO] [stdout]               i128
[INFO] [stdout]             and 127 others
[INFO] [stdout] 
[INFO] [stdout] 
[INFO] [stdout] error[E0277]: the trait bound `Test3: Deserialize<'_>` is not satisfied
[INFO] [stdout]    --> src/de.rs:634:13
[INFO] [stdout]     |
[INFO] [stdout] 634 |             de::Deserialize::deserialize(PathDeserializer::new(&path));
[INFO] [stdout]     |             ^^^^^^^^^^^^^^^^^^^^^^^^^^^^ the trait `Deserialize<'_>` is not implemented for `Test3`
[INFO] [stdout]     |
[INFO] [stdout]     = help: the following other types implement trait `Deserialize<'de>`:
[INFO] [stdout]               bool
[INFO] [stdout]               char
[INFO] [stdout]               isize
[INFO] [stdout]               i8
[INFO] [stdout]               i16
[INFO] [stdout]               i32
[INFO] [stdout]               i64
[INFO] [stdout]               i128
[INFO] [stdout]             and 127 others
[INFO] [stdout] 
[INFO] [stdout] 
[INFO] [stdout] error[E0277]: the trait bound `Test1: Deserialize<'_>` is not satisfied
[INFO] [stdout]    --> src/de.rs:649:13
[INFO] [stdout]     |
[INFO] [stdout] 649 |             de::Deserialize::deserialize(PathDeserializer::new(&path));
[INFO] [stdout]     |             ^^^^^^^^^^^^^^^^^^^^^^^^^^^^ the trait `Deserialize<'_>` is not implemented for `Test1`
[INFO] [stdout]     |
[INFO] [stdout]     = help: the following other types implement trait `Deserialize<'de>`:
[INFO] [stdout]               bool
[INFO] [stdout]               char
[INFO] [stdout]               isize
[INFO] [stdout]               i8
[INFO] [stdout]               i16
[INFO] [stdout]               i32
[INFO] [stdout]               i64
[INFO] [stdout]               i128
[INFO] [stdout]             and 127 others
[INFO] [stdout] 
[INFO] [stdout] 
[INFO] [stdout] error[E0277]: the trait bound `Test2: Deserialize<'_>` is not satisfied
[INFO] [stdout]    --> src/de.rs:654:13
[INFO] [stdout]     |
[INFO] [stdout] 654 |             de::Deserialize::deserialize(PathDeserializer::new(&path));
[INFO] [stdout]     |             ^^^^^^^^^^^^^^^^^^^^^^^^^^^^ the trait `Deserialize<'_>` is not implemented for `Test2`
[INFO] [stdout]     |
[INFO] [stdout]     = help: the following other types implement trait `Deserialize<'de>`:
[INFO] [stdout]               bool
[INFO] [stdout]               char
[INFO] [stdout]               isize
[INFO] [stdout]               i8
[INFO] [stdout]               i16
[INFO] [stdout]               i32
[INFO] [stdout]               i64
[INFO] [stdout]               i128
[INFO] [stdout]             and 127 others
[INFO] [stdout] 
[INFO] [stdout] 
[INFO] [stdout] error[E0277]: the trait bound `Vals: Deserialize<'_>` is not satisfied
[INFO] [stdout]    --> src/de.rs:711:26
[INFO] [stdout]     |
[INFO] [stdout] 711 |         let vals: Vals = serde::Deserialize::deserialize(de).unwrap();
[INFO] [stdout]     |                          ^^^^^^^^^^^^^^^^^^^^^^^^^^^^^^^ the trait `Deserialize<'_>` is not implemented for `Vals`
[INFO] [stdout]     |
[INFO] [stdout]     = help: the following other types implement trait `Deserialize<'de>`:
[INFO] [stdout]               bool
[INFO] [stdout]               char
[INFO] [stdout]               isize
[INFO] [stdout]               i8
[INFO] [stdout]               i16
[INFO] [stdout]               i32
[INFO] [stdout]               i64
[INFO] [stdout]               i128
[INFO] [stdout]             and 127 others
[INFO] [stdout] 
[INFO] [stdout] 
[INFO] [stdout] error[E0277]: the trait bound `Params<'_>: Deserialize<'_>` is not satisfied
[INFO] [stdout]    --> src/de.rs:728:34
[INFO] [stdout]     |
[INFO] [stdout] 728 |         let params: Params<'_> = serde::Deserialize::deserialize(de).unwrap();
[INFO] [stdout]     |                                  ^^^^^^^^^^^^^^^^^^^^^^^^^^^^^^^ the trait `Deserialize<'_>` is not implemented for `Params<'_>`
[INFO] [stdout]     |
[INFO] [stdout]     = help: the following other types implement trait `Deserialize<'de>`:
[INFO] [stdout]               bool
[INFO] [stdout]               char
[INFO] [stdout]               isize
[INFO] [stdout]               i8
[INFO] [stdout]               i16
[INFO] [stdout]               i32
[INFO] [stdout]               i64
[INFO] [stdout]               i128
[INFO] [stdout]             and 127 others
[INFO] [stdout] 
[INFO] [stdout] 
[INFO] [stdout] error[E0277]: the trait bound `Params<'_>: Deserialize<'_>` is not satisfied
[INFO] [stdout]    --> src/de.rs:737:18
[INFO] [stdout]     |
[INFO] [stdout] 737 |         assert!(<Params<'_> as serde::Deserialize>::deserialize(de).is_err());
[INFO] [stdout]     |                  ^^^^^^^^^^ the trait `Deserialize<'_>` is not implemented for `Params<'_>`
[INFO] [stdout]     |
[INFO] [stdout]     = help: the following other types implement trait `Deserialize<'de>`:
[INFO] [stdout]               bool
[INFO] [stdout]               char
[INFO] [stdout]               isize
[INFO] [stdout]               i8
[INFO] [stdout]               i16
[INFO] [stdout]               i32
[INFO] [stdout]               i64
[INFO] [stdout]               i128
[INFO] [stdout]             and 127 others
[INFO] [stdout] 
[INFO] [stdout] 
[INFO] [stdout] error: aborting due to 21 previous errors
[INFO] [stdout] 
[INFO] [stdout] 
[INFO] [stdout] For more information about this error, try `rustc --explain E0277`.
[INFO] [stdout] 
[INFO] [stderr] error: could not compile `actix-router` (lib test) due to 22 previous errors
[INFO] running `Command { std: "docker" "inspect" "e57126624d3978a8317d3fa360e72ca6d19c320d3edca59b23b46f1a8eaa5781", kill_on_drop: false }`
[INFO] running `Command { std: "docker" "rm" "-f" "e57126624d3978a8317d3fa360e72ca6d19c320d3edca59b23b46f1a8eaa5781", kill_on_drop: false }`
[INFO] [stdout] e57126624d3978a8317d3fa360e72ca6d19c320d3edca59b23b46f1a8eaa5781
