[INFO] fetching crate actix-client-ip-cloudflare 0.1.1...
[INFO] testing actix-client-ip-cloudflare-0.1.1 against 1.75.0 for beta-1.76-1
[INFO] extracting crate actix-client-ip-cloudflare 0.1.1 into /workspace/builds/worker-6-tc1/source
[INFO] validating manifest of crates.io crate actix-client-ip-cloudflare 0.1.1 on toolchain 1.75.0
[INFO] running `Command { std: CARGO_HOME="/workspace/cargo-home" RUSTUP_HOME="/workspace/rustup-home" "/workspace/cargo-home/bin/cargo" "+1.75.0" "metadata" "--manifest-path" "Cargo.toml" "--no-deps", kill_on_drop: false }`
[INFO] started tweaking crates.io crate actix-client-ip-cloudflare 0.1.1
[INFO] removed 0 missing examples
[INFO] finished tweaking crates.io crate actix-client-ip-cloudflare 0.1.1
[INFO] tweaked toml for crates.io crate actix-client-ip-cloudflare 0.1.1 written to /workspace/builds/worker-6-tc1/source/Cargo.toml
[INFO] crate crates.io crate actix-client-ip-cloudflare 0.1.1 already has a lockfile, it will not be regenerated
[INFO] running `Command { std: CARGO_HOME="/workspace/cargo-home" RUSTUP_HOME="/workspace/rustup-home" "/workspace/cargo-home/bin/cargo" "+1.75.0" "fetch" "--manifest-path" "Cargo.toml", kill_on_drop: false }`
[INFO] [stderr]     Updating crates.io index
[INFO] [stderr]  Downloading crates ...
[INFO] [stderr]   Downloaded time-core v0.1.1
[INFO] [stderr]   Downloaded local-waker v0.1.3
[INFO] [stderr]   Downloaded actix-utils v3.0.1
[INFO] [stderr]   Downloaded deranged v0.3.8
[INFO] [stderr]   Downloaded actix-router v0.5.1
[INFO] [stderr]   Downloaded base64 v0.21.4
[INFO] [stderr]   Downloaded cpufeatures v0.2.9
[INFO] [stderr]   Downloaded lock_api v0.4.10
[INFO] [stderr]   Downloaded serde v1.0.188
[INFO] [stderr]   Downloaded futures-task v0.3.28
[INFO] [stderr]   Downloaded wasm-bindgen-backend v0.2.87
[INFO] [stderr]   Downloaded num-traits v0.2.16
[INFO] [stderr]   Downloaded time-macros v0.2.14
[INFO] [stderr]   Downloaded time v0.3.28
[INFO] [stderr]   Downloaded brotli v3.3.4
[INFO] [stderr]   Downloaded zstd-sys v2.0.8+zstd.1.5.5
[INFO] [stderr]   Downloaded zstd v0.12.4
[INFO] [stderr]   Downloaded tokio v1.32.0
[INFO] [stderr]   Downloaded tokio-util v0.7.8
[INFO] [stderr]   Downloaded h2 v0.3.21
[INFO] [stderr]   Downloaded openssl-sys v0.9.93
[INFO] [stderr]   Downloaded openssl v0.10.57
[INFO] [stderr]   Downloaded getrandom v0.2.10
[INFO] [stderr]   Downloaded js-sys v0.3.64
[INFO] [stderr]   Downloaded web-sys v0.3.64
[INFO] [stderr]   Downloaded rustls v0.21.7
[INFO] [stderr]   Downloaded regex-automata v0.3.8
[INFO] [stderr]   Downloaded mio v0.8.8
[INFO] [stderr]   Downloaded object v0.32.1
[INFO] [stderr]   Downloaded memchr v2.6.3
[INFO] [stderr]   Downloaded libc v0.2.147
[INFO] [stderr]   Downloaded actix-http v3.4.0
[INFO] [stderr]   Downloaded actix-tls v3.1.1
[INFO] [stderr]   Downloaded cookie v0.16.2
[INFO] [stderr]   Downloaded smallvec v1.11.0
[INFO] [stderr]   Downloaded socket2 v0.5.4
[INFO] [stderr]   Downloaded futures-core v0.3.28
[INFO] [stderr]   Downloaded futures-sink v0.3.28
[INFO] [stderr]   Downloaded pkg-config v0.3.27
[INFO] [stderr]   Downloaded sct v0.7.0
[INFO] [stderr]   Downloaded wasm-bindgen-shared v0.2.87
[INFO] [stderr]   Downloaded actix-server v2.3.0
[INFO] [stderr]   Downloaded actix-codec v0.5.1
[INFO] [stderr]   Downloaded ahash v0.8.3
[INFO] [stderr]   Downloaded alloc-stdlib v0.2.2
[INFO] [stderr]   Downloaded brotli-decompressor v2.3.4
[INFO] [stderr]   Downloaded typenum v1.16.0
[INFO] [stderr]   Downloaded actix-rt v2.9.0
[INFO] [stderr]   Downloaded actix-service v2.0.2
[INFO] [stderr]   Downloaded webpki-roots v0.22.6
[INFO] [stderr]   Downloaded serde_json v1.0.106
[INFO] [stderr]   Downloaded jobserver v0.1.26
[INFO] [stderr]   Downloaded awc v3.2.0
[INFO] [stderr]   Downloaded regex v1.9.5
[INFO] [stderr]   Downloaded wasm-bindgen v0.2.87
[INFO] [stderr]   Downloaded gimli v0.28.0
[INFO] [stderr]   Downloaded bumpalo v3.13.0
[INFO] [stderr]   Downloaded rustls v0.20.9
[INFO] [stderr]   Downloaded tracing-attributes v0.1.26
[INFO] [stderr]   Downloaded aho-corasick v1.0.5
[INFO] [stderr]   Downloaded actix-web v4.4.0
[INFO] [stderr]   Downloaded alloc-no-stdlib v2.0.4
[INFO] [stderr]   Downloaded http v0.2.9
[INFO] [stderr]   Downloaded bitflags v2.4.0
[INFO] [stderr]   Downloaded wasm-bindgen-macro-support v0.2.87
[INFO] [stderr]   Downloaded webpki v0.22.1
[INFO] [stderr]   Downloaded sha1 v0.10.5
[INFO] [stderr]   Downloaded zstd-safe v6.0.6
[INFO] [stderr]   Downloaded percent-encoding v2.3.0
[INFO] [stderr]   Downloaded itoa v1.0.9
[INFO] [stderr]   Downloaded debug-helper v0.3.13
[INFO] [stderr]   Downloaded redox_syscall v0.3.5
[INFO] [stderr]   Downloaded once_cell v1.18.0
[INFO] [stderr]   Downloaded unicode-ident v1.0.11
[INFO] [stderr]   Downloaded semver v1.0.18
[INFO] [stderr]   Downloaded futures-util v0.3.28
[INFO] [stderr]   Downloaded tracing v0.1.37
[INFO] [stderr]   Downloaded proc-macro2 v1.0.66
[INFO] [stderr]   Downloaded regex-syntax v0.7.5
[INFO] [stderr]   Downloaded flate2 v1.0.27
[INFO] [stderr]   Downloaded unicode-bidi v0.3.13
[INFO] [stderr]   Downloaded bytestring v1.3.0
[INFO] [stderr]   Downloaded wasm-bindgen-macro v0.2.87
[INFO] [stderr]   Downloaded form_urlencoded v1.2.0
[INFO] [stderr]   Downloaded quote v1.0.33
[INFO] [stderr]   Downloaded ryu v1.0.15
[INFO] [stderr]   Downloaded parking_lot_core v0.9.8
[INFO] [stderr]   Downloaded serde_derive v1.0.188
[INFO] [stderr]   Downloaded impl-more v0.1.6
[INFO] [stderr]   Downloaded cidr-utils v0.5.11
[INFO] [stderr]   Downloaded url v2.4.1
[INFO] [stderr]   Downloaded httpdate v1.0.3
[INFO] [stderr]   Downloaded rustls-webpki v0.101.4
[INFO] [stderr]   Downloaded tokio-openssl v0.6.3
[INFO] [stderr]   Downloaded tracing-core v0.1.31
[INFO] [stderr]   Downloaded language-tags v0.3.2
[INFO] [stderr]   Downloaded local-channel v0.1.3
[INFO] [stderr]   Downloaded tokio-rustls v0.23.4
[INFO] [stderr]   Downloaded idna v0.4.0
[INFO] [stderr]   Downloaded syn v2.0.32
[INFO] running `Command { std: "docker" "create" "-v" "/var/lib/crater-agent-workspace/builds/worker-6-tc1/target:/opt/rustwide/target:rw,Z" "-v" "/var/lib/crater-agent-workspace/builds/worker-6-tc1/source:/opt/rustwide/workdir:ro,Z" "-v" "/var/lib/crater-agent-workspace/cargo-home:/opt/rustwide/cargo-home:ro,Z" "-v" "/var/lib/crater-agent-workspace/rustup-home:/opt/rustwide/rustup-home:ro,Z" "-e" "SOURCE_DIR=/opt/rustwide/workdir" "-e" "CARGO_TARGET_DIR=/opt/rustwide/target" "-e" "CARGO_HOME=/opt/rustwide/cargo-home" "-e" "RUSTUP_HOME=/opt/rustwide/rustup-home" "-w" "/opt/rustwide/workdir" "-m" "1610612736" "--user" "0:0" "--network" "none" "ghcr.io/rust-lang/crates-build-env/linux@sha256:2788e3201cd34a07e3172128adcd8b3090168a8e3bcc40d7c032b9dda1df7d1c" "/opt/rustwide/cargo-home/bin/cargo" "+1.75.0" "metadata" "--no-deps" "--format-version=1", kill_on_drop: false }`
[INFO] [stdout] 887ff3fe08fb6c5b2d198d8e15705fbb27742ea85804530343028b517c27e0b0
[INFO] running `Command { std: "docker" "start" "-a" "887ff3fe08fb6c5b2d198d8e15705fbb27742ea85804530343028b517c27e0b0", kill_on_drop: false }`
[INFO] running `Command { std: "docker" "inspect" "887ff3fe08fb6c5b2d198d8e15705fbb27742ea85804530343028b517c27e0b0", kill_on_drop: false }`
[INFO] running `Command { std: "docker" "rm" "-f" "887ff3fe08fb6c5b2d198d8e15705fbb27742ea85804530343028b517c27e0b0", kill_on_drop: false }`
[INFO] [stdout] 887ff3fe08fb6c5b2d198d8e15705fbb27742ea85804530343028b517c27e0b0
[INFO] running `Command { std: "docker" "create" "-v" "/var/lib/crater-agent-workspace/builds/worker-6-tc1/target:/opt/rustwide/target:rw,Z" "-v" "/var/lib/crater-agent-workspace/builds/worker-6-tc1/source:/opt/rustwide/workdir:ro,Z" "-v" "/var/lib/crater-agent-workspace/cargo-home:/opt/rustwide/cargo-home:ro,Z" "-v" "/var/lib/crater-agent-workspace/rustup-home:/opt/rustwide/rustup-home:ro,Z" "-e" "SOURCE_DIR=/opt/rustwide/workdir" "-e" "CARGO_TARGET_DIR=/opt/rustwide/target" "-e" "CARGO_INCREMENTAL=0" "-e" "RUST_BACKTRACE=full" "-e" "RUSTFLAGS=--cap-lints=warn" "-e" "RUSTDOCFLAGS=--cap-lints=warn" "-e" "CARGO_HOME=/opt/rustwide/cargo-home" "-e" "RUSTUP_HOME=/opt/rustwide/rustup-home" "-w" "/opt/rustwide/workdir" "-m" "1610612736" "--user" "0:0" "--network" "none" "ghcr.io/rust-lang/crates-build-env/linux@sha256:2788e3201cd34a07e3172128adcd8b3090168a8e3bcc40d7c032b9dda1df7d1c" "/opt/rustwide/cargo-home/bin/cargo" "+1.75.0" "build" "--frozen" "--message-format=json", kill_on_drop: false }`
[INFO] [stdout] 430ed70b5d8105cafbbfe6c464428012ee49d501960d5d40e7faac762991e8a9
[INFO] running `Command { std: "docker" "start" "-a" "430ed70b5d8105cafbbfe6c464428012ee49d501960d5d40e7faac762991e8a9", kill_on_drop: false }`
[INFO] [stderr]    Compiling libc v0.2.147
[INFO] [stderr]    Compiling proc-macro2 v1.0.66
[INFO] [stderr]    Compiling once_cell v1.18.0
[INFO] [stderr]    Compiling unicode-ident v1.0.11
[INFO] [stderr]    Compiling pin-project-lite v0.2.13
[INFO] [stderr]    Compiling log v0.4.20
[INFO] [stderr]    Compiling lock_api v0.4.10
[INFO] [stderr]    Compiling parking_lot_core v0.9.8
[INFO] [stderr]    Compiling futures-core v0.3.28
[INFO] [stderr]    Compiling bytes v1.5.0
[INFO] [stderr]    Compiling smallvec v1.11.0
[INFO] [stderr]    Compiling scopeguard v1.2.0
[INFO] [stderr]    Compiling itoa v1.0.9
[INFO] [stderr]    Compiling tracing-core v0.1.31
[INFO] [stderr]    Compiling futures-sink v0.3.28
[INFO] [stderr]    Compiling untrusted v0.7.1
[INFO] [stderr]    Compiling spin v0.5.2
[INFO] [stderr]    Compiling typenum v1.16.0
[INFO] [stderr]    Compiling generic-array v0.14.7
[INFO] [stderr]    Compiling pkg-config v0.3.27
[INFO] [stderr]    Compiling futures-task v0.3.28
[INFO] [stderr]    Compiling memchr v2.6.3
[INFO] [stderr]    Compiling quote v1.0.33
[INFO] [stderr]    Compiling jobserver v0.1.26
[INFO] [stderr]    Compiling syn v2.0.32
[INFO] [stderr]    Compiling mio v0.8.8
[INFO] [stderr]    Compiling cc v1.0.83
[INFO] [stderr]    Compiling parking_lot v0.12.1
[INFO] [stderr]    Compiling socket2 v0.5.4
[INFO] [stderr]    Compiling signal-hook-registry v1.4.1
[INFO] [stderr]    Compiling tokio v1.32.0
[INFO] [stderr]    Compiling serde v1.0.188
[INFO] [stderr]    Compiling futures-util v0.3.28
[INFO] [stderr]    Compiling getrandom v0.2.10
[INFO] [stderr]    Compiling local-waker v0.1.3
[INFO] [stderr]    Compiling percent-encoding v2.3.0
[INFO] [stderr]    Compiling http v0.2.9
[INFO] [stderr]    Compiling indexmap v1.9.3
[INFO] [stderr]    Compiling slab v0.4.9
[INFO] [stderr]    Compiling alloc-no-stdlib v2.0.4
[INFO] [stderr]    Compiling zstd-safe v6.0.6
[INFO] [stderr]    Compiling crc32fast v1.3.2
[INFO] [stderr]    Compiling ring v0.16.20
[INFO] [stderr]    Compiling zstd-sys v2.0.8+zstd.1.5.5
[INFO] [stderr]    Compiling syn v1.0.109
[INFO] [stderr]    Compiling block-buffer v0.10.4
[INFO] [stderr]    Compiling crypto-common v0.1.6
[INFO] [stderr]    Compiling alloc-stdlib v0.2.2
[INFO] [stderr]    Compiling actix-service v2.0.2
[INFO] [stderr]    Compiling rand_core v0.6.4
[INFO] [stderr]    Compiling actix-utils v3.0.1
[INFO] [stderr]    Compiling aho-corasick v1.0.5
[INFO] [stderr]    Compiling ahash v0.8.3
[INFO] [stderr]    Compiling num-traits v0.2.16
[INFO] [stderr]    Compiling hashbrown v0.12.3
[INFO] [stderr]    Compiling rustls v0.20.9
[INFO] [stderr]    Compiling httparse v1.8.0
[INFO] [stderr]    Compiling adler v1.0.2
[INFO] [stderr]    Compiling time-core v0.1.1
[INFO] [stderr]    Compiling regex-syntax v0.7.5
[INFO] [stderr]    Compiling time-macros v0.2.14
[INFO] [stderr]    Compiling miniz_oxide v0.7.1
[INFO] [stderr]    Compiling rand_chacha v0.3.1
[INFO] [stderr]    Compiling brotli-decompressor v2.3.4
[INFO] [stderr]    Compiling actix-rt v2.9.0
[INFO] [stderr]    Compiling regex-automata v0.3.8
[INFO] [stderr]    Compiling webpki v0.22.1
[INFO] [stderr]    Compiling tracing-attributes v0.1.26
[INFO] [stderr]    Compiling serde_derive v1.0.188
[INFO] [stderr]    Compiling sct v0.7.0
[INFO] [stderr]    Compiling digest v0.10.7
[INFO] [stderr]    Compiling form_urlencoded v1.2.0
[INFO] [stderr]    Compiling bytestring v1.3.0
[INFO] [stderr]    Compiling convert_case v0.4.0
[INFO] [stderr]    Compiling deranged v0.3.8
[INFO] [stderr]    Compiling serde_json v1.0.106
[INFO] [stderr]    Compiling cpufeatures v0.2.9
[INFO] [stderr]    Compiling ryu v1.0.15
[INFO] [stderr]    Compiling bitflags v1.3.2
[INFO] [stderr]    Compiling rustls v0.21.7
[INFO] [stderr]    Compiling sha1 v0.10.5
[INFO] [stderr]    Compiling regex v1.9.5
[INFO] [stderr]    Compiling flate2 v1.0.27
[INFO] [stderr]    Compiling tracing v0.1.37
[INFO] [stderr]    Compiling time v0.3.28
[INFO] [stderr]    Compiling tokio-util v0.7.8
[INFO] [stderr]    Compiling brotli v3.3.4
[INFO] [stderr]    Compiling rustls-webpki v0.101.4
[INFO] [stderr]    Compiling actix-codec v0.5.1
[INFO] [stderr]    Compiling h2 v0.3.21
[INFO] [stderr]    Compiling rand v0.8.5
[INFO] [stderr]    Compiling derive_more v0.99.17
[INFO] [stderr]    Compiling unicode-normalization v0.1.22
[INFO] [stderr]    Compiling local-channel v0.1.3
[INFO] [stderr]    Compiling encoding_rs v0.8.33
[INFO] [stderr]    Compiling cookie v0.16.2
[INFO] [stderr]    Compiling language-tags v0.3.2
[INFO] [stderr]    Compiling mime v0.3.17
[INFO] [stderr]    Compiling base64 v0.21.4
[INFO] [stderr]    Compiling unicode-bidi v0.3.13
[INFO] [stderr]    Compiling httpdate v1.0.3
[INFO] [stderr]    Compiling bitflags v2.4.0
[INFO] [stderr]    Compiling idna v0.4.0
[INFO] [stderr]    Compiling num-integer v0.1.45
[INFO] [stderr]    Compiling tokio-rustls v0.23.4
[INFO] [stderr]    Compiling serde_urlencoded v0.7.1
[INFO] [stderr]    Compiling webpki-roots v0.22.6
[INFO] [stderr]    Compiling impl-more v0.1.6
[INFO] [stderr]    Compiling actix-router v0.5.1
[INFO] [stderr]    Compiling num-bigint v0.4.4
[INFO] [stderr]    Compiling url v2.4.1
[INFO] [stderr]    Compiling actix-server v2.3.0
[INFO] [stderr]    Compiling debug-helper v0.3.13
[INFO] [stderr]    Compiling actix-tls v3.1.1
[INFO] [stderr]    Compiling cidr-utils v0.5.11
[INFO] [stderr]    Compiling zstd v0.12.4
[INFO] [stderr]    Compiling actix-http v3.4.0
[INFO] [stderr]    Compiling actix-web v4.4.0
[INFO] [stderr]    Compiling awc v3.2.0
[INFO] [stderr]    Compiling actix-client-ip-cloudflare v0.1.1 (/opt/rustwide/workdir)
[INFO] [stderr]     Finished dev [unoptimized + debuginfo] target(s) in 1m 00s
[INFO] running `Command { std: "docker" "inspect" "430ed70b5d8105cafbbfe6c464428012ee49d501960d5d40e7faac762991e8a9", kill_on_drop: false }`
[INFO] running `Command { std: "docker" "rm" "-f" "430ed70b5d8105cafbbfe6c464428012ee49d501960d5d40e7faac762991e8a9", kill_on_drop: false }`
[INFO] [stdout] 430ed70b5d8105cafbbfe6c464428012ee49d501960d5d40e7faac762991e8a9
[INFO] running `Command { std: "docker" "create" "-v" "/var/lib/crater-agent-workspace/builds/worker-6-tc1/target:/opt/rustwide/target:rw,Z" "-v" "/var/lib/crater-agent-workspace/builds/worker-6-tc1/source:/opt/rustwide/workdir:ro,Z" "-v" "/var/lib/crater-agent-workspace/cargo-home:/opt/rustwide/cargo-home:ro,Z" "-v" "/var/lib/crater-agent-workspace/rustup-home:/opt/rustwide/rustup-home:ro,Z" "-e" "SOURCE_DIR=/opt/rustwide/workdir" "-e" "CARGO_TARGET_DIR=/opt/rustwide/target" "-e" "CARGO_INCREMENTAL=0" "-e" "RUST_BACKTRACE=full" "-e" "RUSTFLAGS=--cap-lints=warn" "-e" "RUSTDOCFLAGS=--cap-lints=warn" "-e" "CARGO_HOME=/opt/rustwide/cargo-home" "-e" "RUSTUP_HOME=/opt/rustwide/rustup-home" "-w" "/opt/rustwide/workdir" "-m" "1610612736" "--user" "0:0" "--network" "none" "ghcr.io/rust-lang/crates-build-env/linux@sha256:2788e3201cd34a07e3172128adcd8b3090168a8e3bcc40d7c032b9dda1df7d1c" "/opt/rustwide/cargo-home/bin/cargo" "+1.75.0" "test" "--frozen" "--no-run" "--message-format=json", kill_on_drop: false }`
[INFO] [stdout] 1a86cac6107b670a7e87fc3d82eb4b1e3e963fe694fba5b6828d832693f365d6
[INFO] running `Command { std: "docker" "start" "-a" "1a86cac6107b670a7e87fc3d82eb4b1e3e963fe694fba5b6828d832693f365d6", kill_on_drop: false }`
[INFO] [stderr]    Compiling actix-client-ip-cloudflare v0.1.1 (/opt/rustwide/workdir)
[INFO] [stdout] error[E0433]: failed to resolve: could not find `main` in `actix_web`
[INFO] [stdout]    --> examples/fetch-ips.rs:5:14
[INFO] [stdout]     |
[INFO] [stdout] 5   | #[actix_web::main]
[INFO] [stdout]     |              ^^^^ could not find `main` in `actix_web`
[INFO] [stdout]     |
[INFO] [stdout] note: found an item that was configured out
[INFO] [stdout]    --> /opt/rustwide/cargo-home/registry/src/index.crates.io-6f17d22bba15001f/actix-web-4.4.0/src/lib.rs:133:19
[INFO] [stdout]     |
[INFO] [stdout] 133 | codegen_reexport!(main);
[INFO] [stdout]     |                   ^^^^
[INFO] [stdout]     = note: the item is gated behind the `macros` feature
[INFO] [stdout] 
[INFO] [stdout] 
[INFO] [stdout] error[E0432]: unresolved import `actix_web::get`
[INFO] [stdout]    --> examples/extract-header.rs:2:17
[INFO] [stdout]     |
[INFO] [stdout] 2   | use actix_web::{get, web::Header, App, HttpServer, Responder};
[INFO] [stdout]     |                 ^^^ no `get` in the root
[INFO] [stdout]     |
[INFO] [stdout] note: found an item that was configured out
[INFO] [stdout]    --> /opt/rustwide/cargo-home/registry/src/index.crates.io-6f17d22bba15001f/actix-web-4.4.0/src/lib.rs:138:19
[INFO] [stdout]     |
[INFO] [stdout] 138 | codegen_reexport!(get);
[INFO] [stdout]     |                   ^^^
[INFO] [stdout]     = note: the item is gated behind the `macros` feature
[INFO] [stdout] 
[INFO] [stdout] 
[INFO] [stdout] error[E0433]: failed to resolve: could not find `main` in `actix_web`
[INFO] [stdout]    --> examples/extract-header.rs:17:14
[INFO] [stdout]     |
[INFO] [stdout] 17  | #[actix_web::main]
[INFO] [stdout]     |              ^^^^ could not find `main` in `actix_web`
[INFO] [stdout]     |
[INFO] [stdout] note: found an item that was configured out
[INFO] [stdout]    --> /opt/rustwide/cargo-home/registry/src/index.crates.io-6f17d22bba15001f/actix-web-4.4.0/src/lib.rs:133:19
[INFO] [stdout]     |
[INFO] [stdout] 133 | codegen_reexport!(main);
[INFO] [stdout]     |                   ^^^^
[INFO] [stdout]     = note: the item is gated behind the `macros` feature
[INFO] [stdout] 
[INFO] [stdout] 
[INFO] [stdout] error: cannot determine resolution for the attribute macro `get`
[INFO] [stdout]  --> examples/extract-header.rs:4:3
[INFO] [stdout]   |
[INFO] [stdout] 4 | #[get("/raw-header")]
[INFO] [stdout]   |   ^^^
[INFO] [stdout]   |
[INFO] [stdout]   = note: import resolution is stuck, try simplifying macro imports
[INFO] [stdout] 
[INFO] [stdout] 
[INFO] [stdout] error: cannot determine resolution for the attribute macro `get`
[INFO] [stdout]   --> examples/extract-header.rs:12:3
[INFO] [stdout]    |
[INFO] [stdout] 12 | #[get("/client-ip")]
[INFO] [stdout]    |   ^^^
[INFO] [stdout]    |
[INFO] [stdout]    = note: import resolution is stuck, try simplifying macro imports
[INFO] [stdout] 
[INFO] [stdout] 
[INFO] [stdout] error[E0433]: failed to resolve: use of undeclared crate or module `env_logger`
[INFO] [stdout]   --> examples/extract-header.rs:19:31
[INFO] [stdout]    |
[INFO] [stdout] 19 |     env_logger::init_from_env(env_logger::Env::new().default_filter_or("info"));
[INFO] [stdout]    |                               ^^^^^^^^^^ use of undeclared crate or module `env_logger`
[INFO] [stdout] 
[INFO] [stdout] 
[INFO] [stdout] error[E0433]: failed to resolve: use of undeclared crate or module `env_logger`
[INFO] [stdout]  --> examples/fetch-ips.rs:7:31
[INFO] [stdout]   |
[INFO] [stdout] 7 |     env_logger::init_from_env(env_logger::Env::new().default_filter_or("info"));
[INFO] [stdout]   |                               ^^^^^^^^^^ use of undeclared crate or module `env_logger`
[INFO] [stdout] 
[INFO] [stdout] 
[INFO] [stdout] error[E0433]: failed to resolve: use of undeclared crate or module `env_logger`
[INFO] [stdout]  --> examples/fetch-ips.rs:7:5
[INFO] [stdout]   |
[INFO] [stdout] 7 |     env_logger::init_from_env(env_logger::Env::new().default_filter_or("info"));
[INFO] [stdout]   |     ^^^^^^^^^^ use of undeclared crate or module `env_logger`
[INFO] [stdout] 
[INFO] [stdout] 
[INFO] [stdout] error[E0433]: failed to resolve: use of undeclared crate or module `env_logger`
[INFO] [stdout]   --> examples/extract-header.rs:19:5
[INFO] [stdout]    |
[INFO] [stdout] 19 |     env_logger::init_from_env(env_logger::Env::new().default_filter_or("info"));
[INFO] [stdout]    |     ^^^^^^^^^^ use of undeclared crate or module `env_logger`
[INFO] [stdout] 
[INFO] [stdout] 
[INFO] [stdout] error[E0752]: `main` function is not allowed to be `async`
[INFO] [stdout]  --> examples/fetch-ips.rs:6:1
[INFO] [stdout]   |
[INFO] [stdout] 6 | async fn main() {
[INFO] [stdout]   | ^^^^^^^^^^^^^^^ `main` function is not allowed to be `async`
[INFO] [stdout] 
[INFO] [stdout] 
[INFO] [stdout] error: aborting due to 4 previous errors
[INFO] [stdout] 
[INFO] [stdout] 
[INFO] [stdout] Some errors have detailed explanations: E0433, E0752.
[INFO] [stdout] 
[INFO] [stdout] For more information about an error, try `rustc --explain E0433`.
[INFO] [stdout] 
[INFO] [stderr] error: could not compile `actix-client-ip-cloudflare` (example "fetch-ips") due to 5 previous errors
[INFO] [stderr] warning: build failed, waiting for other jobs to finish...
[INFO] [stdout] error[E0277]: the trait bound `fn(actix_web::web::Header<CfConnectingIp>) -> impl std::future::Future<Output = impl Responder> {header}: HttpServiceFactory` is not satisfied
[INFO] [stdout]    --> examples/extract-header.rs:29:22
[INFO] [stdout]     |
[INFO] [stdout] 29  |             .service(header)
[INFO] [stdout]     |              ------- ^^^^^^ the trait `HttpServiceFactory` is not implemented for fn item `fn(actix_web::web::Header<CfConnectingIp>) -> impl std::future::Future<Output = impl Responder> {header}`
[INFO] [stdout]     |              |
[INFO] [stdout]     |              required by a bound introduced by this call
[INFO] [stdout]     |
[INFO] [stdout]     = help: the following other types implement trait `HttpServiceFactory`:
[INFO] [stdout]               Resource<T>
[INFO] [stdout]               actix_web::Scope<T>
[INFO] [stdout]               Vec<T>
[INFO] [stdout]               Redirect
[INFO] [stdout]               (A,)
[INFO] [stdout]               (A, B)
[INFO] [stdout]               (A, B, C)
[INFO] [stdout]               (A, B, C, D)
[INFO] [stdout]             and 8 others
[INFO] [stdout] note: required by a bound in `App::<T>::service`
[INFO] [stdout]    --> /opt/rustwide/cargo-home/registry/src/index.crates.io-6f17d22bba15001f/actix-web-4.4.0/src/app.rs:238:12
[INFO] [stdout]     |
[INFO] [stdout] 236 |     pub fn service<F>(mut self, factory: F) -> Self
[INFO] [stdout]     |            ------- required by a bound in this associated function
[INFO] [stdout] 237 |     where
[INFO] [stdout] 238 |         F: HttpServiceFactory + 'static,
[INFO] [stdout]     |            ^^^^^^^^^^^^^^^^^^ required by this bound in `App::<T>::service`
[INFO] [stdout] 
[INFO] [stdout] 
[INFO] [stdout] error[E0277]: the trait bound `fn(TrustedClientIp) -> impl std::future::Future<Output = impl Responder> {trusted_client_ip}: HttpServiceFactory` is not satisfied
[INFO] [stdout]    --> examples/extract-header.rs:30:22
[INFO] [stdout]     |
[INFO] [stdout] 30  |             .service(trusted_client_ip)
[INFO] [stdout]     |              ------- ^^^^^^^^^^^^^^^^^ the trait `HttpServiceFactory` is not implemented for fn item `fn(TrustedClientIp) -> impl std::future::Future<Output = impl Responder> {trusted_client_ip}`
[INFO] [stdout]     |              |
[INFO] [stdout]     |              required by a bound introduced by this call
[INFO] [stdout]     |
[INFO] [stdout]     = help: the following other types implement trait `HttpServiceFactory`:
[INFO] [stdout]               Resource<T>
[INFO] [stdout]               actix_web::Scope<T>
[INFO] [stdout]               Vec<T>
[INFO] [stdout]               Redirect
[INFO] [stdout]               (A,)
[INFO] [stdout]               (A, B)
[INFO] [stdout]               (A, B, C)
[INFO] [stdout]               (A, B, C, D)
[INFO] [stdout]             and 8 others
[INFO] [stdout] note: required by a bound in `App::<T>::service`
[INFO] [stdout]    --> /opt/rustwide/cargo-home/registry/src/index.crates.io-6f17d22bba15001f/actix-web-4.4.0/src/app.rs:238:12
[INFO] [stdout]     |
[INFO] [stdout] 236 |     pub fn service<F>(mut self, factory: F) -> Self
[INFO] [stdout]     |            ------- required by a bound in this associated function
[INFO] [stdout] 237 |     where
[INFO] [stdout] 238 |         F: HttpServiceFactory + 'static,
[INFO] [stdout]     |            ^^^^^^^^^^^^^^^^^^ required by this bound in `App::<T>::service`
[INFO] [stdout] 
[INFO] [stdout] 
[INFO] [stdout] error[E0752]: `main` function is not allowed to be `async`
[INFO] [stdout]   --> examples/extract-header.rs:18:1
[INFO] [stdout]    |
[INFO] [stdout] 18 | async fn main() -> std::io::Result<()> {
[INFO] [stdout]    | ^^^^^^^^^^^^^^^^^^^^^^^^^^^^^^^^^^^^^^ `main` function is not allowed to be `async`
[INFO] [stdout] 
[INFO] [stdout] 
[INFO] [stdout] error: aborting due to 9 previous errors
[INFO] [stdout] 
[INFO] [stdout] 
[INFO] [stdout] Some errors have detailed explanations: E0277, E0432, E0433, E0752.
[INFO] [stdout] 
[INFO] [stdout] For more information about an error, try `rustc --explain E0277`.
[INFO] [stdout] 
[INFO] [stderr] error: could not compile `actix-client-ip-cloudflare` (example "extract-header") due to 10 previous errors
[INFO] running `Command { std: "docker" "inspect" "1a86cac6107b670a7e87fc3d82eb4b1e3e963fe694fba5b6828d832693f365d6", kill_on_drop: false }`
[INFO] running `Command { std: "docker" "rm" "-f" "1a86cac6107b670a7e87fc3d82eb4b1e3e963fe694fba5b6828d832693f365d6", kill_on_drop: false }`
[INFO] [stdout] 1a86cac6107b670a7e87fc3d82eb4b1e3e963fe694fba5b6828d832693f365d6
[INFO] testing actix-client-ip-cloudflare-0.1.1 against beta-2023-12-22 for beta-1.76-1
[INFO] extracting crate actix-client-ip-cloudflare 0.1.1 into /workspace/builds/worker-6-tc2/source
[INFO] validating manifest of crates.io crate actix-client-ip-cloudflare 0.1.1 on toolchain beta-2023-12-22
[INFO] running `Command { std: CARGO_HOME="/workspace/cargo-home" RUSTUP_HOME="/workspace/rustup-home" "/workspace/cargo-home/bin/cargo" "+beta-2023-12-22" "metadata" "--manifest-path" "Cargo.toml" "--no-deps", kill_on_drop: false }`
[INFO] started tweaking crates.io crate actix-client-ip-cloudflare 0.1.1
[INFO] removed 0 missing examples
[INFO] finished tweaking crates.io crate actix-client-ip-cloudflare 0.1.1
[INFO] tweaked toml for crates.io crate actix-client-ip-cloudflare 0.1.1 written to /workspace/builds/worker-6-tc2/source/Cargo.toml
[INFO] crate crates.io crate actix-client-ip-cloudflare 0.1.1 already has a lockfile, it will not be regenerated
[INFO] running `Command { std: CARGO_HOME="/workspace/cargo-home" RUSTUP_HOME="/workspace/rustup-home" "/workspace/cargo-home/bin/cargo" "+beta-2023-12-22" "fetch" "--manifest-path" "Cargo.toml", kill_on_drop: false }`
[INFO] running `Command { std: "docker" "create" "-v" "/var/lib/crater-agent-workspace/builds/worker-6-tc2/target:/opt/rustwide/target:rw,Z" "-v" "/var/lib/crater-agent-workspace/builds/worker-6-tc2/source:/opt/rustwide/workdir:ro,Z" "-v" "/var/lib/crater-agent-workspace/cargo-home:/opt/rustwide/cargo-home:ro,Z" "-v" "/var/lib/crater-agent-workspace/rustup-home:/opt/rustwide/rustup-home:ro,Z" "-e" "SOURCE_DIR=/opt/rustwide/workdir" "-e" "CARGO_TARGET_DIR=/opt/rustwide/target" "-e" "CARGO_HOME=/opt/rustwide/cargo-home" "-e" "RUSTUP_HOME=/opt/rustwide/rustup-home" "-w" "/opt/rustwide/workdir" "-m" "1610612736" "--user" "0:0" "--network" "none" "ghcr.io/rust-lang/crates-build-env/linux@sha256:2788e3201cd34a07e3172128adcd8b3090168a8e3bcc40d7c032b9dda1df7d1c" "/opt/rustwide/cargo-home/bin/cargo" "+beta-2023-12-22" "metadata" "--no-deps" "--format-version=1", kill_on_drop: false }`
[INFO] [stdout] 68889c2e8274d31a13a065f6afb8163c2a78c5e908f7e87381fe90bee4e13c3e
[INFO] running `Command { std: "docker" "start" "-a" "68889c2e8274d31a13a065f6afb8163c2a78c5e908f7e87381fe90bee4e13c3e", kill_on_drop: false }`
[INFO] running `Command { std: "docker" "inspect" "68889c2e8274d31a13a065f6afb8163c2a78c5e908f7e87381fe90bee4e13c3e", kill_on_drop: false }`
[INFO] running `Command { std: "docker" "rm" "-f" "68889c2e8274d31a13a065f6afb8163c2a78c5e908f7e87381fe90bee4e13c3e", kill_on_drop: false }`
[INFO] [stdout] 68889c2e8274d31a13a065f6afb8163c2a78c5e908f7e87381fe90bee4e13c3e
[INFO] running `Command { std: "docker" "create" "-v" "/var/lib/crater-agent-workspace/builds/worker-6-tc2/target:/opt/rustwide/target:rw,Z" "-v" "/var/lib/crater-agent-workspace/builds/worker-6-tc2/source:/opt/rustwide/workdir:ro,Z" "-v" "/var/lib/crater-agent-workspace/cargo-home:/opt/rustwide/cargo-home:ro,Z" "-v" "/var/lib/crater-agent-workspace/rustup-home:/opt/rustwide/rustup-home:ro,Z" "-e" "SOURCE_DIR=/opt/rustwide/workdir" "-e" "CARGO_TARGET_DIR=/opt/rustwide/target" "-e" "CARGO_INCREMENTAL=0" "-e" "RUST_BACKTRACE=full" "-e" "RUSTFLAGS=--cap-lints=warn" "-e" "RUSTDOCFLAGS=--cap-lints=warn" "-e" "CARGO_HOME=/opt/rustwide/cargo-home" "-e" "RUSTUP_HOME=/opt/rustwide/rustup-home" "-w" "/opt/rustwide/workdir" "-m" "1610612736" "--user" "0:0" "--network" "none" "ghcr.io/rust-lang/crates-build-env/linux@sha256:2788e3201cd34a07e3172128adcd8b3090168a8e3bcc40d7c032b9dda1df7d1c" "/opt/rustwide/cargo-home/bin/cargo" "+beta-2023-12-22" "build" "--frozen" "--message-format=json", kill_on_drop: false }`
[INFO] [stdout] 71143f1d3c6b07a096021c2752d19b4472b7739ef3a4f39d49a589e1530ee3e5
[INFO] running `Command { std: "docker" "start" "-a" "71143f1d3c6b07a096021c2752d19b4472b7739ef3a4f39d49a589e1530ee3e5", kill_on_drop: false }`
[INFO] [stderr]    Compiling libc v0.2.147
[INFO] [stderr]    Compiling proc-macro2 v1.0.66
[INFO] [stderr]    Compiling once_cell v1.18.0
[INFO] [stderr]    Compiling unicode-ident v1.0.11
[INFO] [stderr]    Compiling pin-project-lite v0.2.13
[INFO] [stderr]    Compiling log v0.4.20
[INFO] [stderr]    Compiling lock_api v0.4.10
[INFO] [stderr]    Compiling bytes v1.5.0
[INFO] [stderr]    Compiling futures-core v0.3.28
[INFO] [stderr]    Compiling parking_lot_core v0.9.8
[INFO] [stderr]    Compiling smallvec v1.11.0
[INFO] [stderr]    Compiling scopeguard v1.2.0
[INFO] [stderr]    Compiling itoa v1.0.9
[INFO] [stderr]    Compiling tracing-core v0.1.31
[INFO] [stderr]    Compiling untrusted v0.7.1
[INFO] [stderr]    Compiling typenum v1.16.0
[INFO] [stderr]    Compiling futures-sink v0.3.28
[INFO] [stderr]    Compiling spin v0.5.2
[INFO] [stderr]    Compiling generic-array v0.14.7
[INFO] [stderr]    Compiling memchr v2.6.3
[INFO] [stderr]    Compiling pkg-config v0.3.27
[INFO] [stderr]    Compiling futures-task v0.3.28
[INFO] [stderr]    Compiling futures-util v0.3.28
[INFO] [stderr]    Compiling quote v1.0.33
[INFO] [stderr]    Compiling syn v2.0.32
[INFO] [stderr]    Compiling jobserver v0.1.26
[INFO] [stderr]    Compiling signal-hook-registry v1.4.1
[INFO] [stderr]    Compiling mio v0.8.8
[INFO] [stderr]    Compiling socket2 v0.5.4
[INFO] [stderr]    Compiling cc v1.0.83
[INFO] [stderr]    Compiling parking_lot v0.12.1
[INFO] [stderr]    Compiling serde v1.0.188
[INFO] [stderr]    Compiling tokio v1.32.0
[INFO] [stderr]    Compiling getrandom v0.2.10
[INFO] [stderr]    Compiling local-waker v0.1.3
[INFO] [stderr]    Compiling percent-encoding v2.3.0
[INFO] [stderr]    Compiling http v0.2.9
[INFO] [stderr]    Compiling slab v0.4.9
[INFO] [stderr]    Compiling indexmap v1.9.3
[INFO] [stderr]    Compiling zstd-safe v6.0.6
[INFO] [stderr]    Compiling alloc-no-stdlib v2.0.4
[INFO] [stderr]    Compiling syn v1.0.109
[INFO] [stderr]    Compiling crc32fast v1.3.2
[INFO] [stderr]    Compiling alloc-stdlib v0.2.2
[INFO] [stderr]    Compiling block-buffer v0.10.4
[INFO] [stderr]    Compiling crypto-common v0.1.6
[INFO] [stderr]    Compiling actix-service v2.0.2
[INFO] [stderr]    Compiling actix-utils v3.0.1
[INFO] [stderr]    Compiling rand_core v0.6.4
[INFO] [stderr]    Compiling ring v0.16.20
[INFO] [stderr]    Compiling zstd-sys v2.0.8+zstd.1.5.5
[INFO] [stderr]    Compiling aho-corasick v1.0.5
[INFO] [stderr]    Compiling ahash v0.8.3
[INFO] [stderr]    Compiling num-traits v0.2.16
[INFO] [stderr]    Compiling regex-syntax v0.7.5
[INFO] [stderr]    Compiling httparse v1.8.0
[INFO] [stderr]    Compiling hashbrown v0.12.3
[INFO] [stderr]    Compiling rustls v0.20.9
[INFO] [stderr]    Compiling adler v1.0.2
[INFO] [stderr]    Compiling time-core v0.1.1
[INFO] [stderr]    Compiling rand_chacha v0.3.1
[INFO] [stderr]    Compiling time-macros v0.2.14
[INFO] [stderr]    Compiling miniz_oxide v0.7.1
[INFO] [stderr]    Compiling actix-rt v2.9.0
[INFO] [stderr]    Compiling regex-automata v0.3.8
[INFO] [stderr]    Compiling digest v0.10.7
[INFO] [stderr]    Compiling brotli-decompressor v2.3.4
[INFO] [stderr]    Compiling form_urlencoded v1.2.0
[INFO] [stderr]    Compiling bytestring v1.3.0
[INFO] [stderr]    Compiling sct v0.7.0
[INFO] [stderr]    Compiling webpki v0.22.1
[INFO] [stderr]    Compiling ryu v1.0.15
[INFO] [stderr]    Compiling tracing-attributes v0.1.26
[INFO] [stderr]    Compiling serde_derive v1.0.188
[INFO] [stderr]    Compiling serde_json v1.0.106
[INFO] [stderr]    Compiling convert_case v0.4.0
[INFO] [stderr]    Compiling rustls v0.21.7
[INFO] [stderr]    Compiling bitflags v1.3.2
[INFO] [stderr]    Compiling cpufeatures v0.2.9
[INFO] [stderr]    Compiling deranged v0.3.8
[INFO] [stderr]    Compiling sha1 v0.10.5
[INFO] [stderr]    Compiling brotli v3.3.4
[INFO] [stderr]    Compiling regex v1.9.5
[INFO] [stderr]    Compiling rustls-webpki v0.101.4
[INFO] [stderr]    Compiling time v0.3.28
[INFO] [stderr]    Compiling tracing v0.1.37
[INFO] [stderr]    Compiling tokio-util v0.7.8
[INFO] [stderr]    Compiling actix-codec v0.5.1
[INFO] [stderr]    Compiling h2 v0.3.21
[INFO] [stderr]    Compiling derive_more v0.99.17
[INFO] [stderr]    Compiling flate2 v1.0.27
[INFO] [stderr]    Compiling rand v0.8.5
[INFO] [stderr]    Compiling local-channel v0.1.3
[INFO] [stderr]    Compiling unicode-normalization v0.1.22
[INFO] [stderr]    Compiling cookie v0.16.2
[INFO] [stderr]    Compiling encoding_rs v0.8.33
[INFO] [stderr]    Compiling language-tags v0.3.2
[INFO] [stderr]    Compiling base64 v0.21.4
[INFO] [stderr]    Compiling bitflags v2.4.0
[INFO] [stderr]    Compiling httpdate v1.0.3
[INFO] [stderr]    Compiling unicode-bidi v0.3.13
[INFO] [stderr]    Compiling mime v0.3.17
[INFO] [stderr]    Compiling idna v0.4.0
[INFO] [stderr]    Compiling num-integer v0.1.45
[INFO] [stderr]    Compiling tokio-rustls v0.23.4
[INFO] [stderr]    Compiling webpki-roots v0.22.6
[INFO] [stderr]    Compiling impl-more v0.1.6
[INFO] [stderr]    Compiling url v2.4.1
[INFO] [stderr]    Compiling num-bigint v0.4.4
[INFO] [stderr]    Compiling serde_urlencoded v0.7.1
[INFO] [stderr]    Compiling actix-router v0.5.1
[INFO] [stderr]    Compiling actix-server v2.3.0
[INFO] [stderr]    Compiling debug-helper v0.3.13
[INFO] [stderr]    Compiling cidr-utils v0.5.11
[INFO] [stderr]    Compiling actix-tls v3.1.1
[INFO] [stderr]    Compiling zstd v0.12.4
[INFO] [stderr]    Compiling actix-http v3.4.0
[INFO] [stderr]    Compiling awc v3.2.0
[INFO] [stderr]    Compiling actix-web v4.4.0
[INFO] [stderr]    Compiling actix-client-ip-cloudflare v0.1.1 (/opt/rustwide/workdir)
[INFO] [stderr]     Finished dev [unoptimized + debuginfo] target(s) in 47.24s
[INFO] running `Command { std: "docker" "inspect" "71143f1d3c6b07a096021c2752d19b4472b7739ef3a4f39d49a589e1530ee3e5", kill_on_drop: false }`
[INFO] running `Command { std: "docker" "rm" "-f" "71143f1d3c6b07a096021c2752d19b4472b7739ef3a4f39d49a589e1530ee3e5", kill_on_drop: false }`
[INFO] [stdout] 71143f1d3c6b07a096021c2752d19b4472b7739ef3a4f39d49a589e1530ee3e5
[INFO] running `Command { std: "docker" "create" "-v" "/var/lib/crater-agent-workspace/builds/worker-6-tc2/target:/opt/rustwide/target:rw,Z" "-v" "/var/lib/crater-agent-workspace/builds/worker-6-tc2/source:/opt/rustwide/workdir:ro,Z" "-v" "/var/lib/crater-agent-workspace/cargo-home:/opt/rustwide/cargo-home:ro,Z" "-v" "/var/lib/crater-agent-workspace/rustup-home:/opt/rustwide/rustup-home:ro,Z" "-e" "SOURCE_DIR=/opt/rustwide/workdir" "-e" "CARGO_TARGET_DIR=/opt/rustwide/target" "-e" "CARGO_INCREMENTAL=0" "-e" "RUST_BACKTRACE=full" "-e" "RUSTFLAGS=--cap-lints=warn" "-e" "RUSTDOCFLAGS=--cap-lints=warn" "-e" "CARGO_HOME=/opt/rustwide/cargo-home" "-e" "RUSTUP_HOME=/opt/rustwide/rustup-home" "-w" "/opt/rustwide/workdir" "-m" "1610612736" "--user" "0:0" "--network" "none" "ghcr.io/rust-lang/crates-build-env/linux@sha256:2788e3201cd34a07e3172128adcd8b3090168a8e3bcc40d7c032b9dda1df7d1c" "/opt/rustwide/cargo-home/bin/cargo" "+beta-2023-12-22" "test" "--frozen" "--no-run" "--message-format=json", kill_on_drop: false }`
[INFO] [stdout] 9057975e0f454eeb4207ba55610f37f6c8d689835d31a43d67c8f90bd976dfa0
[INFO] running `Command { std: "docker" "start" "-a" "9057975e0f454eeb4207ba55610f37f6c8d689835d31a43d67c8f90bd976dfa0", kill_on_drop: false }`
[INFO] [stderr]    Compiling actix-client-ip-cloudflare v0.1.1 (/opt/rustwide/workdir)
[INFO] [stdout] error[E0433]: failed to resolve: could not find `main` in `actix_web`
[INFO] [stdout]    --> examples/fetch-ips.rs:5:14
[INFO] [stdout]     |
[INFO] [stdout] 5   | #[actix_web::main]
[INFO] [stdout]     |              ^^^^ could not find `main` in `actix_web`
[INFO] [stdout]     |
[INFO] [stdout] note: found an item that was configured out
[INFO] [stdout]    --> /opt/rustwide/cargo-home/registry/src/index.crates.io-6f17d22bba15001f/actix-web-4.4.0/src/lib.rs:133:19
[INFO] [stdout]     |
[INFO] [stdout] 133 | codegen_reexport!(main);
[INFO] [stdout]     |                   ^^^^
[INFO] [stdout]     = note: the item is gated behind the `macros` feature
[INFO] [stdout] 
[INFO] [stdout] 
[INFO] [stdout] error[E0432]: unresolved import `actix_web::get`
[INFO] [stdout]    --> examples/extract-header.rs:2:17
[INFO] [stdout]     |
[INFO] [stdout] 2   | use actix_web::{get, web::Header, App, HttpServer, Responder};
[INFO] [stdout]     |                 ^^^ no `get` in the root
[INFO] [stdout]     |
[INFO] [stdout] note: found an item that was configured out
[INFO] [stdout]    --> /opt/rustwide/cargo-home/registry/src/index.crates.io-6f17d22bba15001f/actix-web-4.4.0/src/lib.rs:138:19
[INFO] [stdout]     |
[INFO] [stdout] 138 | codegen_reexport!(get);
[INFO] [stdout]     |                   ^^^
[INFO] [stdout]     = note: the item is gated behind the `macros` feature
[INFO] [stdout] 
[INFO] [stdout] 
[INFO] [stdout] error[E0433]: failed to resolve: could not find `main` in `actix_web`
[INFO] [stdout]    --> examples/extract-header.rs:17:14
[INFO] [stdout]     |
[INFO] [stdout] 17  | #[actix_web::main]
[INFO] [stdout]     |              ^^^^ could not find `main` in `actix_web`
[INFO] [stdout]     |
[INFO] [stdout] note: found an item that was configured out
[INFO] [stdout]    --> /opt/rustwide/cargo-home/registry/src/index.crates.io-6f17d22bba15001f/actix-web-4.4.0/src/lib.rs:133:19
[INFO] [stdout]     |
[INFO] [stdout] 133 | codegen_reexport!(main);
[INFO] [stdout]     |                   ^^^^
[INFO] [stdout]     = note: the item is gated behind the `macros` feature
[INFO] [stdout] 
[INFO] [stdout] 
[INFO] [stdout] error: cannot determine resolution for the attribute macro `get`
[INFO] [stdout]  --> examples/extract-header.rs:4:3
[INFO] [stdout]   |
[INFO] [stdout] 4 | #[get("/raw-header")]
[INFO] [stdout]   |   ^^^
[INFO] [stdout]   |
[INFO] [stdout]   = note: import resolution is stuck, try simplifying macro imports
[INFO] [stdout] 
[INFO] [stdout] 
[INFO] [stdout] error: cannot determine resolution for the attribute macro `get`
[INFO] [stdout]   --> examples/extract-header.rs:12:3
[INFO] [stdout]    |
[INFO] [stdout] 12 | #[get("/client-ip")]
[INFO] [stdout]    |   ^^^
[INFO] [stdout]    |
[INFO] [stdout]    = note: import resolution is stuck, try simplifying macro imports
[INFO] [stdout] 
[INFO] [stdout] 
[INFO] [stdout] error[E0433]: failed to resolve: use of undeclared crate or module `env_logger`
[INFO] [stdout]   --> examples/extract-header.rs:19:31
[INFO] [stdout]    |
[INFO] [stdout] 19 |     env_logger::init_from_env(env_logger::Env::new().default_filter_or("info"));
[INFO] [stdout]    |                               ^^^^^^^^^^ use of undeclared crate or module `env_logger`
[INFO] [stdout] 
[INFO] [stdout] 
[INFO] [stdout] error[E0433]: failed to resolve: use of undeclared crate or module `env_logger`
[INFO] [stdout]  --> examples/fetch-ips.rs:7:31
[INFO] [stdout]   |
[INFO] [stdout] 7 |     env_logger::init_from_env(env_logger::Env::new().default_filter_or("info"));
[INFO] [stdout]   |                               ^^^^^^^^^^ use of undeclared crate or module `env_logger`
[INFO] [stdout] 
[INFO] [stdout] 
[INFO] [stdout] error[E0433]: failed to resolve: use of undeclared crate or module `env_logger`
[INFO] [stdout]  --> examples/fetch-ips.rs:7:5
[INFO] [stdout]   |
[INFO] [stdout] 7 |     env_logger::init_from_env(env_logger::Env::new().default_filter_or("info"));
[INFO] [stdout]   |     ^^^^^^^^^^ use of undeclared crate or module `env_logger`
[INFO] [stdout] 
[INFO] [stdout] 
[INFO] [stdout] error[E0433]: failed to resolve: use of undeclared crate or module `env_logger`
[INFO] [stdout]   --> examples/extract-header.rs:19:5
[INFO] [stdout]    |
[INFO] [stdout] 19 |     env_logger::init_from_env(env_logger::Env::new().default_filter_or("info"));
[INFO] [stdout]    |     ^^^^^^^^^^ use of undeclared crate or module `env_logger`
[INFO] [stdout] 
[INFO] [stdout] 
[INFO] [stdout] error[E0752]: `main` function is not allowed to be `async`
[INFO] [stdout]  --> examples/fetch-ips.rs:6:1
[INFO] [stdout]   |
[INFO] [stdout] 6 | async fn main() {
[INFO] [stdout]   | ^^^^^^^^^^^^^^^ `main` function is not allowed to be `async`
[INFO] [stdout] 
[INFO] [stdout] 
[INFO] [stdout] error[E0277]: the trait bound `fn(actix_web::web::Header<CfConnectingIp>) -> impl std::future::Future<Output = impl Responder> {header}: HttpServiceFactory` is not satisfied
[INFO] [stdout]    --> examples/extract-header.rs:29:22
[INFO] [stdout]     |
[INFO] [stdout] 29  |             .service(header)
[INFO] [stdout]     |              ------- ^^^^^^ the trait `HttpServiceFactory` is not implemented for fn item `fn(actix_web::web::Header<CfConnectingIp>) -> impl std::future::Future<Output = impl Responder> {header}`
[INFO] [stdout]     |              |
[INFO] [stdout]     |              required by a bound introduced by this call
[INFO] [stdout]     |
[INFO] [stdout]     = help: the following other types implement trait `HttpServiceFactory`:
[INFO] [stdout]               Resource<T>
[INFO] [stdout]               actix_web::Scope<T>
[INFO] [stdout]               Vec<T>
[INFO] [stdout]               Redirect
[INFO] [stdout]               (A,)
[INFO] [stdout]               (A, B)
[INFO] [stdout]               (A, B, C)
[INFO] [stdout]               (A, B, C, D)
[INFO] [stdout]             and 8 others
[INFO] [stdout] note: required by a bound in `App::<T>::service`
[INFO] [stdout]    --> /opt/rustwide/cargo-home/registry/src/index.crates.io-6f17d22bba15001f/actix-web-4.4.0/src/app.rs:238:12
[INFO] [stdout]     |
[INFO] [stdout] 236 |     pub fn service<F>(mut self, factory: F) -> Self
[INFO] [stdout]     |            ------- required by a bound in this associated function
[INFO] [stdout] 237 |     where
[INFO] [stdout] 238 |         F: HttpServiceFactory + 'static,
[INFO] [stdout]     |            ^^^^^^^^^^^^^^^^^^ required by this bound in `App::<T>::service`
[INFO] [stdout] 
[INFO] [stdout] 
[INFO] [stdout] error[E0277]: the trait bound `fn(TrustedClientIp) -> impl std::future::Future<Output = impl Responder> {trusted_client_ip}: HttpServiceFactory` is not satisfied
[INFO] [stdout]    --> examples/extract-header.rs:30:22
[INFO] [stdout]     |
[INFO] [stdout] 30  |             .service(trusted_client_ip)
[INFO] [stdout]     |              ------- ^^^^^^^^^^^^^^^^^ the trait `HttpServiceFactory` is not implemented for fn item `fn(TrustedClientIp) -> impl std::future::Future<Output = impl Responder> {trusted_client_ip}`
[INFO] [stdout]     |              |
[INFO] [stdout]     |              required by a bound introduced by this call
[INFO] [stdout]     |
[INFO] [stdout]     = help: the following other types implement trait `HttpServiceFactory`:
[INFO] [stdout]               Resource<T>
[INFO] [stdout]               actix_web::Scope<T>
[INFO] [stdout]               Vec<T>
[INFO] [stdout]               Redirect
[INFO] [stdout]               (A,)
[INFO] [stdout]               (A, B)
[INFO] [stdout]               (A, B, C)
[INFO] [stdout]               (A, B, C, D)
[INFO] [stdout]             and 8 others
[INFO] [stdout] note: required by a bound in `App::<T>::service`
[INFO] [stdout]    --> /opt/rustwide/cargo-home/registry/src/index.crates.io-6f17d22bba15001f/actix-web-4.4.0/src/app.rs:238:12
[INFO] [stdout]     |
[INFO] [stdout] 236 |     pub fn service<F>(mut self, factory: F) -> Self
[INFO] [stdout]     |            ------- required by a bound in this associated function
[INFO] [stdout] 237 |     where
[INFO] [stdout] 238 |         F: HttpServiceFactory + 'static,
[INFO] [stdout]     |            ^^^^^^^^^^^^^^^^^^ required by this bound in `App::<T>::service`
[INFO] [stdout] 
[INFO] [stdout] 
[INFO] [stdout] error[E0752]: `main` function is not allowed to be `async`
[INFO] [stdout]   --> examples/extract-header.rs:18:1
[INFO] [stdout]    |
[INFO] [stdout] 18 | async fn main() -> std::io::Result<()> {
[INFO] [stdout]    | ^^^^^^^^^^^^^^^^^^^^^^^^^^^^^^^^^^^^^^ `main` function is not allowed to be `async`
[INFO] [stdout] 
[INFO] [stdout] 
[INFO] [stdout] error: aborting due to 4 previous errors
[INFO] [stdout] 
[INFO] [stdout] 
[INFO] [stdout] Some errors have detailed explanations: E0433, E0752.
[INFO] [stdout] 
[INFO] [stdout] For more information about an error, try `rustc --explain E0433`.
[INFO] [stdout] 
[INFO] [stdout] error: aborting due to 9 previous errors
[INFO] [stdout] 
[INFO] [stdout] 
[INFO] [stdout] Some errors have detailed explanations: E0277, E0432, E0433, E0752.
[INFO] [stdout] 
[INFO] [stdout] For more information about an error, try `rustc --explain E0277`.
[INFO] [stdout] 
[INFO] [stderr] error: could not compile `actix-client-ip-cloudflare` (example "fetch-ips") due to 5 previous errors
[INFO] [stderr] warning: build failed, waiting for other jobs to finish...
[INFO] [stderr] error: could not compile `actix-client-ip-cloudflare` (example "extract-header") due to 10 previous errors
[INFO] running `Command { std: "docker" "inspect" "9057975e0f454eeb4207ba55610f37f6c8d689835d31a43d67c8f90bd976dfa0", kill_on_drop: false }`
[INFO] running `Command { std: "docker" "rm" "-f" "9057975e0f454eeb4207ba55610f37f6c8d689835d31a43d67c8f90bd976dfa0", kill_on_drop: false }`
[INFO] [stdout] 9057975e0f454eeb4207ba55610f37f6c8d689835d31a43d67c8f90bd976dfa0
