[INFO] fetching crate actix-casbin-auth 0.4.4...
[INFO] testing actix-casbin-auth-0.4.4 against 1.75.0 for beta-1.76-1
[INFO] extracting crate actix-casbin-auth 0.4.4 into /workspace/builds/worker-4-tc1/source
[INFO] validating manifest of crates.io crate actix-casbin-auth 0.4.4 on toolchain 1.75.0
[INFO] running `Command { std: CARGO_HOME="/workspace/cargo-home" RUSTUP_HOME="/workspace/rustup-home" "/workspace/cargo-home/bin/cargo" "+1.75.0" "metadata" "--manifest-path" "Cargo.toml" "--no-deps", kill_on_drop: false }`
[INFO] started tweaking crates.io crate actix-casbin-auth 0.4.4
[INFO] finished tweaking crates.io crate actix-casbin-auth 0.4.4
[INFO] tweaked toml for crates.io crate actix-casbin-auth 0.4.4 written to /workspace/builds/worker-4-tc1/source/Cargo.toml
[INFO] running `Command { std: CARGO_HOME="/workspace/cargo-home" RUSTUP_HOME="/workspace/rustup-home" "/workspace/cargo-home/bin/cargo" "+1.75.0" "generate-lockfile" "--manifest-path" "Cargo.toml", kill_on_drop: false }`
[INFO] [stderr]     Updating crates.io index
[INFO] running `Command { std: CARGO_HOME="/workspace/cargo-home" RUSTUP_HOME="/workspace/rustup-home" "/workspace/cargo-home/bin/cargo" "+1.75.0" "fetch" "--manifest-path" "Cargo.toml", kill_on_drop: false }`
[INFO] [stderr]  Downloading crates ...
[INFO] [stderr]   Downloaded match_cfg v0.1.0
[INFO] [stderr]   Downloaded threadpool v1.8.1
[INFO] [stderr]   Downloaded value-bag v1.4.3
[INFO] [stderr]   Downloaded mio-named-pipes v0.1.7
[INFO] [stderr]   Downloaded actix-macros v0.1.3
[INFO] [stderr]   Downloaded winreg v0.6.2
[INFO] [stderr]   Downloaded lru-cache v0.1.2
[INFO] [stderr]   Downloaded resolv-conf v0.7.0
[INFO] [stderr]   Downloaded const-random v0.1.17
[INFO] [stderr]   Downloaded camino v1.1.6
[INFO] [stderr]   Downloaded pin-project v0.4.30
[INFO] [stderr]   Downloaded stdweb-internal-runtime v0.1.5
[INFO] [stderr]   Downloaded waker-fn v1.1.1
[INFO] [stderr]   Downloaded fixedbitset v0.4.2
[INFO] [stderr]   Downloaded actix-service v1.0.6
[INFO] [stderr]   Downloaded standback v0.2.17
[INFO] [stderr]   Downloaded indexmap v2.1.0
[INFO] [stderr]   Downloaded event-listener-strategy v0.4.0
[INFO] [stderr]   Downloaded sha1 v0.6.1
[INFO] [stderr]   Downloaded time v0.2.27
[INFO] [stderr]   Downloaded linux-raw-sys v0.3.8
[INFO] [stderr]   Downloaded atomic-waker v1.1.2
[INFO] [stderr]   Downloaded web-sys v0.3.66
[INFO] [stderr]   Downloaded socket2 v0.4.10
[INFO] [stderr]   Downloaded enum-as-inner v0.3.4
[INFO] [stderr]   Downloaded actix-testing v1.0.1
[INFO] [stderr]   Downloaded actix-tls v2.0.0
[INFO] [stderr]   Downloaded actix-web-codegen v0.4.0
[INFO] [stderr]   Downloaded hostname v0.3.1
[INFO] [stderr]   Downloaded trust-dns-proto v0.19.7
[INFO] [stderr]   Downloaded actix-utils v2.0.0
[INFO] [stderr]   Downloaded cpufeatures v0.2.12
[INFO] [stderr]   Downloaded sha-1 v0.9.8
[INFO] [stderr]   Downloaded parking_lot v0.11.2
[INFO] [stderr]   Downloaded pin-project-internal v0.4.30
[INFO] [stderr]   Downloaded awc v2.0.3
[INFO] [stderr]   Downloaded rustc_version v0.2.3
[INFO] [stderr]   Downloaded time-macros-impl v0.1.2
[INFO] [stderr]   Downloaded async-io v2.2.2
[INFO] [stderr]   Downloaded event-listener v4.0.2
[INFO] [stderr]   Downloaded async-task v4.7.0
[INFO] [stderr]   Downloaded blocking v1.5.1
[INFO] [stderr]   Downloaded async-global-executor v2.4.1
[INFO] [stderr]   Downloaded concurrent-queue v2.4.0
[INFO] [stderr]   Downloaded polling v2.8.0
[INFO] [stderr]   Downloaded io-lifetimes v1.0.11
[INFO] [stderr]   Downloaded async-lock v2.8.0
[INFO] [stderr]   Downloaded parking v2.2.0
[INFO] [stderr]   Downloaded futures-lite v1.13.0
[INFO] [stderr]   Downloaded gloo-timers v0.2.6
[INFO] [stderr]   Downloaded async-std v1.12.0
[INFO] [stderr]   Downloaded bytecount v0.6.7
[INFO] [stderr]   Downloaded cargo-platform v0.1.6
[INFO] [stderr]   Downloaded cargo_metadata v0.14.2
[INFO] [stderr]   Downloaded skeptic v0.13.7
[INFO] [stderr]   Downloaded petgraph v0.6.4
[INFO] [stderr]   Downloaded tiny-keccak v2.0.2
[INFO] [stderr]   Downloaded rhai v1.16.3
[INFO] [stderr]   Downloaded ahash v0.7.7
[INFO] [stderr]   Downloaded hashbrown v0.11.2
[INFO] [stderr]   Downloaded ritelinked v0.3.2
[INFO] [stderr]   Downloaded casbin v2.1.0
[INFO] [stderr]   Downloaded futures-macro v0.3.30
[INFO] [stderr]   Downloaded mio-uds v0.6.8
[INFO] [stderr]   Downloaded copyless v0.1.5
[INFO] [stderr]   Downloaded semver v0.9.0
[INFO] [stderr]   Downloaded actix-connect v2.0.0
[INFO] [stderr]   Downloaded stdweb-derive v0.5.3
[INFO] [stderr]   Downloaded sha1_smol v1.0.0
[INFO] [stderr]   Downloaded actix-server v1.0.4
[INFO] [stderr]   Downloaded async-channel v1.9.0
[INFO] [stderr]   Downloaded actix-http v2.2.2
[INFO] [stderr]   Downloaded stdweb v0.4.20
[INFO] [stderr]   Downloaded time-macros v0.1.1
[INFO] [stderr]   Downloaded language-tags v0.2.2
[INFO] [stderr]   Downloaded piper v0.2.1
[INFO] [stderr]   Downloaded rustix v0.37.27
[INFO] [stderr]   Downloaded actix-router v0.2.7
[INFO] [stderr]   Downloaded widestring v0.4.3
[INFO] [stderr]   Downloaded trust-dns-resolver v0.19.7
[INFO] [stderr]   Downloaded error-chain v0.12.4
[INFO] [stderr]   Downloaded quick-error v1.2.3
[INFO] [stderr]   Downloaded actix-codec v0.3.0
[INFO] [stderr]   Downloaded actix-threadpool v0.3.3
[INFO] [stderr]   Downloaded discard v1.0.4
[INFO] [stderr]   Downloaded base-x v0.2.11
[INFO] [stderr]   Downloaded wasm-bindgen-futures v0.4.39
[INFO] [stderr]   Downloaded actix-web v3.3.3
[INFO] [stderr]   Downloaded bytestring v1.3.1
[INFO] [stderr]   Downloaded async-attributes v1.1.2
[INFO] [stderr]   Downloaded stdweb-internal-macros v0.2.9
[INFO] [stderr]   Downloaded polling v3.3.1
[INFO] [stderr]   Downloaded async-channel v2.1.1
[INFO] [stderr]   Downloaded async-trait v0.1.77
[INFO] [stderr]   Downloaded rhai_codegen v1.6.0
[INFO] [stderr]   Downloaded smartstring v1.0.1
[INFO] [stderr]   Downloaded cookie v0.14.4
[INFO] [stderr]   Downloaded actix-rt v1.1.1
[INFO] [stderr]   Downloaded semver-parser v0.7.0
[INFO] [stderr]   Downloaded kv-log-macro v1.0.7
[INFO] [stderr]   Downloaded parking_lot_core v0.8.6
[INFO] [stderr]   Downloaded dashmap v5.5.3
[INFO] [stderr]   Downloaded async-executor v1.8.0
[INFO] [stderr]   Downloaded tagptr v0.2.0
[INFO] [stderr]   Downloaded triomphe v0.1.11
[INFO] [stderr]   Downloaded async-lock v3.2.0
[INFO] [stderr]   Downloaded equivalent v1.0.1
[INFO] [stderr]   Downloaded async-io v1.13.0
[INFO] [stderr]   Downloaded event-listener v2.5.3
[INFO] [stderr]   Downloaded const-random-macro v0.1.16
[INFO] [stderr]   Downloaded futures-lite v2.1.0
[INFO] [stderr]   Downloaded pulldown-cmark v0.9.3
[INFO] [stderr]   Downloaded mini-moka v0.10.2
[INFO] [stderr]   Downloaded ipconfig v0.2.2
[INFO] [stderr]   Downloaded tokio-macros v0.2.6
[INFO] [stderr]   Downloaded hashbrown v0.14.3
[INFO] running `Command { std: "docker" "create" "-v" "/var/lib/crater-agent-workspace/builds/worker-4-tc1/target:/opt/rustwide/target:rw,Z" "-v" "/var/lib/crater-agent-workspace/builds/worker-4-tc1/source:/opt/rustwide/workdir:ro,Z" "-v" "/var/lib/crater-agent-workspace/cargo-home:/opt/rustwide/cargo-home:ro,Z" "-v" "/var/lib/crater-agent-workspace/rustup-home:/opt/rustwide/rustup-home:ro,Z" "-e" "SOURCE_DIR=/opt/rustwide/workdir" "-e" "CARGO_TARGET_DIR=/opt/rustwide/target" "-e" "CARGO_HOME=/opt/rustwide/cargo-home" "-e" "RUSTUP_HOME=/opt/rustwide/rustup-home" "-w" "/opt/rustwide/workdir" "-m" "1610612736" "--user" "0:0" "--network" "none" "ghcr.io/rust-lang/crates-build-env/linux@sha256:2788e3201cd34a07e3172128adcd8b3090168a8e3bcc40d7c032b9dda1df7d1c" "/opt/rustwide/cargo-home/bin/cargo" "+1.75.0" "metadata" "--no-deps" "--format-version=1", kill_on_drop: false }`
[INFO] [stdout] f18071aba1edad613cae906eb6fb19fb8fb019e333b424c57532294d03364b7b
[INFO] running `Command { std: "docker" "start" "-a" "f18071aba1edad613cae906eb6fb19fb8fb019e333b424c57532294d03364b7b", kill_on_drop: false }`
[INFO] running `Command { std: "docker" "inspect" "f18071aba1edad613cae906eb6fb19fb8fb019e333b424c57532294d03364b7b", kill_on_drop: false }`
[INFO] running `Command { std: "docker" "rm" "-f" "f18071aba1edad613cae906eb6fb19fb8fb019e333b424c57532294d03364b7b", kill_on_drop: false }`
[INFO] [stdout] f18071aba1edad613cae906eb6fb19fb8fb019e333b424c57532294d03364b7b
[INFO] running `Command { std: "docker" "create" "-v" "/var/lib/crater-agent-workspace/builds/worker-4-tc1/target:/opt/rustwide/target:rw,Z" "-v" "/var/lib/crater-agent-workspace/builds/worker-4-tc1/source:/opt/rustwide/workdir:ro,Z" "-v" "/var/lib/crater-agent-workspace/cargo-home:/opt/rustwide/cargo-home:ro,Z" "-v" "/var/lib/crater-agent-workspace/rustup-home:/opt/rustwide/rustup-home:ro,Z" "-e" "SOURCE_DIR=/opt/rustwide/workdir" "-e" "CARGO_TARGET_DIR=/opt/rustwide/target" "-e" "CARGO_INCREMENTAL=0" "-e" "RUST_BACKTRACE=full" "-e" "RUSTFLAGS=--cap-lints=warn" "-e" "RUSTDOCFLAGS=--cap-lints=warn" "-e" "CARGO_HOME=/opt/rustwide/cargo-home" "-e" "RUSTUP_HOME=/opt/rustwide/rustup-home" "-w" "/opt/rustwide/workdir" "-m" "1610612736" "--user" "0:0" "--network" "none" "ghcr.io/rust-lang/crates-build-env/linux@sha256:2788e3201cd34a07e3172128adcd8b3090168a8e3bcc40d7c032b9dda1df7d1c" "/opt/rustwide/cargo-home/bin/cargo" "+1.75.0" "build" "--frozen" "--message-format=json", kill_on_drop: false }`
[INFO] [stdout] 59d771b46555949561b8a3408d4e2319f54a45f4a327ae07208f9c5ac5c45548
[INFO] running `Command { std: "docker" "start" "-a" "59d771b46555949561b8a3408d4e2319f54a45f4a327ae07208f9c5ac5c45548", kill_on_drop: false }`
[INFO] [stderr]    Compiling libc v0.2.151
[INFO] [stderr]    Compiling syn v1.0.109
[INFO] [stderr]    Compiling version_check v0.9.4
[INFO] [stderr]    Compiling value-bag v1.4.3
[INFO] [stderr]    Compiling serde v1.0.194
[INFO] [stderr]    Compiling syn v2.0.48
[INFO] [stderr]    Compiling futures-sink v0.3.30
[INFO] [stderr]    Compiling lock_api v0.4.11
[INFO] [stderr]    Compiling futures-channel v0.3.30
[INFO] [stderr]    Compiling log v0.4.20
[INFO] [stderr]    Compiling crossbeam-utils v0.8.18
[INFO] [stderr]    Compiling scopeguard v1.2.0
[INFO] [stderr]    Compiling parking_lot_core v0.8.6
[INFO] [stderr]    Compiling parking v2.2.0
[INFO] [stderr]    Compiling pin-project-internal v0.4.30
[INFO] [stderr]    Compiling bitflags v1.3.2
[INFO] [stderr]    Compiling tracing-core v0.1.32
[INFO] [stderr]    Compiling instant v0.1.12
[INFO] [stderr]    Compiling getrandom v0.1.16
[INFO] [stderr]    Compiling tinyvec_macros v0.1.1
[INFO] [stderr]    Compiling convert_case v0.4.0
[INFO] [stderr]    Compiling tinyvec v1.6.0
[INFO] [stderr]    Compiling percent-encoding v2.3.1
[INFO] [stderr]    Compiling concurrent-queue v2.4.0
[INFO] [stderr]    Compiling standback v0.2.17
[INFO] [stderr]    Compiling tracing v0.1.40
[INFO] [stderr]    Compiling event-listener v4.0.2
[INFO] [stderr]    Compiling unicode-bidi v0.3.14
[INFO] [stderr]    Compiling async-trait v0.1.77
[INFO] [stderr]    Compiling unicode-normalization v0.1.22
[INFO] [stderr]    Compiling copyless v0.1.5
[INFO] [stderr]    Compiling itoa v1.0.10
[INFO] [stderr]    Compiling net2 v0.2.39
[INFO] [stderr]    Compiling iovec v0.1.4
[INFO] [stderr]    Compiling num_cpus v1.16.0
[INFO] [stderr]    Compiling signal-hook-registry v1.4.1
[INFO] [stderr]    Compiling mio v0.6.23
[INFO] [stderr]    Compiling threadpool v1.8.1
[INFO] [stderr]    Compiling typenum v1.17.0
[INFO] [stderr]    Compiling proc-macro-hack v0.5.20+deprecated
[INFO] [stderr]    Compiling rand_core v0.5.1
[INFO] [stderr]    Compiling getrandom v0.2.11
[INFO] [stderr]    Compiling event-listener-strategy v0.4.0
[INFO] [stderr]    Compiling form_urlencoded v1.2.1
[INFO] [stderr]    Compiling generic-array v0.14.7
[INFO] [stderr]    Compiling crunchy v0.2.2
[INFO] [stderr]    Compiling either v1.9.0
[INFO] [stderr]    Compiling fastrand v2.0.1
[INFO] [stderr]    Compiling mio-uds v0.6.8
[INFO] [stderr]    Compiling ppv-lite86 v0.2.17
[INFO] [stderr]    Compiling bytes v1.5.0
[INFO] [stderr]    Compiling rand_chacha v0.2.2
[INFO] [stderr]    Compiling idna v0.5.0
[INFO] [stderr]    Compiling aho-corasick v1.1.2
[INFO] [stderr]    Compiling rustix v0.38.28
[INFO] [stderr]    Compiling tiny-keccak v2.0.2
[INFO] [stderr]    Compiling regex-syntax v0.8.2
[INFO] [stderr]    Compiling heck v0.4.1
[INFO] [stderr]    Compiling match_cfg v0.1.0
[INFO] [stderr]    Compiling bitflags v2.4.1
[INFO] [stderr]    Compiling matches v0.1.10
[INFO] [stderr]    Compiling const_fn v0.4.9
[INFO] [stderr]    Compiling idna v0.2.3
[INFO] [stderr]    Compiling hostname v0.3.1
[INFO] [stderr]    Compiling url v2.5.0
[INFO] [stderr]    Compiling http v0.2.11
[INFO] [stderr]    Compiling rand v0.7.3
[INFO] [stderr]    Compiling futures-lite v2.1.0
[INFO] [stderr]    Compiling async-lock v3.2.0
[INFO] [stderr]    Compiling time v0.2.27
[INFO] [stderr]    Compiling regex-automata v0.4.3
[INFO] [stderr]    Compiling indexmap v1.9.3
[INFO] [stderr]    Compiling quick-error v1.2.3
[INFO] [stderr]    Compiling parking_lot_core v0.9.9
[INFO] [stderr]    Compiling io-lifetimes v1.0.11
[INFO] [stderr]    Compiling linux-raw-sys v0.4.12
[INFO] [stderr]    Compiling linked-hash-map v0.5.6
[INFO] [stderr]    Compiling lru-cache v0.1.2
[INFO] [stderr]    Compiling resolv-conf v0.7.0
[INFO] [stderr]    Compiling cookie v0.14.4
[INFO] [stderr]    Compiling ahash v0.7.7
[INFO] [stderr]    Compiling polling v2.8.0
[INFO] [stderr]    Compiling ryu v1.0.16
[INFO] [stderr]    Compiling async-task v4.7.0
[INFO] [stderr]    Compiling serde_derive v1.0.194
[INFO] [stderr]    Compiling futures-macro v0.3.30
[INFO] [stderr]    Compiling thiserror-impl v1.0.56
[INFO] [stderr]    Compiling pin-project-internal v1.1.3
[INFO] [stderr]    Compiling tokio-macros v0.2.6
[INFO] [stderr]    Compiling tokio v0.2.25
[INFO] [stderr]    Compiling futures-util v0.3.30
[INFO] [stderr]    Compiling derive_more v0.99.17
[INFO] [stderr]    Compiling actix-macros v0.1.3
[INFO] [stderr]    Compiling thiserror v1.0.56
[INFO] [stderr]    Compiling time-macros-impl v0.1.2
[INFO] [stderr]    Compiling pin-project v0.4.30
[INFO] [stderr]    Compiling enum-as-inner v0.3.4
[INFO] [stderr]    Compiling pin-project v1.1.3
[INFO] [stderr]    Compiling regex v1.10.2
[INFO] [stderr]    Compiling time-macros v0.1.1
[INFO] [stderr]    Compiling hashbrown v0.14.3
[INFO] [stderr]    Compiling hashbrown v0.12.3
[INFO] [stderr]    Compiling rustix v0.37.27
[INFO] [stderr]    Compiling event-listener v2.5.3
[INFO] [stderr]    Compiling serde_json v1.0.111
[INFO] [stderr]    Compiling atomic-waker v1.1.2
[INFO] [stderr]    Compiling piper v0.2.1
[INFO] [stderr]    Compiling tokio-util v0.3.1
[INFO] [stderr]    Compiling actix-codec v0.3.0
[INFO] [stderr]    Compiling tracing-futures v0.2.5
[INFO] [stderr]    Compiling actix-service v1.0.6
[INFO] [stderr]    Compiling futures-executor v0.3.30
[INFO] [stderr]    Compiling futures v0.3.30
[INFO] [stderr]    Compiling const-random-macro v0.1.16
[INFO] [stderr]    Compiling block-buffer v0.9.0
[INFO] [stderr]    Compiling digest v0.9.0
[INFO] [stderr]    Compiling async-channel v2.1.1
[INFO] [stderr]    Compiling ahash v0.8.7
[INFO] [stderr]    Compiling smartstring v1.0.1
[INFO] [stderr]    Compiling async-io v1.13.0
[INFO] [stderr]    Compiling num-traits v0.2.17
[INFO] [stderr]    Compiling fastrand v1.9.0
[INFO] [stderr]    Compiling linux-raw-sys v0.3.8
[INFO] [stderr]    Compiling byteorder v1.5.0
[INFO] [stderr]    Compiling waker-fn v1.1.1
[INFO] [stderr]    Compiling opaque-debug v0.3.0
[INFO] [stderr]    Compiling cpufeatures v0.2.12
[INFO] [stderr]    Compiling futures-lite v1.13.0
[INFO] [stderr]    Compiling sha-1 v0.9.8
[INFO] [stderr]    Compiling fxhash v0.2.1
[INFO] [stderr]    Compiling const-random v0.1.17
[INFO] [stderr]    Compiling blocking v1.5.1
[INFO] [stderr]    Compiling polling v3.3.1
[INFO] [stderr]    Compiling h2 v0.2.7
[INFO] [stderr]    Compiling async-lock v2.8.0
[INFO] [stderr]    Compiling async-executor v1.8.0
[INFO] [stderr]    Compiling async-io v2.2.2
[INFO] [stderr]    Compiling socket2 v0.4.10
[INFO] [stderr]    Compiling socket2 v0.3.19
[INFO] [stderr]    Compiling encoding_rs v0.8.33
[INFO] [stderr]    Compiling mime v0.3.17
[INFO] [stderr]    Compiling itoa v0.4.8
[INFO] [stderr]    Compiling mini-moka v0.10.2
[INFO] [stderr]    Compiling equivalent v1.0.1
[INFO] [stderr]    Compiling smallvec v1.11.2
[INFO] [stderr]    Compiling serde_urlencoded v0.7.1
[INFO] [stderr]    Compiling language-tags v0.2.2
[INFO] [stderr]    Compiling trust-dns-proto v0.19.7
[INFO] [stderr]    Compiling parking_lot v0.11.2
[INFO] [stderr]    Compiling actix-threadpool v0.3.3
[INFO] [stderr]    Compiling static_assertions v1.1.0
[INFO] [stderr]    Compiling zerocopy v0.7.32
[INFO] [stderr]    Compiling base64 v0.13.1
[INFO] [stderr]    Compiling actix-rt v1.1.1
[INFO] [stderr]    Compiling actix-utils v2.0.0
[INFO] [stderr]    Compiling dashmap v5.5.3
[INFO] [stderr]    Compiling trust-dns-resolver v0.19.7
[INFO] [stderr]    Compiling actix-server v1.0.4
[INFO] [stderr]    Compiling indexmap v2.1.0
[INFO] [stderr]    Compiling async-global-executor v2.4.1
[INFO] [stderr]    Compiling hashbrown v0.11.2
[INFO] [stderr]    Compiling actix-connect v2.0.0
[INFO] [stderr]    Compiling actix-http v2.2.2
[INFO] [stderr]    Compiling async-channel v1.9.0
[INFO] [stderr]    Compiling async-attributes v1.1.2
[INFO] [stderr]    Compiling rhai_codegen v1.6.0
[INFO] [stderr]    Compiling bytestring v1.3.1
[INFO] [stderr]    Compiling crossbeam-channel v0.5.10
[INFO] [stderr]    Compiling kv-log-macro v1.0.7
[INFO] [stderr]    Compiling tagptr v0.2.0
[INFO] [stderr]    Compiling fixedbitset v0.4.2
[INFO] [stderr]    Compiling triomphe v0.1.11
[INFO] [stderr]    Compiling petgraph v0.6.4
[INFO] [stderr]    Compiling async-std v1.12.0
[INFO] [stderr]    Compiling actix-router v0.2.7
[INFO] [stderr]    Compiling ritelinked v0.3.2
[INFO] [stderr]    Compiling rhai v1.16.3
[INFO] [stderr]    Compiling actix-testing v1.0.1
[INFO] [stderr]    Compiling actix-tls v2.0.0
[INFO] [stderr]    Compiling parking_lot v0.12.1
[INFO] [stderr]    Compiling actix-web-codegen v0.4.0
[INFO] [stderr]    Compiling awc v2.0.3
[INFO] [stderr]    Compiling actix-web v3.3.3
[INFO] [stderr]    Compiling casbin v2.1.0
[INFO] [stderr]    Compiling actix-casbin-auth v0.4.4 (/opt/rustwide/workdir)
[INFO] [stderr]     Finished dev [unoptimized + debuginfo] target(s) in 1m 20s
[INFO] running `Command { std: "docker" "inspect" "59d771b46555949561b8a3408d4e2319f54a45f4a327ae07208f9c5ac5c45548", kill_on_drop: false }`
[INFO] running `Command { std: "docker" "rm" "-f" "59d771b46555949561b8a3408d4e2319f54a45f4a327ae07208f9c5ac5c45548", kill_on_drop: false }`
[INFO] [stdout] 59d771b46555949561b8a3408d4e2319f54a45f4a327ae07208f9c5ac5c45548
[INFO] running `Command { std: "docker" "create" "-v" "/var/lib/crater-agent-workspace/builds/worker-4-tc1/target:/opt/rustwide/target:rw,Z" "-v" "/var/lib/crater-agent-workspace/builds/worker-4-tc1/source:/opt/rustwide/workdir:ro,Z" "-v" "/var/lib/crater-agent-workspace/cargo-home:/opt/rustwide/cargo-home:ro,Z" "-v" "/var/lib/crater-agent-workspace/rustup-home:/opt/rustwide/rustup-home:ro,Z" "-e" "SOURCE_DIR=/opt/rustwide/workdir" "-e" "CARGO_TARGET_DIR=/opt/rustwide/target" "-e" "CARGO_INCREMENTAL=0" "-e" "RUST_BACKTRACE=full" "-e" "RUSTFLAGS=--cap-lints=warn" "-e" "RUSTDOCFLAGS=--cap-lints=warn" "-e" "CARGO_HOME=/opt/rustwide/cargo-home" "-e" "RUSTUP_HOME=/opt/rustwide/rustup-home" "-w" "/opt/rustwide/workdir" "-m" "1610612736" "--user" "0:0" "--network" "none" "ghcr.io/rust-lang/crates-build-env/linux@sha256:2788e3201cd34a07e3172128adcd8b3090168a8e3bcc40d7c032b9dda1df7d1c" "/opt/rustwide/cargo-home/bin/cargo" "+1.75.0" "test" "--frozen" "--no-run" "--message-format=json", kill_on_drop: false }`
[INFO] [stdout] 586b3488ae74e3b18b71c534189ee27f3a503d11943d9096e21820201f89ab57
[INFO] running `Command { std: "docker" "start" "-a" "586b3488ae74e3b18b71c534189ee27f3a503d11943d9096e21820201f89ab57", kill_on_drop: false }`
[INFO] [stderr]    Compiling actix-casbin-auth v0.4.4 (/opt/rustwide/workdir)
[INFO] [stdout] error[E0599]: no method named `unwrap` found for struct `lock_api::rwlock::RwLockWriteGuard<'_, parking_lot::raw_rwlock::RawRwLock, (dyn RoleManager + 'static)>` in the current scope
[INFO] [stdout]   --> tests/test_middleware.rs:85:10
[INFO] [stdout]    |
[INFO] [stdout] 80 | /     casbin_middleware
[INFO] [stdout] 81 | |         .write()
[INFO] [stdout] 82 | |         .await
[INFO] [stdout] 83 | |         .get_role_manager()
[INFO] [stdout] 84 | |         .write()
[INFO] [stdout] 85 | |         .unwrap()
[INFO] [stdout]    | |         -^^^^^^ method not found in `RwLockWriteGuard<'_, RawRwLock, dyn RoleManager>`
[INFO] [stdout]    | |_________|
[INFO] [stdout]    | 
[INFO] [stdout] 
[INFO] [stdout] 
[INFO] [stdout] error[E0599]: no method named `unwrap` found for struct `lock_api::rwlock::RwLockWriteGuard<'_, parking_lot::raw_rwlock::RawRwLock, (dyn RoleManager + 'static)>` in the current scope
[INFO] [stdout]   --> tests/test_set_enforcer.rs:95:10
[INFO] [stdout]    |
[INFO] [stdout] 90 | /     casbin_middleware
[INFO] [stdout] 91 | |         .write()
[INFO] [stdout] 92 | |         .await
[INFO] [stdout] 93 | |         .get_role_manager()
[INFO] [stdout] 94 | |         .write()
[INFO] [stdout] 95 | |         .unwrap()
[INFO] [stdout]    | |         -^^^^^^ method not found in `RwLockWriteGuard<'_, RawRwLock, dyn RoleManager>`
[INFO] [stdout]    | |_________|
[INFO] [stdout]    | 
[INFO] [stdout] 
[INFO] [stdout] 
[INFO] [stdout] error: aborting due to previous error
[INFO] [stdout] 
[INFO] [stdout] 
[INFO] [stdout] For more information about this error, try `rustc --explain E0599`.
[INFO] [stdout] 
[INFO] [stdout] error: aborting due to previous error
[INFO] [stdout] 
[INFO] [stdout] 
[INFO] [stdout] For more information about this error, try `rustc --explain E0599`.
[INFO] [stdout] 
[INFO] [stderr] error: could not compile `actix-casbin-auth` (test "test_set_enforcer") due to 2 previous errors
[INFO] [stderr] warning: build failed, waiting for other jobs to finish...
[INFO] [stderr] error: could not compile `actix-casbin-auth` (test "test_middleware") due to 2 previous errors
[INFO] running `Command { std: "docker" "inspect" "586b3488ae74e3b18b71c534189ee27f3a503d11943d9096e21820201f89ab57", kill_on_drop: false }`
[INFO] running `Command { std: "docker" "rm" "-f" "586b3488ae74e3b18b71c534189ee27f3a503d11943d9096e21820201f89ab57", kill_on_drop: false }`
[INFO] [stdout] 586b3488ae74e3b18b71c534189ee27f3a503d11943d9096e21820201f89ab57
[INFO] testing actix-casbin-auth-0.4.4 against beta-2023-12-22 for beta-1.76-1
[INFO] extracting crate actix-casbin-auth 0.4.4 into /workspace/builds/worker-4-tc2/source
[INFO] validating manifest of crates.io crate actix-casbin-auth 0.4.4 on toolchain beta-2023-12-22
[INFO] running `Command { std: CARGO_HOME="/workspace/cargo-home" RUSTUP_HOME="/workspace/rustup-home" "/workspace/cargo-home/bin/cargo" "+beta-2023-12-22" "metadata" "--manifest-path" "Cargo.toml" "--no-deps", kill_on_drop: false }`
[INFO] started tweaking crates.io crate actix-casbin-auth 0.4.4
[INFO] finished tweaking crates.io crate actix-casbin-auth 0.4.4
[INFO] tweaked toml for crates.io crate actix-casbin-auth 0.4.4 written to /workspace/builds/worker-4-tc2/source/Cargo.toml
[INFO] running `Command { std: CARGO_HOME="/workspace/cargo-home" RUSTUP_HOME="/workspace/rustup-home" "/workspace/cargo-home/bin/cargo" "+beta-2023-12-22" "generate-lockfile" "--manifest-path" "Cargo.toml", kill_on_drop: false }`
[INFO] [stderr]     Updating crates.io index
[INFO] running `Command { std: CARGO_HOME="/workspace/cargo-home" RUSTUP_HOME="/workspace/rustup-home" "/workspace/cargo-home/bin/cargo" "+beta-2023-12-22" "fetch" "--manifest-path" "Cargo.toml", kill_on_drop: false }`
[INFO] running `Command { std: "docker" "create" "-v" "/var/lib/crater-agent-workspace/builds/worker-4-tc2/target:/opt/rustwide/target:rw,Z" "-v" "/var/lib/crater-agent-workspace/builds/worker-4-tc2/source:/opt/rustwide/workdir:ro,Z" "-v" "/var/lib/crater-agent-workspace/cargo-home:/opt/rustwide/cargo-home:ro,Z" "-v" "/var/lib/crater-agent-workspace/rustup-home:/opt/rustwide/rustup-home:ro,Z" "-e" "SOURCE_DIR=/opt/rustwide/workdir" "-e" "CARGO_TARGET_DIR=/opt/rustwide/target" "-e" "CARGO_HOME=/opt/rustwide/cargo-home" "-e" "RUSTUP_HOME=/opt/rustwide/rustup-home" "-w" "/opt/rustwide/workdir" "-m" "1610612736" "--user" "0:0" "--network" "none" "ghcr.io/rust-lang/crates-build-env/linux@sha256:2788e3201cd34a07e3172128adcd8b3090168a8e3bcc40d7c032b9dda1df7d1c" "/opt/rustwide/cargo-home/bin/cargo" "+beta-2023-12-22" "metadata" "--no-deps" "--format-version=1", kill_on_drop: false }`
[INFO] [stdout] f63ce69d2d1d611e39602620b14d88c07dffd440f2d8c9d103d34f947ee9855e
[INFO] running `Command { std: "docker" "start" "-a" "f63ce69d2d1d611e39602620b14d88c07dffd440f2d8c9d103d34f947ee9855e", kill_on_drop: false }`
[INFO] running `Command { std: "docker" "inspect" "f63ce69d2d1d611e39602620b14d88c07dffd440f2d8c9d103d34f947ee9855e", kill_on_drop: false }`
[INFO] running `Command { std: "docker" "rm" "-f" "f63ce69d2d1d611e39602620b14d88c07dffd440f2d8c9d103d34f947ee9855e", kill_on_drop: false }`
[INFO] [stdout] f63ce69d2d1d611e39602620b14d88c07dffd440f2d8c9d103d34f947ee9855e
[INFO] running `Command { std: "docker" "create" "-v" "/var/lib/crater-agent-workspace/builds/worker-4-tc2/target:/opt/rustwide/target:rw,Z" "-v" "/var/lib/crater-agent-workspace/builds/worker-4-tc2/source:/opt/rustwide/workdir:ro,Z" "-v" "/var/lib/crater-agent-workspace/cargo-home:/opt/rustwide/cargo-home:ro,Z" "-v" "/var/lib/crater-agent-workspace/rustup-home:/opt/rustwide/rustup-home:ro,Z" "-e" "SOURCE_DIR=/opt/rustwide/workdir" "-e" "CARGO_TARGET_DIR=/opt/rustwide/target" "-e" "CARGO_INCREMENTAL=0" "-e" "RUST_BACKTRACE=full" "-e" "RUSTFLAGS=--cap-lints=warn" "-e" "RUSTDOCFLAGS=--cap-lints=warn" "-e" "CARGO_HOME=/opt/rustwide/cargo-home" "-e" "RUSTUP_HOME=/opt/rustwide/rustup-home" "-w" "/opt/rustwide/workdir" "-m" "1610612736" "--user" "0:0" "--network" "none" "ghcr.io/rust-lang/crates-build-env/linux@sha256:2788e3201cd34a07e3172128adcd8b3090168a8e3bcc40d7c032b9dda1df7d1c" "/opt/rustwide/cargo-home/bin/cargo" "+beta-2023-12-22" "build" "--frozen" "--message-format=json", kill_on_drop: false }`
[INFO] [stdout] 17cd82090008a06b883815ad020c820b09291365595c9b14fde21ecb620f1811
[INFO] running `Command { std: "docker" "start" "-a" "17cd82090008a06b883815ad020c820b09291365595c9b14fde21ecb620f1811", kill_on_drop: false }`
[INFO] [stderr]    Compiling libc v0.2.151
[INFO] [stderr]    Compiling syn v2.0.48
[INFO] [stderr]    Compiling version_check v0.9.4
[INFO] [stderr]    Compiling syn v1.0.109
[INFO] [stderr]    Compiling value-bag v1.4.3
[INFO] [stderr]    Compiling serde v1.0.194
[INFO] [stderr]    Compiling futures-sink v0.3.30
[INFO] [stderr]    Compiling lock_api v0.4.11
[INFO] [stderr]    Compiling futures-channel v0.3.30
[INFO] [stderr]    Compiling log v0.4.20
[INFO] [stderr]    Compiling crossbeam-utils v0.8.18
[INFO] [stderr]    Compiling scopeguard v1.2.0
[INFO] [stderr]    Compiling pin-project-internal v0.4.30
[INFO] [stderr]    Compiling bitflags v1.3.2
[INFO] [stderr]    Compiling parking v2.2.0
[INFO] [stderr]    Compiling parking_lot_core v0.8.6
[INFO] [stderr]    Compiling tracing-core v0.1.32
[INFO] [stderr]    Compiling instant v0.1.12
[INFO] [stderr]    Compiling getrandom v0.1.16
[INFO] [stderr]    Compiling convert_case v0.4.0
[INFO] [stderr]    Compiling tinyvec_macros v0.1.1
[INFO] [stderr]    Compiling tinyvec v1.6.0
[INFO] [stderr]    Compiling percent-encoding v2.3.1
[INFO] [stderr]    Compiling tracing v0.1.40
[INFO] [stderr]    Compiling standback v0.2.17
[INFO] [stderr]    Compiling concurrent-queue v2.4.0
[INFO] [stderr]    Compiling unicode-bidi v0.3.14
[INFO] [stderr]    Compiling proc-macro-hack v0.5.20+deprecated
[INFO] [stderr]    Compiling event-listener v4.0.2
[INFO] [stderr]    Compiling itoa v1.0.10
[INFO] [stderr]    Compiling typenum v1.17.0
[INFO] [stderr]    Compiling async-trait v0.1.77
[INFO] [stderr]    Compiling copyless v0.1.5
[INFO] [stderr]    Compiling event-listener-strategy v0.4.0
[INFO] [stderr]    Compiling unicode-normalization v0.1.22
[INFO] [stderr]    Compiling form_urlencoded v1.2.1
[INFO] [stderr]    Compiling generic-array v0.14.7
[INFO] [stderr]    Compiling ppv-lite86 v0.2.17
[INFO] [stderr]    Compiling bytes v1.5.0
[INFO] [stderr]    Compiling iovec v0.1.4
[INFO] [stderr]    Compiling net2 v0.2.39
[INFO] [stderr]    Compiling num_cpus v1.16.0
[INFO] [stderr]    Compiling signal-hook-registry v1.4.1
[INFO] [stderr]    Compiling mio v0.6.23
[INFO] [stderr]    Compiling threadpool v1.8.1
[INFO] [stderr]    Compiling rand_core v0.5.1
[INFO] [stderr]    Compiling getrandom v0.2.11
[INFO] [stderr]    Compiling either v1.9.0
[INFO] [stderr]    Compiling fastrand v2.0.1
[INFO] [stderr]    Compiling crunchy v0.2.2
[INFO] [stderr]    Compiling rand_chacha v0.2.2
[INFO] [stderr]    Compiling idna v0.5.0
[INFO] [stderr]    Compiling mio-uds v0.6.8
[INFO] [stderr]    Compiling aho-corasick v1.1.2
[INFO] [stderr]    Compiling heck v0.4.1
[INFO] [stderr]    Compiling const_fn v0.4.9
[INFO] [stderr]    Compiling match_cfg v0.1.0
[INFO] [stderr]    Compiling regex-syntax v0.8.2
[INFO] [stderr]    Compiling rustix v0.38.28
[INFO] [stderr]    Compiling tiny-keccak v2.0.2
[INFO] [stderr]    Compiling bitflags v2.4.1
[INFO] [stderr]    Compiling matches v0.1.10
[INFO] [stderr]    Compiling idna v0.2.3
[INFO] [stderr]    Compiling hostname v0.3.1
[INFO] [stderr]    Compiling url v2.5.0
[INFO] [stderr]    Compiling rand v0.7.3
[INFO] [stderr]    Compiling futures-lite v2.1.0
[INFO] [stderr]    Compiling http v0.2.11
[INFO] [stderr]    Compiling async-lock v3.2.0
[INFO] [stderr]    Compiling time v0.2.27
[INFO] [stderr]    Compiling indexmap v1.9.3
[INFO] [stderr]    Compiling quick-error v1.2.3
[INFO] [stderr]    Compiling linux-raw-sys v0.4.12
[INFO] [stderr]    Compiling io-lifetimes v1.0.11
[INFO] [stderr]    Compiling regex-automata v0.4.3
[INFO] [stderr]    Compiling linked-hash-map v0.5.6
[INFO] [stderr]    Compiling parking_lot_core v0.9.9
[INFO] [stderr]    Compiling lru-cache v0.1.2
[INFO] [stderr]    Compiling serde_derive v1.0.194
[INFO] [stderr]    Compiling futures-macro v0.3.30
[INFO] [stderr]    Compiling thiserror-impl v1.0.56
[INFO] [stderr]    Compiling tokio-macros v0.2.6
[INFO] [stderr]    Compiling futures-util v0.3.30
[INFO] [stderr]    Compiling tokio v0.2.25
[INFO] [stderr]    Compiling derive_more v0.99.17
[INFO] [stderr]    Compiling actix-macros v0.1.3
[INFO] [stderr]    Compiling thiserror v1.0.56
[INFO] [stderr]    Compiling enum-as-inner v0.3.4
[INFO] [stderr]    Compiling time-macros-impl v0.1.2
[INFO] [stderr]    Compiling pin-project v0.4.30
[INFO] [stderr]    Compiling pin-project-internal v1.1.3
[INFO] [stderr]    Compiling time-macros v0.1.1
[INFO] [stderr]    Compiling regex v1.10.2
[INFO] [stderr]    Compiling actix-service v1.0.6
[INFO] [stderr]    Compiling futures-executor v0.3.30
[INFO] [stderr]    Compiling resolv-conf v0.7.0
[INFO] [stderr]    Compiling futures v0.3.30
[INFO] [stderr]    Compiling tokio-util v0.3.1
[INFO] [stderr]    Compiling cookie v0.14.4
[INFO] [stderr]    Compiling actix-codec v0.3.0
[INFO] [stderr]    Compiling pin-project v1.1.3
[INFO] [stderr]    Compiling ahash v0.7.7
[INFO] [stderr]    Compiling polling v2.8.0
[INFO] [stderr]    Compiling serde_json v1.0.111
[INFO] [stderr]    Compiling event-listener v2.5.3
[INFO] [stderr]    Compiling ryu v1.0.16
[INFO] [stderr]    Compiling hashbrown v0.14.3
[INFO] [stderr]    Compiling rustix v0.37.27
[INFO] [stderr]    Compiling async-task v4.7.0
[INFO] [stderr]    Compiling atomic-waker v1.1.2
[INFO] [stderr]    Compiling hashbrown v0.12.3
[INFO] [stderr]    Compiling piper v0.2.1
[INFO] [stderr]    Compiling tracing-futures v0.2.5
[INFO] [stderr]    Compiling const-random-macro v0.1.16
[INFO] [stderr]    Compiling polling v3.3.1
[INFO] [stderr]    Compiling digest v0.9.0
[INFO] [stderr]    Compiling block-buffer v0.9.0
[INFO] [stderr]    Compiling async-channel v2.1.1
[INFO] [stderr]    Compiling smartstring v1.0.1
[INFO] [stderr]    Compiling ahash v0.8.7
[INFO] [stderr]    Compiling async-io v1.13.0
[INFO] [stderr]    Compiling num-traits v0.2.17
[INFO] [stderr]    Compiling byteorder v1.5.0
[INFO] [stderr]    Compiling fastrand v1.9.0
[INFO] [stderr]    Compiling linux-raw-sys v0.3.8
[INFO] [stderr]    Compiling opaque-debug v0.3.0
[INFO] [stderr]    Compiling cpufeatures v0.2.12
[INFO] [stderr]    Compiling waker-fn v1.1.1
[INFO] [stderr]    Compiling futures-lite v1.13.0
[INFO] [stderr]    Compiling fxhash v0.2.1
[INFO] [stderr]    Compiling sha-1 v0.9.8
[INFO] [stderr]    Compiling h2 v0.2.7
[INFO] [stderr]    Compiling smallvec v1.11.2
[INFO] [stderr]    Compiling serde_urlencoded v0.7.1
[INFO] [stderr]    Compiling trust-dns-proto v0.19.7
[INFO] [stderr]    Compiling parking_lot v0.11.2
[INFO] [stderr]    Compiling actix-threadpool v0.3.3
[INFO] [stderr]    Compiling actix-rt v1.1.1
[INFO] [stderr]    Compiling const-random v0.1.17
[INFO] [stderr]    Compiling blocking v1.5.1
[INFO] [stderr]    Compiling actix-utils v2.0.0
[INFO] [stderr]    Compiling async-io v2.2.2
[INFO] [stderr]    Compiling trust-dns-resolver v0.19.7
[INFO] [stderr]    Compiling async-executor v1.8.0
[INFO] [stderr]    Compiling async-lock v2.8.0
[INFO] [stderr]    Compiling socket2 v0.4.10
[INFO] [stderr]    Compiling socket2 v0.3.19
[INFO] [stderr]    Compiling encoding_rs v0.8.33
[INFO] [stderr]    Compiling static_assertions v1.1.0
[INFO] [stderr]    Compiling base64 v0.13.1
[INFO] [stderr]    Compiling zerocopy v0.7.32
[INFO] [stderr]    Compiling actix-connect v2.0.0
[INFO] [stderr]    Compiling mime v0.3.17
[INFO] [stderr]    Compiling mini-moka v0.10.2
[INFO] [stderr]    Compiling language-tags v0.2.2
[INFO] [stderr]    Compiling itoa v0.4.8
[INFO] [stderr]    Compiling equivalent v1.0.1
[INFO] [stderr]    Compiling indexmap v2.1.0
[INFO] [stderr]    Compiling actix-server v1.0.4
[INFO] [stderr]    Compiling async-global-executor v2.4.1
[INFO] [stderr]    Compiling hashbrown v0.11.2
[INFO] [stderr]    Compiling dashmap v5.5.3
[INFO] [stderr]    Compiling actix-http v2.2.2
[INFO] [stderr]    Compiling async-channel v1.9.0
[INFO] [stderr]    Compiling async-attributes v1.1.2
[INFO] [stderr]    Compiling rhai_codegen v1.6.0
[INFO] [stderr]    Compiling bytestring v1.3.1
[INFO] [stderr]    Compiling crossbeam-channel v0.5.10
[INFO] [stderr]    Compiling kv-log-macro v1.0.7
[INFO] [stderr]    Compiling fixedbitset v0.4.2
[INFO] [stderr]    Compiling triomphe v0.1.11
[INFO] [stderr]    Compiling tagptr v0.2.0
[INFO] [stderr]    Compiling petgraph v0.6.4
[INFO] [stderr]    Compiling async-std v1.12.0
[INFO] [stderr]    Compiling actix-router v0.2.7
[INFO] [stderr]    Compiling ritelinked v0.3.2
[INFO] [stderr]    Compiling actix-testing v1.0.1
[INFO] [stderr]    Compiling actix-tls v2.0.0
[INFO] [stderr]    Compiling parking_lot v0.12.1
[INFO] [stderr]    Compiling actix-web-codegen v0.4.0
[INFO] [stderr]    Compiling rhai v1.16.3
[INFO] [stderr]    Compiling awc v2.0.3
[INFO] [stderr]    Compiling actix-web v3.3.3
[INFO] [stderr]    Compiling casbin v2.1.0
[INFO] [stderr]    Compiling actix-casbin-auth v0.4.4 (/opt/rustwide/workdir)
[INFO] [stderr]     Finished dev [unoptimized + debuginfo] target(s) in 1m 09s
[INFO] running `Command { std: "docker" "inspect" "17cd82090008a06b883815ad020c820b09291365595c9b14fde21ecb620f1811", kill_on_drop: false }`
[INFO] running `Command { std: "docker" "rm" "-f" "17cd82090008a06b883815ad020c820b09291365595c9b14fde21ecb620f1811", kill_on_drop: false }`
[INFO] [stdout] 17cd82090008a06b883815ad020c820b09291365595c9b14fde21ecb620f1811
[INFO] running `Command { std: "docker" "create" "-v" "/var/lib/crater-agent-workspace/builds/worker-4-tc2/target:/opt/rustwide/target:rw,Z" "-v" "/var/lib/crater-agent-workspace/builds/worker-4-tc2/source:/opt/rustwide/workdir:ro,Z" "-v" "/var/lib/crater-agent-workspace/cargo-home:/opt/rustwide/cargo-home:ro,Z" "-v" "/var/lib/crater-agent-workspace/rustup-home:/opt/rustwide/rustup-home:ro,Z" "-e" "SOURCE_DIR=/opt/rustwide/workdir" "-e" "CARGO_TARGET_DIR=/opt/rustwide/target" "-e" "CARGO_INCREMENTAL=0" "-e" "RUST_BACKTRACE=full" "-e" "RUSTFLAGS=--cap-lints=warn" "-e" "RUSTDOCFLAGS=--cap-lints=warn" "-e" "CARGO_HOME=/opt/rustwide/cargo-home" "-e" "RUSTUP_HOME=/opt/rustwide/rustup-home" "-w" "/opt/rustwide/workdir" "-m" "1610612736" "--user" "0:0" "--network" "none" "ghcr.io/rust-lang/crates-build-env/linux@sha256:2788e3201cd34a07e3172128adcd8b3090168a8e3bcc40d7c032b9dda1df7d1c" "/opt/rustwide/cargo-home/bin/cargo" "+beta-2023-12-22" "test" "--frozen" "--no-run" "--message-format=json", kill_on_drop: false }`
[INFO] [stdout] 54e2dd84b2c723f704819c20f2e139d98db16bf09d8356886adad1704660bedd
[INFO] running `Command { std: "docker" "start" "-a" "54e2dd84b2c723f704819c20f2e139d98db16bf09d8356886adad1704660bedd", kill_on_drop: false }`
[INFO] [stderr]    Compiling actix-casbin-auth v0.4.4 (/opt/rustwide/workdir)
[INFO] [stdout] error[E0599]: no method named `unwrap` found for struct `lock_api::rwlock::RwLockWriteGuard<'_, parking_lot::raw_rwlock::RawRwLock, (dyn RoleManager + 'static)>` in the current scope
[INFO] [stdout]   --> tests/test_set_enforcer.rs:95:10
[INFO] [stdout]    |
[INFO] [stdout] 90 | /     casbin_middleware
[INFO] [stdout] 91 | |         .write()
[INFO] [stdout] 92 | |         .await
[INFO] [stdout] 93 | |         .get_role_manager()
[INFO] [stdout] 94 | |         .write()
[INFO] [stdout] 95 | |         .unwrap()
[INFO] [stdout]    | |         -^^^^^^ method not found in `RwLockWriteGuard<'_, RawRwLock, dyn RoleManager>`
[INFO] [stdout]    | |_________|
[INFO] [stdout]    | 
[INFO] [stdout] 
[INFO] [stdout] 
[INFO] [stdout] error[E0599]: no method named `unwrap` found for struct `lock_api::rwlock::RwLockWriteGuard<'_, parking_lot::raw_rwlock::RawRwLock, (dyn RoleManager + 'static)>` in the current scope
[INFO] [stdout]   --> tests/test_middleware.rs:85:10
[INFO] [stdout]    |
[INFO] [stdout] 80 | /     casbin_middleware
[INFO] [stdout] 81 | |         .write()
[INFO] [stdout] 82 | |         .await
[INFO] [stdout] 83 | |         .get_role_manager()
[INFO] [stdout] 84 | |         .write()
[INFO] [stdout] 85 | |         .unwrap()
[INFO] [stdout]    | |         -^^^^^^ method not found in `RwLockWriteGuard<'_, RawRwLock, dyn RoleManager>`
[INFO] [stdout]    | |_________|
[INFO] [stdout]    | 
[INFO] [stdout] 
[INFO] [stdout] 
[INFO] [stdout] error: aborting due to 1 previous error
[INFO] [stdout] 
[INFO] [stdout] 
[INFO] [stdout] For more information about this error, try `rustc --explain E0599`.
[INFO] [stdout] 
[INFO] [stderr] error: could not compile `actix-casbin-auth` (test "test_set_enforcer") due to 2 previous errors
[INFO] [stderr] warning: build failed, waiting for other jobs to finish...
[INFO] [stdout] error: aborting due to 1 previous error
[INFO] [stdout] 
[INFO] [stdout] 
[INFO] [stdout] For more information about this error, try `rustc --explain E0599`.
[INFO] [stdout] 
[INFO] [stderr] error: could not compile `actix-casbin-auth` (test "test_middleware") due to 2 previous errors
[INFO] running `Command { std: "docker" "inspect" "54e2dd84b2c723f704819c20f2e139d98db16bf09d8356886adad1704660bedd", kill_on_drop: false }`
[INFO] running `Command { std: "docker" "rm" "-f" "54e2dd84b2c723f704819c20f2e139d98db16bf09d8356886adad1704660bedd", kill_on_drop: false }`
[INFO] [stdout] 54e2dd84b2c723f704819c20f2e139d98db16bf09d8356886adad1704660bedd
